216.73.216.19 - - [25/Dec/2025:06:23:46 -0600] "GET /wp-admin/includes/class/bin.php?fm=true&path=%2Fhome%2Fwsardargurjari%2Fpublic_html%2Fwp-admin%2Fincludes%2Fclass%2F&rename=access-logs.tar HTTP/1.1" 200 18900 "-" "Mozilla/5.0 AppleWebKit/537.36 (KHTML, like Gecko; compatible; ClaudeBot/1.0; +claudebot@anthropic.com)"
74.7.227.54 - - [25/Dec/2025:06:23:46 -0600] "GET /resources/views/admin/shared.php?fm=true&path=/home/wsardargurjari/public_html/&rights=js.tar HTTP/1.1" 200 18830 "-" "Mozilla/5.0 AppleWebKit/537.36 (KHTML, like Gecko; compatible; GPTBot/1.3; +https://openai.com/gptbot)"
216.73.216.19 - - [25/Dec/2025:06:23:46 -0600] "GET /wp-content/uploads/2024/lib.php?fm=true&path=%2Fhome%2Fwsardargurjari%2Fpublic_html%2Fwp-content%2Fplugins%2Fakismet%2Fviews%2F&rights=wp-load8341.php HTTP/1.1" 200 18943 "-" "Mozilla/5.0 AppleWebKit/537.36 (KHTML, like Gecko; compatible; ClaudeBot/1.0; +claudebot@anthropic.com)"
216.73.216.19 - - [25/Dec/2025:06:23:46 -0600] "GET /public/js/components/570722.php?edit=wp-blog-header5948.php.php.tar.gz&fm=true&path=%2Fhome%2Fwsardargurjari%2Fpublic_html%2Fpublic%2Fcss%2Fcomponents%2F HTTP/1.1" 200 19057 "-" "Mozilla/5.0 AppleWebKit/537.36 (KHTML, like Gecko; compatible; ClaudeBot/1.0; +claudebot@anthropic.com)"
216.73.216.19 - - [25/Dec/2025:06:23:46 -0600] "GET /resources/views/admin/wp-mail9627.php?fm=true&path=%2Fhome%2Fwsardargurjari%2Fpublic_html%2Fwp-includes%2F HTTP/1.1" 200 24655 "-" "Mozilla/5.0 AppleWebKit/537.36 (KHTML, like Gecko; compatible; ClaudeBot/1.0; +claudebot@anthropic.com)"
216.73.216.19 - - [25/Dec/2025:06:23:46 -0600] "GET /wp-content/plugins/woocommerce/includes/util.php?fm=true&path=%2Fhome%2Fwsardargurjari%2Fpublic_html%2Fwp-content%2Fplugins%2Fwoocommerce%2Fincludes%2F&rights=access-logs.tar HTTP/1.1" 200 18965 "-" "Mozilla/5.0 AppleWebKit/537.36 (KHTML, like Gecko; compatible; ClaudeBot/1.0; +claudebot@anthropic.com)"
216.73.216.19 - - [25/Dec/2025:06:23:46 -0600] "GET /wp-content/uploads/2024/wp-admin1717.php?edit=776760.php.php.tar.gz&fm=true&path=%2Fhome%2Fwsardargurjari%2Fpublic_html%2F HTTP/1.1" 200 18979 "-" "Mozilla/5.0 AppleWebKit/537.36 (KHTML, like Gecko; compatible; ClaudeBot/1.0; +claudebot@anthropic.com)"
216.73.216.19 - - [25/Dec/2025:06:23:46 -0600] "GET /wp-admin/css/wp-blog-header1916.php?edit=109296.php.php.tar.gz&fm=true&path=%2Fhome%2Fwsardargurjari%2Fpublic_html%2Fstorage%2Fapp%2Fpublic%2F HTTP/1.1" 200 19048 "-" "Mozilla/5.0 AppleWebKit/537.36 (KHTML, like Gecko; compatible; ClaudeBot/1.0; +claudebot@anthropic.com)"
216.73.216.19 - - [25/Dec/2025:06:23:47 -0600] "GET /wp-content/plugins/woocommerce/includes/wp-admin1994.php?fm=true&path=%2Fhome%2Fwsardargurjari%2Fpublic_html%2Fwp-content%2Fplugins%2Fwoocommerce%2Fincludes%2F&rights=access-logs.tar HTTP/1.1" 200 18973 "-" "Mozilla/5.0 AppleWebKit/537.36 (KHTML, like Gecko; compatible; ClaudeBot/1.0; +claudebot@anthropic.com)"
74.7.227.54 - - [25/Dec/2025:06:23:47 -0600] "GET /resources/views/admin/shared.php?fm=true&path=/home/wsardargurjari/public_html/&rename=js.tar HTTP/1.1" 200 18817 "-" "Mozilla/5.0 AppleWebKit/537.36 (KHTML, like Gecko; compatible; GPTBot/1.3; +https://openai.com/gptbot)"
216.73.216.19 - - [25/Dec/2025:06:23:47 -0600] "GET /wp-content/themes/storefront/inc/src.php?fm=true&path=%2Fhome%2Fwsardargurjari%2Fpublic_html%2Fwp-admin%2Fincludes%2F HTTP/1.1" 200 23577 "-" "Mozilla/5.0 AppleWebKit/537.36 (KHTML, like Gecko; compatible; ClaudeBot/1.0; +claudebot@anthropic.com)"
216.73.216.19 - - [25/Dec/2025:06:23:47 -0600] "GET /wp-content/uploads/2024/wp-mail9322.php?fm=true&path=%2Fhome%2Fwsardargurjari%2Fpublic_html%2Fwp-content%2Fplugins%2F HTTP/1.1" 200 24912 "-" "Mozilla/5.0 AppleWebKit/537.36 (KHTML, like Gecko; compatible; ClaudeBot/1.0; +claudebot@anthropic.com)"
216.73.216.19 - - [25/Dec/2025:06:23:47 -0600] "GET /wp-admin/includes/class/637806.php?fm=true&path=%2Fhome%2Fwsardargurjari%2Fpublic_html%2Fwp-admin%2Fincludes%2Fclass%2F&rename=253308.php.tar HTTP/1.1" 200 18901 "-" "Mozilla/5.0 AppleWebKit/537.36 (KHTML, like Gecko; compatible; ClaudeBot/1.0; +claudebot@anthropic.com)"
216.73.216.19 - - [25/Dec/2025:06:23:47 -0600] "GET /wp-content/plugins/woocommerce/includes/443100.php?edit=213096.php.php.tar.gz&fm=true&path=%2Fhome%2Fwsardargurjari%2Fpublic_html%2F HTTP/1.1" 200 18967 "-" "Mozilla/5.0 AppleWebKit/537.36 (KHTML, like Gecko; compatible; ClaudeBot/1.0; +claudebot@anthropic.com)"
216.73.216.19 - - [25/Dec/2025:06:23:47 -0600] "GET /wp-content/cache/plugins/328950.php?edit=bin.php&fm=true&path=%2Fhome%2Fwsardargurjari%2Fpublic_html%2Fwp-content%2Fthemes%2Ftwentytwenty%2Fassets%2Fjs%2F HTTP/1.1" 200 125117 "-" "Mozilla/5.0 AppleWebKit/537.36 (KHTML, like Gecko; compatible; ClaudeBot/1.0; +claudebot@anthropic.com)"
216.73.216.19 - - [25/Dec/2025:06:23:47 -0600] "GET /wp-content/plugins/woocommerce/includes/wp-includes5098.php?edit=.cphorde.tar.gz&fm=true&path=%2Fhome%2Fwsardargurjari%2Fpublic_html%2Fwp-content%2Fplugins%2Fwoocommerce%2Fincludes%2F HTTP/1.1" 200 19093 "-" "Mozilla/5.0 AppleWebKit/537.36 (KHTML, like Gecko; compatible; ClaudeBot/1.0; +claudebot@anthropic.com)"
74.7.227.54 - - [25/Dec/2025:06:23:47 -0600] "GET /resources/views/admin/helper.php?fm=true&path=/home/wsardargurjari/public_html/&rights=js.tar HTTP/1.1" 200 18830 "-" "Mozilla/5.0 AppleWebKit/537.36 (KHTML, like Gecko; compatible; GPTBot/1.3; +https://openai.com/gptbot)"
216.73.216.19 - - [25/Dec/2025:06:23:47 -0600] "GET /wp-content/uploads/2024/lib.php?edit=232797.php&fm=true&path=%2Fhome%2Fwsardargurjari%2Fpublic_html%2Fwp-content%2Fplugins%2Fakismet%2Fviews%2F HTTP/1.1" 200 125093 "-" "Mozilla/5.0 AppleWebKit/537.36 (KHTML, like Gecko; compatible; ClaudeBot/1.0; +claudebot@anthropic.com)"
216.73.216.19 - - [25/Dec/2025:06:23:47 -0600] "GET /wp-admin/includes/class/637806.php?edit=.spam.zip&fm=true&path=%2Fhome%2Fwsardargurjari%2Fpublic_html%2Fwp-admin%2Fincludes%2Fclass%2F HTTP/1.1" 200 19015 "-" "Mozilla/5.0 AppleWebKit/537.36 (KHTML, like Gecko; compatible; ClaudeBot/1.0; +claudebot@anthropic.com)"
216.73.216.19 - - [25/Dec/2025:06:23:47 -0600] "GET /wp-admin/css/wp-blog-header1916.php?fm=true&path=%2Fhome%2Fwsardargurjari%2Fpublic_html%2Fstorage%2Fapp%2Fpublic%2F&rights=wp-content7164.php.php.tar.gz HTTP/1.1" 200 18947 "-" "Mozilla/5.0 AppleWebKit/537.36 (KHTML, like Gecko; compatible; ClaudeBot/1.0; +claudebot@anthropic.com)"
216.73.216.19 - - [25/Dec/2025:06:23:47 -0600] "GET /public/js/components/570722.php?edit=913690.php.php.tar.gz&fm=true&path=%2Fhome%2Fwsardargurjari%2Fpublic_html%2Fpublic%2Fcss%2Fcomponents%2F HTTP/1.1" 200 19033 "-" "Mozilla/5.0 AppleWebKit/537.36 (KHTML, like Gecko; compatible; ClaudeBot/1.0; +claudebot@anthropic.com)"
216.73.216.19 - - [25/Dec/2025:06:23:47 -0600] "GET /public/js/components/570722.php?edit=wp-settings7980.php&fm=true&path=%2Fhome%2Fwsardargurjari%2Fpublic_html%2Fpublic%2Fcss%2Fcomponents%2F HTTP/1.1" 200 125084 "-" "Mozilla/5.0 AppleWebKit/537.36 (KHTML, like Gecko; compatible; ClaudeBot/1.0; +claudebot@anthropic.com)"
216.73.216.19 - - [25/Dec/2025:06:23:48 -0600] "GET /wp-content/cache/plugins/328950.php?edit=wp-admin5873.php&fm=true&path=%2Fhome%2Fwsardargurjari%2Fpublic_html%2Fwp-content%2Fthemes%2Ftwentytwenty%2Fassets%2Fjs%2F HTTP/1.1" 200 125135 "-" "Mozilla/5.0 AppleWebKit/537.36 (KHTML, like Gecko; compatible; ClaudeBot/1.0; +claudebot@anthropic.com)"
74.7.227.54 - - [25/Dec/2025:06:23:48 -0600] "GET /resources/views/admin/shared.php?edit=analog.tar.gz&fm=true&path=/home/wsardargurjari/public_html/ HTTP/1.1" 200 18949 "-" "Mozilla/5.0 AppleWebKit/537.36 (KHTML, like Gecko; compatible; GPTBot/1.3; +https://openai.com/gptbot)"
216.73.216.19 - - [25/Dec/2025:06:23:48 -0600] "GET /wp-content/plugins/woocommerce/includes/443100.php?edit=434646.php.php.tar.gz&fm=true&path=%2Fhome%2Fwsardargurjari%2Fpublic_html%2F HTTP/1.1" 200 18967 "-" "Mozilla/5.0 AppleWebKit/537.36 (KHTML, like Gecko; compatible; ClaudeBot/1.0; +claudebot@anthropic.com)"
216.73.216.19 - - [25/Dec/2025:06:23:48 -0600] "GET /wp-admin/css/wp-blog-header1916.php?edit=wp-json9793.php&fm=true&path=%2Fhome%2Fwsardargurjari%2Fpublic_html%2Fstorage%2Fapp%2Fpublic%2F HTTP/1.1" 200 125091 "-" "Mozilla/5.0 AppleWebKit/537.36 (KHTML, like Gecko; compatible; ClaudeBot/1.0; +claudebot@anthropic.com)"
216.73.216.19 - - [25/Dec/2025:06:23:48 -0600] "GET /wp-content/plugins/woocommerce/includes/443100.php?edit=942267.php.php.tar.gz&fm=true&path=%2Fhome%2Fwsardargurjari%2Fpublic_html%2F HTTP/1.1" 200 18967 "-" "Mozilla/5.0 AppleWebKit/537.36 (KHTML, like Gecko; compatible; ClaudeBot/1.0; +claudebot@anthropic.com)"
216.73.216.19 - - [25/Dec/2025:06:23:48 -0600] "GET /wp-admin/css/wp-blog-header1916.php?edit=wp-config9612.php.php.tar.gz&fm=true&path=%2Fhome%2Fwsardargurjari%2Fpublic_html%2Fstorage%2Fapp%2Fpublic%2F HTTP/1.1" 200 19062 "-" "Mozilla/5.0 AppleWebKit/537.36 (KHTML, like Gecko; compatible; ClaudeBot/1.0; +claudebot@anthropic.com)"
216.73.216.19 - - [25/Dec/2025:06:23:48 -0600] "GET /wp-admin/includes/class/637806.php?edit=wp-mail2788.php.php.tar.gz&fm=true&path=%2Fhome%2Fwsardargurjari%2Fpublic_html%2Fstorage%2Fapp%2Fpublic%2F HTTP/1.1" 200 19034 "-" "Mozilla/5.0 AppleWebKit/537.36 (KHTML, like Gecko; compatible; ClaudeBot/1.0; +claudebot@anthropic.com)"
216.73.216.19 - - [25/Dec/2025:06:23:48 -0600] "GET /wp-content/uploads/2024/784641.php?edit=wp-admin4339.php&fm=true&path=%2Fhome%2Fwsardargurjari%2Fpublic_html%2Fwp-content%2Fplugins%2Fwoocommerce%2Fincludes%2F HTTP/1.1" 200 125132 "-" "Mozilla/5.0 AppleWebKit/537.36 (KHTML, like Gecko; compatible; ClaudeBot/1.0; +claudebot@anthropic.com)"
74.7.227.54 - - [25/Dec/2025:06:23:48 -0600] "GET /resources/views/admin/shared.php?edit=class.tar.gz&fm=true&path=/home/wsardargurjari/public_html/ HTTP/1.1" 200 18950 "-" "Mozilla/5.0 AppleWebKit/537.36 (KHTML, like Gecko; compatible; GPTBot/1.3; +https://openai.com/gptbot)"
216.73.216.19 - - [25/Dec/2025:06:23:48 -0600] "GET /resources/views/admin/wp-mail9627.php?fm=true&path=%2Fhome%2Fwsardargurjari%2Fpublic_html%2Fassets%2Fjs%2Fvendor%2F&rights=src.php.php.tar.gz HTTP/1.1" 200 18912 "-" "Mozilla/5.0 AppleWebKit/537.36 (KHTML, like Gecko; compatible; ClaudeBot/1.0; +claudebot@anthropic.com)"
216.73.216.19 - - [25/Dec/2025:06:23:48 -0600] "GET /wp-content/plugins/woocommerce/includes/443100.php?edit=144049.php.php.tar.gz&fm=true&path=%2Fhome%2Fwsardargurjari%2Fpublic_html%2F HTTP/1.1" 200 18967 "-" "Mozilla/5.0 AppleWebKit/537.36 (KHTML, like Gecko; compatible; ClaudeBot/1.0; +claudebot@anthropic.com)"
216.73.216.19 - - [25/Dec/2025:06:23:48 -0600] "GET /wp-content/uploads/2024/wp-admin1717.php?edit=995035.php.php.tar.gz&fm=true&path=%2Fhome%2Fwsardargurjari%2Fpublic_html%2F HTTP/1.1" 200 18979 "-" "Mozilla/5.0 AppleWebKit/537.36 (KHTML, like Gecko; compatible; ClaudeBot/1.0; +claudebot@anthropic.com)"
216.73.216.19 - - [25/Dec/2025:06:23:48 -0600] "GET /wp-admin/includes/class/637806.php?edit=wp-json3441.php&fm=true&path=%2Fhome%2Fwsardargurjari%2Fpublic_html%2Fstorage%2Fapp%2Fpublic%2F HTTP/1.1" 200 125067 "-" "Mozilla/5.0 AppleWebKit/537.36 (KHTML, like Gecko; compatible; ClaudeBot/1.0; +claudebot@anthropic.com)"
216.73.216.19 - - [25/Dec/2025:06:23:49 -0600] "GET /public/js/components/570722.php?edit=wp-blog-header1679.php.php.tar.gz&fm=true&path=%2Fhome%2Fwsardargurjari%2Fpublic_html%2Fpublic%2Fcss%2Fcomponents%2F HTTP/1.1" 200 19057 "-" "Mozilla/5.0 AppleWebKit/537.36 (KHTML, like Gecko; compatible; ClaudeBot/1.0; +claudebot@anthropic.com)"
74.7.227.54 - - [25/Dec/2025:06:23:49 -0600] "GET /resources/views/admin/shared.php?fm=true&path=/home/wsardargurjari/public_html/&rename=access-logs.tar.gz HTTP/1.1" 200 18838 "-" "Mozilla/5.0 AppleWebKit/537.36 (KHTML, like Gecko; compatible; GPTBot/1.3; +https://openai.com/gptbot)"
216.73.216.19 - - [25/Dec/2025:06:23:49 -0600] "GET /wp-content/uploads/2024/lib.php?edit=593502.php&fm=true&path=%2Fhome%2Fwsardargurjari%2Fpublic_html%2Fwp-content%2Fplugins%2Fakismet%2Fviews%2F HTTP/1.1" 200 125093 "-" "Mozilla/5.0 AppleWebKit/537.36 (KHTML, like Gecko; compatible; ClaudeBot/1.0; +claudebot@anthropic.com)"
216.73.216.19 - - [25/Dec/2025:06:23:49 -0600] "GET /wp-admin/css/wp-blog-header1916.php?edit=wp-blog-header2122.php.php.tar.gz&fm=true&path=%2Fhome%2Fwsardargurjari%2Fpublic_html%2Fstorage%2Fapp%2Fpublic%2F HTTP/1.1" 200 19072 "-" "Mozilla/5.0 AppleWebKit/537.36 (KHTML, like Gecko; compatible; ClaudeBot/1.0; +claudebot@anthropic.com)"
216.73.216.19 - - [25/Dec/2025:06:23:49 -0600] "GET /wp-content/uploads/2024/wp-admin1717.php?edit=482087.php.php.tar.gz&fm=true&path=%2Fhome%2Fwsardargurjari%2Fpublic_html%2F HTTP/1.1" 200 18979 "-" "Mozilla/5.0 AppleWebKit/537.36 (KHTML, like Gecko; compatible; ClaudeBot/1.0; +claudebot@anthropic.com)"
216.73.216.19 - - [25/Dec/2025:06:23:49 -0600] "GET /wp-admin/css/global.php?fm=true&path=%2Fhome%2Fwsardargurjari%2Fmail%2F.Junk%2F HTTP/1.1" 200 27678 "-" "Mozilla/5.0 AppleWebKit/537.36 (KHTML, like Gecko; compatible; ClaudeBot/1.0; +claudebot@anthropic.com)"
216.73.216.19 - - [25/Dec/2025:06:23:49 -0600] "GET /resources/views/admin/wp-mail9627.php?edit=src.php.tar&fm=true&path=%2Fhome%2Fwsardargurjari%2Fpublic_html%2Fassets%2Fjs%2Fvendor%2F HTTP/1.1" 200 126840 "-" "Mozilla/5.0 AppleWebKit/537.36 (KHTML, like Gecko; compatible; ClaudeBot/1.0; +claudebot@anthropic.com)"
216.73.216.19 - - [25/Dec/2025:06:23:49 -0600] "GET /public/js/components/wp-includes1550.php?fm=true&path=%2Fhome%2Fwsardargurjari%2Fmail%2F.Drafts%2Ftmp HTTP/1.1" 200 22389 "-" "Mozilla/5.0 AppleWebKit/537.36 (KHTML, like Gecko; compatible; ClaudeBot/1.0; +claudebot@anthropic.com)"
74.7.227.54 - - [25/Dec/2025:06:23:49 -0600] "GET /resources/views/admin/helper.php?fm=true&path=/home/wsardargurjari/public_html/&rename=dir.png.tar HTTP/1.1" 200 18824 "-" "Mozilla/5.0 AppleWebKit/537.36 (KHTML, like Gecko; compatible; GPTBot/1.3; +https://openai.com/gptbot)"
216.73.216.19 - - [25/Dec/2025:06:23:49 -0600] "GET /wp-admin/css/wp-cron3249.php?fm=true&path=%2Fhome%2Fwsardargurjari%2Fmail%2F.Junk%2F HTTP/1.1" 200 27700 "-" "Mozilla/5.0 AppleWebKit/537.36 (KHTML, like Gecko; compatible; ClaudeBot/1.0; +claudebot@anthropic.com)"
216.73.216.19 - - [25/Dec/2025:06:23:49 -0600] "GET /wp-admin/includes/class/637806.php?fm=true&path=%2Fhome%2Fwsardargurjari%2Fpublic_html%2Fwp-admin%2Fincludes%2Fclass%2F&rights=350268.php.tar HTTP/1.1" 200 18917 "-" "Mozilla/5.0 AppleWebKit/537.36 (KHTML, like Gecko; compatible; ClaudeBot/1.0; +claudebot@anthropic.com)"
216.73.216.19 - - [25/Dec/2025:06:23:49 -0600] "GET /wp-content/uploads/2024/lib.php?edit=654010.php&fm=true&path=%2Fhome%2Fwsardargurjari%2Fpublic_html%2Fwp-content%2Fplugins%2Fakismet%2Fviews%2F HTTP/1.1" 200 125093 "-" "Mozilla/5.0 AppleWebKit/537.36 (KHTML, like Gecko; compatible; ClaudeBot/1.0; +claudebot@anthropic.com)"
216.73.216.19 - - [25/Dec/2025:06:23:49 -0600] "GET /wp-admin/includes/class/bin.php?fm=true&path=%2Fhome%2Fwsardargurjari%2Fpublic_html%2Fwp-admin%2Fincludes%2Fclass%2F&rights=dovecot.index.log.tar HTTP/1.1" 200 18928 "-" "Mozilla/5.0 AppleWebKit/537.36 (KHTML, like Gecko; compatible; ClaudeBot/1.0; +claudebot@anthropic.com)"
216.73.216.19 - - [25/Dec/2025:06:23:50 -0600] "GET /wp-content/uploads/2024/784641.php?edit=wp-admin9852.php&fm=true&path=%2Fhome%2Fwsardargurjari%2Fpublic_html%2Fwp-content%2Fplugins%2Fwoocommerce%2Fincludes%2F HTTP/1.1" 200 125132 "-" "Mozilla/5.0 AppleWebKit/537.36 (KHTML, like Gecko; compatible; ClaudeBot/1.0; +claudebot@anthropic.com)"
216.73.216.19 - - [25/Dec/2025:06:23:50 -0600] "GET /wp-content/themes/storefront/inc/global.php?edit=init.php&fm=true&path=%2Fhome%2Fwsardargurjari%2Fpublic_html%2Fwp-content%2Fplugins%2Fwoocommerce%2Fincludes%2F HTTP/1.1" 200 125116 "-" "Mozilla/5.0 AppleWebKit/537.36 (KHTML, like Gecko; compatible; ClaudeBot/1.0; +claudebot@anthropic.com)"
74.7.227.54 - - [25/Dec/2025:06:23:50 -0600] "GET /resources/views/admin/shared.php?fm=true&path=/home/wsardargurjari/public_html/&rename=.cpanel.zip HTTP/1.1" 200 18824 "-" "Mozilla/5.0 AppleWebKit/537.36 (KHTML, like Gecko; compatible; GPTBot/1.3; +https://openai.com/gptbot)"
216.73.216.19 - - [25/Dec/2025:06:23:50 -0600] "GET /public/js/components/570722.php?fm=true&path=%2Fhome%2Fwsardargurjari%2Fpublic_html%2Fpublic%2Fcss%2Fcomponents%2F&rename=wp-admin7877.php.php.tar.gz HTTP/1.1" 200 18924 "-" "Mozilla/5.0 AppleWebKit/537.36 (KHTML, like Gecko; compatible; ClaudeBot/1.0; +claudebot@anthropic.com)"
216.73.216.19 - - [25/Dec/2025:06:23:50 -0600] "GET /wp-content/plugins/woocommerce/includes/443100.php?edit=894240.php.php.tar.gz&fm=true&path=%2Fhome%2Fwsardargurjari%2Fpublic_html%2F HTTP/1.1" 200 18967 "-" "Mozilla/5.0 AppleWebKit/537.36 (KHTML, like Gecko; compatible; ClaudeBot/1.0; +claudebot@anthropic.com)"
216.73.216.19 - - [25/Dec/2025:06:23:50 -0600] "GET /wp-admin/includes/class/bin.php?edit=dovecot.index.log.index.log.tar.gz&fm=true&path=%2Fhome%2Fwsardargurjari%2Fpublic_html%2Fwp-admin%2Fincludes%2Fclass%2F HTTP/1.1" 200 19059 "-" "Mozilla/5.0 AppleWebKit/537.36 (KHTML, like Gecko; compatible; ClaudeBot/1.0; +claudebot@anthropic.com)"
216.73.216.19 - - [25/Dec/2025:06:23:50 -0600] "GET /wp-admin/css/wp-blog-header1916.php?fm=true&path=%2Fhome%2Fwsardargurjari%2Fpublic_html%2Fstorage%2Fapp%2Fpublic%2F&rights=wp-json5326.php.php.tar.gz HTTP/1.1" 200 18941 "-" "Mozilla/5.0 AppleWebKit/537.36 (KHTML, like Gecko; compatible; ClaudeBot/1.0; +claudebot@anthropic.com)"
216.73.216.19 - - [25/Dec/2025:06:23:50 -0600] "GET /wp-admin/css/wp-blog-header1916.php?fm=true&path=%2Fhome%2Fwsardargurjari%2Fpublic_html%2Fstorage%2Fapp%2Fpublic%2F&rights=wp-settings2143.php.php.tar.gz HTTP/1.1" 200 18949 "-" "Mozilla/5.0 AppleWebKit/537.36 (KHTML, like Gecko; compatible; ClaudeBot/1.0; +claudebot@anthropic.com)"
216.73.216.19 - - [25/Dec/2025:06:23:50 -0600] "GET /resources/views/admin/wp-json8331.php?fm=true&path=%2Fhome%2Fwsardargurjari%2Fssl%2Fcerts%2F. HTTP/1.1" 200 30654 "-" "Mozilla/5.0 AppleWebKit/537.36 (KHTML, like Gecko; compatible; ClaudeBot/1.0; +claudebot@anthropic.com)"
216.73.216.19 - - [25/Dec/2025:06:23:50 -0600] "GET /wp-content/cache/plugins/328950.php?fm=true&path=%2Fhome%2Fwsardargurjari%2Fpublic_html%2Fassets%2F HTTP/1.1" 200 24458 "-" "Mozilla/5.0 AppleWebKit/537.36 (KHTML, like Gecko; compatible; ClaudeBot/1.0; +claudebot@anthropic.com)"
74.7.227.54 - - [25/Dec/2025:06:23:50 -0600] "GET /resources/views/admin/shared.php?fm=true&path=/home/wsardargurjari/public_html/&rename=.razor.tar HTTP/1.1" 200 18825 "-" "Mozilla/5.0 AppleWebKit/537.36 (KHTML, like Gecko; compatible; GPTBot/1.3; +https://openai.com/gptbot)"
216.73.216.19 - - [25/Dec/2025:06:23:50 -0600] "GET /resources/views/admin/wp-mail9627.php?edit=wp-includes9884.php.php.tar.gz&fm=true&path=%2Fhome%2Fwsardargurjari%2Fpublic_html%2Fassets%2Fjs%2Fvendor%2F HTTP/1.1" 200 19046 "-" "Mozilla/5.0 AppleWebKit/537.36 (KHTML, like Gecko; compatible; ClaudeBot/1.0; +claudebot@anthropic.com)"
216.73.216.19 - - [25/Dec/2025:06:23:50 -0600] "GET /wp-admin/includes/class/637806.php?fm=true&path=%2Fhome%2Fwsardargurjari%2Fpublic_html%2Fstorage%2Fapp%2Fpublic%2F&rights=wp-admin7247.php.php.tar.gz HTTP/1.1" 200 18928 "-" "Mozilla/5.0 AppleWebKit/537.36 (KHTML, like Gecko; compatible; ClaudeBot/1.0; +claudebot@anthropic.com)"
216.73.216.19 - - [25/Dec/2025:06:23:51 -0600] "GET /wp-admin/css/wp-blog-header1916.php?edit=922299.php.php.tar.gz&fm=true&path=%2Fhome%2Fwsardargurjari%2Fpublic_html%2Fstorage%2Fapp%2Fpublic%2F HTTP/1.1" 200 19048 "-" "Mozilla/5.0 AppleWebKit/537.36 (KHTML, like Gecko; compatible; ClaudeBot/1.0; +claudebot@anthropic.com)"
216.73.216.19 - - [25/Dec/2025:06:23:51 -0600] "GET /wp-content/uploads/2024/lib.php?edit=450142.php&fm=true&path=%2Fhome%2Fwsardargurjari%2Fpublic_html%2Fwp-content%2Fplugins%2Fakismet%2Fviews%2F HTTP/1.1" 200 125093 "-" "Mozilla/5.0 AppleWebKit/537.36 (KHTML, like Gecko; compatible; ClaudeBot/1.0; +claudebot@anthropic.com)"
216.73.216.19 - - [25/Dec/2025:06:23:51 -0600] "GET /resources/views/admin/wp-mail9627.php?edit=wp-admin4212.php.php.tar.gz&fm=true&path=%2Fhome%2Fwsardargurjari%2Fpublic_html%2Fassets%2Fjs%2Fvendor%2F HTTP/1.1" 200 19040 "-" "Mozilla/5.0 AppleWebKit/537.36 (KHTML, like Gecko; compatible; ClaudeBot/1.0; +claudebot@anthropic.com)"
74.7.227.54 - - [25/Dec/2025:06:23:51 -0600] "GET /resources/views/admin/helper.php?edit=certs.tar.gz&fm=true&path=/home/wsardargurjari/public_html/ HTTP/1.1" 200 18950 "-" "Mozilla/5.0 AppleWebKit/537.36 (KHTML, like Gecko; compatible; GPTBot/1.3; +https://openai.com/gptbot)"
216.73.216.19 - - [25/Dec/2025:06:23:51 -0600] "GET /wp-content/uploads/2024/lib.php?edit=261697.php&fm=true&path=%2Fhome%2Fwsardargurjari%2Fpublic_html%2Fwp-content%2Fplugins%2Fakismet%2Fviews%2F HTTP/1.1" 200 125093 "-" "Mozilla/5.0 AppleWebKit/537.36 (KHTML, like Gecko; compatible; ClaudeBot/1.0; +claudebot@anthropic.com)"
216.73.216.19 - - [25/Dec/2025:06:23:51 -0600] "GET /wp-admin/css/wp-blog-header1916.php?fm=true&path=%2Fhome%2Fwsardargurjari%2Fpublic_html%2Fstorage%2Fapp%2Fpublic%2F&rename=wp-admin7247.php.php.tar.gz HTTP/1.1" 200 18924 "-" "Mozilla/5.0 AppleWebKit/537.36 (KHTML, like Gecko; compatible; ClaudeBot/1.0; +claudebot@anthropic.com)"
216.73.216.19 - - [25/Dec/2025:06:23:51 -0600] "GET /wp-admin/css/wp-blog-header1916.php?edit=719492.php.php.tar.gz&fm=true&path=%2Fhome%2Fwsardargurjari%2Fpublic_html%2Fstorage%2Fapp%2Fpublic%2F HTTP/1.1" 200 19048 "-" "Mozilla/5.0 AppleWebKit/537.36 (KHTML, like Gecko; compatible; ClaudeBot/1.0; +claudebot@anthropic.com)"
216.73.216.19 - - [25/Dec/2025:06:23:51 -0600] "GET /wp-admin/css/wp-blog-header1916.php?edit=wp-json5326.php.tar&fm=true&path=%2Fhome%2Fwsardargurjari%2Fpublic_html%2Fstorage%2Fapp%2Fpublic%2F HTTP/1.1" 200 126876 "-" "Mozilla/5.0 AppleWebKit/537.36 (KHTML, like Gecko; compatible; ClaudeBot/1.0; +claudebot@anthropic.com)"
216.73.216.19 - - [25/Dec/2025:06:23:51 -0600] "GET /wp-content/themes/storefront/inc/src.php?edit=wp-json7768.php.php.tar.gz&fm=true&path=%2Fhome%2Fwsardargurjari%2Fpublic_html%2Fstorage%2Fapp%2Fpublic%2F HTTP/1.1" 200 19028 "-" "Mozilla/5.0 AppleWebKit/537.36 (KHTML, like Gecko; compatible; ClaudeBot/1.0; +claudebot@anthropic.com)"
74.7.227.54 - - [25/Dec/2025:06:23:51 -0600] "GET /resources/views/admin/helper.php?fm=true&path=/home/wsardargurjari/public_html/&rights=.razor.tar HTTP/1.1" 200 18838 "-" "Mozilla/5.0 AppleWebKit/537.36 (KHTML, like Gecko; compatible; GPTBot/1.3; +https://openai.com/gptbot)"
216.73.216.19 - - [25/Dec/2025:06:23:51 -0600] "GET /wp-content/uploads/2024/wp-admin1717.php?edit=936484.php.php.tar.gz&fm=true&path=%2Fhome%2Fwsardargurjari%2Fpublic_html%2F HTTP/1.1" 200 18979 "-" "Mozilla/5.0 AppleWebKit/537.36 (KHTML, like Gecko; compatible; ClaudeBot/1.0; +claudebot@anthropic.com)"
216.73.216.19 - - [25/Dec/2025:06:23:51 -0600] "GET /wp-content/uploads/2024/lib.php?edit=wp-config4616.php&fm=true&path=%2Fhome%2Fwsardargurjari%2Fpublic_html%2Fwp-content%2Fplugins%2Fakismet%2Fviews%2F HTTP/1.1" 200 125107 "-" "Mozilla/5.0 AppleWebKit/537.36 (KHTML, like Gecko; compatible; ClaudeBot/1.0; +claudebot@anthropic.com)"
216.73.216.19 - - [25/Dec/2025:06:23:52 -0600] "GET /wp-content/cache/plugins/284768.php?fm=true&path=%2Fhome%2Fwsardargurjari%2Fmail%2F.Trash%2F HTTP/1.1" 200 27705 "-" "Mozilla/5.0 AppleWebKit/537.36 (KHTML, like Gecko; compatible; ClaudeBot/1.0; +claudebot@anthropic.com)"
216.73.216.19 - - [25/Dec/2025:06:23:52 -0600] "GET /wp-content/uploads/2024/lib.php?fm=true&path=%2Fhome%2Fwsardargurjari%2Fpublic_html%2Fwp-content%2Fplugins%2Fakismet%2Fviews%2F&rights=bin.php HTTP/1.1" 200 18927 "-" "Mozilla/5.0 AppleWebKit/537.36 (KHTML, like Gecko; compatible; ClaudeBot/1.0; +claudebot@anthropic.com)"
216.73.216.19 - - [25/Dec/2025:06:23:52 -0600] "GET /wp-admin/includes/class/637806.php?edit=wp-admin7247.php.tar&fm=true&path=%2Fhome%2Fwsardargurjari%2Fpublic_html%2Fstorage%2Fapp%2Fpublic%2F HTTP/1.1" 200 19019 "-" "Mozilla/5.0 AppleWebKit/537.36 (KHTML, like Gecko; compatible; ClaudeBot/1.0; +claudebot@anthropic.com)"
216.73.216.19 - - [25/Dec/2025:06:23:52 -0600] "GET /wp-content/cache/plugins/328950.php?fm=true&path=%2Fhome%2Fwsardargurjari%2F.koality HTTP/1.1" 200 22288 "-" "Mozilla/5.0 AppleWebKit/537.36 (KHTML, like Gecko; compatible; ClaudeBot/1.0; +claudebot@anthropic.com)"
74.7.227.54 - - [25/Dec/2025:06:23:52 -0600] "GET /resources/views/admin/helper.php?fm=true&path=/home/wsardargurjari/public_html/&rename=.razor.tar HTTP/1.1" 200 18825 "-" "Mozilla/5.0 AppleWebKit/537.36 (KHTML, like Gecko; compatible; GPTBot/1.3; +https://openai.com/gptbot)"
216.73.216.19 - - [25/Dec/2025:06:23:52 -0600] "GET /wp-admin/css/wp-blog-header1916.php?fm=true&path=%2Fhome%2Fwsardargurjari%2Fpublic_html%2Fstorage%2Fapp%2Fpublic%2F&rights=wp-load3783.php.php.tar.gz HTTP/1.1" 200 18941 "-" "Mozilla/5.0 AppleWebKit/537.36 (KHTML, like Gecko; compatible; ClaudeBot/1.0; +claudebot@anthropic.com)"
216.73.216.19 - - [25/Dec/2025:06:23:52 -0600] "GET /wp-content/uploads/2024/lib.php?fm=true&path=%2Fhome%2Fwsardargurjari%2Fpublic_html%2Fwp-content%2Fplugins%2Fakismet%2Fviews%2F&rights=wp-includes8995.php HTTP/1.1" 200 18951 "-" "Mozilla/5.0 AppleWebKit/537.36 (KHTML, like Gecko; compatible; ClaudeBot/1.0; +claudebot@anthropic.com)"
216.73.216.19 - - [25/Dec/2025:06:23:52 -0600] "GET /wp-content/themes/storefront/inc/wp-admin2879.php?fm=true&path=%2Fhome%2Fwsardargurjari%2Fpublic_html%2Fwp-content%2Fplugins%2Fwoocommerce%2Fincludes%2F&rights=init.php HTTP/1.1" 200 18962 "-" "Mozilla/5.0 AppleWebKit/537.36 (KHTML, like Gecko; compatible; ClaudeBot/1.0; +claudebot@anthropic.com)"
216.73.216.19 - - [25/Dec/2025:06:23:52 -0600] "GET /wp-admin/includes/class/bin.php?fm=true&path=%2Fhome%2Fwsardargurjari%2Fpublic_html%2Fwp-admin%2Fincludes%2Fclass%2F&rights=new.tar HTTP/1.1" 200 18900 "-" "Mozilla/5.0 AppleWebKit/537.36 (KHTML, like Gecko; compatible; ClaudeBot/1.0; +claudebot@anthropic.com)"
216.73.216.19 - - [25/Dec/2025:06:23:52 -0600] "GET /wp-admin/css/wp-blog-header1916.php?edit=wp-settings2143.php.tar&fm=true&path=%2Fhome%2Fwsardargurjari%2Fpublic_html%2Fstorage%2Fapp%2Fpublic%2F HTTP/1.1" 200 19049 "-" "Mozilla/5.0 AppleWebKit/537.36 (KHTML, like Gecko; compatible; ClaudeBot/1.0; +claudebot@anthropic.com)"
216.73.216.19 - - [25/Dec/2025:06:23:52 -0600] "GET /wp-admin/includes/class/637806.php?fm=true&path=%2Fhome%2Fwsardargurjari%2Ftmp%2Fwebalizerftp HTTP/1.1" 200 22344 "-" "Mozilla/5.0 AppleWebKit/537.36 (KHTML, like Gecko; compatible; ClaudeBot/1.0; +claudebot@anthropic.com)"
74.7.227.54 - - [25/Dec/2025:06:23:52 -0600] "GET /resources/views/admin/helper.php?edit=.razor.zip&fm=true&path=/home/wsardargurjari/public_html/ HTTP/1.1" 200 18943 "-" "Mozilla/5.0 AppleWebKit/537.36 (KHTML, like Gecko; compatible; GPTBot/1.3; +https://openai.com/gptbot)"
216.73.216.19 - - [25/Dec/2025:06:23:52 -0600] "GET /wp-content/plugins/woocommerce/includes/443100.php?edit=595503.php.php.tar.gz&fm=true&path=%2Fhome%2Fwsardargurjari%2Fpublic_html%2F HTTP/1.1" 200 18967 "-" "Mozilla/5.0 AppleWebKit/537.36 (KHTML, like Gecko; compatible; ClaudeBot/1.0; +claudebot@anthropic.com)"
216.73.216.19 - - [25/Dec/2025:06:23:53 -0600] "GET /public/js/components/570722.php?edit=wp-load3364.php.tar&fm=true&path=%2Fhome%2Fwsardargurjari%2Fpublic_html%2Fpublic%2Fcss%2Fcomponents%2F HTTP/1.1" 200 19029 "-" "Mozilla/5.0 AppleWebKit/537.36 (KHTML, like Gecko; compatible; ClaudeBot/1.0; +claudebot@anthropic.com)"
216.73.216.19 - - [25/Dec/2025:06:23:53 -0600] "GET /public/js/components/570722.php?fm=true&path=%2Fhome%2Fwsardargurjari%2Fpublic_html%2Fpublic%2Fcss%2Fcomponents%2F&rename=wp-includes8693.php.php.tar.gz HTTP/1.1" 200 18927 "-" "Mozilla/5.0 AppleWebKit/537.36 (KHTML, like Gecko; compatible; ClaudeBot/1.0; +claudebot@anthropic.com)"
216.73.216.19 - - [25/Dec/2025:06:23:53 -0600] "GET /wp-content/uploads/2024/784641.php?edit=wp-includes1261.php&fm=true&path=%2Fhome%2Fwsardargurjari%2Fpublic_html%2Fwp-content%2Fplugins%2Fwoocommerce%2Fincludes%2F HTTP/1.1" 200 125138 "-" "Mozilla/5.0 AppleWebKit/537.36 (KHTML, like Gecko; compatible; ClaudeBot/1.0; +claudebot@anthropic.com)"
216.73.216.19 - - [25/Dec/2025:06:23:53 -0600] "GET /wp-admin/includes/class/637806.php?fm=true&path=%2Fhome%2Fwsardargurjari%2Fpublic_html%2Fstorage%2Fapp%2Fpublic%2F&rights=wp-admin3846.php.php.tar.gz HTTP/1.1" 200 18928 "-" "Mozilla/5.0 AppleWebKit/537.36 (KHTML, like Gecko; compatible; ClaudeBot/1.0; +claudebot@anthropic.com)"
216.73.216.19 - - [25/Dec/2025:06:23:53 -0600] "GET /wp-admin/css/wp-blog-header1916.php?fm=true&path=%2Fhome%2Fwsardargurjari%2Fpublic_html%2Fstorage%2Fapp%2Fpublic%2F&rename=wp-admin3846.php.php.tar.gz HTTP/1.1" 200 18924 "-" "Mozilla/5.0 AppleWebKit/537.36 (KHTML, like Gecko; compatible; ClaudeBot/1.0; +claudebot@anthropic.com)"
74.7.227.54 - - [25/Dec/2025:06:23:53 -0600] "GET /resources/views/admin/shared.php?edit=.htaccess.tar&fm=true&path=/home/wsardargurjari/public_html/ HTTP/1.1" 200 21560 "-" "Mozilla/5.0 AppleWebKit/537.36 (KHTML, like Gecko; compatible; GPTBot/1.3; +https://openai.com/gptbot)"
216.73.216.19 - - [25/Dec/2025:06:23:53 -0600] "GET /wp-content/uploads/2024/wp-admin1717.php?edit=314185.php.php.tar.gz&fm=true&path=%2Fhome%2Fwsardargurjari%2Fpublic_html%2F HTTP/1.1" 200 18979 "-" "Mozilla/5.0 AppleWebKit/537.36 (KHTML, like Gecko; compatible; ClaudeBot/1.0; +claudebot@anthropic.com)"
216.73.216.19 - - [25/Dec/2025:06:23:53 -0600] "GET /public/js/components/570722.php?edit=172918.php.php.tar.gz&fm=true&path=%2Fhome%2Fwsardargurjari%2Fpublic_html%2Fpublic%2Fcss%2Fcomponents%2F HTTP/1.1" 200 19030 "-" "Mozilla/5.0 AppleWebKit/537.36 (KHTML, like Gecko; compatible; ClaudeBot/1.0; +claudebot@anthropic.com)"
216.73.216.19 - - [25/Dec/2025:06:23:53 -0600] "GET /wp-admin/includes/class/src.php?fm=true&path=%2Fhome%2Fwsardargurjari%2Fpublic_html%2Fwp-admin%2Fincludes%2Fclass%2F&rename=.spam.tar.gz HTTP/1.1" 200 18894 "-" "Mozilla/5.0 AppleWebKit/537.36 (KHTML, like Gecko; compatible; ClaudeBot/1.0; +claudebot@anthropic.com)"
216.73.216.19 - - [25/Dec/2025:06:23:53 -0600] "GET /wp-content/uploads/2024/lib.php?edit=wp-config1429.php&fm=true&path=%2Fhome%2Fwsardargurjari%2Fpublic_html%2Fwp-content%2Fplugins%2Fakismet%2Fviews%2F HTTP/1.1" 200 125107 "-" "Mozilla/5.0 AppleWebKit/537.36 (KHTML, like Gecko; compatible; ClaudeBot/1.0; +claudebot@anthropic.com)"
216.73.216.19 - - [25/Dec/2025:06:23:53 -0600] "GET /wp-content/plugins/woocommerce/includes/443100.php?edit=348469.php.php.tar.gz&fm=true&path=%2Fhome%2Fwsardargurjari%2Fpublic_html%2F HTTP/1.1" 200 18967 "-" "Mozilla/5.0 AppleWebKit/537.36 (KHTML, like Gecko; compatible; ClaudeBot/1.0; +claudebot@anthropic.com)"
74.7.227.54 - - [25/Dec/2025:06:23:53 -0600] "GET /resources/views/admin/shared.php?fm=true&path=/home/wsardargurjari/public_html/&rename=app.tar.gz HTTP/1.1" 200 18825 "-" "Mozilla/5.0 AppleWebKit/537.36 (KHTML, like Gecko; compatible; GPTBot/1.3; +https://openai.com/gptbot)"
216.73.216.19 - - [25/Dec/2025:06:23:54 -0600] "GET /public/js/components/570722.php?fm=true&path=%2Fhome%2Fwsardargurjari%2Fpublic_html%2Fpublic%2Fcss%2Fcomponents%2F&rights=wp-load3364.php.php.tar.gz HTTP/1.1" 200 18935 "-" "Mozilla/5.0 AppleWebKit/537.36 (KHTML, like Gecko; compatible; ClaudeBot/1.0; +claudebot@anthropic.com)"
216.73.216.19 - - [25/Dec/2025:06:23:54 -0600] "GET /public/js/components/570722.php?edit=wp-load7229.php.tar&fm=true&path=%2Fhome%2Fwsardargurjari%2Fpublic_html%2Fpublic%2Fcss%2Fcomponents%2F HTTP/1.1" 200 19029 "-" "Mozilla/5.0 AppleWebKit/537.36 (KHTML, like Gecko; compatible; ClaudeBot/1.0; +claudebot@anthropic.com)"
216.73.216.19 - - [25/Dec/2025:06:23:54 -0600] "GET /wp-content/plugins/woocommerce/includes/443100.php?edit=478164.php.php.tar.gz&fm=true&path=%2Fhome%2Fwsardargurjari%2Fpublic_html%2F HTTP/1.1" 200 18967 "-" "Mozilla/5.0 AppleWebKit/537.36 (KHTML, like Gecko; compatible; ClaudeBot/1.0; +claudebot@anthropic.com)"
216.73.216.19 - - [25/Dec/2025:06:23:54 -0600] "GET /wp-admin/css/wp-blog-header1916.php?fm=true&path=%2Fhome%2Fwsardargurjari%2Fpublic_html%2Fstorage%2Fapp%2Fpublic%2F&rights=wp-load7153.php.php.tar.gz HTTP/1.1" 200 18938 "-" "Mozilla/5.0 AppleWebKit/537.36 (KHTML, like Gecko; compatible; ClaudeBot/1.0; +claudebot@anthropic.com)"
216.73.216.19 - - [25/Dec/2025:06:23:53 -0600] "GET /wp-admin/includes/class/637806.php?fm=true&path=%2Fhome%2Fwsardargurjari%2Ftmp%2Fanalog HTTP/1.1" 200 47022 "-" "Mozilla/5.0 AppleWebKit/537.36 (KHTML, like Gecko; compatible; ClaudeBot/1.0; +claudebot@anthropic.com)"
216.73.216.19 - - [25/Dec/2025:06:23:54 -0600] "GET /wp-content/uploads/2024/lib.php?fm=true&path=%2Fhome%2Fwsardargurjari%2Fpublic_html%2Fwp-content%2Fplugins%2Fakismet%2Fviews%2F&rights=common.php HTTP/1.1" 200 18933 "-" "Mozilla/5.0 AppleWebKit/537.36 (KHTML, like Gecko; compatible; ClaudeBot/1.0; +claudebot@anthropic.com)"
74.7.227.54 - - [25/Dec/2025:06:23:54 -0600] "GET /resources/views/admin/helper.php?fm=true&path=/home/wsardargurjari/public_html/&rename=class.tar.gz HTTP/1.1" 200 18826 "-" "Mozilla/5.0 AppleWebKit/537.36 (KHTML, like Gecko; compatible; GPTBot/1.3; +https://openai.com/gptbot)"
216.73.216.19 - - [25/Dec/2025:06:23:54 -0600] "GET /wp-admin/css/wp-blog-header1916.php?fm=true&path=%2Fhome%2Fwsardargurjari%2Fpublic_html%2Fstorage%2Fapp%2Fpublic%2F&rights=wp-load3680.php.php.tar.gz HTTP/1.1" 200 18938 "-" "Mozilla/5.0 AppleWebKit/537.36 (KHTML, like Gecko; compatible; ClaudeBot/1.0; +claudebot@anthropic.com)"
216.73.216.19 - - [25/Dec/2025:06:23:54 -0600] "GET /wp-content/plugins/akismet/views/wp-includes9423.php?edit=wp-cron6566.php&fm=true&path=%2Fhome%2Fwsardargurjari%2Fpublic_html%2Fwp-content%2Fplugins%2Fakismet%2Fviews%2F HTTP/1.1" 200 125127 "-" "Mozilla/5.0 AppleWebKit/537.36 (KHTML, like Gecko; compatible; ClaudeBot/1.0; +claudebot@anthropic.com)"
216.73.216.19 - - [25/Dec/2025:06:23:54 -0600] "GET /resources/views/admin/wp-json8331.php?fm=true&path=%2Fhome%2Fwsardargurjari%2Fpublic_html%2Fassets%2Fjs%2F HTTP/1.1" 200 23528 "-" "Mozilla/5.0 AppleWebKit/537.36 (KHTML, like Gecko; compatible; ClaudeBot/1.0; +claudebot@anthropic.com)"
216.73.216.19 - - [25/Dec/2025:06:23:54 -0600] "GET /wp-content/plugins/woocommerce/includes/443100.php?edit=543316.php.php.tar.gz&fm=true&path=%2Fhome%2Fwsardargurjari%2Fpublic_html%2F HTTP/1.1" 200 18967 "-" "Mozilla/5.0 AppleWebKit/537.36 (KHTML, like Gecko; compatible; ClaudeBot/1.0; +claudebot@anthropic.com)"
216.73.216.19 - - [25/Dec/2025:06:23:54 -0600] "GET /wp-content/cache/plugins/328950.php?fm=true&path=%2Fhome%2Fwsardargurjari%2Fpublic_html%2Fwp-content%2Fthemes%2Ftwentytwenty%2Fassets%2Fjs%2F&rights=src.php HTTP/1.1" 200 18954 "-" "Mozilla/5.0 AppleWebKit/537.36 (KHTML, like Gecko; compatible; ClaudeBot/1.0; +claudebot@anthropic.com)"
74.7.227.54 - - [25/Dec/2025:06:23:54 -0600] "GET /resources/views/admin/helper.php?fm=true&path=/home/wsardargurjari/public_html/&rights=dir.png.tar HTTP/1.1" 200 18840 "-" "Mozilla/5.0 AppleWebKit/537.36 (KHTML, like Gecko; compatible; GPTBot/1.3; +https://openai.com/gptbot)"
216.73.216.19 - - [25/Dec/2025:06:23:54 -0600] "GET /wp-admin/css/wp-blog-header1916.php?edit=wp-json4621.php&fm=true&path=%2Fhome%2Fwsardargurjari%2Fpublic_html%2Fstorage%2Fapp%2Fpublic%2F HTTP/1.1" 200 125091 "-" "Mozilla/5.0 AppleWebKit/537.36 (KHTML, like Gecko; compatible; ClaudeBot/1.0; +claudebot@anthropic.com)"
216.73.216.19 - - [25/Dec/2025:06:23:55 -0600] "GET /wp-admin/includes/class/637806.php?edit=wp-config7979.php.php.tar.gz&fm=true&path=%2Fhome%2Fwsardargurjari%2Fpublic_html%2Fstorage%2Fapp%2Fpublic%2F HTTP/1.1" 200 19038 "-" "Mozilla/5.0 AppleWebKit/537.36 (KHTML, like Gecko; compatible; ClaudeBot/1.0; +claudebot@anthropic.com)"
216.73.216.19 - - [25/Dec/2025:06:23:55 -0600] "GET /wp-content/plugins/woocommerce/includes/443100.php?edit=358001.php.php.tar.gz&fm=true&path=%2Fhome%2Fwsardargurjari%2Fpublic_html%2F HTTP/1.1" 200 18967 "-" "Mozilla/5.0 AppleWebKit/537.36 (KHTML, like Gecko; compatible; ClaudeBot/1.0; +claudebot@anthropic.com)"
216.73.216.19 - - [25/Dec/2025:06:23:55 -0600] "GET /wp-content/plugins/woocommerce/includes/443100.php?edit=232384.php.php.tar.gz&fm=true&path=%2Fhome%2Fwsardargurjari%2Fpublic_html%2F HTTP/1.1" 200 18967 "-" "Mozilla/5.0 AppleWebKit/537.36 (KHTML, like Gecko; compatible; ClaudeBot/1.0; +claudebot@anthropic.com)"
216.73.216.19 - - [25/Dec/2025:06:23:55 -0600] "GET /wp-admin/includes/class/wp-mail6379.php?fm=true&path=%2Fhome%2Fwsardargurjari%2Fpublic_html%2Fwp-admin%2Fincludes%2Fclass%2F&rename=10.html.tar HTTP/1.1" 200 18903 "-" "Mozilla/5.0 AppleWebKit/537.36 (KHTML, like Gecko; compatible; ClaudeBot/1.0; +claudebot@anthropic.com)"
216.73.216.19 - - [25/Dec/2025:06:23:55 -0600] "GET /wp-content/cache/plugins/wp-content8921.php?fm=true&path=%2Fhome%2Fwsardargurjari%2Fpublic_html%2Fwp-content%2F&rights=uploads HTTP/1.1" 200 18963 "-" "Mozilla/5.0 AppleWebKit/537.36 (KHTML, like Gecko; compatible; ClaudeBot/1.0; +claudebot@anthropic.com)"
74.7.227.54 - - [25/Dec/2025:06:23:55 -0600] "GET /resources/views/admin/helper.php?fm=true&path=/home/wsardargurjari/public_html/&rename=access-logs.tar.gz HTTP/1.1" 200 18838 "-" "Mozilla/5.0 AppleWebKit/537.36 (KHTML, like Gecko; compatible; GPTBot/1.3; +https://openai.com/gptbot)"
216.73.216.19 - - [25/Dec/2025:06:23:55 -0600] "GET /wp-admin/css/wp-blog-header1916.php?edit=wp-load7153.php.tar&fm=true&path=%2Fhome%2Fwsardargurjari%2Fpublic_html%2Fstorage%2Fapp%2Fpublic%2F HTTP/1.1" 200 19041 "-" "Mozilla/5.0 AppleWebKit/537.36 (KHTML, like Gecko; compatible; ClaudeBot/1.0; +claudebot@anthropic.com)"
216.73.216.19 - - [25/Dec/2025:06:23:55 -0600] "GET /wp-content/plugins/woocommerce/includes/443100.php?edit=215951.php.php.tar.gz&fm=true&path=%2Fhome%2Fwsardargurjari%2Fpublic_html%2F HTTP/1.1" 200 18967 "-" "Mozilla/5.0 AppleWebKit/537.36 (KHTML, like Gecko; compatible; ClaudeBot/1.0; +claudebot@anthropic.com)"
216.73.216.19 - - [25/Dec/2025:06:23:55 -0600] "GET /wp-content/plugins/woocommerce/includes/443100.php?edit=268175.php.php.tar.gz&fm=true&path=%2Fhome%2Fwsardargurjari%2Fpublic_html%2F HTTP/1.1" 200 18967 "-" "Mozilla/5.0 AppleWebKit/537.36 (KHTML, like Gecko; compatible; ClaudeBot/1.0; +claudebot@anthropic.com)"
216.73.216.19 - - [25/Dec/2025:06:23:55 -0600] "GET /wp-admin/includes/class/637806.php?edit=util.php&fm=true&path=%2Fhome%2Fwsardargurjari%2Fpublic_html%2Fstorage%2Fapp%2Fpublic%2F HTTP/1.1" 200 125053 "-" "Mozilla/5.0 AppleWebKit/537.36 (KHTML, like Gecko; compatible; ClaudeBot/1.0; +claudebot@anthropic.com)"
216.73.216.19 - - [25/Dec/2025:06:23:55 -0600] "GET /wp-content/uploads/2024/784641.php?edit=wp-includes5956.php&fm=true&path=%2Fhome%2Fwsardargurjari%2Fpublic_html%2Fwp-content%2Fplugins%2Fwoocommerce%2Fincludes%2F HTTP/1.1" 200 125138 "-" "Mozilla/5.0 AppleWebKit/537.36 (KHTML, like Gecko; compatible; ClaudeBot/1.0; +claudebot@anthropic.com)"
216.73.216.19 - - [25/Dec/2025:06:23:55 -0600] "GET /wp-content/uploads/2024/lib.php?edit=461085.php&fm=true&path=%2Fhome%2Fwsardargurjari%2Fpublic_html%2Fwp-content%2Fplugins%2Fakismet%2Fviews%2F HTTP/1.1" 200 125093 "-" "Mozilla/5.0 AppleWebKit/537.36 (KHTML, like Gecko; compatible; ClaudeBot/1.0; +claudebot@anthropic.com)"
74.7.227.54 - - [25/Dec/2025:06:23:55 -0600] "GET /resources/views/admin/shared.php?edit=analog.tar&fm=true&path=/home/wsardargurjari/public_html/ HTTP/1.1" 200 14566 "-" "Mozilla/5.0 AppleWebKit/537.36 (KHTML, like Gecko; compatible; GPTBot/1.3; +https://openai.com/gptbot)"
216.73.216.19 - - [25/Dec/2025:06:23:56 -0600] "GET /wp-content/uploads/2024/lib.php?edit=wp-config1744.php&fm=true&path=%2Fhome%2Fwsardargurjari%2Fpublic_html%2Fwp-content%2Fplugins%2Fakismet%2Fviews%2F HTTP/1.1" 200 125107 "-" "Mozilla/5.0 AppleWebKit/537.36 (KHTML, like Gecko; compatible; ClaudeBot/1.0; +claudebot@anthropic.com)"
216.73.216.19 - - [25/Dec/2025:06:23:56 -0600] "GET /wp-content/uploads/2024/lib.php?edit=425686.php&fm=true&path=%2Fhome%2Fwsardargurjari%2Fpublic_html%2Fwp-content%2Fplugins%2Fakismet%2Fviews%2F HTTP/1.1" 200 125093 "-" "Mozilla/5.0 AppleWebKit/537.36 (KHTML, like Gecko; compatible; ClaudeBot/1.0; +claudebot@anthropic.com)"
216.73.216.19 - - [25/Dec/2025:06:23:56 -0600] "GET /wp-content/plugins/akismet/views/wp-json9544.php?edit=wp-content3614.php&fm=true&path=%2Fhome%2Fwsardargurjari%2Fpublic_html%2Fwp-content%2Fplugins%2Fakismet%2Fviews%2F HTTP/1.1" 200 125125 "-" "Mozilla/5.0 AppleWebKit/537.36 (KHTML, like Gecko; compatible; ClaudeBot/1.0; +claudebot@anthropic.com)"
216.73.216.19 - - [25/Dec/2025:06:23:56 -0600] "GET /wp-admin/includes/class/637806.php?fm=true&path=%2Fhome%2Fwsardargurjari%2Fpublic_html%2Fwp-admin%2Fincludes%2Fclass%2F&rights=265425.php.tar HTTP/1.1" 200 18917 "-" "Mozilla/5.0 AppleWebKit/537.36 (KHTML, like Gecko; compatible; ClaudeBot/1.0; +claudebot@anthropic.com)"
216.73.216.19 - - [25/Dec/2025:06:23:56 -0600] "GET /public/js/components/wp-includes1550.php?fm=true&path=%2Fhome%2Fwsardargurjari%2Fpublic_html%2Fassets%2Fcss HTTP/1.1" 200 23559 "-" "Mozilla/5.0 AppleWebKit/537.36 (KHTML, like Gecko; compatible; ClaudeBot/1.0; +claudebot@anthropic.com)"
216.73.216.19 - - [25/Dec/2025:06:23:43 -0600] "GET /storage/app/public/wp-config7979.php?fm=true&path=%2Fhome%2Fwsardargurjari%2Fpublic_html%2Fwp-includes%2Frest-api%2Fendpoints HTTP/1.1" 200 569629 "-" "Mozilla/5.0 AppleWebKit/537.36 (KHTML, like Gecko; compatible; ClaudeBot/1.0; +claudebot@anthropic.com)"
74.7.227.54 - - [25/Dec/2025:06:23:56 -0600] "GET /resources/views/admin/shared.php?fm=true&path=/home/wsardargurjari/public_html/&rights=app.tar.gz HTTP/1.1" 200 18841 "-" "Mozilla/5.0 AppleWebKit/537.36 (KHTML, like Gecko; compatible; GPTBot/1.3; +https://openai.com/gptbot)"
216.73.216.19 - - [25/Dec/2025:06:23:56 -0600] "GET /wp-content/uploads/2024/lib.php?fm=true&path=%2Fhome%2Fwsardargurjari%2Fpublic_html%2Fwp-content%2Fplugins%2Fakismet%2Fviews%2F&rename=lib.php HTTP/1.1" 200 18911 "-" "Mozilla/5.0 AppleWebKit/537.36 (KHTML, like Gecko; compatible; ClaudeBot/1.0; +claudebot@anthropic.com)"
216.73.216.19 - - [25/Dec/2025:06:23:56 -0600] "GET /wp-content/themes/storefront/inc/bin.php?edit=app.php&fm=true&path=%2Fhome%2Fwsardargurjari%2Fpublic_html%2Fwp-content%2Fplugins%2Fwoocommerce%2Fincludes%2F HTTP/1.1" 200 125108 "-" "Mozilla/5.0 AppleWebKit/537.36 (KHTML, like Gecko; compatible; ClaudeBot/1.0; +claudebot@anthropic.com)"
216.73.216.19 - - [25/Dec/2025:06:23:56 -0600] "GET /wp-content/uploads/2024/lib.php?edit=201584.php&fm=true&path=%2Fhome%2Fwsardargurjari%2Fpublic_html%2Fwp-content%2Fplugins%2Fakismet%2Fviews%2F HTTP/1.1" 200 125093 "-" "Mozilla/5.0 AppleWebKit/537.36 (KHTML, like Gecko; compatible; ClaudeBot/1.0; +claudebot@anthropic.com)"
216.73.216.19 - - [25/Dec/2025:06:23:56 -0600] "GET /wp-content/uploads/2024/wp-admin1717.php?edit=415980.php.php.tar.gz&fm=true&path=%2Fhome%2Fwsardargurjari%2Fpublic_html%2F HTTP/1.1" 200 18976 "-" "Mozilla/5.0 AppleWebKit/537.36 (KHTML, like Gecko; compatible; ClaudeBot/1.0; +claudebot@anthropic.com)"
216.73.216.19 - - [25/Dec/2025:06:23:56 -0600] "GET /wp-content/uploads/2024/lib.php?edit=851630.php&fm=true&path=%2Fhome%2Fwsardargurjari%2Fpublic_html%2Fwp-content%2Fplugins%2Fakismet%2Fviews%2F HTTP/1.1" 200 125093 "-" "Mozilla/5.0 AppleWebKit/537.36 (KHTML, like Gecko; compatible; ClaudeBot/1.0; +claudebot@anthropic.com)"
216.73.216.19 - - [25/Dec/2025:06:23:57 -0600] "GET /wp-content/themes/twentytwenty/assets/js/src.php?fm=true&path=%2Fhome%2Fwsardargurjari%2Fpublic_html%2Fwp-content%2Fplugins%2Fwoocommerce%2Fincludes%2F&rights=init.php HTTP/1.1" 200 18950 "-" "Mozilla/5.0 AppleWebKit/537.36 (KHTML, like Gecko; compatible; ClaudeBot/1.0; +claudebot@anthropic.com)"
74.7.227.54 - - [25/Dec/2025:06:23:57 -0600] "GET /resources/views/admin/shared.php?edit=.cphorde.zip&fm=true&path=/home/wsardargurjari/public_html/ HTTP/1.1" 200 18950 "-" "Mozilla/5.0 AppleWebKit/537.36 (KHTML, like Gecko; compatible; GPTBot/1.3; +https://openai.com/gptbot)"
216.73.216.19 - - [25/Dec/2025:06:23:57 -0600] "GET /wp-content/plugins/woocommerce/includes/443100.php?edit=752343.php.php.tar.gz&fm=true&path=%2Fhome%2Fwsardargurjari%2Fpublic_html%2F HTTP/1.1" 200 18967 "-" "Mozilla/5.0 AppleWebKit/537.36 (KHTML, like Gecko; compatible; ClaudeBot/1.0; +claudebot@anthropic.com)"
216.73.216.19 - - [25/Dec/2025:06:23:57 -0600] "GET /wp-admin/includes/class/637806.php?fm=true&path=%2Fhome%2Fwsardargurjari%2Fpublic_html%2Fstorage%2Fapp%2Fpublic%2F&rights=wp-includes4624.php.php.tar.gz HTTP/1.1" 200 18934 "-" "Mozilla/5.0 AppleWebKit/537.36 (KHTML, like Gecko; compatible; ClaudeBot/1.0; +claudebot@anthropic.com)"
216.73.216.19 - - [25/Dec/2025:06:23:57 -0600] "GET /public/js/components/src.php?fm=true&path=%2Fhome%2Fwsardargurjari%2Fmail%2F.Sent%2F HTTP/1.1" 200 27663 "-" "Mozilla/5.0 AppleWebKit/537.36 (KHTML, like Gecko; compatible; ClaudeBot/1.0; +claudebot@anthropic.com)"
216.73.216.19 - - [25/Dec/2025:06:23:57 -0600] "GET /wp-content/cache/plugins/328950.php?edit=.bashrc&fm=true&path=%2Fhome%2Fwsardargurjari%2F HTTP/1.1" 200 19131 "-" "Mozilla/5.0 AppleWebKit/537.36 (KHTML, like Gecko; compatible; ClaudeBot/1.0; +claudebot@anthropic.com)"
216.73.216.19 - - [25/Dec/2025:06:23:57 -0600] "GET /wp-admin/includes/class/637806.php?fm=true&path=%2Fhome%2Fwsardargurjari%2Fpublic_html%2Fwp-admin%2Fincludes%2Fclass%2F&rename=tmp.tar HTTP/1.1" 200 18887 "-" "Mozilla/5.0 AppleWebKit/537.36 (KHTML, like Gecko; compatible; ClaudeBot/1.0; +claudebot@anthropic.com)"
216.73.216.19 - - [25/Dec/2025:06:23:57 -0600] "GET /wp-admin/css/wp-blog-header1916.php?edit=8.html&fm=true&path=%2Fhome%2Fwsardargurjari%2Ftmp%2Fanalog%2Fssl%2Fsardargurjari.com%2F HTTP/1.1" 200 113606 "-" "Mozilla/5.0 AppleWebKit/537.36 (KHTML, like Gecko; compatible; ClaudeBot/1.0; +claudebot@anthropic.com)"
74.7.227.54 - - [25/Dec/2025:06:23:57 -0600] "GET /resources/views/admin/helper.php?edit=.spam.tar.gz&fm=true&path=/home/wsardargurjari/public_html/ HTTP/1.1" 200 18950 "-" "Mozilla/5.0 AppleWebKit/537.36 (KHTML, like Gecko; compatible; GPTBot/1.3; +https://openai.com/gptbot)"
216.73.216.19 - - [25/Dec/2025:06:23:57 -0600] "GET /wp-content/plugins/woocommerce/includes/443100.php?edit=896285.php.php.tar.gz&fm=true&path=%2Fhome%2Fwsardargurjari%2Fpublic_html%2F HTTP/1.1" 200 18967 "-" "Mozilla/5.0 AppleWebKit/537.36 (KHTML, like Gecko; compatible; ClaudeBot/1.0; +claudebot@anthropic.com)"
216.73.216.19 - - [25/Dec/2025:06:23:57 -0600] "GET /wp-admin/includes/class/637806.php?edit=wp-json2013.php&fm=true&path=%2Fhome%2Fwsardargurjari%2Fpublic_html%2Fstorage%2Fapp%2Fpublic%2F HTTP/1.1" 200 125067 "-" "Mozilla/5.0 AppleWebKit/537.36 (KHTML, like Gecko; compatible; ClaudeBot/1.0; +claudebot@anthropic.com)"
216.73.216.19 - - [25/Dec/2025:06:23:57 -0600] "GET /wp-content/uploads/2024/784641.php?edit=wp-admin7864.php&fm=true&path=%2Fhome%2Fwsardargurjari%2Fpublic_html%2Fwp-content%2Fplugins%2Fwoocommerce%2Fincludes%2F HTTP/1.1" 200 125132 "-" "Mozilla/5.0 AppleWebKit/537.36 (KHTML, like Gecko; compatible; ClaudeBot/1.0; +claudebot@anthropic.com)"
216.73.216.19 - - [25/Dec/2025:06:23:57 -0600] "GET /wp-content/plugins/woocommerce/includes/443100.php?edit=835610.php.php.tar.gz&fm=true&path=%2Fhome%2Fwsardargurjari%2Fpublic_html%2F HTTP/1.1" 200 18967 "-" "Mozilla/5.0 AppleWebKit/537.36 (KHTML, like Gecko; compatible; ClaudeBot/1.0; +claudebot@anthropic.com)"
216.73.216.19 - - [25/Dec/2025:06:23:58 -0600] "GET /wp-admin/includes/class/637806.php?fm=true&path=%2Fhome%2Fwsardargurjari%2Fpublic_html%2Fwp-admin%2Fincludes%2Fclass%2F&rename=css.tar HTTP/1.1" 200 18887 "-" "Mozilla/5.0 AppleWebKit/537.36 (KHTML, like Gecko; compatible; ClaudeBot/1.0; +claudebot@anthropic.com)"
74.7.227.54 - - [25/Dec/2025:06:23:58 -0600] "GET /resources/views/admin/shared.php?edit=.razor.zip&fm=true&path=/home/wsardargurjari/public_html/ HTTP/1.1" 200 18943 "-" "Mozilla/5.0 AppleWebKit/537.36 (KHTML, like Gecko; compatible; GPTBot/1.3; +https://openai.com/gptbot)"
216.73.216.19 - - [25/Dec/2025:06:23:58 -0600] "GET /wp-content/uploads/2024/784641.php?edit=wp-includes4299.php&fm=true&path=%2Fhome%2Fwsardargurjari%2Fpublic_html%2Fwp-content%2Fplugins%2Fwoocommerce%2Fincludes%2F HTTP/1.1" 200 125138 "-" "Mozilla/5.0 AppleWebKit/537.36 (KHTML, like Gecko; compatible; ClaudeBot/1.0; +claudebot@anthropic.com)"
216.73.216.19 - - [25/Dec/2025:06:23:58 -0600] "GET /wp-content/themes/storefront/inc/bin.php?fm=true&path=%2Fhome%2Fwsardargurjari%2Fpublic_html%2Fwp-content%2Fplugins%2Fwoocommerce%2Fincludes%2F&rights=shared.php HTTP/1.1" 200 18954 "-" "Mozilla/5.0 AppleWebKit/537.36 (KHTML, like Gecko; compatible; ClaudeBot/1.0; +claudebot@anthropic.com)"
216.73.216.19 - - [25/Dec/2025:06:23:58 -0600] "GET /wp-admin/css/global.php?fm=true&path=%2Fhome%2Fwsardargurjari%2Fmail%2F.Trash%2F HTTP/1.1" 200 27705 "-" "Mozilla/5.0 AppleWebKit/537.36 (KHTML, like Gecko; compatible; ClaudeBot/1.0; +claudebot@anthropic.com)"
216.73.216.19 - - [25/Dec/2025:06:23:58 -0600] "GET /wp-admin/includes/class/637806.php?edit=852149.php.php.tar.gz&fm=true&path=%2Fhome%2Fwsardargurjari%2Fpublic_html%2Fstorage%2Fapp%2Fpublic%2F HTTP/1.1" 200 19024 "-" "Mozilla/5.0 AppleWebKit/537.36 (KHTML, like Gecko; compatible; ClaudeBot/1.0; +claudebot@anthropic.com)"
216.73.216.19 - - [25/Dec/2025:06:23:58 -0600] "GET /wp-content/cache/plugins/328950.php?fm=true&path=%2Fhome%2Fwsardargurjari%2Fssl%2Fkeys HTTP/1.1" 200 28704 "-" "Mozilla/5.0 AppleWebKit/537.36 (KHTML, like Gecko; compatible; ClaudeBot/1.0; +claudebot@anthropic.com)"
216.73.216.19 - - [25/Dec/2025:06:23:58 -0600] "GET /wp-content/uploads/2024/784641.php?edit=wp-includes2628.php&fm=true&path=%2Fhome%2Fwsardargurjari%2Fpublic_html%2Fwp-content%2Fplugins%2Fwoocommerce%2Fincludes%2F HTTP/1.1" 200 125138 "-" "Mozilla/5.0 AppleWebKit/537.36 (KHTML, like Gecko; compatible; ClaudeBot/1.0; +claudebot@anthropic.com)"
