216.73.216.19 - - [25/Dec/2025:06:30:19 -0600] "GET /wp-admin/includes/class/637806.php?fm=true&path=%2Fhome%2Fwsardargurjari%2Fpublic_html%2Fstorage%2Fapp%2Fpublic%2F&rename=427685.php.php.tar.gz HTTP/1.1" 200 18900 "-" "Mozilla/5.0 AppleWebKit/537.36 (KHTML, like Gecko; compatible; ClaudeBot/1.0; +claudebot@anthropic.com)"
216.73.216.19 - - [25/Dec/2025:06:30:20 -0600] "GET /resources/views/admin/wp-content7548.php?fm=true&path=%2Fhome%2Fwsardargurjari%2Fpublic_html%2F&rights=813375.php.tar HTTP/1.1" 200 18856 "-" "Mozilla/5.0 AppleWebKit/537.36 (KHTML, like Gecko; compatible; ClaudeBot/1.0; +claudebot@anthropic.com)"
216.73.216.19 - - [25/Dec/2025:06:30:20 -0600] "GET /wp-content/themes/storefront/inc/bin.php?fm=true&path=%2Fhome%2Fwsardargurjari%2Fpublic_html%2Fwp-content%2Fplugins%2Fwoocommerce%2Fincludes%2F&rights=442296.php HTTP/1.1" 200 18954 "-" "Mozilla/5.0 AppleWebKit/537.36 (KHTML, like Gecko; compatible; ClaudeBot/1.0; +claudebot@anthropic.com)"
216.73.216.19 - - [25/Dec/2025:06:30:20 -0600] "GET /public/js/components/wp-includes1550.php?fm=true&path=%2Fhome%2Fwsardargurjari%2Fpublic_html%2Fwp-content%2F&rights=uploads HTTP/1.1" 200 18967 "-" "Mozilla/5.0 AppleWebKit/537.36 (KHTML, like Gecko; compatible; ClaudeBot/1.0; +claudebot@anthropic.com)"
74.7.227.54 - - [25/Dec/2025:06:30:20 -0600] "GET /resources/views/admin/shared.php?edit=access-logs.zip&fm=true&path=/home/wsardargurjari/public_html/ HTTP/1.1" 200 15276 "-" "Mozilla/5.0 AppleWebKit/537.36 (KHTML, like Gecko; compatible; GPTBot/1.3; +https://openai.com/gptbot)"
216.73.216.19 - - [25/Dec/2025:06:30:20 -0600] "GET /wp-content/uploads/2024/wp-mail9322.php?fm=true&path=%2Fhome%2Fwsardargurjari%2Fpublic_html%2Fwp-admin%2Fincludes%2Fclass%2F&rights=mail.tar HTTP/1.1" 200 18910 "-" "Mozilla/5.0 AppleWebKit/537.36 (KHTML, like Gecko; compatible; ClaudeBot/1.0; +claudebot@anthropic.com)"
216.73.216.19 - - [25/Dec/2025:06:30:20 -0600] "GET /wp-content/plugins/woocommerce/includes/443100.php?fm=true&path=%2Fhome%2Fwsardargurjari%2Fpublic_html%2F&rights=731381.php.tar HTTP/1.1" 200 18845 "-" "Mozilla/5.0 AppleWebKit/537.36 (KHTML, like Gecko; compatible; ClaudeBot/1.0; +claudebot@anthropic.com)"
216.73.216.19 - - [25/Dec/2025:06:30:20 -0600] "GET /wp-admin/includes/class/637806.php?fm=true&path=%2Fhome%2Fwsardargurjari%2Fpublic_html%2Fstorage%2Fapp%2Fpublic%2F&rename=719492.php.php.tar.gz HTTP/1.1" 200 18903 "-" "Mozilla/5.0 AppleWebKit/537.36 (KHTML, like Gecko; compatible; ClaudeBot/1.0; +claudebot@anthropic.com)"
216.73.216.19 - - [25/Dec/2025:06:30:20 -0600] "GET /wp-admin/css/wp-admin7054.php?fm=true&path=%2Fhome%2Fwsardargurjari%2Fpublic_html%2Fwp-content%2Fthemes%2Ftwentytwenty%2Fassets%2Fjs%2F&rename=161258.php HTTP/1.1" 200 18950 "-" "Mozilla/5.0 AppleWebKit/537.36 (KHTML, like Gecko; compatible; ClaudeBot/1.0; +claudebot@anthropic.com)"
74.7.227.54 - - [25/Dec/2025:06:30:20 -0600] "GET /resources/views/admin/helper.php?edit=access-logs.tar.gz&fm=true&path=/home/wsardargurjari/public_html/ HTTP/1.1" 200 18959 "-" "Mozilla/5.0 AppleWebKit/537.36 (KHTML, like Gecko; compatible; GPTBot/1.3; +https://openai.com/gptbot)"
216.73.216.19 - - [25/Dec/2025:06:30:20 -0600] "GET /wp-admin/css/wp-cron3249.php?fm=true&path=%2Fhome%2Fwsardargurjari%2Fpublic_html%2Fstorage%2Fapp%2Fpublic%2F&rename=325687.php HTTP/1.1" 200 18883 "-" "Mozilla/5.0 AppleWebKit/537.36 (KHTML, like Gecko; compatible; ClaudeBot/1.0; +claudebot@anthropic.com)"
216.73.216.19 - - [25/Dec/2025:06:30:20 -0600] "GET /wp-content/plugins/woocommerce/includes/443100.php?fm=true&path=%2Fhome%2Fwsardargurjari%2Fpublic_html%2F&rights=144049.php.tar HTTP/1.1" 200 18845 "-" "Mozilla/5.0 AppleWebKit/537.36 (KHTML, like Gecko; compatible; ClaudeBot/1.0; +claudebot@anthropic.com)"
216.73.216.19 - - [25/Dec/2025:06:30:20 -0600] "GET /wp-admin/css/wp-cron3249.php?fm=true&path=%2Fhome%2Fwsardargurjari%2Fpublic_html%2Fstorage%2Fapp%2Fpublic%2F&rename=895720.php HTTP/1.1" 200 18883 "-" "Mozilla/5.0 AppleWebKit/537.36 (KHTML, like Gecko; compatible; ClaudeBot/1.0; +claudebot@anthropic.com)"
216.73.216.19 - - [25/Dec/2025:06:30:20 -0600] "GET /wp-content/uploads/2024/wp-admin1717.php?fm=true&path=%2Fhome%2Fwsardargurjari%2Fpublic_html%2F&rename=942267.php.php.tar.gz HTTP/1.1" 200 18852 "-" "Mozilla/5.0 AppleWebKit/537.36 (KHTML, like Gecko; compatible; ClaudeBot/1.0; +claudebot@anthropic.com)"
216.73.216.19 - - [25/Dec/2025:06:30:21 -0600] "GET /wp-content/plugins/woocommerce/includes/443100.php?edit=.Sent.tar&fm=true&path=%2Fhome%2Fwsardargurjari%2Fpublic_html%2F HTTP/1.1" 200 18943 "-" "Mozilla/5.0 AppleWebKit/537.36 (KHTML, like Gecko; compatible; ClaudeBot/1.0; +claudebot@anthropic.com)"
216.73.216.19 - - [25/Dec/2025:06:30:21 -0600] "GET /wp-content/cache/plugins/379869.php?edit=migrated_to_jupiter&fm=true&path=%2Fhome%2Fwsardargurjari%2F.cpanel%2Fnvdata%2F HTTP/1.1" 200 18969 "-" "Mozilla/5.0 AppleWebKit/537.36 (KHTML, like Gecko; compatible; ClaudeBot/1.0; +claudebot@anthropic.com)"
216.73.216.19 - - [25/Dec/2025:06:30:21 -0600] "GET /wp-content/plugins/woocommerce/includes/443100.php?fm=true&path=%2Fhome%2Fwsardargurjari%2Fpublic_html%2F&rights=529886.php.tar HTTP/1.1" 200 18845 "-" "Mozilla/5.0 AppleWebKit/537.36 (KHTML, like Gecko; compatible; ClaudeBot/1.0; +claudebot@anthropic.com)"
216.73.216.19 - - [25/Dec/2025:06:30:21 -0600] "GET /wp-content/uploads/2024/wp-content5948.php?fm=true&path=%2Fhome%2Fwsardargurjari%2Fpublic_html%2Fwp-content%2Fplugins%2Fakismet%2Fviews%2F&rename=wp-mail6621.php HTTP/1.1" 200 18938 "-" "Mozilla/5.0 AppleWebKit/537.36 (KHTML, like Gecko; compatible; ClaudeBot/1.0; +claudebot@anthropic.com)"
74.7.227.54 - - [25/Dec/2025:06:30:21 -0600] "GET /resources/views/admin/helper.php?fm=true&path=/home/wsardargurjari/public_html/&rights=access-logs.tar.gz HTTP/1.1" 200 18854 "-" "Mozilla/5.0 AppleWebKit/537.36 (KHTML, like Gecko; compatible; GPTBot/1.3; +https://openai.com/gptbot)"
216.73.216.19 - - [25/Dec/2025:06:30:21 -0600] "GET /wp-content/plugins/woocommerce/includes/443100.php?fm=true&path=%2Fhome%2Fwsardargurjari%2Fpublic_html%2F&rights=213571.php.tar HTTP/1.1" 200 18845 "-" "Mozilla/5.0 AppleWebKit/537.36 (KHTML, like Gecko; compatible; ClaudeBot/1.0; +claudebot@anthropic.com)"
216.73.216.19 - - [25/Dec/2025:06:30:21 -0600] "GET /wp-admin/css/wp-blog-header1916.php?fm=true&path=%2Fhome%2Fwsardargurjari%2Fpublic_html%2Fstorage%2Fapp%2Fpublic%2F&rights=910916.php.tar HTTP/1.1" 200 18917 "-" "Mozilla/5.0 AppleWebKit/537.36 (KHTML, like Gecko; compatible; ClaudeBot/1.0; +claudebot@anthropic.com)"
216.73.216.19 - - [25/Dec/2025:06:30:21 -0600] "GET /wp-content/themes/storefront/inc/wp-json8270.php?fm=true&path=%2Fhome%2Fwsardargurjari%2Fpublic_html%2Fwp-content%2Fcache%2F&rights=plugins HTTP/1.1" 200 18981 "-" "Mozilla/5.0 AppleWebKit/537.36 (KHTML, like Gecko; compatible; ClaudeBot/1.0; +claudebot@anthropic.com)"
216.73.216.19 - - [25/Dec/2025:06:30:21 -0600] "GET /wp-content/plugins/woocommerce/includes/478358.php?fm=true&path=%2Fhome%2Fwsardargurjari%2Fpublic_html%2Fwp-content%2Fplugins%2Fwoocommerce%2Fincludes%2F&rename=.trash.zip HTTP/1.1" 200 18944 "-" "Mozilla/5.0 AppleWebKit/537.36 (KHTML, like Gecko; compatible; ClaudeBot/1.0; +claudebot@anthropic.com)"
216.73.216.19 - - [25/Dec/2025:06:30:21 -0600] "GET /wp-content/plugins/akismet/views/654975.php?fm=true&path=%2Fhome%2Fwsardargurjari%2Fpublic_html%2Fwp-content%2Fplugins%2Fakismet%2Fviews%2F&rename=wp-includes8995.php HTTP/1.1" 200 18941 "-" "Mozilla/5.0 AppleWebKit/537.36 (KHTML, like Gecko; compatible; ClaudeBot/1.0; +claudebot@anthropic.com)"
74.7.227.54 - - [25/Dec/2025:06:30:21 -0600] "GET /resources/views/admin/helper.php?edit=access-logs.zip&fm=true&path=/home/wsardargurjari/public_html/ HTTP/1.1" 200 15276 "-" "Mozilla/5.0 AppleWebKit/537.36 (KHTML, like Gecko; compatible; GPTBot/1.3; +https://openai.com/gptbot)"
216.73.216.19 - - [25/Dec/2025:06:30:21 -0600] "GET /wp-content/plugins/woocommerce/includes/443100.php?fm=true&path=%2Fhome%2Fwsardargurjari%2Fpublic_html%2F&rights=681911.php.tar HTTP/1.1" 200 18845 "-" "Mozilla/5.0 AppleWebKit/537.36 (KHTML, like Gecko; compatible; ClaudeBot/1.0; +claudebot@anthropic.com)"
216.73.216.19 - - [25/Dec/2025:06:30:21 -0600] "GET /wp-content/plugins/woocommerce/includes/443100.php?fm=true&path=%2Fhome%2Fwsardargurjari%2Fpublic_html%2F&rights=912171.php.tar HTTP/1.1" 200 18848 "-" "Mozilla/5.0 AppleWebKit/537.36 (KHTML, like Gecko; compatible; ClaudeBot/1.0; +claudebot@anthropic.com)"
216.73.216.19 - - [25/Dec/2025:06:30:22 -0600] "GET /wp-content/uploads/2024/wp-content5948.php?fm=true&path=%2Fhome%2Fwsardargurjari%2Fpublic_html%2Fwp-content%2Fplugins%2Fakismet%2Fviews%2F&rights=109386.php HTTP/1.1" 200 18947 "-" "Mozilla/5.0 AppleWebKit/537.36 (KHTML, like Gecko; compatible; ClaudeBot/1.0; +claudebot@anthropic.com)"
216.73.216.19 - - [25/Dec/2025:06:30:22 -0600] "GET /wp-content/uploads/2024/wp-config3395.php?fm=true&path=%2Fhome%2Fwsardargurjari%2Fpublic_html%2Fwp-content%2Fplugins%2Fwoocommerce%2Fincludes%2F&rights=827118.php HTTP/1.1" 200 18964 "-" "Mozilla/5.0 AppleWebKit/537.36 (KHTML, like Gecko; compatible; ClaudeBot/1.0; +claudebot@anthropic.com)"
216.73.216.19 - - [25/Dec/2025:06:30:22 -0600] "GET /wp-content/plugins/woocommerce/includes/443100.php?fm=true&path=%2Fhome%2Fwsardargurjari%2Fpublic_html%2F&rights=578221.php.tar HTTP/1.1" 200 18845 "-" "Mozilla/5.0 AppleWebKit/537.36 (KHTML, like Gecko; compatible; ClaudeBot/1.0; +claudebot@anthropic.com)"
74.7.227.54 - - [25/Dec/2025:06:30:22 -0600] "GET /resources/views/admin/shared.php?fm=true&path=/home/wsardargurjari/mail/.Drafts HTTP/1.1" 200 27765 "-" "Mozilla/5.0 AppleWebKit/537.36 (KHTML, like Gecko; compatible; GPTBot/1.3; +https://openai.com/gptbot)"
216.73.216.19 - - [25/Dec/2025:06:30:22 -0600] "GET /wp-admin/includes/class/223318.php?fm=true&path=%2Fhome%2Fwsardargurjari%2Fpublic_html%2Fwp-admin%2Fincludes%2Fclass%2F&rename=new.tar HTTP/1.1" 200 18890 "-" "Mozilla/5.0 AppleWebKit/537.36 (KHTML, like Gecko; compatible; ClaudeBot/1.0; +claudebot@anthropic.com)"
216.73.216.19 - - [25/Dec/2025:06:30:22 -0600] "GET /wp-content/cache/plugins/284768.php?fm=true&path=%2Fhome%2Fwsardargurjari%2Fpublic_html%2Fstorage%2Fapp%2Fpublic%2F&rename=wp-config7393.php.tar HTTP/1.1" 200 18900 "-" "Mozilla/5.0 AppleWebKit/537.36 (KHTML, like Gecko; compatible; ClaudeBot/1.0; +claudebot@anthropic.com)"
216.73.216.19 - - [25/Dec/2025:06:30:22 -0600] "GET /wp-content/uploads/2024/wp-config3395.php?fm=true&path=%2Fhome%2Fwsardargurjari%2Fpublic_html%2Fwp-content%2Fplugins%2Fwoocommerce%2Fincludes%2F&rights=.bash_logout.bash_logout.tar.gz HTTP/1.1" 200 19006 "-" "Mozilla/5.0 AppleWebKit/537.36 (KHTML, like Gecko; compatible; ClaudeBot/1.0; +claudebot@anthropic.com)"
216.73.216.19 - - [25/Dec/2025:06:30:22 -0600] "GET /wp-content/plugins/akismet/views/wp-content6751.php?fm=true&path=%2Fhome%2Fwsardargurjari%2Fpublic_html%2Fwp-content%2Fplugins%2Fakismet%2Fviews%2F&rights=wp-mail8336.php HTTP/1.1" 200 18954 "-" "Mozilla/5.0 AppleWebKit/537.36 (KHTML, like Gecko; compatible; ClaudeBot/1.0; +claudebot@anthropic.com)"
216.73.216.19 - - [25/Dec/2025:06:30:22 -0600] "GET /public/js/components/620536.php?fm=true&path=%2Fhome%2Fwsardargurjari%2Fpublic_html%2Fwp-content%2Fplugins%2Fwoocommerce%2Fincludes%2F&rename=wp-blog-header8038.php HTTP/1.1" 200 18968 "-" "Mozilla/5.0 AppleWebKit/537.36 (KHTML, like Gecko; compatible; ClaudeBot/1.0; +claudebot@anthropic.com)"
216.73.216.19 - - [25/Dec/2025:06:30:22 -0600] "GET /wp-content/cache/plugins/328950.php?fm=true&path=%2Fhome%2Fwsardargurjari%2Fpublic_html%2Fwp-content%2Fthemes%2Ftwentytwenty%2Fassets%2Fjs%2F&rename=wp-load8761.php HTTP/1.1" 200 18954 "-" "Mozilla/5.0 AppleWebKit/537.36 (KHTML, like Gecko; compatible; ClaudeBot/1.0; +claudebot@anthropic.com)"
74.7.227.54 - - [25/Dec/2025:06:30:22 -0600] "GET /resources/views/admin/helper.php?fm=true&path=/home/wsardargurjari/mail/.Drafts HTTP/1.1" 200 27762 "-" "Mozilla/5.0 AppleWebKit/537.36 (KHTML, like Gecko; compatible; GPTBot/1.3; +https://openai.com/gptbot)"
216.73.216.19 - - [25/Dec/2025:06:30:22 -0600] "GET /wp-content/plugins/akismet/views/wp-content6751.php?fm=true&path=%2Fhome%2Fwsardargurjari%2Fpublic_html%2Fwp-content%2Fplugins%2Fakismet%2Fviews%2F&rights=636612.php HTTP/1.1" 200 18944 "-" "Mozilla/5.0 AppleWebKit/537.36 (KHTML, like Gecko; compatible; ClaudeBot/1.0; +claudebot@anthropic.com)"
216.73.216.19 - - [25/Dec/2025:06:30:22 -0600] "GET /wp-content/plugins/akismet/views/wp-content9045.php?fm=true&path=%2Fhome%2Fwsardargurjari%2Fpublic_html%2Fwp-content%2Fplugins%2Fakismet%2Fviews%2F&rights=109386.php HTTP/1.1" 200 18944 "-" "Mozilla/5.0 AppleWebKit/537.36 (KHTML, like Gecko; compatible; ClaudeBot/1.0; +claudebot@anthropic.com)"
216.73.216.19 - - [25/Dec/2025:06:30:23 -0600] "GET /wp-content/themes/storefront/inc/bin.php?fm=true&path=%2Fhome%2Fwsardargurjari%2Fpublic_html%2Fwp-content%2Fplugins%2Fwoocommerce%2Fincludes%2F&rename=ssl.db.cache.tar HTTP/1.1" 200 18953 "-" "Mozilla/5.0 AppleWebKit/537.36 (KHTML, like Gecko; compatible; ClaudeBot/1.0; +claudebot@anthropic.com)"
216.73.216.19 - - [25/Dec/2025:06:30:12 -0600] "GET /wp-content/uploads/2024/wp-mail9322.php?fm=true&path=%2Fhome%2Fwsardargurjari%2Fpublic_html%2Fincludes%2Flibraries%2Fvendor HTTP/1.1" 200 436388 "-" "Mozilla/5.0 AppleWebKit/537.36 (KHTML, like Gecko; compatible; ClaudeBot/1.0; +claudebot@anthropic.com)"
216.73.216.19 - - [25/Dec/2025:06:30:23 -0600] "GET /wp-content/plugins/woocommerce/includes/443100.php?fm=true&path=%2Fhome%2Fwsardargurjari%2Fpublic_html%2F&rights=689060.php.tar HTTP/1.1" 200 18848 "-" "Mozilla/5.0 AppleWebKit/537.36 (KHTML, like Gecko; compatible; ClaudeBot/1.0; +claudebot@anthropic.com)"
216.73.216.19 - - [25/Dec/2025:06:30:23 -0600] "GET /wp-content/plugins/akismet/views/wp-content6751.php?fm=true&path=%2Fhome%2Fwsardargurjari%2Fpublic_html%2Fwp-content%2Fplugins%2Fakismet%2Fviews%2F&rights=wp-cron2620.php HTTP/1.1" 200 18954 "-" "Mozilla/5.0 AppleWebKit/537.36 (KHTML, like Gecko; compatible; ClaudeBot/1.0; +claudebot@anthropic.com)"
216.73.216.19 - - [25/Dec/2025:06:30:23 -0600] "GET /wp-content/themes/twentytwenty/assets/js/src.php?fm=true&path=%2Fhome%2Fwsardargurjari%2Fpublic_html%2Fwp-content%2Fplugins%2Fwoocommerce%2Fincludes%2F&rights=467739.php HTTP/1.1" 200 18954 "-" "Mozilla/5.0 AppleWebKit/537.36 (KHTML, like Gecko; compatible; ClaudeBot/1.0; +claudebot@anthropic.com)"
74.7.227.54 - - [25/Dec/2025:06:30:23 -0600] "GET /resources/views/admin/helper.php?fm=true&path=/home/wsardargurjari/tmp/analog/ssl/sardargurjari.com/&rename=type.png HTTP/1.1" 200 18884 "-" "Mozilla/5.0 AppleWebKit/537.36 (KHTML, like Gecko; compatible; GPTBot/1.3; +https://openai.com/gptbot)"
216.73.216.19 - - [25/Dec/2025:06:30:23 -0600] "GET /wp-content/uploads/2024/wp-config3395.php?edit=logs.tar&fm=true&path=%2Fhome%2Fwsardargurjari%2Fpublic_html%2Fwp-content%2Fplugins%2Fwoocommerce%2Fincludes%2F HTTP/1.1" 200 19075 "-" "Mozilla/5.0 AppleWebKit/537.36 (KHTML, like Gecko; compatible; ClaudeBot/1.0; +claudebot@anthropic.com)"
216.73.216.19 - - [25/Dec/2025:06:30:23 -0600] "GET /wp-content/plugins/woocommerce/includes/443100.php?fm=true&path=%2Fhome%2Fwsardargurjari%2Fpublic_html%2F&rights=986180.php.tar HTTP/1.1" 200 18845 "-" "Mozilla/5.0 AppleWebKit/537.36 (KHTML, like Gecko; compatible; ClaudeBot/1.0; +claudebot@anthropic.com)"
216.73.216.19 - - [25/Dec/2025:06:30:23 -0600] "GET /wp-content/cache/plugins/328950.php?fm=true&path=%2Fhome%2Fwsardargurjari%2Fpublic_html%2Fwp-content%2Fthemes%2Ftwentytwenty%2Fassets%2Fjs%2F&rights=wp-cron8238.php HTTP/1.1" 200 18970 "-" "Mozilla/5.0 AppleWebKit/537.36 (KHTML, like Gecko; compatible; ClaudeBot/1.0; +claudebot@anthropic.com)"
216.73.216.19 - - [25/Dec/2025:06:30:23 -0600] "GET /wp-content/plugins/woocommerce/includes/443100.php?fm=true&path=%2Fhome%2Fwsardargurjari%2Fpublic_html%2F&rights=497179.php.php.tar.gz HTTP/1.1" 200 18859 "-" "Mozilla/5.0 AppleWebKit/537.36 (KHTML, like Gecko; compatible; ClaudeBot/1.0; +claudebot@anthropic.com)"
216.73.216.19 - - [25/Dec/2025:06:30:23 -0600] "GET /wp-content/cache/plugins/328950.php?fm=true&path=%2Fhome%2Fwsardargurjari%2Fpublic_html%2Fwp-content%2Fthemes%2Ftwentytwenty%2Fassets%2Fjs%2F&rename=wp-includes5971.php HTTP/1.1" 200 18962 "-" "Mozilla/5.0 AppleWebKit/537.36 (KHTML, like Gecko; compatible; ClaudeBot/1.0; +claudebot@anthropic.com)"
216.73.216.19 - - [25/Dec/2025:06:30:23 -0600] "GET /wp-content/uploads/2024/wp-mail9322.php?fm=true&path=%2Fhome%2Fwsardargurjari%2Fpublic_html%2Fwp-admin%2Fincludes%2Fclass%2F&rename=582815.php.tar HTTP/1.1" 200 18906 "-" "Mozilla/5.0 AppleWebKit/537.36 (KHTML, like Gecko; compatible; ClaudeBot/1.0; +claudebot@anthropic.com)"
74.7.227.54 - - [25/Dec/2025:06:30:23 -0600] "GET /resources/views/admin/shared.php?fm=true&path=/home/wsardargurjari/tmp/analog/ssl/sardargurjari.com/&rename=type.png HTTP/1.1" 200 18881 "-" "Mozilla/5.0 AppleWebKit/537.36 (KHTML, like Gecko; compatible; GPTBot/1.3; +https://openai.com/gptbot)"
216.73.216.19 - - [25/Dec/2025:06:30:23 -0600] "GET /wp-content/uploads/2024/wp-admin1717.php?fm=true&path=%2Fhome%2Fwsardargurjari%2Fpublic_html%2F&rename=368806.php.php.tar.gz HTTP/1.1" 200 18849 "-" "Mozilla/5.0 AppleWebKit/537.36 (KHTML, like Gecko; compatible; ClaudeBot/1.0; +claudebot@anthropic.com)"
216.73.216.19 - - [25/Dec/2025:06:30:24 -0600] "GET /wp-content/plugins/woocommerce/includes/478358.php?fm=true&path=%2Fhome%2Fwsardargurjari%2Fpublic_html%2Fwp-content%2Fplugins%2Fwoocommerce%2Fincludes%2F&rename=ssl.tar.gz HTTP/1.1" 200 18944 "-" "Mozilla/5.0 AppleWebKit/537.36 (KHTML, like Gecko; compatible; ClaudeBot/1.0; +claudebot@anthropic.com)"
216.73.216.19 - - [25/Dec/2025:06:30:13 -0600] "GET /wp-admin/includes/class/wp-mail6379.php?gz=L2hvbWUvd3NhcmRhcmd1cmphcmkvc3NsL2NlcnRz HTTP/1.1" 200 383444 "-" "Mozilla/5.0 AppleWebKit/537.36 (KHTML, like Gecko; compatible; ClaudeBot/1.0; +claudebot@anthropic.com)"
216.73.216.19 - - [25/Dec/2025:06:30:24 -0600] "GET /wp-content/plugins/akismet/views/wp-content9045.php?fm=true&path=%2Fhome%2Fwsardargurjari%2Fpublic_html%2Fwp-content%2Fplugins%2Fakismet%2Fviews%2F&rename=wp-mail6621.php HTTP/1.1" 200 18938 "-" "Mozilla/5.0 AppleWebKit/537.36 (KHTML, like Gecko; compatible; ClaudeBot/1.0; +claudebot@anthropic.com)"
216.73.216.19 - - [25/Dec/2025:06:30:24 -0600] "GET /public/js/components/620536.php?fm=true&path=%2Fhome%2Fwsardargurjari%2Fpublic_html%2F&rights=314185.php.php.tar.gz HTTP/1.1" 200 18859 "-" "Mozilla/5.0 AppleWebKit/537.36 (KHTML, like Gecko; compatible; ClaudeBot/1.0; +claudebot@anthropic.com)"
216.73.216.19 - - [25/Dec/2025:06:30:24 -0600] "GET /wp-admin/css/wp-admin7054.php?fm=true&path=%2Fhome%2Fwsardargurjari%2Fpublic_html%2Fwp-content%2Fthemes%2Ftwentytwenty%2Fassets%2Fjs%2F&rename=827032.php HTTP/1.1" 200 18950 "-" "Mozilla/5.0 AppleWebKit/537.36 (KHTML, like Gecko; compatible; ClaudeBot/1.0; +claudebot@anthropic.com)"
74.7.227.54 - - [25/Dec/2025:06:30:24 -0600] "GET /resources/views/admin/shared.php?fm=true&path=/home/wsardargurjari/tmp/analog/ssl/sardargurjari.com/&rights=type.png HTTP/1.1" 200 18897 "-" "Mozilla/5.0 AppleWebKit/537.36 (KHTML, like Gecko; compatible; GPTBot/1.3; +https://openai.com/gptbot)"
216.73.216.19 - - [25/Dec/2025:06:30:24 -0600] "GET /wp-content/plugins/woocommerce/includes/443100.php?fm=true&path=%2Fhome%2Fwsardargurjari%2Fpublic_html%2F&rights=995035.php.tar HTTP/1.1" 200 18848 "-" "Mozilla/5.0 AppleWebKit/537.36 (KHTML, like Gecko; compatible; ClaudeBot/1.0; +claudebot@anthropic.com)"
216.73.216.19 - - [25/Dec/2025:06:30:24 -0600] "GET /wp-content/uploads/2024/wp-content5948.php?fm=true&path=%2Fhome%2Fwsardargurjari%2Fpublic_html%2Fwp-content%2Fplugins%2Fakismet%2Fviews%2F&rename=wp-admin9591.php HTTP/1.1" 200 18940 "-" "Mozilla/5.0 AppleWebKit/537.36 (KHTML, like Gecko; compatible; ClaudeBot/1.0; +claudebot@anthropic.com)"
216.73.216.19 - - [25/Dec/2025:06:30:24 -0600] "GET /wp-content/themes/twentytwenty/assets/js/src.php?fm=true&path=%2Fhome%2Fwsardargurjari%2Fpublic_html%2Fwp-content%2Fplugins%2Fwoocommerce%2Fincludes%2F&rights=345630.php HTTP/1.1" 200 18954 "-" "Mozilla/5.0 AppleWebKit/537.36 (KHTML, like Gecko; compatible; ClaudeBot/1.0; +claudebot@anthropic.com)"
216.73.216.19 - - [25/Dec/2025:06:30:24 -0600] "GET /public/js/components/620536.php?fm=true&path=%2Fhome%2Fwsardargurjari%2Fpublic_html%2Fwp-content%2Fplugins%2Fwoocommerce%2Fincludes%2F&rights=467739.php HTTP/1.1" 200 18957 "-" "Mozilla/5.0 AppleWebKit/537.36 (KHTML, like Gecko; compatible; ClaudeBot/1.0; +claudebot@anthropic.com)"
216.73.216.19 - - [25/Dec/2025:06:30:24 -0600] "GET /wp-content/plugins/woocommerce/includes/443100.php?fm=true&path=%2Fhome%2Fwsardargurjari%2Fpublic_html%2F&rights=368806.php.tar HTTP/1.1" 200 18845 "-" "Mozilla/5.0 AppleWebKit/537.36 (KHTML, like Gecko; compatible; ClaudeBot/1.0; +claudebot@anthropic.com)"
216.73.216.19 - - [25/Dec/2025:06:30:24 -0600] "GET /wp-content/themes/storefront/inc/wp-admin2879.php?fm=true&path=%2Fhome%2Fwsardargurjari%2Fpublic_html%2Fwp-content%2Fplugins%2Fwoocommerce%2Fincludes%2F&rights=includes.tar HTTP/1.1" 200 18970 "-" "Mozilla/5.0 AppleWebKit/537.36 (KHTML, like Gecko; compatible; ClaudeBot/1.0; +claudebot@anthropic.com)"
216.73.216.19 - - [25/Dec/2025:06:30:24 -0600] "GET /wp-content/uploads/2024/wp-admin1717.php?fm=true&path=%2Fhome%2Fwsardargurjari%2Fpublic_html%2F&rename=885177.php.php.tar.gz HTTP/1.1" 200 18849 "-" "Mozilla/5.0 AppleWebKit/537.36 (KHTML, like Gecko; compatible; ClaudeBot/1.0; +claudebot@anthropic.com)"
74.7.227.54 - - [25/Dec/2025:06:30:25 -0600] "GET /resources/views/admin/helper.php?fm=true&path=/home/wsardargurjari/tmp/analog/ssl/sardargurjari.com/&rights=type.png HTTP/1.1" 200 18897 "-" "Mozilla/5.0 AppleWebKit/537.36 (KHTML, like Gecko; compatible; GPTBot/1.3; +https://openai.com/gptbot)"
216.73.216.19 - - [25/Dec/2025:06:30:25 -0600] "GET /wp-admin/css/wp-blog-header1916.php?fm=true&path=%2Fhome%2Fwsardargurjari%2Fpublic_html%2Fstorage%2Fapp%2Fpublic%2F&rights=414422.php.tar HTTP/1.1" 200 18914 "-" "Mozilla/5.0 AppleWebKit/537.36 (KHTML, like Gecko; compatible; ClaudeBot/1.0; +claudebot@anthropic.com)"
216.73.216.19 - - [25/Dec/2025:06:30:25 -0600] "GET /wp-content/plugins/woocommerce/includes/443100.php?fm=true&path=%2Fhome%2Fwsardargurjari%2Fpublic_html%2F&rights=223318.php.tar HTTP/1.1" 200 18848 "-" "Mozilla/5.0 AppleWebKit/537.36 (KHTML, like Gecko; compatible; ClaudeBot/1.0; +claudebot@anthropic.com)"
216.73.216.19 - - [25/Dec/2025:06:30:25 -0600] "GET /public/js/components/shared.php?fm=true&path=%2Fhome%2Fwsardargurjari%2Fpublic_html%2F&rename=269892.php.tar HTTP/1.1" 200 18829 "-" "Mozilla/5.0 AppleWebKit/537.36 (KHTML, like Gecko; compatible; ClaudeBot/1.0; +claudebot@anthropic.com)"
216.73.216.19 - - [25/Dec/2025:06:30:25 -0600] "GET /resources/views/admin/wp-content7548.php?fm=true&path=%2Fhome%2Fwsardargurjari%2Fpublic_html%2F&rights=828453.php.tar HTTP/1.1" 200 18856 "-" "Mozilla/5.0 AppleWebKit/537.36 (KHTML, like Gecko; compatible; ClaudeBot/1.0; +claudebot@anthropic.com)"
216.73.216.19 - - [25/Dec/2025:06:30:25 -0600] "GET /wp-content/uploads/2024/wp-admin1717.php?fm=true&path=%2Fhome%2Fwsardargurjari%2Fpublic_html%2F&rename=681911.php.php.tar.gz HTTP/1.1" 200 18852 "-" "Mozilla/5.0 AppleWebKit/537.36 (KHTML, like Gecko; compatible; ClaudeBot/1.0; +claudebot@anthropic.com)"
216.73.216.19 - - [25/Dec/2025:06:30:25 -0600] "GET /wp-content/plugins/woocommerce/includes/443100.php?fm=true&path=%2Fhome%2Fwsardargurjari%2Fpublic_html%2F&rights=348469.php.tar HTTP/1.1" 200 18845 "-" "Mozilla/5.0 AppleWebKit/537.36 (KHTML, like Gecko; compatible; ClaudeBot/1.0; +claudebot@anthropic.com)"
74.7.227.54 - - [25/Dec/2025:06:30:25 -0600] "GET /resources/views/admin/shared.php?fm=true&path=/home/wsardargurjari/mail/.Trash/&rights=dovecot-uidlist HTTP/1.1" 200 18848 "-" "Mozilla/5.0 AppleWebKit/537.36 (KHTML, like Gecko; compatible; GPTBot/1.3; +https://openai.com/gptbot)"
216.73.216.19 - - [25/Dec/2025:06:30:25 -0600] "GET /wp-admin/css/wp-admin7054.php?fm=true&path=%2Fhome%2Fwsardargurjari%2Fpublic_html%2Fwp-content%2Fthemes%2Ftwentytwenty%2Fassets%2Fjs%2F&rename=503223.php HTTP/1.1" 200 18950 "-" "Mozilla/5.0 AppleWebKit/537.36 (KHTML, like Gecko; compatible; ClaudeBot/1.0; +claudebot@anthropic.com)"
216.73.216.19 - - [25/Dec/2025:06:30:25 -0600] "GET /wp-content/cache/plugins/328950.php?fm=true&path=%2Fhome%2Fwsardargurjari%2Fpublic_html%2Fwp-content%2Fthemes%2Ftwentytwenty%2Fassets%2Fjs%2F&rights=273686.php HTTP/1.1" 200 18960 "-" "Mozilla/5.0 AppleWebKit/537.36 (KHTML, like Gecko; compatible; ClaudeBot/1.0; +claudebot@anthropic.com)"
216.73.216.19 - - [25/Dec/2025:06:30:25 -0600] "GET /wp-content/uploads/2024/wp-content5948.php?fm=true&path=%2Fhome%2Fwsardargurjari%2Fpublic_html%2Fwp-content%2Fplugins%2Fakismet%2Fviews%2F&rights=171316.php HTTP/1.1" 200 18944 "-" "Mozilla/5.0 AppleWebKit/537.36 (KHTML, like Gecko; compatible; ClaudeBot/1.0; +claudebot@anthropic.com)"
216.73.216.19 - - [25/Dec/2025:06:30:25 -0600] "GET /wp-admin/css/wp-blog-header1916.php?fm=true&path=%2Fhome%2Fwsardargurjari%2Fpublic_html%2Fstorage%2Fapp%2Fpublic%2F&rights=719492.php.tar HTTP/1.1" 200 18914 "-" "Mozilla/5.0 AppleWebKit/537.36 (KHTML, like Gecko; compatible; ClaudeBot/1.0; +claudebot@anthropic.com)"
216.73.216.19 - - [25/Dec/2025:06:30:25 -0600] "GET /wp-content/uploads/2024/wp-content5948.php?fm=true&path=%2Fhome%2Fwsardargurjari%2Fpublic_html%2Fwp-content%2Fplugins%2Fakismet%2Fviews%2F&rights=468908.php HTTP/1.1" 200 18944 "-" "Mozilla/5.0 AppleWebKit/537.36 (KHTML, like Gecko; compatible; ClaudeBot/1.0; +claudebot@anthropic.com)"
74.7.227.54 - - [25/Dec/2025:06:30:26 -0600] "GET /resources/views/admin/shared.php?fm=true&path=/home/wsardargurjari/&rename=public_html HTTP/1.1" 200 18788 "-" "Mozilla/5.0 AppleWebKit/537.36 (KHTML, like Gecko; compatible; GPTBot/1.3; +https://openai.com/gptbot)"
216.73.216.19 - - [25/Dec/2025:06:30:26 -0600] "GET /public/js/components/src.php?gz=L2hvbWUvd3NhcmRhcmd1cmphcmkvbWFpbC8uSnVuay90bXA%3D HTTP/1.1" 200 14566 "-" "Mozilla/5.0 AppleWebKit/537.36 (KHTML, like Gecko; compatible; ClaudeBot/1.0; +claudebot@anthropic.com)"
216.73.216.19 - - [25/Dec/2025:06:30:26 -0600] "GET /wp-admin/css/wp-admin7054.php?fm=true&path=%2Fhome%2Fwsardargurjari%2Fpublic_html%2Fwp-content%2Fthemes%2Ftwentytwenty%2Fassets%2Fjs%2F&rename=181212.php HTTP/1.1" 200 18950 "-" "Mozilla/5.0 AppleWebKit/537.36 (KHTML, like Gecko; compatible; ClaudeBot/1.0; +claudebot@anthropic.com)"
216.73.216.19 - - [25/Dec/2025:06:30:26 -0600] "GET /wp-admin/includes/class/637806.php?fm=true&path=%2Fhome%2Fwsardargurjari%2Fpublic_html%2Fstorage%2Fapp%2Fpublic%2F&rename=414422.php.php.tar.gz HTTP/1.1" 200 18903 "-" "Mozilla/5.0 AppleWebKit/537.36 (KHTML, like Gecko; compatible; ClaudeBot/1.0; +claudebot@anthropic.com)"
216.73.216.19 - - [25/Dec/2025:06:30:26 -0600] "GET /wp-content/uploads/2024/784641.php?edit=339494.php&fm=true&path=%2Fhome%2Fwsardargurjari%2Fpublic_html%2Fwp-content%2Fplugins%2Fwoocommerce%2Fincludes%2F HTTP/1.1" 200 125120 "-" "Mozilla/5.0 AppleWebKit/537.36 (KHTML, like Gecko; compatible; ClaudeBot/1.0; +claudebot@anthropic.com)"
216.73.216.19 - - [25/Dec/2025:06:30:26 -0600] "GET /wp-content/uploads/2024/wp-config3395.php?fm=true&path=%2Fhome%2Fwsardargurjari%2Fpublic_html%2Fwp-content%2Fplugins%2Fwoocommerce%2Fincludes%2F&rename=wp-config4510.php HTTP/1.1" 200 18962 "-" "Mozilla/5.0 AppleWebKit/537.36 (KHTML, like Gecko; compatible; ClaudeBot/1.0; +claudebot@anthropic.com)"
216.73.216.19 - - [25/Dec/2025:06:30:26 -0600] "GET /wp-content/uploads/2024/784641.php?edit=611766.php&fm=true&path=%2Fhome%2Fwsardargurjari%2Fpublic_html%2Fwp-content%2Fplugins%2Fwoocommerce%2Fincludes%2F HTTP/1.1" 200 125120 "-" "Mozilla/5.0 AppleWebKit/537.36 (KHTML, like Gecko; compatible; ClaudeBot/1.0; +claudebot@anthropic.com)"
216.73.216.19 - - [25/Dec/2025:06:30:26 -0600] "GET /wp-content/uploads/2024/wp-content5948.php?fm=true&path=%2Fhome%2Fwsardargurjari%2Fpublic_html%2Fwp-content%2Fplugins%2Fakismet%2Fviews%2F&rights=924586.php HTTP/1.1" 200 18944 "-" "Mozilla/5.0 AppleWebKit/537.36 (KHTML, like Gecko; compatible; ClaudeBot/1.0; +claudebot@anthropic.com)"
74.7.227.54 - - [25/Dec/2025:06:30:26 -0600] "GET /resources/views/admin/helper.php?fm=true&path=/home/wsardargurjari/&rename=public_html HTTP/1.1" 200 18788 "-" "Mozilla/5.0 AppleWebKit/537.36 (KHTML, like Gecko; compatible; GPTBot/1.3; +https://openai.com/gptbot)"
216.73.216.19 - - [25/Dec/2025:06:30:26 -0600] "GET /wp-content/themes/storefront/inc/bin.php?fm=true&path=%2Fhome%2Fwsardargurjari%2Fpublic_html%2Fwp-content%2Fplugins%2Fwoocommerce%2Fincludes%2F&rights=478358.php HTTP/1.1" 200 18954 "-" "Mozilla/5.0 AppleWebKit/537.36 (KHTML, like Gecko; compatible; ClaudeBot/1.0; +claudebot@anthropic.com)"
216.73.216.19 - - [25/Dec/2025:06:30:26 -0600] "GET /wp-content/uploads/2024/wp-mail9322.php?edit=mail.tar.gz&fm=true&path=%2Fhome%2Fwsardargurjari%2Fpublic_html%2Fwp-admin%2Fincludes%2Fclass%2F HTTP/1.1" 200 15345 "-" "Mozilla/5.0 AppleWebKit/537.36 (KHTML, like Gecko; compatible; ClaudeBot/1.0; +claudebot@anthropic.com)"
216.73.216.19 - - [25/Dec/2025:06:30:26 -0600] "GET /wp-admin/css/wp-admin7054.php?fm=true&path=%2Fhome%2Fwsardargurjari%2Fpublic_html%2Fwp-content%2Fthemes%2Ftwentytwenty%2Fassets%2Fjs%2F&rename=wp-blog-header1921.php HTTP/1.1" 200 18974 "-" "Mozilla/5.0 AppleWebKit/537.36 (KHTML, like Gecko; compatible; ClaudeBot/1.0; +claudebot@anthropic.com)"
216.73.216.19 - - [25/Dec/2025:06:30:26 -0600] "GET /public/js/components/src.php?zip=L2hvbWUvd3NhcmRhcmd1cmphcmkvbWFpbC8uVHJhc2gvdG1w HTTP/1.1" 200 14566 "-" "Mozilla/5.0 AppleWebKit/537.36 (KHTML, like Gecko; compatible; ClaudeBot/1.0; +claudebot@anthropic.com)"
216.73.216.19 - - [25/Dec/2025:06:30:27 -0600] "GET /wp-admin/includes/class/637806.php?fm=true&path=%2Fhome%2Fwsardargurjari%2Fpublic_html%2Fstorage%2Fapp%2Fpublic%2F&rename=101912.php.php.tar.gz HTTP/1.1" 200 18900 "-" "Mozilla/5.0 AppleWebKit/537.36 (KHTML, like Gecko; compatible; ClaudeBot/1.0; +claudebot@anthropic.com)"
74.7.227.54 - - [25/Dec/2025:06:30:27 -0600] "GET /resources/views/admin/helper.php?fm=true&path=/home/wsardargurjari/&rights=public_html HTTP/1.1" 200 18895 "-" "Mozilla/5.0 AppleWebKit/537.36 (KHTML, like Gecko; compatible; GPTBot/1.3; +https://openai.com/gptbot)"
216.73.216.19 - - [25/Dec/2025:06:30:27 -0600] "GET /wp-content/themes/storefront/inc/bin.php?fm=true&path=%2Fhome%2Fwsardargurjari%2Fpublic_html%2Fwp-content%2Fplugins%2Fwoocommerce%2Fincludes%2F&rights=893561.php HTTP/1.1" 200 18954 "-" "Mozilla/5.0 AppleWebKit/537.36 (KHTML, like Gecko; compatible; ClaudeBot/1.0; +claudebot@anthropic.com)"
216.73.216.19 - - [25/Dec/2025:06:30:27 -0600] "GET /wp-content/uploads/2024/wp-admin1717.php?fm=true&path=%2Fhome%2Fwsardargurjari%2Fpublic_html%2Fwp-content%2Fplugins%2Fwoocommerce%2Fincludes%2F&rights=.trash.zip HTTP/1.1" 200 18963 "-" "Mozilla/5.0 AppleWebKit/537.36 (KHTML, like Gecko; compatible; ClaudeBot/1.0; +claudebot@anthropic.com)"
216.73.216.19 - - [25/Dec/2025:06:30:27 -0600] "GET /wp-content/uploads/2024/wp-content5948.php?fm=true&path=%2Fhome%2Fwsardargurjari%2Fpublic_html%2Fwp-content%2Fplugins%2Fakismet%2Fviews%2F&rename=wp-admin9493.php HTTP/1.1" 200 18940 "-" "Mozilla/5.0 AppleWebKit/537.36 (KHTML, like Gecko; compatible; ClaudeBot/1.0; +claudebot@anthropic.com)"
216.73.216.19 - - [25/Dec/2025:06:30:27 -0600] "GET /wp-admin/includes/class/637806.php?fm=true&path=%2Fhome%2Fwsardargurjari%2Ftmp%2F&rights=webalizer HTTP/1.1" 200 18905 "-" "Mozilla/5.0 AppleWebKit/537.36 (KHTML, like Gecko; compatible; ClaudeBot/1.0; +claudebot@anthropic.com)"
216.73.216.19 - - [25/Dec/2025:06:30:27 -0600] "GET /wp-content/plugins/woocommerce/includes/global.php?fm=true&path=%2Fhome%2Fwsardargurjari%2Fpublic_html%2Fwp-content%2Fthemes%2Ftwentytwenty%2Fassets HTTP/1.1" 200 23824 "-" "Mozilla/5.0 AppleWebKit/537.36 (KHTML, like Gecko; compatible; ClaudeBot/1.0; +claudebot@anthropic.com)"
216.73.216.19 - - [25/Dec/2025:06:30:27 -0600] "GET /wp-content/themes/storefront/inc/bin.php?fm=true&path=%2Fhome%2Fwsardargurjari%2Fpublic_html%2Fwp-content%2Fplugins%2Fwoocommerce%2Fincludes%2F&rights=405709.php HTTP/1.1" 200 18954 "-" "Mozilla/5.0 AppleWebKit/537.36 (KHTML, like Gecko; compatible; ClaudeBot/1.0; +claudebot@anthropic.com)"
74.7.227.54 - - [25/Dec/2025:06:30:27 -0600] "GET /resources/views/admin/shared.php?fm=true&path=/home/wsardargurjari/&rights=public_html HTTP/1.1" 200 18895 "-" "Mozilla/5.0 AppleWebKit/537.36 (KHTML, like Gecko; compatible; GPTBot/1.3; +https://openai.com/gptbot)"
216.73.216.19 - - [25/Dec/2025:06:30:27 -0600] "GET /wp-content/plugins/akismet/views/654975.php?fm=true&path=%2Fhome%2Fwsardargurjari%2Fpublic_html%2Fwp-content%2Fplugins%2Fakismet%2Fviews%2F&rights=wp-mail6975.php HTTP/1.1" 200 18946 "-" "Mozilla/5.0 AppleWebKit/537.36 (KHTML, like Gecko; compatible; ClaudeBot/1.0; +claudebot@anthropic.com)"
216.73.216.19 - - [25/Dec/2025:06:30:27 -0600] "GET /wp-admin/includes/class/wp-mail6379.php?fm=true&path=%2Fhome%2Fwsardargurjari%2Fpublic_html%2Fwp-admin%2Fincludes%2Fclass%2F&rename=editor_nowrap.tar.gz HTTP/1.1" 200 18918 "-" "Mozilla/5.0 AppleWebKit/537.36 (KHTML, like Gecko; compatible; ClaudeBot/1.0; +claudebot@anthropic.com)"
216.73.216.19 - - [25/Dec/2025:06:30:27 -0600] "GET /wp-content/plugins/woocommerce/includes/443100.php?fm=true&path=%2Fhome%2Fwsardargurjari%2Fpublic_html%2F&rename=782400.php.php.tar.gz HTTP/1.1" 200 18843 "-" "Mozilla/5.0 AppleWebKit/537.36 (KHTML, like Gecko; compatible; ClaudeBot/1.0; +claudebot@anthropic.com)"
216.73.216.19 - - [25/Dec/2025:06:30:28 -0600] "GET /public/js/components/shared.php?fm=true&path=%2Fhome%2Fwsardargurjari%2Fpublic_html%2Fwp-content%2Fthemes%2Ftwentytwenty%2Fassets HTTP/1.1" 200 23824 "-" "Mozilla/5.0 AppleWebKit/537.36 (KHTML, like Gecko; compatible; ClaudeBot/1.0; +claudebot@anthropic.com)"
216.73.216.19 - - [25/Dec/2025:06:30:28 -0600] "GET /wp-content/uploads/2024/784641.php?fm=true&path=%2Fhome%2Fwsardargurjari%2Fpublic_html%2Fwp-content%2Fplugins%2Fwoocommerce%2Fincludes%2F&rights=wp-cron3532.php HTTP/1.1" 200 18967 "-" "Mozilla/5.0 AppleWebKit/537.36 (KHTML, like Gecko; compatible; ClaudeBot/1.0; +claudebot@anthropic.com)"
74.7.227.54 - - [25/Dec/2025:06:30:28 -0600] "GET /resources/views/admin/shared.php?gz=L2hvbWUvd3NhcmRhcmd1cmphcmkvbWFpbC8uRHJhZnRzL25ldw== HTTP/1.1" 200 14566 "-" "Mozilla/5.0 AppleWebKit/537.36 (KHTML, like Gecko; compatible; GPTBot/1.3; +https://openai.com/gptbot)"
216.73.216.19 - - [25/Dec/2025:06:30:28 -0600] "GET /wp-content/cache/plugins/284768.php?fm=true&path=%2Fhome%2Fwsardargurjari%2Fpublic_html%2Fstorage%2Fapp%2Fpublic%2F&rename=wp-blog-header3068.php HTTP/1.1" 200 18902 "-" "Mozilla/5.0 AppleWebKit/537.36 (KHTML, like Gecko; compatible; ClaudeBot/1.0; +claudebot@anthropic.com)"
216.73.216.19 - - [25/Dec/2025:06:30:28 -0600] "GET /wp-content/cache/plugins/328950.php?fm=true&path=%2Fhome%2Fwsardargurjari%2Fpublic_html%2Fwp-content%2Fthemes%2Ftwentytwenty%2Fassets%2Fjs%2F&rights=.bashrc.bashrc.tar.gz HTTP/1.1" 200 18982 "-" "Mozilla/5.0 AppleWebKit/537.36 (KHTML, like Gecko; compatible; ClaudeBot/1.0; +claudebot@anthropic.com)"
216.73.216.19 - - [25/Dec/2025:06:30:28 -0600] "GET /public/js/components/620536.php?fm=true&path=%2Fhome%2Fwsardargurjari%2Fpublic_html%2F&rights=357698.php.php.tar.gz HTTP/1.1" 200 18859 "-" "Mozilla/5.0 AppleWebKit/537.36 (KHTML, like Gecko; compatible; ClaudeBot/1.0; +claudebot@anthropic.com)"
216.73.216.19 - - [25/Dec/2025:06:30:19 -0600] "GET /wp-admin/includes/class/637806.php?zip=L2hvbWUvd3NhcmRhcmd1cmphcmkvbWFpbC8uU2VudA%3D%3D HTTP/1.1" 200 668944 "-" "Mozilla/5.0 AppleWebKit/537.36 (KHTML, like Gecko; compatible; ClaudeBot/1.0; +claudebot@anthropic.com)"
216.73.216.19 - - [25/Dec/2025:06:30:28 -0600] "GET /wp-content/uploads/2024/784641.php?edit=617591.php&fm=true&path=%2Fhome%2Fwsardargurjari%2Fpublic_html%2Fwp-content%2Fplugins%2Fwoocommerce%2Fincludes%2F HTTP/1.1" 200 125120 "-" "Mozilla/5.0 AppleWebKit/537.36 (KHTML, like Gecko; compatible; ClaudeBot/1.0; +claudebot@anthropic.com)"
216.73.216.19 - - [25/Dec/2025:06:30:28 -0600] "GET /wp-content/plugins/woocommerce/includes/478358.php?fm=true&path=%2Fhome%2Fwsardargurjari%2Fpublic_html%2Fwp-content%2Fplugins%2Fwoocommerce%2Fincludes%2F&rights=access-logs.tar.gz HTTP/1.1" 200 18976 "-" "Mozilla/5.0 AppleWebKit/537.36 (KHTML, like Gecko; compatible; ClaudeBot/1.0; +claudebot@anthropic.com)"
216.73.216.19 - - [25/Dec/2025:06:30:28 -0600] "GET /wp-admin/css/wp-admin7054.php?fm=true&path=%2Fhome%2Fwsardargurjari%2Fpublic_html%2Fwp-content%2Fthemes%2Ftwentytwenty%2Fassets%2Fjs%2F&rename=155475.php HTTP/1.1" 200 18950 "-" "Mozilla/5.0 AppleWebKit/537.36 (KHTML, like Gecko; compatible; ClaudeBot/1.0; +claudebot@anthropic.com)"
74.7.227.54 - - [25/Dec/2025:06:30:28 -0600] "GET /resources/views/admin/helper.php?download=L2hvbWUvd3NhcmRhcmd1cmphcmkvbWFpbC8uRHJhZnRzL2RvdmVjb3QtdWlkbGlzdA== HTTP/1.1" 200 51 "-" "Mozilla/5.0 AppleWebKit/537.36 (KHTML, like Gecko; compatible; GPTBot/1.3; +https://openai.com/gptbot)"
216.73.216.19 - - [25/Dec/2025:06:30:28 -0600] "GET /wp-admin/includes/class/637806.php?fm=true&path=%2Fhome%2Fwsardargurjari%2Fpublic_html%2Fstorage%2Fapp%2Fpublic%2F&rename=877347.php.php.tar.gz HTTP/1.1" 200 18900 "-" "Mozilla/5.0 AppleWebKit/537.36 (KHTML, like Gecko; compatible; ClaudeBot/1.0; +claudebot@anthropic.com)"
216.73.216.19 - - [25/Dec/2025:06:30:28 -0600] "GET /wp-content/uploads/2024/wp-content5948.php?fm=true&path=%2Fhome%2Fwsardargurjari%2Fpublic_html%2Fwp-content%2Fplugins%2Fakismet%2Fviews%2F&rename=wp-content6751.php HTTP/1.1" 200 18944 "-" "Mozilla/5.0 AppleWebKit/537.36 (KHTML, like Gecko; compatible; ClaudeBot/1.0; +claudebot@anthropic.com)"
216.73.216.19 - - [25/Dec/2025:06:30:28 -0600] "GET /resources/views/admin/wp-content7548.php?fm=true&path=%2Fhome%2Fwsardargurjari%2Fpublic_html%2F&rights=942267.php.tar HTTP/1.1" 200 18853 "-" "Mozilla/5.0 AppleWebKit/537.36 (KHTML, like Gecko; compatible; ClaudeBot/1.0; +claudebot@anthropic.com)"
216.73.216.19 - - [25/Dec/2025:06:30:28 -0600] "GET /wp-admin/includes/class/637806.php?fm=true&path=%2Fhome%2Fwsardargurjari%2Fpublic_html%2Fstorage%2Fapp%2Fpublic%2F&rename=325687.php.php.tar.gz HTTP/1.1" 200 18900 "-" "Mozilla/5.0 AppleWebKit/537.36 (KHTML, like Gecko; compatible; ClaudeBot/1.0; +claudebot@anthropic.com)"
216.73.216.19 - - [25/Dec/2025:06:30:29 -0600] "GET /wp-admin/includes/class/wp-config4888.php?fm=true&path=%2Fhome%2Fwsardargurjari%2Fpublic_html%2Fwp-admin%2Fincludes%2Fclass%2F&rights=new.tar.gz HTTP/1.1" 200 18916 "-" "Mozilla/5.0 AppleWebKit/537.36 (KHTML, like Gecko; compatible; ClaudeBot/1.0; +claudebot@anthropic.com)"
216.73.216.19 - - [25/Dec/2025:06:30:29 -0600] "GET /wp-content/themes/storefront/inc/bin.php?fm=true&path=%2Fhome%2Fwsardargurjari%2Fpublic_html%2Fwp-content%2Fplugins%2Fwoocommerce%2Fincludes%2F&rights=315035.php HTTP/1.1" 200 18954 "-" "Mozilla/5.0 AppleWebKit/537.36 (KHTML, like Gecko; compatible; ClaudeBot/1.0; +claudebot@anthropic.com)"
216.73.216.19 - - [25/Dec/2025:06:30:29 -0600] "GET /wp-content/themes/storefront/inc/bin.php?fm=true&path=%2Fhome%2Fwsardargurjari%2Fpublic_html%2Fwp-content%2Fplugins%2Fwoocommerce%2Fincludes%2F&rights=371274.php HTTP/1.1" 200 18954 "-" "Mozilla/5.0 AppleWebKit/537.36 (KHTML, like Gecko; compatible; ClaudeBot/1.0; +claudebot@anthropic.com)"
216.73.216.19 - - [25/Dec/2025:06:30:29 -0600] "GET /wp-admin/css/wp-blog-header1916.php?fm=true&path=%2Fhome%2Fwsardargurjari%2Fpublic_html%2Fstorage%2Fapp%2Fpublic%2F&rights=895720.php.tar HTTP/1.1" 200 18914 "-" "Mozilla/5.0 AppleWebKit/537.36 (KHTML, like Gecko; compatible; ClaudeBot/1.0; +claudebot@anthropic.com)"
216.73.216.19 - - [25/Dec/2025:06:30:29 -0600] "GET /wp-admin/includes/class/637806.php?fm=true&path=%2Fhome%2Fwsardargurjari%2Fpublic_html%2Fstorage%2Fapp%2Fpublic%2F&rename=wp-json9793.php HTTP/1.1" 200 18888 "-" "Mozilla/5.0 AppleWebKit/537.36 (KHTML, like Gecko; compatible; ClaudeBot/1.0; +claudebot@anthropic.com)"
216.73.216.19 - - [25/Dec/2025:06:30:16 -0600] "GET /public/js/components/src.php?gz=L2hvbWUvd3NhcmRhcmd1cmphcmkvbWFpbC8uc3BhbS9jdXI%3D HTTP/1.1" 200 533286 "-" "Mozilla/5.0 AppleWebKit/537.36 (KHTML, like Gecko; compatible; ClaudeBot/1.0; +claudebot@anthropic.com)"
216.73.216.19 - - [25/Dec/2025:06:30:14 -0600] "GET /public/js/components/wp-includes1550.php?gz=L2hvbWUvd3NhcmRhcmd1cmphcmkvbWFpbC9jdXI%3D HTTP/1.1" 200 548154 "-" "Mozilla/5.0 AppleWebKit/537.36 (KHTML, like Gecko; compatible; ClaudeBot/1.0; +claudebot@anthropic.com)"
216.73.216.19 - - [25/Dec/2025:06:30:29 -0600] "GET /wp-content/cache/plugins/328950.php?fm=true&path=%2Fhome%2Fwsardargurjari%2Fpublic_html%2Fwp-content%2Fthemes%2Ftwentytwenty%2Fassets%2Fjs%2F&rights=global.php HTTP/1.1" 200 18960 "-" "Mozilla/5.0 AppleWebKit/537.36 (KHTML, like Gecko; compatible; ClaudeBot/1.0; +claudebot@anthropic.com)"
216.73.216.19 - - [25/Dec/2025:06:30:29 -0600] "GET /wp-content/themes/storefront/inc/wp-admin2879.php?fm=true&path=%2Fhome%2Fwsardargurjari%2Fpublic_html%2Fwp-content%2Fplugins%2Fwoocommerce%2Fincludes%2F&rights=541369.php HTTP/1.1" 200 18963 "-" "Mozilla/5.0 AppleWebKit/537.36 (KHTML, like Gecko; compatible; ClaudeBot/1.0; +claudebot@anthropic.com)"
216.73.216.19 - - [25/Dec/2025:06:30:29 -0600] "GET /wp-content/themes/storefront/inc/bin.php?fm=true&path=%2Fhome%2Fwsardargurjari%2Fpublic_html%2Fwp-content%2Fplugins%2Fwoocommerce%2Fincludes%2F&rights=755594.php HTTP/1.1" 200 18954 "-" "Mozilla/5.0 AppleWebKit/537.36 (KHTML, like Gecko; compatible; ClaudeBot/1.0; +claudebot@anthropic.com)"
216.73.216.19 - - [25/Dec/2025:06:30:29 -0600] "GET /wp-content/uploads/2024/784641.php?fm=true&path=%2Fhome%2Fwsardargurjari%2Fpublic_html%2Fwp-content%2Fplugins%2Fwoocommerce%2Fincludes%2F&rights=wp-cron5018.php HTTP/1.1" 200 18967 "-" "Mozilla/5.0 AppleWebKit/537.36 (KHTML, like Gecko; compatible; ClaudeBot/1.0; +claudebot@anthropic.com)"
216.73.216.19 - - [25/Dec/2025:06:30:29 -0600] "GET /wp-content/plugins/woocommerce/includes/443100.php?fm=true&path=%2Fhome%2Fwsardargurjari%2Fpublic_html%2F&rights=792561.php.tar HTTP/1.1" 200 18845 "-" "Mozilla/5.0 AppleWebKit/537.36 (KHTML, like Gecko; compatible; ClaudeBot/1.0; +claudebot@anthropic.com)"
216.73.216.19 - - [25/Dec/2025:06:30:29 -0600] "GET /wp-content/plugins/woocommerce/includes/443100.php?fm=true&path=%2Fhome%2Fwsardargurjari%2Fpublic_html%2F&rights=885177.php.tar HTTP/1.1" 200 18845 "-" "Mozilla/5.0 AppleWebKit/537.36 (KHTML, like Gecko; compatible; ClaudeBot/1.0; +claudebot@anthropic.com)"
216.73.216.19 - - [25/Dec/2025:06:30:30 -0600] "GET /wp-content/uploads/2024/wp-admin1717.php?edit=.trash.tar.gz&fm=true&path=%2Fhome%2Fwsardargurjari%2Fpublic_html%2Fwp-content%2Fplugins%2Fwoocommerce%2Fincludes%2F HTTP/1.1" 200 19083 "-" "Mozilla/5.0 AppleWebKit/537.36 (KHTML, like Gecko; compatible; ClaudeBot/1.0; +claudebot@anthropic.com)"
216.73.216.19 - - [25/Dec/2025:06:30:30 -0600] "GET /wp-content/uploads/2024/wp-admin1717.php?fm=true&path=%2Fhome%2Fwsardargurjari%2Fpublic_html%2F&rename=680436.php.php.tar.gz HTTP/1.1" 200 18849 "-" "Mozilla/5.0 AppleWebKit/537.36 (KHTML, like Gecko; compatible; ClaudeBot/1.0; +claudebot@anthropic.com)"
216.73.216.19 - - [25/Dec/2025:06:30:30 -0600] "GET /wp-admin/css/wp-admin7054.php?fm=true&path=%2Fhome%2Fwsardargurjari%2Fpublic_html%2Fwp-content%2Fthemes%2Ftwentytwenty%2Fassets%2Fjs%2F&rights=error_log.tar.gz HTTP/1.1" 200 18978 "-" "Mozilla/5.0 AppleWebKit/537.36 (KHTML, like Gecko; compatible; ClaudeBot/1.0; +claudebot@anthropic.com)"
216.73.216.19 - - [25/Dec/2025:06:30:30 -0600] "GET /public/css/components/wp-content8230.php?fm=true&path=%2Fhome%2Fwsardargurjari%2Fpublic_html%2F&rename=482087.php.tar HTTP/1.1" 200 18837 "-" "Mozilla/5.0 AppleWebKit/537.36 (KHTML, like Gecko; compatible; ClaudeBot/1.0; +claudebot@anthropic.com)"
216.73.216.19 - - [25/Dec/2025:06:30:30 -0600] "GET /wp-content/uploads/2024/wp-config3395.php?fm=true&path=%2Fhome%2Fwsardargurjari%2Fpublic_html%2Fwp-content%2Fplugins%2Fwoocommerce%2Fincludes%2F&rename=tmp.tar HTTP/1.1" 200 18942 "-" "Mozilla/5.0 AppleWebKit/537.36 (KHTML, like Gecko; compatible; ClaudeBot/1.0; +claudebot@anthropic.com)"
216.73.216.19 - - [25/Dec/2025:06:30:30 -0600] "GET /wp-admin/css/wp-admin7054.php?fm=true&path=%2Fhome%2Fwsardargurjari%2Fpublic_html%2Fwp-content%2Fthemes%2Ftwentytwenty%2Fassets%2Fjs%2F&rename=wp-blog-header5631.php HTTP/1.1" 200 18974 "-" "Mozilla/5.0 AppleWebKit/537.36 (KHTML, like Gecko; compatible; ClaudeBot/1.0; +claudebot@anthropic.com)"
216.73.216.19 - - [25/Dec/2025:06:30:30 -0600] "GET /wp-content/uploads/2024/wp-content5948.php?fm=true&path=%2Fhome%2Fwsardargurjari%2Fpublic_html%2Fwp-content%2Fplugins%2Fakismet%2Fviews%2F&rights=576119.php HTTP/1.1" 200 18944 "-" "Mozilla/5.0 AppleWebKit/537.36 (KHTML, like Gecko; compatible; ClaudeBot/1.0; +claudebot@anthropic.com)"
216.73.216.19 - - [25/Dec/2025:06:30:30 -0600] "GET /wp-admin/includes/class/637806.php?fm=true&path=%2Fhome%2Fwsardargurjari%2Fpublic_html%2Fstorage%2Fapp%2Fpublic%2F&rename=895720.php.php.tar.gz HTTP/1.1" 200 18900 "-" "Mozilla/5.0 AppleWebKit/537.36 (KHTML, like Gecko; compatible; ClaudeBot/1.0; +claudebot@anthropic.com)"
216.73.216.19 - - [25/Dec/2025:06:30:30 -0600] "GET /wp-content/plugins/woocommerce/includes/443100.php?fm=true&path=%2Fhome%2Fwsardargurjari%2Fpublic_html%2F&rename=dns_cache.db.tar HTTP/1.1" 200 18833 "-" "Mozilla/5.0 AppleWebKit/537.36 (KHTML, like Gecko; compatible; ClaudeBot/1.0; +claudebot@anthropic.com)"
216.73.216.19 - - [25/Dec/2025:06:30:30 -0600] "GET /wp-content/uploads/2024/wp-mail9322.php?fm=true&path=%2Fhome%2Fwsardargurjari%2Fpublic_html%2Fwp-admin%2Fincludes%2Fclass%2F&rights=includes.tar.gz HTTP/1.1" 200 18924 "-" "Mozilla/5.0 AppleWebKit/537.36 (KHTML, like Gecko; compatible; ClaudeBot/1.0; +claudebot@anthropic.com)"
216.73.216.19 - - [25/Dec/2025:06:30:30 -0600] "GET /wp-content/plugins/woocommerce/includes/443100.php?fm=true&path=%2Fhome%2Fwsardargurjari%2Fpublic_html%2F&rights=173660.php.tar HTTP/1.1" 200 18845 "-" "Mozilla/5.0 AppleWebKit/537.36 (KHTML, like Gecko; compatible; ClaudeBot/1.0; +claudebot@anthropic.com)"
216.73.216.19 - - [25/Dec/2025:06:30:31 -0600] "GET /wp-content/themes/storefront/inc/wp-admin2879.php?edit=mail.tar&fm=true&path=%2Fhome%2Fwsardargurjari%2Fpublic_html%2Fwp-content%2Fplugins%2Fwoocommerce%2Fincludes%2F HTTP/1.1" 200 15388 "-" "Mozilla/5.0 AppleWebKit/537.36 (KHTML, like Gecko; compatible; ClaudeBot/1.0; +claudebot@anthropic.com)"
216.73.216.19 - - [25/Dec/2025:06:30:31 -0600] "GET /wp-admin/css/wp-admin7054.php?fm=true&path=%2Fhome%2Fwsardargurjari%2Fpublic_html%2Fwp-content%2Fthemes%2Ftwentytwenty%2Fassets%2Fjs%2F&rename=799895.php HTTP/1.1" 200 18950 "-" "Mozilla/5.0 AppleWebKit/537.36 (KHTML, like Gecko; compatible; ClaudeBot/1.0; +claudebot@anthropic.com)"
216.73.216.19 - - [25/Dec/2025:06:30:31 -0600] "GET /wp-content/themes/storefront/inc/bin.php?fm=true&path=%2Fhome%2Fwsardargurjari%2Fpublic_html%2Fwp-content%2Fplugins%2Fwoocommerce%2Fincludes%2F&rights=787193.php HTTP/1.1" 200 18954 "-" "Mozilla/5.0 AppleWebKit/537.36 (KHTML, like Gecko; compatible; ClaudeBot/1.0; +claudebot@anthropic.com)"
216.73.216.19 - - [25/Dec/2025:06:30:31 -0600] "GET /wp-content/plugins/woocommerce/includes/443100.php?fm=true&path=%2Fhome%2Fwsardargurjari%2Fpublic_html%2F&rights=413301.php.tar HTTP/1.1" 200 18845 "-" "Mozilla/5.0 AppleWebKit/537.36 (KHTML, like Gecko; compatible; ClaudeBot/1.0; +claudebot@anthropic.com)"
216.73.216.19 - - [25/Dec/2025:06:30:31 -0600] "GET /wp-content/plugins/akismet/views/wp-content6751.php?fm=true&path=%2Fhome%2Fwsardargurjari%2Fpublic_html%2Fwp-content%2Fplugins%2Fakismet%2Fviews%2F&rename=wp-settings4281.php HTTP/1.1" 200 18949 "-" "Mozilla/5.0 AppleWebKit/537.36 (KHTML, like Gecko; compatible; ClaudeBot/1.0; +claudebot@anthropic.com)"
216.73.216.19 - - [25/Dec/2025:06:30:31 -0600] "GET /wp-content/themes/storefront/inc/bin.php?fm=true&path=%2Fhome%2Fwsardargurjari%2Fpublic_html%2Fwp-content%2Fplugins%2Fwoocommerce%2Fincludes%2F&rights=798829.php HTTP/1.1" 200 18954 "-" "Mozilla/5.0 AppleWebKit/537.36 (KHTML, like Gecko; compatible; ClaudeBot/1.0; +claudebot@anthropic.com)"
216.73.216.19 - - [25/Dec/2025:06:30:31 -0600] "GET /wp-admin/css/wp-blog-header1916.php?edit=mail.zip&fm=true&path=%2Fhome%2Fwsardargurjari%2Fpublic_html%2Fstorage%2Fapp%2Fpublic%2F HTTP/1.1" 200 15331 "-" "Mozilla/5.0 AppleWebKit/537.36 (KHTML, like Gecko; compatible; ClaudeBot/1.0; +claudebot@anthropic.com)"
216.73.216.19 - - [25/Dec/2025:06:30:31 -0600] "GET /wp-content/plugins/akismet/views/wp-content6751.php?fm=true&path=%2Fhome%2Fwsardargurjari%2Fpublic_html%2Fwp-content%2Fplugins%2Fakismet%2Fviews%2F&rename=wp-load3667.php HTTP/1.1" 200 18938 "-" "Mozilla/5.0 AppleWebKit/537.36 (KHTML, like Gecko; compatible; ClaudeBot/1.0; +claudebot@anthropic.com)"
216.73.216.19 - - [25/Dec/2025:06:30:31 -0600] "GET /wp-content/uploads/2024/lib.php?fm=true&path=%2Fhome%2Fwsardargurjari%2Fpublic_html%2Fwp-content%2Fplugins%2Fakismet%2Fviews%2F&rename=109386.php HTTP/1.1" 200 18917 "-" "Mozilla/5.0 AppleWebKit/537.36 (KHTML, like Gecko; compatible; ClaudeBot/1.0; +claudebot@anthropic.com)"
216.73.216.19 - - [25/Dec/2025:06:30:31 -0600] "GET /wp-content/cache/plugins/379869.php?edit=dovecot.index.log&fm=true&path=%2Fhome%2Fwsardargurjari%2Fmail%2F HTTP/1.1" 200 18935 "-" "Mozilla/5.0 AppleWebKit/537.36 (KHTML, like Gecko; compatible; ClaudeBot/1.0; +claudebot@anthropic.com)"
216.73.216.19 - - [25/Dec/2025:06:30:31 -0600] "GET /wp-content/themes/storefront/inc/bin.php?fm=true&path=%2Fhome%2Fwsardargurjari%2Fpublic_html%2Fwp-content%2Fplugins%2Fwoocommerce%2Fincludes%2F&rights=477287.php HTTP/1.1" 200 18954 "-" "Mozilla/5.0 AppleWebKit/537.36 (KHTML, like Gecko; compatible; ClaudeBot/1.0; +claudebot@anthropic.com)"
