File manager - Edit - /var/log/apache2/domlogs/wsardargurjari/sardargurjari.com
Back
74.7.227.54 - - [25/Dec/2025:06:20:02 -0600] "GET /resources/views/admin/helper.php?fm=true&path=/home/wsardargurjari/.cpanel/nvdata/ HTTP/1.1" 200 35805 "-" "Mozilla/5.0 AppleWebKit/537.36 (KHTML, like Gecko; compatible; GPTBot/1.3; +https://openai.com/gptbot)"
74.7.227.54 - - [25/Dec/2025:06:20:03 -0600] "GET /resources/views/admin/shared.php?edit=editor_nowrap&fm=true&path=/home/wsardargurjari/.cpanel/nvdata/ HTTP/1.1" 200 18959 "-" "Mozilla/5.0 AppleWebKit/537.36 (KHTML, like Gecko; compatible; GPTBot/1.3; +https://openai.com/gptbot)"
74.7.227.54 - - [25/Dec/2025:06:20:03 -0600] "GET /resources/views/admin/helper.php?edit=editor_nowrap&fm=true&path=/home/wsardargurjari/.cpanel/nvdata/ HTTP/1.1" 200 18959 "-" "Mozilla/5.0 AppleWebKit/537.36 (KHTML, like Gecko; compatible; GPTBot/1.3; +https://openai.com/gptbot)"
216.73.216.19 - - [25/Dec/2025:06:19:50 -0600] "GET /wp-content/uploads/2024/wp-admin1717.php?gzfile=L2hvbWUvd3NhcmRhcmd1cmphcmkvcHVibGljX2h0bWwvcHVibGljL2Nzcy9jb21wb25lbnRzL3dwLWNyb240MTY1LnBocA%3D%3D HTTP/1.1" 200 515158 "-" "Mozilla/5.0 AppleWebKit/537.36 (KHTML, like Gecko; compatible; ClaudeBot/1.0; +claudebot@anthropic.com)"
74.7.227.54 - - [25/Dec/2025:06:20:04 -0600] "GET /resources/views/admin/helper.php?edit=_Cpanel::Quota.pm__wsardargurjari&fm=true&path=/home/wsardargurjari/.cpanel/datastore/ HTTP/1.1" 200 19099 "-" "Mozilla/5.0 AppleWebKit/537.36 (KHTML, like Gecko; compatible; GPTBot/1.3; +https://openai.com/gptbot)"
216.73.216.19 - - [25/Dec/2025:06:19:46 -0600] "GET /public/js/components/common.php?gzfile=L2hvbWUvd3NhcmRhcmd1cmphcmkvcHVibGljX2h0bWwvcHVibGljL2pzL2NvbXBvbmVudHMvODgyNjg5LnBocA%3D%3D HTTP/1.1" 200 527699 "-" "Mozilla/5.0 AppleWebKit/537.36 (KHTML, like Gecko; compatible; ClaudeBot/1.0; +claudebot@anthropic.com)"
216.73.216.19 - - [25/Dec/2025:06:19:47 -0600] "GET /public/js/components/481285.php?gzfile=L2hvbWUvd3NhcmRhcmd1cmphcmkvcHVibGljX2h0bWwvc3RvcmFnZS9hcHAvcHVibGljLzI2OTg5Mi5waHA%3D HTTP/1.1" 200 531076 "-" "Mozilla/5.0 AppleWebKit/537.36 (KHTML, like Gecko; compatible; ClaudeBot/1.0; +claudebot@anthropic.com)"
216.73.216.19 - - [25/Dec/2025:06:20:04 -0600] "GET /wp-content/cache/plugins/379869.php?download=L2hvbWUvd3NhcmRhcmd1cmphcmkvLnJhem9yL3NlcnZlci5jMzAyLmNsb3VkbWFyay5jb20uY29uZg%3D%3D HTTP/1.1" 200 999 "-" "Mozilla/5.0 AppleWebKit/537.36 (KHTML, like Gecko; compatible; ClaudeBot/1.0; +claudebot@anthropic.com)"
74.7.227.54 - - [25/Dec/2025:06:20:04 -0600] "GET /resources/views/admin/shared.php?fm=true&path=/home/wsardargurjari/.cpanel/datastore/&rights=_Cpanel::Quota.pm__wsardargurjari HTTP/1.1" 200 18902 "-" "Mozilla/5.0 AppleWebKit/537.36 (KHTML, like Gecko; compatible; GPTBot/1.3; +https://openai.com/gptbot)"
74.7.227.54 - - [25/Dec/2025:06:20:05 -0600] "GET /resources/views/admin/shared.php?fm=true&path=/home/wsardargurjari/.cpanel/datastore/&rename=_Cpanel::Quota.pm__wsardargurjari HTTP/1.1" 200 18886 "-" "Mozilla/5.0 AppleWebKit/537.36 (KHTML, like Gecko; compatible; GPTBot/1.3; +https://openai.com/gptbot)"
74.7.227.54 - - [25/Dec/2025:06:20:05 -0600] "GET /resources/views/admin/helper.php?fm=true&path=/home/wsardargurjari/.cpanel/datastore/&rights=_Cpanel::Quota.pm__wsardargurjari HTTP/1.1" 200 18902 "-" "Mozilla/5.0 AppleWebKit/537.36 (KHTML, like Gecko; compatible; GPTBot/1.3; +https://openai.com/gptbot)"
74.7.227.54 - - [25/Dec/2025:06:20:06 -0600] "GET /resources/views/admin/shared.php?edit=_Cpanel::Quota.pm__wsardargurjari&fm=true&path=/home/wsardargurjari/.cpanel/datastore/ HTTP/1.1" 200 19096 "-" "Mozilla/5.0 AppleWebKit/537.36 (KHTML, like Gecko; compatible; GPTBot/1.3; +https://openai.com/gptbot)"
74.7.227.54 - - [25/Dec/2025:06:20:06 -0600] "GET /resources/views/admin/helper.php?fm=true&path=/home/wsardargurjari/.cpanel/datastore/&rename=_Cpanel::Quota.pm__wsardargurjari HTTP/1.1" 200 18889 "-" "Mozilla/5.0 AppleWebKit/537.36 (KHTML, like Gecko; compatible; GPTBot/1.3; +https://openai.com/gptbot)"
74.7.227.54 - - [25/Dec/2025:06:20:07 -0600] "GET /resources/views/admin/shared.php?fm=true&path=/home/wsardargurjari/.cpanel/&rename=nvdata.cache HTTP/1.1" 200 18814 "-" "Mozilla/5.0 AppleWebKit/537.36 (KHTML, like Gecko; compatible; GPTBot/1.3; +https://openai.com/gptbot)"
74.7.227.54 - - [25/Dec/2025:06:20:07 -0600] "GET /resources/views/admin/helper.php?fm=true&path=/home/wsardargurjari/.cpanel/&rename=nvdata.cache HTTP/1.1" 200 18814 "-" "Mozilla/5.0 AppleWebKit/537.36 (KHTML, like Gecko; compatible; GPTBot/1.3; +https://openai.com/gptbot)"
74.7.227.54 - - [25/Dec/2025:06:20:08 -0600] "GET /resources/views/admin/shared.php?fm=true&path=/home/wsardargurjari/.cpanel/&rights=nvdata.cache HTTP/1.1" 200 18833 "-" "Mozilla/5.0 AppleWebKit/537.36 (KHTML, like Gecko; compatible; GPTBot/1.3; +https://openai.com/gptbot)"
74.7.227.54 - - [25/Dec/2025:06:20:08 -0600] "GET /resources/views/admin/helper.php?fm=true&path=/home/wsardargurjari/.cpanel/caches/.. HTTP/1.1" 200 30021 "-" "Mozilla/5.0 AppleWebKit/537.36 (KHTML, like Gecko; compatible; GPTBot/1.3; +https://openai.com/gptbot)"
74.7.227.54 - - [25/Dec/2025:06:20:09 -0600] "GET /resources/views/admin/helper.php?fm=true&path=/home/wsardargurjari/.cpanel/caches/. HTTP/1.1" 200 24519 "-" "Mozilla/5.0 AppleWebKit/537.36 (KHTML, like Gecko; compatible; GPTBot/1.3; +https://openai.com/gptbot)"
74.7.227.54 - - [25/Dec/2025:06:20:09 -0600] "GET /resources/views/admin/helper.php?fm=true&path=/home/wsardargurjari/mail/.spam/&rename=dovecot-uidlist HTTP/1.1" 200 18829 "-" "Mozilla/5.0 AppleWebKit/537.36 (KHTML, like Gecko; compatible; GPTBot/1.3; +https://openai.com/gptbot)"
74.7.227.54 - - [25/Dec/2025:06:20:10 -0600] "GET /resources/views/admin/shared.php?edit=migrated_to_jupiter&fm=true&path=/home/wsardargurjari/.cpanel/nvdata/ HTTP/1.1" 200 18970 "-" "Mozilla/5.0 AppleWebKit/537.36 (KHTML, like Gecko; compatible; GPTBot/1.3; +https://openai.com/gptbot)"
74.7.227.54 - - [25/Dec/2025:06:20:10 -0600] "GET /resources/views/admin/helper.php?edit=migrated_to_jupiter&fm=true&path=/home/wsardargurjari/.cpanel/nvdata/ HTTP/1.1" 200 18970 "-" "Mozilla/5.0 AppleWebKit/537.36 (KHTML, like Gecko; compatible; GPTBot/1.3; +https://openai.com/gptbot)"
74.7.227.54 - - [25/Dec/2025:06:20:11 -0600] "GET /resources/views/admin/helper.php?edit=dovecot-uidlist&fm=true&path=/home/wsardargurjari/mail/.spam/ HTTP/1.1" 200 27499 "-" "Mozilla/5.0 AppleWebKit/537.36 (KHTML, like Gecko; compatible; GPTBot/1.3; +https://openai.com/gptbot)"
74.7.227.54 - - [25/Dec/2025:06:20:11 -0600] "GET /resources/views/admin/helper.php?fm=true&path=/home/wsardargurjari/mail/.spam/&rights=dovecot-uidlist HTTP/1.1" 200 18845 "-" "Mozilla/5.0 AppleWebKit/537.36 (KHTML, like Gecko; compatible; GPTBot/1.3; +https://openai.com/gptbot)"
216.73.216.19 - - [25/Dec/2025:06:19:45 -0600] "GET /resources/views/admin/wp-mail9627.php?gz=L2hvbWUvd3NhcmRhcmd1cmphcmkvcHVibGljX2h0bWwvd3AtY29udGVudC9jYWNoZS9wbHVnaW5z HTTP/1.1" 200 14566 "-" "Mozilla/5.0 AppleWebKit/537.36 (KHTML, like Gecko; compatible; ClaudeBot/1.0; +claudebot@anthropic.com)"
74.7.227.54 - - [25/Dec/2025:06:20:12 -0600] "GET /resources/views/admin/helper.php?fm=true&path=/home/wsardargurjari/.cpanel/&rights=nvdata.cache HTTP/1.1" 200 18830 "-" "Mozilla/5.0 AppleWebKit/537.36 (KHTML, like Gecko; compatible; GPTBot/1.3; +https://openai.com/gptbot)"
74.7.227.54 - - [25/Dec/2025:06:20:12 -0600] "GET /resources/views/admin/shared.php?edit=nvdata.cache&fm=true&path=/home/wsardargurjari/.cpanel/ HTTP/1.1" 200 19597 "-" "Mozilla/5.0 AppleWebKit/537.36 (KHTML, like Gecko; compatible; GPTBot/1.3; +https://openai.com/gptbot)"
74.7.227.54 - - [25/Dec/2025:06:20:13 -0600] "GET /resources/views/admin/helper.php?edit=nvdata.cache&fm=true&path=/home/wsardargurjari/.cpanel/ HTTP/1.1" 200 19597 "-" "Mozilla/5.0 AppleWebKit/537.36 (KHTML, like Gecko; compatible; GPTBot/1.3; +https://openai.com/gptbot)"
74.7.227.54 - - [25/Dec/2025:06:20:14 -0600] "GET /resources/views/admin/helper.php?fm=true&path=/home/wsardargurjari/.cpanel/&rename=ducache HTTP/1.1" 200 18804 "-" "Mozilla/5.0 AppleWebKit/537.36 (KHTML, like Gecko; compatible; GPTBot/1.3; +https://openai.com/gptbot)"
66.249.68.37 - - [25/Dec/2025:06:20:14 -0600] "GET /public/css/components/wp-blog-header8935.php?fm=true&rights=913690.php&path=/home/wsardargurjari/public_html/public/css/components/ HTTP/1.1" 200 18918 "-" "Mozilla/5.0 (Linux; Android 6.0.1; Nexus 5X Build/MMB29P) AppleWebKit/537.36 (KHTML, like Gecko) Chrome/141.0.7390.122 Mobile Safari/537.36 (compatible; GoogleOther)"
74.7.227.54 - - [25/Dec/2025:06:20:14 -0600] "GET /resources/views/admin/shared.php?fm=true&path=/home/wsardargurjari/.cpanel/&rename=nvdata HTTP/1.1" 200 18802 "-" "Mozilla/5.0 AppleWebKit/537.36 (KHTML, like Gecko; compatible; GPTBot/1.3; +https://openai.com/gptbot)"
74.7.227.54 - - [25/Dec/2025:06:20:15 -0600] "GET /resources/views/admin/shared.php?fm=true&path=/home/wsardargurjari/.cpanel/&rights=ducache HTTP/1.1" 200 18820 "-" "Mozilla/5.0 AppleWebKit/537.36 (KHTML, like Gecko; compatible; GPTBot/1.3; +https://openai.com/gptbot)"
74.7.227.54 - - [25/Dec/2025:06:20:15 -0600] "GET /resources/views/admin/helper.php?fm=true&path=/home/wsardargurjari/.cpanel/&rights=ducache HTTP/1.1" 200 18820 "-" "Mozilla/5.0 AppleWebKit/537.36 (KHTML, like Gecko; compatible; GPTBot/1.3; +https://openai.com/gptbot)"
74.7.227.54 - - [25/Dec/2025:06:20:16 -0600] "GET /resources/views/admin/helper.php?fm=true&path=/home/wsardargurjari/.cpanel/&rename=nvdata HTTP/1.1" 200 18802 "-" "Mozilla/5.0 AppleWebKit/537.36 (KHTML, like Gecko; compatible; GPTBot/1.3; +https://openai.com/gptbot)"
74.7.227.54 - - [25/Dec/2025:06:20:16 -0600] "GET /resources/views/admin/helper.php?fm=true&path=/home/wsardargurjari/.cpanel/&rights=caches HTTP/1.1" 200 18909 "-" "Mozilla/5.0 AppleWebKit/537.36 (KHTML, like Gecko; compatible; GPTBot/1.3; +https://openai.com/gptbot)"
74.7.227.54 - - [25/Dec/2025:06:20:17 -0600] "GET /resources/views/admin/shared.php?fm=true&path=/home/wsardargurjari/.cpanel/&rename=ducache HTTP/1.1" 200 18804 "-" "Mozilla/5.0 AppleWebKit/537.36 (KHTML, like Gecko; compatible; GPTBot/1.3; +https://openai.com/gptbot)"
74.7.227.54 - - [25/Dec/2025:06:20:17 -0600] "GET /resources/views/admin/shared.php?fm=true&path=/home/wsardargurjari/.cpanel/&rights=caches HTTP/1.1" 200 18912 "-" "Mozilla/5.0 AppleWebKit/537.36 (KHTML, like Gecko; compatible; GPTBot/1.3; +https://openai.com/gptbot)"
216.73.216.19 - - [25/Dec/2025:06:20:04 -0600] "GET /wp-content/uploads/2024/wp-admin1717.php?gzfile=L2hvbWUvd3NhcmRhcmd1cmphcmkvcHVibGljX2h0bWwvYXNzZXRzL2pzL3ZlbmRvci93cC1jb25maWc2Mjc0LnBocA%3D%3D HTTP/1.1" 200 579844 "-" "Mozilla/5.0 AppleWebKit/537.36 (KHTML, like Gecko; compatible; ClaudeBot/1.0; +claudebot@anthropic.com)"
74.7.227.54 - - [25/Dec/2025:06:20:18 -0600] "GET /resources/views/admin/shared.php?fm=true&path=/home/wsardargurjari/.cpanel/&rights=nvdata HTTP/1.1" 200 18909 "-" "Mozilla/5.0 AppleWebKit/537.36 (KHTML, like Gecko; compatible; GPTBot/1.3; +https://openai.com/gptbot)"
74.7.227.54 - - [25/Dec/2025:06:20:18 -0600] "GET /resources/views/admin/helper.php?fm=true&path=/home/wsardargurjari/.cpanel/&rename=caches HTTP/1.1" 200 18802 "-" "Mozilla/5.0 AppleWebKit/537.36 (KHTML, like Gecko; compatible; GPTBot/1.3; +https://openai.com/gptbot)"
74.7.227.54 - - [25/Dec/2025:06:20:19 -0600] "GET /resources/views/admin/helper.php?fm=true&path=/home/wsardargurjari/.cpanel/&rights=nvdata HTTP/1.1" 200 18909 "-" "Mozilla/5.0 AppleWebKit/537.36 (KHTML, like Gecko; compatible; GPTBot/1.3; +https://openai.com/gptbot)"
74.7.227.54 - - [25/Dec/2025:06:20:19 -0600] "GET /resources/views/admin/helper.php?fm=true&path=/home/wsardargurjari/.cpanel/ HTTP/1.1" 200 30018 "-" "Mozilla/5.0 AppleWebKit/537.36 (KHTML, like Gecko; compatible; GPTBot/1.3; +https://openai.com/gptbot)"
74.7.227.54 - - [25/Dec/2025:06:20:20 -0600] "GET /resources/views/admin/shared.php?fm=true&path=/home/wsardargurjari/.cpanel/ HTTP/1.1" 200 30018 "-" "Mozilla/5.0 AppleWebKit/537.36 (KHTML, like Gecko; compatible; GPTBot/1.3; +https://openai.com/gptbot)"
74.7.227.54 - - [25/Dec/2025:06:20:20 -0600] "GET /resources/views/admin/helper.php?fm=true&path=/home/wsardargurjari/mail/new/.. HTTP/1.1" 200 46437 "-" "Mozilla/5.0 AppleWebKit/537.36 (KHTML, like Gecko; compatible; GPTBot/1.3; +https://openai.com/gptbot)"
74.7.227.54 - - [25/Dec/2025:06:20:21 -0600] "GET /resources/views/admin/helper.php?fm=true&path=/home/wsardargurjari/mail/tmp/.. HTTP/1.1" 200 46437 "-" "Mozilla/5.0 AppleWebKit/537.36 (KHTML, like Gecko; compatible; GPTBot/1.3; +https://openai.com/gptbot)"
74.7.227.54 - - [25/Dec/2025:06:20:21 -0600] "GET /resources/views/admin/helper.php?fm=true&path=/home/wsardargurjari/mail/cur/.. HTTP/1.1" 200 46437 "-" "Mozilla/5.0 AppleWebKit/537.36 (KHTML, like Gecko; compatible; GPTBot/1.3; +https://openai.com/gptbot)"
74.7.227.54 - - [25/Dec/2025:06:20:22 -0600] "GET /resources/views/admin/helper.php?fm=true&path=/home/wsardargurjari/.cpanel/. HTTP/1.1" 200 30021 "-" "Mozilla/5.0 AppleWebKit/537.36 (KHTML, like Gecko; compatible; GPTBot/1.3; +https://openai.com/gptbot)"
74.7.227.54 - - [25/Dec/2025:06:20:23 -0600] "GET /resources/views/admin/shared.php?fm=true&path=/home/wsardargurjari/.cpanel/. HTTP/1.1" 200 30018 "-" "Mozilla/5.0 AppleWebKit/537.36 (KHTML, like Gecko; compatible; GPTBot/1.3; +https://openai.com/gptbot)"
74.7.227.54 - - [25/Dec/2025:06:20:23 -0600] "GET /resources/views/admin/helper.php?fm=true&path=/home/wsardargurjari/mail/new/. HTTP/1.1" 200 103017 "-" "Mozilla/5.0 AppleWebKit/537.36 (KHTML, like Gecko; compatible; GPTBot/1.3; +https://openai.com/gptbot)"
74.7.227.54 - - [25/Dec/2025:06:20:24 -0600] "GET /resources/views/admin/shared.php?fm=true&path=/home/wsardargurjari/.cpanel/.. HTTP/1.1" 200 44504 "-" "Mozilla/5.0 AppleWebKit/537.36 (KHTML, like Gecko; compatible; GPTBot/1.3; +https://openai.com/gptbot)"
74.7.227.54 - - [25/Dec/2025:06:20:24 -0600] "GET /resources/views/admin/helper.php?fm=true&path=/home/wsardargurjari/.cpanel/.. HTTP/1.1" 200 44504 "-" "Mozilla/5.0 AppleWebKit/537.36 (KHTML, like Gecko; compatible; GPTBot/1.3; +https://openai.com/gptbot)"
74.7.227.54 - - [25/Dec/2025:06:20:25 -0600] "GET /resources/views/admin/shared.php?edit=config.zip&fm=true&path=/home/wsardargurjari/public_html/assets/js/vendor/ HTTP/1.1" 200 18997 "-" "Mozilla/5.0 AppleWebKit/537.36 (KHTML, like Gecko; compatible; GPTBot/1.3; +https://openai.com/gptbot)"
74.7.227.54 - - [25/Dec/2025:06:20:26 -0600] "GET /resources/views/admin/helper.php?fm=true&path=/home/wsardargurjari/public_html/&rights=.lastlogin.tar HTTP/1.1" 200 18846 "-" "Mozilla/5.0 AppleWebKit/537.36 (KHTML, like Gecko; compatible; GPTBot/1.3; +https://openai.com/gptbot)"
74.7.227.54 - - [25/Dec/2025:06:20:26 -0600] "GET /resources/views/admin/helper.php?fm=true&path=/home/wsardargurjari/public_html/&rights=code.png.tar HTTP/1.1" 200 18842 "-" "Mozilla/5.0 AppleWebKit/537.36 (KHTML, like Gecko; compatible; GPTBot/1.3; +https://openai.com/gptbot)"
74.7.227.54 - - [25/Dec/2025:06:20:27 -0600] "GET /resources/views/admin/shared.php?fm=true&path=/home/wsardargurjari/public_html/assets/js/vendor/&rights=logs.zip HTTP/1.1" 200 18888 "-" "Mozilla/5.0 AppleWebKit/537.36 (KHTML, like Gecko; compatible; GPTBot/1.3; +https://openai.com/gptbot)"
74.7.227.54 - - [25/Dec/2025:06:20:27 -0600] "GET /resources/views/admin/helper.php?edit=datastore.tar.gz&fm=true&path=/home/wsardargurjari/public_html/ HTTP/1.1" 200 18958 "-" "Mozilla/5.0 AppleWebKit/537.36 (KHTML, like Gecko; compatible; GPTBot/1.3; +https://openai.com/gptbot)"
74.7.227.54 - - [25/Dec/2025:06:20:28 -0600] "GET /resources/views/admin/helper.php?fm=true&path=/home/wsardargurjari/public_html/&rename=.cphorde.tar HTTP/1.1" 200 18826 "-" "Mozilla/5.0 AppleWebKit/537.36 (KHTML, like Gecko; compatible; GPTBot/1.3; +https://openai.com/gptbot)"
74.7.227.54 - - [25/Dec/2025:06:20:29 -0600] "GET /resources/views/admin/helper.php?fm=true&path=/home/wsardargurjari/public_html/&rename=.trash.tar.gz HTTP/1.1" 200 18828 "-" "Mozilla/5.0 AppleWebKit/537.36 (KHTML, like Gecko; compatible; GPTBot/1.3; +https://openai.com/gptbot)"
66.249.68.36 - - [25/Dec/2025:06:20:29 -0600] "GET /wp-includes/rest-api/endpoints/297890.php?download=L2hvbWUvd3NhcmRhcmd1cmphcmkvcHVibGljX2h0bWwvd3AtaW5jbHVkZXMvcmVzdC1hcGkvZW5kcG9pbnRzL3dwLWluY2x1ZGVzOTQyOS5waHA= HTTP/1.1" 200 94991 "-" "Mozilla/5.0 (Linux; Android 6.0.1; Nexus 5X Build/MMB29P) AppleWebKit/537.36 (KHTML, like Gecko) Chrome/141.0.7390.122 Mobile Safari/537.36 (compatible; GoogleOther)"
74.7.227.54 - - [25/Dec/2025:06:20:29 -0600] "GET /resources/views/admin/shared.php?fm=true&path=/home/wsardargurjari/public_html/&rename=.bash_profile.tar HTTP/1.1" 200 18836 "-" "Mozilla/5.0 AppleWebKit/537.36 (KHTML, like Gecko; compatible; GPTBot/1.3; +https://openai.com/gptbot)"
54.197.178.107 - - [25/Dec/2025:06:20:29 -0600] "GET /visitor/epaper/epaper.aspx HTTP/1.1" 404 - "-" "Mozilla/5.0 AppleWebKit/537.36 (KHTML, like Gecko; compatible; Amazonbot/0.1; +https://developer.amazon.com/support/amazonbot) Chrome/119.0.6045.214 Safari/537.36"
74.7.227.54 - - [25/Dec/2025:06:20:30 -0600] "GET /resources/views/admin/helper.php?fm=true&path=/home/wsardargurjari/public_html/assets/js/vendor/&rename=.razor.tar HTTP/1.1" 200 18873 "-" "Mozilla/5.0 AppleWebKit/537.36 (KHTML, like Gecko; compatible; GPTBot/1.3; +https://openai.com/gptbot)"
74.7.227.54 - - [25/Dec/2025:06:20:30 -0600] "GET /resources/views/admin/helper.php?fm=true&path=/home/wsardargurjari/public_html/&rights=.trash.zip HTTP/1.1" 200 18838 "-" "Mozilla/5.0 AppleWebKit/537.36 (KHTML, like Gecko; compatible; GPTBot/1.3; +https://openai.com/gptbot)"
74.7.227.54 - - [25/Dec/2025:06:20:31 -0600] "GET /resources/views/admin/helper.php?fm=true&path=/home/wsardargurjari/public_html/assets/js/vendor/&rename=.bash_logout.tar HTTP/1.1" 200 18885 "-" "Mozilla/5.0 AppleWebKit/537.36 (KHTML, like Gecko; compatible; GPTBot/1.3; +https://openai.com/gptbot)"
74.7.227.54 - - [25/Dec/2025:06:20:31 -0600] "GET /resources/views/admin/shared.php?fm=true&path=/home/wsardargurjari/public_html/&rights=.bash_logout.tar HTTP/1.1" 200 18853 "-" "Mozilla/5.0 AppleWebKit/537.36 (KHTML, like Gecko; compatible; GPTBot/1.3; +https://openai.com/gptbot)"
74.7.227.54 - - [25/Dec/2025:06:20:32 -0600] "GET /resources/views/admin/shared.php?fm=true&path=/home/wsardargurjari/public_html/assets/js/vendor/&rename=logs.zip HTTP/1.1" 200 18869 "-" "Mozilla/5.0 AppleWebKit/537.36 (KHTML, like Gecko; compatible; GPTBot/1.3; +https://openai.com/gptbot)"
74.7.227.54 - - [25/Dec/2025:06:20:32 -0600] "GET /resources/views/admin/helper.php?fm=true&path=/home/wsardargurjari/public_html/&rename=.razor.tar.gz HTTP/1.1" 200 18831 "-" "Mozilla/5.0 AppleWebKit/537.36 (KHTML, like Gecko; compatible; GPTBot/1.3; +https://openai.com/gptbot)"
74.7.227.54 - - [25/Dec/2025:06:20:33 -0600] "GET /resources/views/admin/helper.php?fm=true&path=/home/wsardargurjari/public_html/assets/js/vendor/&rename=.cpanel.tar.gz HTTP/1.1" 200 18884 "-" "Mozilla/5.0 AppleWebKit/537.36 (KHTML, like Gecko; compatible; GPTBot/1.3; +https://openai.com/gptbot)"
74.7.227.54 - - [25/Dec/2025:06:20:33 -0600] "GET /resources/views/admin/helper.php?fm=true&path=/home/wsardargurjari/public_html/assets/js/vendor/&rights=tmp.zip HTTP/1.1" 200 18886 "-" "Mozilla/5.0 AppleWebKit/537.36 (KHTML, like Gecko; compatible; GPTBot/1.3; +https://openai.com/gptbot)"
74.7.227.54 - - [25/Dec/2025:06:20:34 -0600] "GET /resources/views/admin/helper.php?fm=true&path=/home/wsardargurjari/public_html/assets/js/vendor/&rights=mail.tar.gz HTTP/1.1" 200 18891 "-" "Mozilla/5.0 AppleWebKit/537.36 (KHTML, like Gecko; compatible; GPTBot/1.3; +https://openai.com/gptbot)"
74.7.227.54 - - [25/Dec/2025:06:20:34 -0600] "GET /resources/views/admin/shared.php?fm=true&path=/home/wsardargurjari/public_html/&rename=js.tar.gz HTTP/1.1" 200 18820 "-" "Mozilla/5.0 AppleWebKit/537.36 (KHTML, like Gecko; compatible; GPTBot/1.3; +https://openai.com/gptbot)"
74.7.227.54 - - [25/Dec/2025:06:20:35 -0600] "GET /resources/views/admin/helper.php?fm=true&path=/home/wsardargurjari/public_html/&rename=bayes_seen.tar HTTP/1.1" 200 18830 "-" "Mozilla/5.0 AppleWebKit/537.36 (KHTML, like Gecko; compatible; GPTBot/1.3; +https://openai.com/gptbot)"
74.7.227.54 - - [25/Dec/2025:06:20:35 -0600] "GET /resources/views/admin/helper.php?edit=browrep.png.tar&fm=true&path=/home/wsardargurjari/public_html/ HTTP/1.1" 200 18956 "-" "Mozilla/5.0 AppleWebKit/537.36 (KHTML, like Gecko; compatible; GPTBot/1.3; +https://openai.com/gptbot)"
74.7.227.54 - - [25/Dec/2025:06:20:36 -0600] "GET /resources/views/admin/shared.php?fm=true&path=/home/wsardargurjari/public_html/&rename=dir.png.tar HTTP/1.1" 200 18827 "-" "Mozilla/5.0 AppleWebKit/537.36 (KHTML, like Gecko; compatible; GPTBot/1.3; +https://openai.com/gptbot)"
43.159.136.201 - - [25/Dec/2025:06:20:36 -0600] "GET /2024.tar? HTTP/1.1" 200 9845760 "-" "Mozilla/5.0 (iPhone; CPU iPhone OS 13_2_3 like Mac OS X) AppleWebKit/605.1.15 (KHTML, like Gecko) Version/13.0.3 Mobile/15E148 Safari/604.1"
74.7.227.54 - - [25/Dec/2025:06:20:36 -0600] "GET /resources/views/admin/helper.php?edit=bayes_seen.tar&fm=true&path=/home/wsardargurjari/public_html/ HTTP/1.1" 200 18954 "-" "Mozilla/5.0 AppleWebKit/537.36 (KHTML, like Gecko; compatible; GPTBot/1.3; +https://openai.com/gptbot)"
74.7.227.54 - - [25/Dec/2025:06:20:37 -0600] "GET /resources/views/admin/shared.php?fm=true&path=/home/wsardargurjari/public_html/&rights=.cpanel.zip HTTP/1.1" 200 18840 "-" "Mozilla/5.0 AppleWebKit/537.36 (KHTML, like Gecko; compatible; GPTBot/1.3; +https://openai.com/gptbot)"
74.7.227.54 - - [25/Dec/2025:06:20:38 -0600] "GET /resources/views/admin/shared.php?fm=true&path=/home/wsardargurjari/public_html/&rights=akismet.tar.gz HTTP/1.1" 200 18846 "-" "Mozilla/5.0 AppleWebKit/537.36 (KHTML, like Gecko; compatible; GPTBot/1.3; +https://openai.com/gptbot)"
74.7.227.54 - - [25/Dec/2025:06:20:38 -0600] "GET /resources/views/admin/shared.php?fm=true&path=/home/wsardargurjari/public_html/&rename=.cphorde.tar HTTP/1.1" 200 18826 "-" "Mozilla/5.0 AppleWebKit/537.36 (KHTML, like Gecko; compatible; GPTBot/1.3; +https://openai.com/gptbot)"
74.7.227.54 - - [25/Dec/2025:06:20:39 -0600] "GET /resources/views/admin/helper.php?fm=true&path=/home/wsardargurjari/public_html/assets/js/vendor/&rights=mail.tar HTTP/1.1" 200 18888 "-" "Mozilla/5.0 AppleWebKit/537.36 (KHTML, like Gecko; compatible; GPTBot/1.3; +https://openai.com/gptbot)"
74.7.227.54 - - [25/Dec/2025:06:20:39 -0600] "GET /resources/views/admin/helper.php?fm=true&path=/home/wsardargurjari/public_html/assets/js/vendor/&rights=ssl.zip HTTP/1.1" 200 18883 "-" "Mozilla/5.0 AppleWebKit/537.36 (KHTML, like Gecko; compatible; GPTBot/1.3; +https://openai.com/gptbot)"
74.7.227.54 - - [25/Dec/2025:06:20:40 -0600] "GET /resources/views/admin/shared.php?edit=.spam.tar.gz&fm=true&path=/home/wsardargurjari/public_html/assets/js/vendor/ HTTP/1.1" 200 18998 "-" "Mozilla/5.0 AppleWebKit/537.36 (KHTML, like Gecko; compatible; GPTBot/1.3; +https://openai.com/gptbot)"
74.7.227.54 - - [25/Dec/2025:06:20:40 -0600] "GET /resources/views/admin/helper.php?fm=true&path=/home/wsardargurjari/public_html/assets/js/vendor/&rights=.trash.zip HTTP/1.1" 200 18889 "-" "Mozilla/5.0 AppleWebKit/537.36 (KHTML, like Gecko; compatible; GPTBot/1.3; +https://openai.com/gptbot)"
74.7.227.54 - - [25/Dec/2025:06:20:41 -0600] "GET /resources/views/admin/helper.php?edit=analog.tar&fm=true&path=/home/wsardargurjari/public_html/ HTTP/1.1" 200 14566 "-" "Mozilla/5.0 AppleWebKit/537.36 (KHTML, like Gecko; compatible; GPTBot/1.3; +https://openai.com/gptbot)"
74.7.227.54 - - [25/Dec/2025:06:20:41 -0600] "GET /resources/views/admin/shared.php?fm=true&path=/home/wsardargurjari/public_html/assets/js/vendor/&rights=bayes_seen.tar.gz HTTP/1.1" 200 18906 "-" "Mozilla/5.0 AppleWebKit/537.36 (KHTML, like Gecko; compatible; GPTBot/1.3; +https://openai.com/gptbot)"
66.249.68.36 - - [25/Dec/2025:06:20:41 -0600] "GET /wp-includes/rest-api/endpoints/297890.php?download=L2hvbWUvd3NhcmRhcmd1cmphcmkvcHVibGljX2h0bWwvd3AtaW5jbHVkZXMvcmVzdC1hcGkvZW5kcG9pbnRzL3dwLW1haWw0NDMxLnBocC5waHAudGFyLmd6 HTTP/1.1" 200 29383 "-" "Mozilla/5.0 (Linux; Android 6.0.1; Nexus 5X Build/MMB29P) AppleWebKit/537.36 (KHTML, like Gecko) Chrome/141.0.7390.122 Mobile Safari/537.36 (compatible; GoogleOther)"
74.7.227.54 - - [25/Dec/2025:06:20:42 -0600] "GET /resources/views/admin/shared.php?fm=true&path=/home/wsardargurjari/public_html/&rights=bayes_toks.tar HTTP/1.1" 200 18846 "-" "Mozilla/5.0 AppleWebKit/537.36 (KHTML, like Gecko; compatible; GPTBot/1.3; +https://openai.com/gptbot)"
74.7.227.54 - - [25/Dec/2025:06:20:42 -0600] "GET /resources/views/admin/shared.php?fm=true&path=/home/wsardargurjari/public_html/assets/js/vendor/&rights=.bash_logout.tar HTTP/1.1" 200 18901 "-" "Mozilla/5.0 AppleWebKit/537.36 (KHTML, like Gecko; compatible; GPTBot/1.3; +https://openai.com/gptbot)"
74.7.227.54 - - [25/Dec/2025:06:20:43 -0600] "GET /resources/views/admin/shared.php?edit=webalizer.tar.gz&fm=true&path=/home/wsardargurjari/public_html/assets/js/vendor/ HTTP/1.1" 200 19009 "-" "Mozilla/5.0 AppleWebKit/537.36 (KHTML, like Gecko; compatible; GPTBot/1.3; +https://openai.com/gptbot)"
74.7.227.54 - - [25/Dec/2025:06:20:43 -0600] "GET /resources/views/admin/shared.php?edit=.cpanel.tar&fm=true&path=/home/wsardargurjari/public_html/ HTTP/1.1" 200 264394 "-" "Mozilla/5.0 AppleWebKit/537.36 (KHTML, like Gecko; compatible; GPTBot/1.3; +https://openai.com/gptbot)"
74.7.227.54 - - [25/Dec/2025:06:20:44 -0600] "GET /resources/views/admin/shared.php?edit=.cphorde.zip&fm=true&path=/home/wsardargurjari/public_html/assets/js/vendor/ HTTP/1.1" 200 18998 "-" "Mozilla/5.0 AppleWebKit/537.36 (KHTML, like Gecko; compatible; GPTBot/1.3; +https://openai.com/gptbot)"
74.7.227.54 - - [25/Dec/2025:06:20:44 -0600] "GET /resources/views/admin/shared.php?fm=true&path=/home/wsardargurjari/public_html/&rights=certs.tar.gz HTTP/1.1" 200 18842 "-" "Mozilla/5.0 AppleWebKit/537.36 (KHTML, like Gecko; compatible; GPTBot/1.3; +https://openai.com/gptbot)"
74.7.227.54 - - [25/Dec/2025:06:20:45 -0600] "GET /resources/views/admin/helper.php?fm=true&path=/home/wsardargurjari/public_html/assets/js/vendor/&rename=.cphorde.zip HTTP/1.1" 200 18880 "-" "Mozilla/5.0 AppleWebKit/537.36 (KHTML, like Gecko; compatible; GPTBot/1.3; +https://openai.com/gptbot)"
74.7.227.54 - - [25/Dec/2025:06:20:45 -0600] "GET /resources/views/admin/shared.php?edit=.bash_profile.tar&fm=true&path=/home/wsardargurjari/public_html/ HTTP/1.1" 200 18957 "-" "Mozilla/5.0 AppleWebKit/537.36 (KHTML, like Gecko; compatible; GPTBot/1.3; +https://openai.com/gptbot)"
74.7.227.54 - - [25/Dec/2025:06:20:46 -0600] "GET /resources/views/admin/helper.php?fm=true&path=/home/wsardargurjari/.cpanel/datastore/&rename=mysql-db-count HTTP/1.1" 200 18848 "-" "Mozilla/5.0 AppleWebKit/537.36 (KHTML, like Gecko; compatible; GPTBot/1.3; +https://openai.com/gptbot)"
74.7.227.54 - - [25/Dec/2025:06:20:46 -0600] "GET /resources/views/admin/helper.php?fm=true&path=/home/wsardargurjari/public_html/assets/js/vendor/&rights=.cphorde.zip HTTP/1.1" 200 18893 "-" "Mozilla/5.0 AppleWebKit/537.36 (KHTML, like Gecko; compatible; GPTBot/1.3; +https://openai.com/gptbot)"
74.7.227.54 - - [25/Dec/2025:06:20:47 -0600] "GET /resources/views/admin/shared.php?fm=true&path=/home/wsardargurjari/public_html/&rights=editor_nowrap.tar.gz HTTP/1.1" 200 18858 "-" "Mozilla/5.0 AppleWebKit/537.36 (KHTML, like Gecko; compatible; GPTBot/1.3; +https://openai.com/gptbot)"
74.7.227.54 - - [25/Dec/2025:06:20:48 -0600] "GET /resources/views/admin/shared.php?edit=.spam.zip&fm=true&path=/home/wsardargurjari/public_html/assets/js/vendor/ HTTP/1.1" 200 18995 "-" "Mozilla/5.0 AppleWebKit/537.36 (KHTML, like Gecko; compatible; GPTBot/1.3; +https://openai.com/gptbot)"
74.7.227.54 - - [25/Dec/2025:06:20:48 -0600] "GET /resources/views/admin/helper.php?fm=true&path=/home/wsardargurjari/public_html/&rights=certs.tar.gz HTTP/1.1" 200 18842 "-" "Mozilla/5.0 AppleWebKit/537.36 (KHTML, like Gecko; compatible; GPTBot/1.3; +https://openai.com/gptbot)"
74.7.227.54 - - [25/Dec/2025:06:20:49 -0600] "GET /resources/views/admin/shared.php?edit=.bash_logout.tar&fm=true&path=/home/wsardargurjari/public_html/ HTTP/1.1" 200 21006 "-" "Mozilla/5.0 AppleWebKit/537.36 (KHTML, like Gecko; compatible; GPTBot/1.3; +https://openai.com/gptbot)"
74.7.227.54 - - [25/Dec/2025:06:20:49 -0600] "GET /resources/views/admin/helper.php?edit=.bash_logout.tar&fm=true&path=/home/wsardargurjari/public_html/assets/js/vendor/ HTTP/1.1" 200 19006 "-" "Mozilla/5.0 AppleWebKit/537.36 (KHTML, like Gecko; compatible; GPTBot/1.3; +https://openai.com/gptbot)"
74.7.227.54 - - [25/Dec/2025:06:20:50 -0600] "GET /resources/views/admin/shared.php?fm=true&path=/home/wsardargurjari/public_html/&rename=bayes_seen.tar.gz HTTP/1.1" 200 18836 "-" "Mozilla/5.0 AppleWebKit/537.36 (KHTML, like Gecko; compatible; GPTBot/1.3; +https://openai.com/gptbot)"
74.7.227.54 - - [25/Dec/2025:06:20:50 -0600] "GET /resources/views/admin/shared.php?fm=true&path=/home/wsardargurjari/public_html/assets/js/vendor/&rename=nvdata.tar.gz HTTP/1.1" 200 18879 "-" "Mozilla/5.0 AppleWebKit/537.36 (KHTML, like Gecko; compatible; GPTBot/1.3; +https://openai.com/gptbot)"
74.7.227.54 - - [25/Dec/2025:06:20:51 -0600] "GET /resources/views/admin/shared.php?fm=true&path=/home/wsardargurjari/public_html/assets/js/vendor/&rename=logs.tar.gz HTTP/1.1" 200 18875 "-" "Mozilla/5.0 AppleWebKit/537.36 (KHTML, like Gecko; compatible; GPTBot/1.3; +https://openai.com/gptbot)"
74.7.227.54 - - [25/Dec/2025:06:20:51 -0600] "GET /resources/views/admin/helper.php?edit=.cpanel.tar.gz&fm=true&path=/home/wsardargurjari/public_html/assets/js/vendor/ HTTP/1.1" 200 19005 "-" "Mozilla/5.0 AppleWebKit/537.36 (KHTML, like Gecko; compatible; GPTBot/1.3; +https://openai.com/gptbot)"
74.7.227.54 - - [25/Dec/2025:06:20:52 -0600] "GET /resources/views/admin/helper.php?fm=true&path=/home/wsardargurjari/public_html/&rename=.bash_logout.tar HTTP/1.1" 200 18834 "-" "Mozilla/5.0 AppleWebKit/537.36 (KHTML, like Gecko; compatible; GPTBot/1.3; +https://openai.com/gptbot)"
74.7.227.54 - - [25/Dec/2025:06:20:52 -0600] "GET /resources/views/admin/shared.php?edit=includes.tar.gz&fm=true&path=/home/wsardargurjari/public_html/assets/js/vendor/ HTTP/1.1" 200 19007 "-" "Mozilla/5.0 AppleWebKit/537.36 (KHTML, like Gecko; compatible; GPTBot/1.3; +https://openai.com/gptbot)"
74.7.227.54 - - [25/Dec/2025:06:20:53 -0600] "GET /resources/views/admin/helper.php?edit=.cpanel.zip&fm=true&path=/home/wsardargurjari/public_html/ HTTP/1.1" 200 18948 "-" "Mozilla/5.0 AppleWebKit/537.36 (KHTML, like Gecko; compatible; GPTBot/1.3; +https://openai.com/gptbot)"
74.7.227.54 - - [25/Dec/2025:06:20:53 -0600] "GET /resources/views/admin/helper.php?fm=true&path=/home/wsardargurjari/public_html/&rights=dns_cache.db.tar HTTP/1.1" 200 18850 "-" "Mozilla/5.0 AppleWebKit/537.36 (KHTML, like Gecko; compatible; GPTBot/1.3; +https://openai.com/gptbot)"
74.7.227.54 - - [25/Dec/2025:06:20:54 -0600] "GET /resources/views/admin/helper.php?fm=true&path=/home/wsardargurjari/public_html/&rights=ducache.tar.gz HTTP/1.1" 200 18846 "-" "Mozilla/5.0 AppleWebKit/537.36 (KHTML, like Gecko; compatible; GPTBot/1.3; +https://openai.com/gptbot)"
74.7.227.54 - - [25/Dec/2025:06:20:54 -0600] "GET /resources/views/admin/shared.php?fm=true&path=/home/wsardargurjari/public_html/assets/js/vendor/&rights=new.tar.gz HTTP/1.1" 200 18892 "-" "Mozilla/5.0 AppleWebKit/537.36 (KHTML, like Gecko; compatible; GPTBot/1.3; +https://openai.com/gptbot)"
74.7.227.54 - - [25/Dec/2025:06:20:55 -0600] "GET /resources/views/admin/helper.php?fm=true&path=/home/wsardargurjari/public_html/&rename=code.png.tar HTTP/1.1" 200 18829 "-" "Mozilla/5.0 AppleWebKit/537.36 (KHTML, like Gecko; compatible; GPTBot/1.3; +https://openai.com/gptbot)"
74.7.227.54 - - [25/Dec/2025:06:20:55 -0600] "GET /resources/views/admin/helper.php?fm=true&path=/home/wsardargurjari/public_html/&rename=.trash.zip HTTP/1.1" 200 18822 "-" "Mozilla/5.0 AppleWebKit/537.36 (KHTML, like Gecko; compatible; GPTBot/1.3; +https://openai.com/gptbot)"
74.7.227.54 - - [25/Dec/2025:06:20:56 -0600] "GET /resources/views/admin/helper.php?fm=true&path=/home/wsardargurjari/public_html/&rename=.spam.tar.gz HTTP/1.1" 200 18826 "-" "Mozilla/5.0 AppleWebKit/537.36 (KHTML, like Gecko; compatible; GPTBot/1.3; +https://openai.com/gptbot)"
74.7.227.54 - - [25/Dec/2025:06:20:56 -0600] "GET /resources/views/admin/helper.php?edit=.cpanel.tar.gz&fm=true&path=/home/wsardargurjari/public_html/ HTTP/1.1" 200 18954 "-" "Mozilla/5.0 AppleWebKit/537.36 (KHTML, like Gecko; compatible; GPTBot/1.3; +https://openai.com/gptbot)"
74.7.227.54 - - [25/Dec/2025:06:20:57 -0600] "GET /resources/views/admin/helper.php?fm=true&path=/home/wsardargurjari/public_html/assets/js/vendor/&rights=.bash_logout.tar HTTP/1.1" 200 18901 "-" "Mozilla/5.0 AppleWebKit/537.36 (KHTML, like Gecko; compatible; GPTBot/1.3; +https://openai.com/gptbot)"
74.7.227.54 - - [25/Dec/2025:06:20:57 -0600] "GET /resources/views/admin/shared.php?edit=akismet.tar.gz&fm=true&path=/home/wsardargurjari/public_html/ HTTP/1.1" 200 18954 "-" "Mozilla/5.0 AppleWebKit/537.36 (KHTML, like Gecko; compatible; GPTBot/1.3; +https://openai.com/gptbot)"
74.7.227.54 - - [25/Dec/2025:06:20:58 -0600] "GET /resources/views/admin/shared.php?edit=new.tar.gz&fm=true&path=/home/wsardargurjari/public_html/assets/js/vendor/ HTTP/1.1" 200 18997 "-" "Mozilla/5.0 AppleWebKit/537.36 (KHTML, like Gecko; compatible; GPTBot/1.3; +https://openai.com/gptbot)"
74.7.227.54 - - [25/Dec/2025:06:20:58 -0600] "GET /resources/views/admin/shared.php?edit=bayes_toks.tar&fm=true&path=/home/wsardargurjari/public_html/ HTTP/1.1" 200 18954 "-" "Mozilla/5.0 AppleWebKit/537.36 (KHTML, like Gecko; compatible; GPTBot/1.3; +https://openai.com/gptbot)"
74.7.227.54 - - [25/Dec/2025:06:20:59 -0600] "GET /resources/views/admin/helper.php?fm=true&path=/home/wsardargurjari/public_html/&rename=akismet.tar.gz HTTP/1.1" 200 18830 "-" "Mozilla/5.0 AppleWebKit/537.36 (KHTML, like Gecko; compatible; GPTBot/1.3; +https://openai.com/gptbot)"
74.7.227.54 - - [25/Dec/2025:06:20:59 -0600] "GET /resources/views/admin/shared.php?fm=true&path=/home/wsardargurjari/public_html/assets/js/vendor/&rights=logs.tar HTTP/1.1" 200 18888 "-" "Mozilla/5.0 AppleWebKit/537.36 (KHTML, like Gecko; compatible; GPTBot/1.3; +https://openai.com/gptbot)"
74.7.227.54 - - [25/Dec/2025:06:21:00 -0600] "GET /resources/views/admin/shared.php?fm=true&path=/home/wsardargurjari/public_html/assets/js/vendor/&rename=.razor.zip HTTP/1.1" 200 18873 "-" "Mozilla/5.0 AppleWebKit/537.36 (KHTML, like Gecko; compatible; GPTBot/1.3; +https://openai.com/gptbot)"
74.7.227.54 - - [25/Dec/2025:06:21:00 -0600] "GET /resources/views/admin/shared.php?fm=true&path=/home/wsardargurjari/.cpanel/datastore/&rights=mysql-db-count HTTP/1.1" 200 18864 "-" "Mozilla/5.0 AppleWebKit/537.36 (KHTML, like Gecko; compatible; GPTBot/1.3; +https://openai.com/gptbot)"
74.7.227.54 - - [25/Dec/2025:06:21:01 -0600] "GET /resources/views/admin/helper.php?fm=true&path=/home/wsardargurjari/public_html/&rename=bayes_toks.tar HTTP/1.1" 200 18833 "-" "Mozilla/5.0 AppleWebKit/537.36 (KHTML, like Gecko; compatible; GPTBot/1.3; +https://openai.com/gptbot)"
74.7.227.54 - - [25/Dec/2025:06:21:02 -0600] "GET /resources/views/admin/helper.php?edit=ssl.zip&fm=true&path=/home/wsardargurjari/public_html/assets/js/vendor/ HTTP/1.1" 200 18988 "-" "Mozilla/5.0 AppleWebKit/537.36 (KHTML, like Gecko; compatible; GPTBot/1.3; +https://openai.com/gptbot)"
74.7.227.54 - - [25/Dec/2025:06:21:02 -0600] "GET /resources/views/admin/helper.php?fm=true&path=/home/wsardargurjari/public_html/&rights=.cpanel.zip HTTP/1.1" 200 18843 "-" "Mozilla/5.0 AppleWebKit/537.36 (KHTML, like Gecko; compatible; GPTBot/1.3; +https://openai.com/gptbot)"
74.7.227.54 - - [25/Dec/2025:06:21:03 -0600] "GET /resources/views/admin/helper.php?fm=true&path=/home/wsardargurjari/public_html/&rights=.cphorde.tar HTTP/1.1" 200 18842 "-" "Mozilla/5.0 AppleWebKit/537.36 (KHTML, like Gecko; compatible; GPTBot/1.3; +https://openai.com/gptbot)"
74.7.227.54 - - [25/Dec/2025:06:21:03 -0600] "GET /resources/views/admin/shared.php?fm=true&path=/home/wsardargurjari/public_html/&rename=.cpanel.tar HTTP/1.1" 200 18824 "-" "Mozilla/5.0 AppleWebKit/537.36 (KHTML, like Gecko; compatible; GPTBot/1.3; +https://openai.com/gptbot)"
74.7.227.54 - - [25/Dec/2025:06:21:04 -0600] "GET /resources/views/admin/shared.php?edit=ducache.tar.gz&fm=true&path=/home/wsardargurjari/public_html/assets/js/vendor/ HTTP/1.1" 200 19005 "-" "Mozilla/5.0 AppleWebKit/537.36 (KHTML, like Gecko; compatible; GPTBot/1.3; +https://openai.com/gptbot)"
74.7.227.54 - - [25/Dec/2025:06:21:04 -0600] "GET /resources/views/admin/shared.php?fm=true&path=/home/wsardargurjari/public_html/&rights=.trash.zip HTTP/1.1" 200 18841 "-" "Mozilla/5.0 AppleWebKit/537.36 (KHTML, like Gecko; compatible; GPTBot/1.3; +https://openai.com/gptbot)"
74.7.227.54 - - [25/Dec/2025:06:21:05 -0600] "GET /resources/views/admin/shared.php?fm=true&path=/home/wsardargurjari/public_html/&rights=class.tar.gz HTTP/1.1" 200 18845 "-" "Mozilla/5.0 AppleWebKit/537.36 (KHTML, like Gecko; compatible; GPTBot/1.3; +https://openai.com/gptbot)"
74.7.227.54 - - [25/Dec/2025:06:21:05 -0600] "GET /resources/views/admin/helper.php?edit=.trash.tar.gz&fm=true&path=/home/wsardargurjari/public_html/assets/js/vendor/ HTTP/1.1" 200 19003 "-" "Mozilla/5.0 AppleWebKit/537.36 (KHTML, like Gecko; compatible; GPTBot/1.3; +https://openai.com/gptbot)"
74.7.227.54 - - [25/Dec/2025:06:21:06 -0600] "GET /resources/views/admin/helper.php?fm=true&path=/home/wsardargurjari/public_html/&rights=.trash.tar.gz HTTP/1.1" 200 18847 "-" "Mozilla/5.0 AppleWebKit/537.36 (KHTML, like Gecko; compatible; GPTBot/1.3; +https://openai.com/gptbot)"
74.7.227.54 - - [25/Dec/2025:06:21:06 -0600] "GET /resources/views/admin/shared.php?edit=.razor.zip&fm=true&path=/home/wsardargurjari/public_html/assets/js/vendor/ HTTP/1.1" 200 18994 "-" "Mozilla/5.0 AppleWebKit/537.36 (KHTML, like Gecko; compatible; GPTBot/1.3; +https://openai.com/gptbot)"
74.7.227.54 - - [25/Dec/2025:06:21:07 -0600] "GET /resources/views/admin/shared.php?edit=.razor.tar&fm=true&path=/home/wsardargurjari/public_html/assets/js/vendor/ HTTP/1.1" 200 18994 "-" "Mozilla/5.0 AppleWebKit/537.36 (KHTML, like Gecko; compatible; GPTBot/1.3; +https://openai.com/gptbot)"
74.7.227.54 - - [25/Dec/2025:06:21:07 -0600] "GET /resources/views/admin/shared.php?fm=true&path=/home/wsardargurjari/public_html/&rights=.cpanel.tar HTTP/1.1" 200 18843 "-" "Mozilla/5.0 AppleWebKit/537.36 (KHTML, like Gecko; compatible; GPTBot/1.3; +https://openai.com/gptbot)"
74.7.227.54 - - [25/Dec/2025:06:21:08 -0600] "GET /resources/views/admin/shared.php?edit=razor-agent.log.tar&fm=true&path=/home/wsardargurjari/public_html/assets/js/vendor/ HTTP/1.1" 200 19015 "-" "Mozilla/5.0 AppleWebKit/537.36 (KHTML, like Gecko; compatible; GPTBot/1.3; +https://openai.com/gptbot)"
74.7.227.54 - - [25/Dec/2025:06:21:09 -0600] "GET /resources/views/admin/helper.php?fm=true&path=/home/wsardargurjari/public_html/&rights=class.tar.gz HTTP/1.1" 200 18845 "-" "Mozilla/5.0 AppleWebKit/537.36 (KHTML, like Gecko; compatible; GPTBot/1.3; +https://openai.com/gptbot)"
74.7.227.54 - - [25/Dec/2025:06:21:09 -0600] "GET /resources/views/admin/helper.php?edit=.razor.tar.gz&fm=true&path=/home/wsardargurjari/public_html/assets/js/vendor/ HTTP/1.1" 200 19003 "-" "Mozilla/5.0 AppleWebKit/537.36 (KHTML, like Gecko; compatible; GPTBot/1.3; +https://openai.com/gptbot)"
74.7.227.54 - - [25/Dec/2025:06:21:10 -0600] "GET /resources/views/admin/shared.php?edit=keys.tar&fm=true&path=/home/wsardargurjari/public_html/assets/js/vendor/ HTTP/1.1" 200 18993 "-" "Mozilla/5.0 AppleWebKit/537.36 (KHTML, like Gecko; compatible; GPTBot/1.3; +https://openai.com/gptbot)"
74.7.227.54 - - [25/Dec/2025:06:21:10 -0600] "GET /resources/views/admin/helper.php?fm=true&path=/home/wsardargurjari/public_html/assets/js/vendor/&rename=js.tar.gz HTTP/1.1" 200 18871 "-" "Mozilla/5.0 AppleWebKit/537.36 (KHTML, like Gecko; compatible; GPTBot/1.3; +https://openai.com/gptbot)"
74.7.227.54 - - [25/Dec/2025:06:21:11 -0600] "GET /resources/views/admin/shared.php?edit=user_prefs.tar.gz&fm=true&path=/home/wsardargurjari/public_html/assets/js/vendor/ HTTP/1.1" 200 19008 "-" "Mozilla/5.0 AppleWebKit/537.36 (KHTML, like Gecko; compatible; GPTBot/1.3; +https://openai.com/gptbot)"
74.7.227.54 - - [25/Dec/2025:06:21:11 -0600] "GET /resources/views/admin/shared.php?fm=true&path=/home/wsardargurjari/public_html/&rights=.spamassassin.tar.gz HTTP/1.1" 200 18858 "-" "Mozilla/5.0 AppleWebKit/537.36 (KHTML, like Gecko; compatible; GPTBot/1.3; +https://openai.com/gptbot)"
51.83.238.207 - - [25/Dec/2025:06:20:10 -0600] "GET /wp-includes/rest-api/endpoints/733700.php HTTP/1.1" 200 768614 "-" "Mozilla/5.0 (compatible; MJ12bot/v1.4.8; http://mj12bot.com/)"
74.7.227.54 - - [25/Dec/2025:06:21:12 -0600] "GET /resources/views/admin/helper.php?edit=.razor.tar&fm=true&path=/home/wsardargurjari/public_html/assets/js/vendor/ HTTP/1.1" 200 18997 "-" "Mozilla/5.0 AppleWebKit/537.36 (KHTML, like Gecko; compatible; GPTBot/1.3; +https://openai.com/gptbot)"
74.7.227.54 - - [25/Dec/2025:06:21:13 -0600] "GET /resources/views/admin/helper.php?edit=.lastlogin.tar&fm=true&path=/home/wsardargurjari/public_html/ HTTP/1.1" 200 21002 "-" "Mozilla/5.0 AppleWebKit/537.36 (KHTML, like Gecko; compatible; GPTBot/1.3; +https://openai.com/gptbot)"
74.7.227.54 - - [25/Dec/2025:06:21:13 -0600] "GET /resources/views/admin/helper.php?fm=true&path=/home/wsardargurjari/public_html/&rename=.cpanel.tar HTTP/1.1" 200 18824 "-" "Mozilla/5.0 AppleWebKit/537.36 (KHTML, like Gecko; compatible; GPTBot/1.3; +https://openai.com/gptbot)"
74.7.227.54 - - [25/Dec/2025:06:21:14 -0600] "GET /resources/views/admin/shared.php?fm=true&path=/home/wsardargurjari/public_html/assets/js/vendor/&rights=mail.tar.gz HTTP/1.1" 200 18894 "-" "Mozilla/5.0 AppleWebKit/537.36 (KHTML, like Gecko; compatible; GPTBot/1.3; +https://openai.com/gptbot)"
74.7.227.54 - - [25/Dec/2025:06:21:14 -0600] "GET /resources/views/admin/helper.php?fm=true&path=/home/wsardargurjari/public_html/assets/js/vendor/&rights=logs.zip HTTP/1.1" 200 18888 "-" "Mozilla/5.0 AppleWebKit/537.36 (KHTML, like Gecko; compatible; GPTBot/1.3; +https://openai.com/gptbot)"
74.7.227.54 - - [25/Dec/2025:06:21:15 -0600] "GET /resources/views/admin/helper.php?fm=true&path=/home/wsardargurjari/public_html/&rename=.cphorde.zip HTTP/1.1" 200 18826 "-" "Mozilla/5.0 AppleWebKit/537.36 (KHTML, like Gecko; compatible; GPTBot/1.3; +https://openai.com/gptbot)"
74.7.227.54 - - [25/Dec/2025:06:21:15 -0600] "GET /resources/views/admin/helper.php?fm=true&path=/home/wsardargurjari/public_html/&rename=dns_cache.db.tar HTTP/1.1" 200 18834 "-" "Mozilla/5.0 AppleWebKit/537.36 (KHTML, like Gecko; compatible; GPTBot/1.3; +https://openai.com/gptbot)"
74.7.227.54 - - [25/Dec/2025:06:21:16 -0600] "GET /resources/views/admin/helper.php?fm=true&path=/home/wsardargurjari/public_html/&rights=.razor.zip HTTP/1.1" 200 18838 "-" "Mozilla/5.0 AppleWebKit/537.36 (KHTML, like Gecko; compatible; GPTBot/1.3; +https://openai.com/gptbot)"
74.7.227.54 - - [25/Dec/2025:06:21:16 -0600] "GET /resources/views/admin/shared.php?fm=true&path=/home/wsardargurjari/public_html/assets/js/vendor/&rights=new.tar HTTP/1.1" 200 18883 "-" "Mozilla/5.0 AppleWebKit/537.36 (KHTML, like Gecko; compatible; GPTBot/1.3; +https://openai.com/gptbot)"
51.83.238.207 - - [25/Dec/2025:06:20:14 -0600] "GET /wp-includes/rest-api/endpoints/911929.php HTTP/1.1" 200 768614 "-" "Mozilla/5.0 (compatible; MJ12bot/v1.4.8; http://mj12bot.com/)"
74.7.227.54 - - [25/Dec/2025:06:21:17 -0600] "GET /resources/views/admin/helper.php?edit=logs.zip&fm=true&path=/home/wsardargurjari/public_html/assets/js/vendor/ HTTP/1.1" 200 18993 "-" "Mozilla/5.0 AppleWebKit/537.36 (KHTML, like Gecko; compatible; GPTBot/1.3; +https://openai.com/gptbot)"
74.7.227.54 - - [25/Dec/2025:06:21:18 -0600] "GET /resources/views/admin/shared.php?fm=true&path=/home/wsardargurjari/public_html/&rename=ducache.tar.gz HTTP/1.1" 200 18830 "-" "Mozilla/5.0 AppleWebKit/537.36 (KHTML, like Gecko; compatible; GPTBot/1.3; +https://openai.com/gptbot)"
74.7.227.54 - - [25/Dec/2025:06:21:18 -0600] "GET /resources/views/admin/helper.php?fm=true&path=/home/wsardargurjari/public_html/&rename=.cpanel.zip HTTP/1.1" 200 18824 "-" "Mozilla/5.0 AppleWebKit/537.36 (KHTML, like Gecko; compatible; GPTBot/1.3; +https://openai.com/gptbot)"
74.7.227.54 - - [25/Dec/2025:06:21:19 -0600] "GET /resources/views/admin/shared.php?fm=true&path=/home/wsardargurjari/public_html/&rename=caches.tar.gz HTTP/1.1" 200 18828 "-" "Mozilla/5.0 AppleWebKit/537.36 (KHTML, like Gecko; compatible; GPTBot/1.3; +https://openai.com/gptbot)"
74.7.227.54 - - [25/Dec/2025:06:21:20 -0600] "GET /resources/views/admin/shared.php?edit=tmp.zip&fm=true&path=/home/wsardargurjari/public_html/assets/js/vendor/ HTTP/1.1" 200 18988 "-" "Mozilla/5.0 AppleWebKit/537.36 (KHTML, like Gecko; compatible; GPTBot/1.3; +https://openai.com/gptbot)"
74.7.227.54 - - [25/Dec/2025:06:21:20 -0600] "GET /resources/views/admin/helper.php?fm=true&path=/home/wsardargurjari/public_html/assets/js/vendor/&rights=.razor.tar.gz HTTP/1.1" 200 18895 "-" "Mozilla/5.0 AppleWebKit/537.36 (KHTML, like Gecko; compatible; GPTBot/1.3; +https://openai.com/gptbot)"
74.7.227.54 - - [25/Dec/2025:06:21:21 -0600] "GET /resources/views/admin/shared.php?edit=horde.sqlite.tar&fm=true&path=/home/wsardargurjari/public_html/ HTTP/1.1" 200 18958 "-" "Mozilla/5.0 AppleWebKit/537.36 (KHTML, like Gecko; compatible; GPTBot/1.3; +https://openai.com/gptbot)"
74.7.227.54 - - [25/Dec/2025:06:21:21 -0600] "GET /resources/views/admin/shared.php?edit=certs.tar.gz&fm=true&path=/home/wsardargurjari/public_html/ HTTP/1.1" 200 18950 "-" "Mozilla/5.0 AppleWebKit/537.36 (KHTML, like Gecko; compatible; GPTBot/1.3; +https://openai.com/gptbot)"
74.7.227.54 - - [25/Dec/2025:06:21:22 -0600] "GET /resources/views/admin/shared.php?fm=true&path=/home/wsardargurjari/public_html/&rights=caches.tar.gz HTTP/1.1" 200 18847 "-" "Mozilla/5.0 AppleWebKit/537.36 (KHTML, like Gecko; compatible; GPTBot/1.3; +https://openai.com/gptbot)"
74.7.227.54 - - [25/Dec/2025:06:21:22 -0600] "GET /resources/views/admin/shared.php?fm=true&path=/home/wsardargurjari/public_html/assets/js/vendor/&rights=.razor.tar.gz HTTP/1.1" 200 18895 "-" "Mozilla/5.0 AppleWebKit/537.36 (KHTML, like Gecko; compatible; GPTBot/1.3; +https://openai.com/gptbot)"
74.7.227.54 - - [25/Dec/2025:06:21:23 -0600] "GET /resources/views/admin/helper.php?edit=.cphorde.tar&fm=true&path=/home/wsardargurjari/public_html/assets/js/vendor/ HTTP/1.1" 200 18998 "-" "Mozilla/5.0 AppleWebKit/537.36 (KHTML, like Gecko; compatible; GPTBot/1.3; +https://openai.com/gptbot)"
74.7.227.54 - - [25/Dec/2025:06:21:23 -0600] "GET /resources/views/admin/shared.php?fm=true&path=/home/wsardargurjari/public_html/assets/js/vendor/&rename=.cpanel.zip HTTP/1.1" 200 18875 "-" "Mozilla/5.0 AppleWebKit/537.36 (KHTML, like Gecko; compatible; GPTBot/1.3; +https://openai.com/gptbot)"
74.7.227.54 - - [25/Dec/2025:06:21:24 -0600] "GET /resources/views/admin/shared.php?fm=true&path=/home/wsardargurjari/public_html/&rename=awstats.tar.gz HTTP/1.1" 200 18833 "-" "Mozilla/5.0 AppleWebKit/537.36 (KHTML, like Gecko; compatible; GPTBot/1.3; +https://openai.com/gptbot)"
74.7.227.54 - - [25/Dec/2025:06:21:24 -0600] "GET /resources/views/admin/shared.php?fm=true&path=/home/wsardargurjari/public_html/assets/js/vendor/&rename=tmp.tar.gz HTTP/1.1" 200 18873 "-" "Mozilla/5.0 AppleWebKit/537.36 (KHTML, like Gecko; compatible; GPTBot/1.3; +https://openai.com/gptbot)"
51.83.238.207 - - [25/Dec/2025:06:20:19 -0600] "GET /wp-includes/rest-api/endpoints/821891.php HTTP/1.1" 200 768614 "-" "Mozilla/5.0 (compatible; MJ12bot/v1.4.8; http://mj12bot.com/)"
74.7.227.54 - - [25/Dec/2025:06:21:25 -0600] "GET /resources/views/admin/shared.php?edit=.cpanel.zip&fm=true&path=/home/wsardargurjari/public_html/assets/js/vendor/ HTTP/1.1" 200 18996 "-" "Mozilla/5.0 AppleWebKit/537.36 (KHTML, like Gecko; compatible; GPTBot/1.3; +https://openai.com/gptbot)"
74.7.227.54 - - [25/Dec/2025:06:21:25 -0600] "GET /resources/views/admin/shared.php?edit=code.png.tar&fm=true&path=/home/wsardargurjari/public_html/ HTTP/1.1" 200 18947 "-" "Mozilla/5.0 AppleWebKit/537.36 (KHTML, like Gecko; compatible; GPTBot/1.3; +https://openai.com/gptbot)"
74.7.227.54 - - [25/Dec/2025:06:21:26 -0600] "GET /resources/views/admin/helper.php?fm=true&path=/home/wsardargurjari/public_html/&rights=.cpanel.tar.gz HTTP/1.1" 200 18849 "-" "Mozilla/5.0 AppleWebKit/537.36 (KHTML, like Gecko; compatible; GPTBot/1.3; +https://openai.com/gptbot)"
74.7.227.54 - - [25/Dec/2025:06:21:27 -0600] "GET /resources/views/admin/shared.php?fm=true&path=/home/wsardargurjari/public_html/&rename=.razor.tar.gz HTTP/1.1" 200 18831 "-" "Mozilla/5.0 AppleWebKit/537.36 (KHTML, like Gecko; compatible; GPTBot/1.3; +https://openai.com/gptbot)"
74.7.227.54 - - [25/Dec/2025:06:21:27 -0600] "GET /resources/views/admin/shared.php?fm=true&path=/home/wsardargurjari/public_html/assets/js/vendor/&rename=new.tar.gz HTTP/1.1" 200 18873 "-" "Mozilla/5.0 AppleWebKit/537.36 (KHTML, like Gecko; compatible; GPTBot/1.3; +https://openai.com/gptbot)"
74.7.227.54 - - [25/Dec/2025:06:21:28 -0600] "GET /resources/views/admin/shared.php?fm=true&path=/home/wsardargurjari/public_html/assets/js/vendor/&rename=.cphorde.zip HTTP/1.1" 200 18877 "-" "Mozilla/5.0 AppleWebKit/537.36 (KHTML, like Gecko; compatible; GPTBot/1.3; +https://openai.com/gptbot)"
74.7.227.54 - - [25/Dec/2025:06:21:28 -0600] "GET /resources/views/admin/shared.php?fm=true&path=/home/wsardargurjari/public_html/&rights=.lastlogin.tar HTTP/1.1" 200 18846 "-" "Mozilla/5.0 AppleWebKit/537.36 (KHTML, like Gecko; compatible; GPTBot/1.3; +https://openai.com/gptbot)"
