216.73.216.19 - - [26/Dec/2025:06:25:40 -0600] "GET /wp-content/plugins/woocommerce/includes/wp-json2638.php?fm=true&path=%2Fhome%2Fwsardargurjari%2Fpublic_html%2F&rename=482087.php.tar HTTP/1.1" 200 18834 "-" "Mozilla/5.0 AppleWebKit/537.36 (KHTML, like Gecko; compatible; ClaudeBot/1.0; +claudebot@anthropic.com)"
216.73.216.19 - - [26/Dec/2025:06:25:41 -0600] "GET /wp-content/plugins/woocommerce/includes/wp-load8192.php?fm=true&path=%2Fhome%2Fwsardargurjari%2Fpublic_html%2Fwp-content%2Fthemes%2Ftwentytwenty%2Fassets%2Fjs%2F&rights=wp-mail3496.php HTTP/1.1" 200 18975 "-" "Mozilla/5.0 AppleWebKit/537.36 (KHTML, like Gecko; compatible; ClaudeBot/1.0; +claudebot@anthropic.com)"
216.73.216.19 - - [26/Dec/2025:06:25:41 -0600] "GET /wp-content/plugins/akismet/views/wp-load3667.php?fm=true&path=%2Fhome%2Fwsardargurjari%2Fpublic_html%2Fwp-content%2Fplugins%2Fakismet%2Fviews%2F&rights=wp-mail1447.php HTTP/1.1" 200 18951 "-" "Mozilla/5.0 AppleWebKit/537.36 (KHTML, like Gecko; compatible; ClaudeBot/1.0; +claudebot@anthropic.com)"
216.73.216.19 - - [26/Dec/2025:06:25:41 -0600] "GET /wp-content/plugins/woocommerce/includes/wp-settings5763.php?fm=true&path=%2Fhome%2Fwsardargurjari%2Fpublic_html%2F&rename=434892.php.tar HTTP/1.1" 200 18838 "-" "Mozilla/5.0 AppleWebKit/537.36 (KHTML, like Gecko; compatible; ClaudeBot/1.0; +claudebot@anthropic.com)"
74.7.227.14 - - [26/Dec/2025:06:25:41 -0600] "GET /vendor/laravel/framework/src/699167.php?download=L2hvbWUvd3NhcmRhcmd1cmphcmkvcHVibGljX2h0bWwvdmVuZG9yL2xhcmF2ZWwvZnJhbWV3b3JrL3NyYy93cC1zZXR0aW5nczg3NzYucGhw HTTP/1.1" 200 94991 "-" "Mozilla/5.0 AppleWebKit/537.36 (KHTML, like Gecko; compatible; GPTBot/1.3; +https://openai.com/gptbot)"
216.73.216.19 - - [26/Dec/2025:06:25:41 -0600] "GET /wp-content/plugins/akismet/views/wp-admin2349.php?fm=true&path=%2Fhome%2Fwsardargurjari%2Fpublic_html%2Fstorage%2Fapp%2Fpublic%2F&rights=wp-includes4416.php HTTP/1.1" 200 18918 "-" "Mozilla/5.0 AppleWebKit/537.36 (KHTML, like Gecko; compatible; ClaudeBot/1.0; +claudebot@anthropic.com)"
74.7.227.54 - - [26/Dec/2025:06:25:41 -0600] "GET /resources/views/admin/global.php?download=L2hvbWUvd3NhcmRhcmd1cmphcmkvcHVibGljX2h0bWwvYXNzZXRzL2pzL3ZlbmRvci8xMC5odG1sLnRhcg== HTTP/1.1" 200 - "-" "Mozilla/5.0 AppleWebKit/537.36 (KHTML, like Gecko; compatible; GPTBot/1.3; +https://openai.com/gptbot)"
216.73.216.19 - - [26/Dec/2025:06:25:41 -0600] "GET /wp-content/plugins/akismet/views/wp-admin2349.php?edit=wp-blog-header9336.php.php.tar.gz&fm=true&path=%2Fhome%2Fwsardargurjari%2Fpublic_html%2Fstorage%2Fapp%2Fpublic%2F HTTP/1.1" 200 19057 "-" "Mozilla/5.0 AppleWebKit/537.36 (KHTML, like Gecko; compatible; ClaudeBot/1.0; +claudebot@anthropic.com)"
216.73.216.19 - - [26/Dec/2025:06:25:41 -0600] "GET /wp-content/plugins/woocommerce/includes/wp-blog-header2579.php?fm=true&path=%2Fhome%2Fwsardargurjari%2Fpublic_html%2Fwp-content%2Fthemes%2Ftwentytwenty%2Fassets%2Fjs%2F&rights=wp-settings1822.php.php.tar.gz HTTP/1.1" 200 19012 "-" "Mozilla/5.0 AppleWebKit/537.36 (KHTML, like Gecko; compatible; ClaudeBot/1.0; +claudebot@anthropic.com)"
216.73.216.19 - - [26/Dec/2025:06:25:41 -0600] "GET /wp-content/plugins/woocommerce/includes/339494.php?edit=860217.php.tar&fm=true&path=%2Fhome%2Fwsardargurjari%2Fpublic_html%2F HTTP/1.1" 200 126785 "-" "Mozilla/5.0 AppleWebKit/537.36 (KHTML, like Gecko; compatible; ClaudeBot/1.0; +claudebot@anthropic.com)"
216.73.216.19 - - [26/Dec/2025:06:25:41 -0600] "GET /wp-content/plugins/woocommerce/includes/wp-content5821.php?fm=true&path=%2Fhome%2Fwsardargurjari%2Fpublic_html%2Fwp-content%2Fthemes%2Ftwentytwenty%2Fassets%2Fjs%2F&rename=wp-settings7858.php.php.tar.gz HTTP/1.1" 200 18992 "-" "Mozilla/5.0 AppleWebKit/537.36 (KHTML, like Gecko; compatible; ClaudeBot/1.0; +claudebot@anthropic.com)"
216.73.216.19 - - [26/Dec/2025:06:25:41 -0600] "GET /wp-content/plugins/woocommerce/includes/wp-blog-header2579.php?edit=wp-content7884.php&fm=true&path=%2Fhome%2Fwsardargurjari%2Fpublic_html%2Fwp-content%2Fthemes%2Ftwentytwenty%2Fassets%2Fjs%2F HTTP/1.1" 200 125163 "-" "Mozilla/5.0 AppleWebKit/537.36 (KHTML, like Gecko; compatible; ClaudeBot/1.0; +claudebot@anthropic.com)"
74.7.227.14 - - [26/Dec/2025:06:25:41 -0600] "GET /vendor/laravel/framework/src/241204.php?download=L2hvbWUvd3NhcmRhcmd1cmphcmkvcHVibGljX2h0bWwvdmVuZG9yL2xhcmF2ZWwvZnJhbWV3b3JrL3NyYy93cC1qc29uMTkyNC5waHAudGFy HTTP/1.1" 200 - "-" "Mozilla/5.0 AppleWebKit/537.36 (KHTML, like Gecko; compatible; GPTBot/1.3; +https://openai.com/gptbot)"
216.73.216.19 - - [26/Dec/2025:06:25:41 -0600] "GET /wp-content/plugins/akismet/views/176171.php?edit=webalizer.current.tar&fm=true&path=%2Fhome%2Fwsardargurjari%2Fpublic_html%2Fwp-content%2Fplugins%2Fwoocommerce%2Fincludes%2F HTTP/1.1" 200 19084 "-" "Mozilla/5.0 AppleWebKit/537.36 (KHTML, like Gecko; compatible; ClaudeBot/1.0; +claudebot@anthropic.com)"
74.7.227.54 - - [26/Dec/2025:06:25:41 -0600] "GET /resources/views/admin/global.php?download=L2hvbWUvd3NhcmRhcmd1cmphcmkvcHVibGljX2h0bWwvYXNzZXRzL2pzL3ZlbmRvci85Njc4MjEucGhwLnRhcg== HTTP/1.1" 404 - "-" "Mozilla/5.0 AppleWebKit/537.36 (KHTML, like Gecko; compatible; GPTBot/1.3; +https://openai.com/gptbot)"
216.73.216.19 - - [26/Dec/2025:06:25:41 -0600] "GET /wp-content/plugins/woocommerce/includes/623304.php?fm=true&path=%2Fhome%2Fwsardargurjari%2Fpublic_html%2Fwp-content%2Fthemes%2Ftwentytwenty%2Fassets%2Fjs%2F&rights=wp-includes8217.php HTTP/1.1" 200 18978 "-" "Mozilla/5.0 AppleWebKit/537.36 (KHTML, like Gecko; compatible; ClaudeBot/1.0; +claudebot@anthropic.com)"
216.73.216.19 - - [26/Dec/2025:06:25:42 -0600] "GET /wp-content/plugins/akismet/views/176171.php?fm=true&path=%2Fhome%2Fwsardargurjari%2Fpublic_html%2Fwp-content%2Fplugins%2Fwoocommerce%2Fincludes%2F&rename=127568.php.php.tar.gz HTTP/1.1" 200 18963 "-" "Mozilla/5.0 AppleWebKit/537.36 (KHTML, like Gecko; compatible; ClaudeBot/1.0; +claudebot@anthropic.com)"
216.73.216.19 - - [26/Dec/2025:06:25:42 -0600] "GET /wp-content/plugins/woocommerce/includes/wp-load8192.php?edit=540160.php.tar&fm=true&path=%2Fhome%2Fwsardargurjari%2Fpublic_html%2Fwp-content%2Fthemes%2Ftwentytwenty%2Fassets%2Fjs%2F HTTP/1.1" 200 126915 "-" "Mozilla/5.0 AppleWebKit/537.36 (KHTML, like Gecko; compatible; ClaudeBot/1.0; +claudebot@anthropic.com)"
216.73.216.19 - - [26/Dec/2025:06:25:42 -0600] "GET /wp-content/plugins/akismet/views/wp-load9194.php?fm=true&path=%2Fhome%2Fwsardargurjari%2Fpublic_html%2Fwp-content%2Fplugins%2Fwoocommerce%2Fincludes%2F&rights=541369.php.tar HTTP/1.1" 200 18970 "-" "Mozilla/5.0 AppleWebKit/537.36 (KHTML, like Gecko; compatible; ClaudeBot/1.0; +claudebot@anthropic.com)"
216.73.216.19 - - [26/Dec/2025:06:25:42 -0600] "GET /wp-content/plugins/woocommerce/includes/623304.php?edit=server.c301.cloudmark.com.conf.tar&fm=true&path=%2Fhome%2Fwsardargurjari%2Fpublic_html%2Fwp-content%2Fthemes%2Ftwentytwenty%2Fassets%2Fjs%2F HTTP/1.1" 200 21673 "-" "Mozilla/5.0 AppleWebKit/537.36 (KHTML, like Gecko; compatible; ClaudeBot/1.0; +claudebot@anthropic.com)"
74.7.227.14 - - [26/Dec/2025:06:25:42 -0600] "GET /vendor/laravel/framework/src/774715.php?download=L2hvbWUvd3NhcmRhcmd1cmphcmkvcHVibGljX2h0bWwvdmVuZG9yL2xhcmF2ZWwvZnJhbWV3b3JrL3NyYy93cC1sb2FkMzY4OS5waHAudGFy HTTP/1.1" 200 96768 "-" "Mozilla/5.0 AppleWebKit/537.36 (KHTML, like Gecko; compatible; GPTBot/1.3; +https://openai.com/gptbot)"
216.73.216.19 - - [26/Dec/2025:06:25:42 -0600] "GET /wp-content/plugins/woocommerce/includes/339494.php?edit=559269.php.tar&fm=true&path=%2Fhome%2Fwsardargurjari%2Fpublic_html%2F HTTP/1.1" 200 126785 "-" "Mozilla/5.0 AppleWebKit/537.36 (KHTML, like Gecko; compatible; ClaudeBot/1.0; +claudebot@anthropic.com)"
74.7.227.54 - - [26/Dec/2025:06:25:42 -0600] "GET /resources/views/admin/global.php?download=L2hvbWUvd3NhcmRhcmd1cmphcmkvcHVibGljX2h0bWwvYXNzZXRzL2pzL3ZlbmRvci82MDc2NTIucGhwLnRhcg== HTTP/1.1" 200 - "-" "Mozilla/5.0 AppleWebKit/537.36 (KHTML, like Gecko; compatible; GPTBot/1.3; +https://openai.com/gptbot)"
216.73.216.19 - - [26/Dec/2025:06:25:42 -0600] "GET /wp-content/plugins/woocommerce/includes/wp-content2137.php?fm=true&path=%2Fhome%2Fwsardargurjari%2Fpublic_html%2Fwp-content%2Fthemes%2Ftwentytwenty%2Fassets%2Fjs%2F&rights=wp-load7153.php.tar HTTP/1.1" 200 18986 "-" "Mozilla/5.0 AppleWebKit/537.36 (KHTML, like Gecko; compatible; ClaudeBot/1.0; +claudebot@anthropic.com)"
216.73.216.19 - - [26/Dec/2025:06:25:42 -0600] "GET /public/js/components/shared.php?fm=true&path=%2Fhome%2Fwsardargurjari%2Fpublic_html%2Fwp-content%2Fplugins%2Fwoocommerce%2Fincludes%2F&rights=email_accounts.json.tar HTTP/1.1" 200 18983 "-" "Mozilla/5.0 AppleWebKit/537.36 (KHTML, like Gecko; compatible; ClaudeBot/1.0; +claudebot@anthropic.com)"
216.73.216.19 - - [26/Dec/2025:06:25:42 -0600] "GET /wp-content/plugins/woocommerce/includes/wp-blog-header2579.php?edit=wp-settings4746.php&fm=true&path=%2Fhome%2Fwsardargurjari%2Fpublic_html%2Fwp-content%2Fthemes%2Ftwentytwenty%2Fassets%2Fjs%2F HTTP/1.1" 200 125165 "-" "Mozilla/5.0 AppleWebKit/537.36 (KHTML, like Gecko; compatible; ClaudeBot/1.0; +claudebot@anthropic.com)"
216.73.216.19 - - [26/Dec/2025:06:25:42 -0600] "GET /storage/app/public/wp-config7979.php?edit=wp-json4685.php&fm=true&path=%2Fhome%2Fwsardargurjari%2Fpublic_html%2Fwp-content%2Fplugins%2Fakismet%2Fviews%2F HTTP/1.1" 200 19065 "-" "Mozilla/5.0 AppleWebKit/537.36 (KHTML, like Gecko; compatible; ClaudeBot/1.0; +claudebot@anthropic.com)"
216.73.216.19 - - [26/Dec/2025:06:25:42 -0600] "GET /wp-content/plugins/akismet/views/wp-admin2349.php?edit=wp-mail6155.php.tar&fm=true&path=%2Fhome%2Fwsardargurjari%2Fpublic_html%2Fstorage%2Fapp%2Fpublic%2F HTTP/1.1" 200 19029 "-" "Mozilla/5.0 AppleWebKit/537.36 (KHTML, like Gecko; compatible; ClaudeBot/1.0; +claudebot@anthropic.com)"
74.7.227.14 - - [26/Dec/2025:06:25:42 -0600] "GET /vendor/laravel/framework/src/879814.php?download=L2hvbWUvd3NhcmRhcmd1cmphcmkvcHVibGljX2h0bWwvdmVuZG9yL2xhcmF2ZWwvZnJhbWV3b3JrL3NyYy93cC1jcm9uODM5OS5waHAudGFy HTTP/1.1" 200 - "-" "Mozilla/5.0 AppleWebKit/537.36 (KHTML, like Gecko; compatible; GPTBot/1.3; +https://openai.com/gptbot)"
216.73.216.19 - - [26/Dec/2025:06:25:42 -0600] "GET /wp-content/uploads/2024/wp-settings9272.php?fm=true&path=%2Fhome%2Fwsardargurjari%2Fpublic_html%2Fwp-content%2Fplugins%2Fakismet%2Fviews%2F&rights=8.html.html.tar.gz HTTP/1.1" 200 18961 "-" "Mozilla/5.0 AppleWebKit/537.36 (KHTML, like Gecko; compatible; ClaudeBot/1.0; +claudebot@anthropic.com)"
74.7.227.54 - - [26/Dec/2025:06:25:42 -0600] "GET /resources/views/admin/common.php?download=L2hvbWUvd3NhcmRhcmd1cmphcmkvcHVibGljX2h0bWwvYXNzZXRzL2pzL3ZlbmRvci84NDE3OTgucGhwLnRhcg== HTTP/1.1" 404 - "-" "Mozilla/5.0 AppleWebKit/537.36 (KHTML, like Gecko; compatible; GPTBot/1.3; +https://openai.com/gptbot)"
216.73.216.19 - - [26/Dec/2025:06:25:43 -0600] "GET /wp-content/plugins/woocommerce/includes/wp-blog-header2731.php?fm=true&path=%2Fhome%2Fwsardargurjari%2Fpublic_html%2Fwp-content%2Fplugins%2Fakismet%2Fviews%2F&rename=wp-cron3484.php HTTP/1.1" 200 18942 "-" "Mozilla/5.0 AppleWebKit/537.36 (KHTML, like Gecko; compatible; ClaudeBot/1.0; +claudebot@anthropic.com)"
216.73.216.19 - - [26/Dec/2025:06:25:43 -0600] "GET /wp-content/plugins/woocommerce/includes/wp-json2638.php?edit=caches.zip&fm=true&path=%2Fhome%2Fwsardargurjari%2Fpublic_html%2F HTTP/1.1" 200 18955 "-" "Mozilla/5.0 AppleWebKit/537.36 (KHTML, like Gecko; compatible; ClaudeBot/1.0; +claudebot@anthropic.com)"
216.73.216.19 - - [26/Dec/2025:06:25:43 -0600] "GET /wp-content/plugins/woocommerce/includes/wp-blog-header2579.php?edit=wp-load6986.php.tar&fm=true&path=%2Fhome%2Fwsardargurjari%2Fpublic_html%2Fwp-content%2Fthemes%2Ftwentytwenty%2Fassets%2Fjs%2F HTTP/1.1" 200 126942 "-" "Mozilla/5.0 AppleWebKit/537.36 (KHTML, like Gecko; compatible; ClaudeBot/1.0; +claudebot@anthropic.com)"
216.73.216.19 - - [26/Dec/2025:06:25:43 -0600] "GET /wp-content/plugins/woocommerce/includes/wp-settings5763.php?fm=true&path=%2Fhome%2Fwsardargurjari%2Fpublic_html%2F&rename=870102.php.tar HTTP/1.1" 200 18838 "-" "Mozilla/5.0 AppleWebKit/537.36 (KHTML, like Gecko; compatible; ClaudeBot/1.0; +claudebot@anthropic.com)"
216.73.216.19 - - [26/Dec/2025:06:25:43 -0600] "GET /wp-content/plugins/woocommerce/includes/wp-admin1197.php?edit=.razor.tar.gz&fm=true&path=%2Fhome%2Fwsardargurjari%2Fpublic_html%2Fwp-content%2Fplugins%2Fakismet%2Fviews%2F HTTP/1.1" 200 19059 "-" "Mozilla/5.0 AppleWebKit/537.36 (KHTML, like Gecko; compatible; ClaudeBot/1.0; +claudebot@anthropic.com)"
216.73.216.19 - - [26/Dec/2025:06:25:43 -0600] "GET /wp-content/plugins/woocommerce/includes/623304.php?edit=wp-cron6743.php&fm=true&path=%2Fhome%2Fwsardargurjari%2Fpublic_html%2Fwp-content%2Fthemes%2Ftwentytwenty%2Fassets%2Fjs%2F HTTP/1.1" 200 19075 "-" "Mozilla/5.0 AppleWebKit/537.36 (KHTML, like Gecko; compatible; ClaudeBot/1.0; +claudebot@anthropic.com)"
74.7.227.54 - - [26/Dec/2025:06:25:43 -0600] "GET /resources/views/admin/global.php?download=L2hvbWUvd3NhcmRhcmd1cmphcmkvcHVibGljX2h0bWwvYXNzZXRzL2pzL3ZlbmRvci81Mjk4ODYucGhwLnRhcg== HTTP/1.1" 200 - "-" "Mozilla/5.0 AppleWebKit/537.36 (KHTML, like Gecko; compatible; GPTBot/1.3; +https://openai.com/gptbot)"
74.7.227.14 - - [26/Dec/2025:06:25:43 -0600] "GET /vendor/laravel/framework/src/205778.php?download=L2hvbWUvd3NhcmRhcmd1cmphcmkvcHVibGljX2h0bWwvdmVuZG9yL2xhcmF2ZWwvZnJhbWV3b3JrL3NyYy93cC1sb2FkOTM1MS5waHAudGFy HTTP/1.1" 200 - "-" "Mozilla/5.0 AppleWebKit/537.36 (KHTML, like Gecko; compatible; GPTBot/1.3; +https://openai.com/gptbot)"
216.73.216.19 - - [26/Dec/2025:06:25:43 -0600] "GET /wp-content/uploads/2024/util.php?edit=456750.php.php.tar.gz&fm=true&path=%2Fhome%2Fwsardargurjari%2Fpublic_html%2Fwp-content%2Fthemes%2Ftwentytwenty%2Fassets%2Fjs%2F HTTP/1.1" 200 19083 "-" "Mozilla/5.0 AppleWebKit/537.36 (KHTML, like Gecko; compatible; ClaudeBot/1.0; +claudebot@anthropic.com)"
216.73.216.19 - - [26/Dec/2025:06:25:43 -0600] "GET /wp-content/plugins/woocommerce/includes/wp-content2137.php?fm=true&path=%2Fhome%2Fwsardargurjari%2Fpublic_html%2Fwp-content%2Fthemes%2Ftwentytwenty%2Fassets%2Fjs%2F&rights=wp-json2578.php HTTP/1.1" 200 18978 "-" "Mozilla/5.0 AppleWebKit/537.36 (KHTML, like Gecko; compatible; ClaudeBot/1.0; +claudebot@anthropic.com)"
216.73.216.19 - - [26/Dec/2025:06:25:43 -0600] "GET /wp-content/plugins/woocommerce/includes/wp-config6976.php?edit=199283.php.php.tar.gz&fm=true&path=%2Fhome%2Fwsardargurjari%2Fpublic_html%2Fwp-content%2Fthemes%2Ftwentytwenty%2Fassets%2Fjs%2F HTTP/1.1" 200 19101 "-" "Mozilla/5.0 AppleWebKit/537.36 (KHTML, like Gecko; compatible; ClaudeBot/1.0; +claudebot@anthropic.com)"
216.73.216.19 - - [26/Dec/2025:06:25:43 -0600] "GET /wp-content/plugins/woocommerce/includes/wp-settings1567.php?edit=wp-cron7830.php.tar&fm=true&path=%2Fhome%2Fwsardargurjari%2Fpublic_html%2Fwp-content%2Fthemes%2Ftwentytwenty%2Fassets%2Fjs%2F HTTP/1.1" 200 19101 "-" "Mozilla/5.0 AppleWebKit/537.36 (KHTML, like Gecko; compatible; ClaudeBot/1.0; +claudebot@anthropic.com)"
216.73.216.19 - - [26/Dec/2025:06:25:43 -0600] "GET /wp-content/cache/plugins/284768.php?fm=true&path=%2Fhome%2Fwsardargurjari%2Ftmp%2Fwebalizer%2Fssl%2Fsardargurjari.com%2F&rename=webalizer.current HTTP/1.1" 200 18910 "-" "Mozilla/5.0 AppleWebKit/537.36 (KHTML, like Gecko; compatible; ClaudeBot/1.0; +claudebot@anthropic.com)"
74.7.227.54 - - [26/Dec/2025:06:25:43 -0600] "GET /resources/views/admin/common.php?download=L2hvbWUvd3NhcmRhcmd1cmphcmkvcHVibGljX2h0bWwvYXNzZXRzL2pzL3ZlbmRvci80OTc2MDAucGhwLnRhcg== HTTP/1.1" 404 - "-" "Mozilla/5.0 AppleWebKit/537.36 (KHTML, like Gecko; compatible; GPTBot/1.3; +https://openai.com/gptbot)"
216.73.216.19 - - [26/Dec/2025:06:25:44 -0600] "GET /wp-content/plugins/woocommerce/includes/wp-settings1567.php?edit=wp-cron3934.php&fm=true&path=%2Fhome%2Fwsardargurjari%2Fpublic_html%2Fwp-content%2Fthemes%2Ftwentytwenty%2Fassets%2Fjs%2F HTTP/1.1" 200 125148 "-" "Mozilla/5.0 AppleWebKit/537.36 (KHTML, like Gecko; compatible; ClaudeBot/1.0; +claudebot@anthropic.com)"
74.7.227.14 - - [26/Dec/2025:06:25:44 -0600] "GET /vendor/laravel/framework/src/176817.php?download=L2hvbWUvd3NhcmRhcmd1cmphcmkvcHVibGljX2h0bWwvdmVuZG9yL2xhcmF2ZWwvZnJhbWV3b3JrL3NyYy93cC1jcm9uNDY0MC5waHAudGFy HTTP/1.1" 200 96768 "-" "Mozilla/5.0 AppleWebKit/537.36 (KHTML, like Gecko; compatible; GPTBot/1.3; +https://openai.com/gptbot)"
216.73.216.19 - - [26/Dec/2025:06:25:44 -0600] "GET /wp-content/plugins/woocommerce/includes/wp-content7551.php?fm=true&path=%2Fhome%2Fwsardargurjari%2Fpublic_html%2Fwp-content%2Fthemes%2Ftwentytwenty%2Fassets%2Fjs%2F&rights=896060.php.php.tar.gz HTTP/1.1" 200 18990 "-" "Mozilla/5.0 AppleWebKit/537.36 (KHTML, like Gecko; compatible; ClaudeBot/1.0; +claudebot@anthropic.com)"
216.73.216.19 - - [26/Dec/2025:06:25:44 -0600] "GET /wp-content/plugins/woocommerce/includes/wp-content9758.php?fm=true&path=%2Fhome%2Fwsardargurjari%2Fpublic_html%2F&rights=182681.php.tar HTTP/1.1" 200 18853 "-" "Mozilla/5.0 AppleWebKit/537.36 (KHTML, like Gecko; compatible; ClaudeBot/1.0; +claudebot@anthropic.com)"
216.73.216.19 - - [26/Dec/2025:06:25:44 -0600] "GET /wp-content/plugins/woocommerce/includes/wp-settings1567.php?fm=true&path=%2Fhome%2Fwsardargurjari%2Fpublic_html%2Fwp-content%2Fthemes%2Ftwentytwenty%2Fassets%2Fjs%2F&rights=482087.php.php.tar.gz HTTP/1.1" 200 18991 "-" "Mozilla/5.0 AppleWebKit/537.36 (KHTML, like Gecko; compatible; ClaudeBot/1.0; +claudebot@anthropic.com)"
216.73.216.19 - - [26/Dec/2025:06:25:44 -0600] "GET /wp-content/plugins/woocommerce/includes/wp-admin1197.php?fm=true&path=%2Fhome%2Fwsardargurjari%2Fpublic_html%2Fwp-content%2Fplugins%2Fakismet%2Fviews%2F&rename=.Sent.tar HTTP/1.1" 200 18924 "-" "Mozilla/5.0 AppleWebKit/537.36 (KHTML, like Gecko; compatible; ClaudeBot/1.0; +claudebot@anthropic.com)"
216.73.216.19 - - [26/Dec/2025:06:25:44 -0600] "GET /wp-content/plugins/woocommerce/includes/wp-json2638.php?fm=true&path=%2Fhome%2Fwsardargurjari%2Fpublic_html%2F&rename=936484.php.tar HTTP/1.1" 200 18834 "-" "Mozilla/5.0 AppleWebKit/537.36 (KHTML, like Gecko; compatible; ClaudeBot/1.0; +claudebot@anthropic.com)"
74.7.227.54 - - [26/Dec/2025:06:25:44 -0600] "GET /resources/views/admin/global.php?download=L2hvbWUvd3NhcmRhcmd1cmphcmkvcHVibGljX2h0bWwvYXNzZXRzL2pzL3ZlbmRvci85MTc1NDEucGhwLnRhcg== HTTP/1.1" 200 - "-" "Mozilla/5.0 AppleWebKit/537.36 (KHTML, like Gecko; compatible; GPTBot/1.3; +https://openai.com/gptbot)"
216.73.216.19 - - [26/Dec/2025:06:25:44 -0600] "GET /wp-content/plugins/woocommerce/includes/339494.php?edit=components.tar&fm=true&path=%2Fhome%2Fwsardargurjari%2Fpublic_html%2F HTTP/1.1" 200 14566 "-" "Mozilla/5.0 AppleWebKit/537.36 (KHTML, like Gecko; compatible; ClaudeBot/1.0; +claudebot@anthropic.com)"
74.7.227.14 - - [26/Dec/2025:06:25:44 -0600] "GET /vendor/laravel/framework/src/411965.php?download=L2hvbWUvd3NhcmRhcmd1cmphcmkvcHVibGljX2h0bWwvdmVuZG9yL2xhcmF2ZWwvZnJhbWV3b3JrL3NyYy93cC1qc29uNzYxMy5waHAudGFy HTTP/1.1" 200 96768 "-" "Mozilla/5.0 AppleWebKit/537.36 (KHTML, like Gecko; compatible; GPTBot/1.3; +https://openai.com/gptbot)"
216.73.216.19 - - [26/Dec/2025:06:25:44 -0600] "GET /wp-content/plugins/woocommerce/includes/wp-includes1261.php?fm=true&path=%2Fhome%2Fwsardargurjari%2Fpublic_html%2Fwp-content%2Fthemes%2Ftwentytwenty%2Fassets%2Fjs%2F&rename=935049.php.php.tar.gz HTTP/1.1" 200 18975 "-" "Mozilla/5.0 AppleWebKit/537.36 (KHTML, like Gecko; compatible; ClaudeBot/1.0; +claudebot@anthropic.com)"
216.73.216.19 - - [26/Dec/2025:06:25:44 -0600] "GET /wp-content/plugins/woocommerce/includes/wp-config6976.php?edit=386111.php.php.tar.gz&fm=true&path=%2Fhome%2Fwsardargurjari%2Fpublic_html%2Fwp-content%2Fthemes%2Ftwentytwenty%2Fassets%2Fjs%2F HTTP/1.1" 200 19101 "-" "Mozilla/5.0 AppleWebKit/537.36 (KHTML, like Gecko; compatible; ClaudeBot/1.0; +claudebot@anthropic.com)"
216.73.216.19 - - [26/Dec/2025:06:25:44 -0600] "GET /wp-content/plugins/woocommerce/includes/wp-content2137.php?fm=true&path=%2Fhome%2Fwsardargurjari%2Fpublic_html%2Fwp-content%2Fthemes%2Ftwentytwenty%2Fassets%2Fjs%2F&rights=707124.php.php.tar.gz HTTP/1.1" 200 18990 "-" "Mozilla/5.0 AppleWebKit/537.36 (KHTML, like Gecko; compatible; ClaudeBot/1.0; +claudebot@anthropic.com)"
216.73.216.19 - - [26/Dec/2025:06:25:44 -0600] "GET /wp-content/plugins/woocommerce/includes/wp-settings1567.php?fm=true&path=%2Fhome%2Fwsardargurjari%2Fpublic_html%2Fwp-content%2Fthemes%2Ftwentytwenty%2Fassets%2Fjs%2F&rights=657114.php.php.tar.gz HTTP/1.1" 200 18991 "-" "Mozilla/5.0 AppleWebKit/537.36 (KHTML, like Gecko; compatible; ClaudeBot/1.0; +claudebot@anthropic.com)"
74.7.227.14 - - [26/Dec/2025:06:25:45 -0600] "GET /vendor/laravel/framework/src/699167.php?download=L2hvbWUvd3NhcmRhcmd1cmphcmkvcHVibGljX2h0bWwvdmVuZG9yL2xhcmF2ZWwvZnJhbWV3b3JrL3NyYy93cC1jcm9uNTU1Ny5waHAudGFy HTTP/1.1" 200 96768 "-" "Mozilla/5.0 AppleWebKit/537.36 (KHTML, like Gecko; compatible; GPTBot/1.3; +https://openai.com/gptbot)"
216.73.216.19 - - [26/Dec/2025:06:25:45 -0600] "GET /wp-content/plugins/woocommerce/includes/wp-blog-header9744.php?fm=true&path=%2Fhome%2Fwsardargurjari%2Fpublic_html%2Fwp-content%2Fthemes%2Ftwentytwenty%2Fassets%2Fjs%2F&rights=wp-includes7183.php HTTP/1.1" 200 18990 "-" "Mozilla/5.0 AppleWebKit/537.36 (KHTML, like Gecko; compatible; ClaudeBot/1.0; +claudebot@anthropic.com)"
74.7.227.54 - - [26/Dec/2025:06:25:45 -0600] "GET /resources/views/admin/common.php?download=L2hvbWUvd3NhcmRhcmd1cmphcmkvcHVibGljX2h0bWwvYXNzZXRzL2pzL3ZlbmRvci81MDc5NTUucGhwLnRhcg== HTTP/1.1" 200 - "-" "Mozilla/5.0 AppleWebKit/537.36 (KHTML, like Gecko; compatible; GPTBot/1.3; +https://openai.com/gptbot)"
216.73.216.19 - - [26/Dec/2025:06:25:45 -0600] "GET /wp-content/plugins/woocommerce/includes/wp-settings1567.php?fm=true&path=%2Fhome%2Fwsardargurjari%2Fpublic_html%2Fwp-content%2Fthemes%2Ftwentytwenty%2Fassets%2Fjs%2F&rename=wp-settings7858.php.php.tar.gz HTTP/1.1" 200 18993 "-" "Mozilla/5.0 AppleWebKit/537.36 (KHTML, like Gecko; compatible; ClaudeBot/1.0; +claudebot@anthropic.com)"
216.73.216.19 - - [26/Dec/2025:06:25:45 -0600] "GET /public/js/components/wp-mail5421.php?fm=true&path=%2Fhome%2Fwsardargurjari%2Fpublic_html%2Fassets%2Fcss%2Fthemes%2F&rights=wp-mail4156.php.php.tar.gz HTTP/1.1" 200 18928 "-" "Mozilla/5.0 AppleWebKit/537.36 (KHTML, like Gecko; compatible; ClaudeBot/1.0; +claudebot@anthropic.com)"
216.73.216.19 - - [26/Dec/2025:06:25:45 -0600] "GET /wp-content/plugins/woocommerce/includes/wp-load8192.php?edit=634023.php&fm=true&path=%2Fhome%2Fwsardargurjari%2Fpublic_html%2Fwp-content%2Fthemes%2Ftwentytwenty%2Fassets%2Fjs%2F HTTP/1.1" 200 125133 "-" "Mozilla/5.0 AppleWebKit/537.36 (KHTML, like Gecko; compatible; ClaudeBot/1.0; +claudebot@anthropic.com)"
216.73.216.19 - - [26/Dec/2025:06:25:45 -0600] "GET /wp-content/plugins/woocommerce/includes/wp-settings5763.php?fm=true&path=%2Fhome%2Fwsardargurjari%2Fpublic_html%2F&rights=.bash_logout.bash_logout.tar.gz HTTP/1.1" 200 18888 "-" "Mozilla/5.0 AppleWebKit/537.36 (KHTML, like Gecko; compatible; ClaudeBot/1.0; +claudebot@anthropic.com)"
216.73.216.19 - - [26/Dec/2025:06:25:45 -0600] "GET /wp-content/plugins/woocommerce/includes/623304.php?fm=true&path=%2Fhome%2Fwsardargurjari%2Fpublic_html%2Fwp-content%2Fthemes%2Ftwentytwenty%2Fassets%2Fjs%2F&rights=wp-admin6077.php HTTP/1.1" 200 18972 "-" "Mozilla/5.0 AppleWebKit/537.36 (KHTML, like Gecko; compatible; ClaudeBot/1.0; +claudebot@anthropic.com)"
74.7.227.14 - - [26/Dec/2025:06:25:45 -0600] "GET /vendor/laravel/framework/src/241204.php?download=L2hvbWUvd3NhcmRhcmd1cmphcmkvcHVibGljX2h0bWwvdmVuZG9yL2xhcmF2ZWwvZnJhbWV3b3JrL3NyYy93cC1qc29uODcyMy5waHAudGFy HTTP/1.1" 200 96768 "-" "Mozilla/5.0 AppleWebKit/537.36 (KHTML, like Gecko; compatible; GPTBot/1.3; +https://openai.com/gptbot)"
216.73.216.19 - - [26/Dec/2025:06:25:45 -0600] "GET /wp-content/plugins/woocommerce/includes/339494.php?fm=true&path=%2Fhome%2Fwsardargurjari%2Fpublic_html%2F&rename=681409.php.php.tar.gz HTTP/1.1" 200 18843 "-" "Mozilla/5.0 AppleWebKit/537.36 (KHTML, like Gecko; compatible; ClaudeBot/1.0; +claudebot@anthropic.com)"
74.7.227.54 - - [26/Dec/2025:06:25:45 -0600] "GET /resources/views/admin/common.php?download=L2hvbWUvd3NhcmRhcmd1cmphcmkvcHVibGljX2h0bWwvYXNzZXRzL2pzL3ZlbmRvci85NDQ3ODgucGhwLnRhcg== HTTP/1.1" 200 - "-" "Mozilla/5.0 AppleWebKit/537.36 (KHTML, like Gecko; compatible; GPTBot/1.3; +https://openai.com/gptbot)"
216.73.216.19 - - [26/Dec/2025:06:25:45 -0600] "GET /wp-content/plugins/woocommerce/includes/wp-content5821.php?fm=true&path=%2Fhome%2Fwsardargurjari%2Fpublic_html%2Fwp-content%2Fthemes%2Ftwentytwenty%2Fassets%2Fjs%2F&rights=482087.php.php.tar.gz HTTP/1.1" 200 18990 "-" "Mozilla/5.0 AppleWebKit/537.36 (KHTML, like Gecko; compatible; ClaudeBot/1.0; +claudebot@anthropic.com)"
216.73.216.19 - - [26/Dec/2025:06:25:45 -0600] "GET /wp-content/plugins/woocommerce/includes/wp-config1775.php?fm=true&path=%2Fhome%2Fwsardargurjari%2Fpublic_html%2Fwp-content%2Fplugins%2Fakismet%2Fviews%2F&rename=466871.php HTTP/1.1" 200 18927 "-" "Mozilla/5.0 AppleWebKit/537.36 (KHTML, like Gecko; compatible; ClaudeBot/1.0; +claudebot@anthropic.com)"
216.73.216.19 - - [26/Dec/2025:06:25:45 -0600] "GET /wp-content/plugins/akismet/views/wp-load9194.php?fm=true&path=%2Fhome%2Fwsardargurjari%2Fpublic_html%2Fwp-content%2Fplugins%2Fwoocommerce%2F&rights=includes HTTP/1.1" 200 19022 "-" "Mozilla/5.0 AppleWebKit/537.36 (KHTML, like Gecko; compatible; ClaudeBot/1.0; +claudebot@anthropic.com)"
216.73.216.19 - - [26/Dec/2025:06:25:45 -0600] "GET /public/js/components/shared.php?fm=true&path=%2Fhome%2Fwsardargurjari%2Fpublic_html%2Fwp-content%2Fplugins%2Fwoocommerce%2Fincludes%2F&rename=mysql-db-count.tar HTTP/1.1" 200 18957 "-" "Mozilla/5.0 AppleWebKit/537.36 (KHTML, like Gecko; compatible; ClaudeBot/1.0; +claudebot@anthropic.com)"
216.73.216.19 - - [26/Dec/2025:06:25:46 -0600] "GET /wp-content/plugins/woocommerce/includes/wp-content5821.php?edit=273686.php.tar&fm=true&path=%2Fhome%2Fwsardargurjari%2Fpublic_html%2Fwp-content%2Fthemes%2Ftwentytwenty%2Fassets%2Fjs%2F HTTP/1.1" 200 126924 "-" "Mozilla/5.0 AppleWebKit/537.36 (KHTML, like Gecko; compatible; ClaudeBot/1.0; +claudebot@anthropic.com)"
74.7.227.54 - - [26/Dec/2025:06:25:46 -0600] "GET /resources/views/admin/global.php?download=L2hvbWUvd3NhcmRhcmd1cmphcmkvcHVibGljX2h0bWwvYXNzZXRzL2pzL3ZlbmRvci83NDU1ODAucGhwLnRhcg== HTTP/1.1" 200 - "-" "Mozilla/5.0 AppleWebKit/537.36 (KHTML, like Gecko; compatible; GPTBot/1.3; +https://openai.com/gptbot)"
74.7.227.14 - - [26/Dec/2025:06:25:46 -0600] "GET /vendor/laravel/framework/src/699167.php?download=L2hvbWUvd3NhcmRhcmd1cmphcmkvcHVibGljX2h0bWwvdmVuZG9yL2xhcmF2ZWwvZnJhbWV3b3JrL3NyYy93cC1qc29uMjExNi5waHAudGFy HTTP/1.1" 200 - "-" "Mozilla/5.0 AppleWebKit/537.36 (KHTML, like Gecko; compatible; GPTBot/1.3; +https://openai.com/gptbot)"
216.73.216.19 - - [26/Dec/2025:06:25:46 -0600] "GET /wp-content/plugins/woocommerce/includes/wp-config1775.php?fm=true&path=%2Fhome%2Fwsardargurjari%2Fpublic_html%2Fwp-content%2Fplugins%2Fakismet%2Fviews%2F&rename=error_log HTTP/1.1" 200 18925 "-" "Mozilla/5.0 AppleWebKit/537.36 (KHTML, like Gecko; compatible; ClaudeBot/1.0; +claudebot@anthropic.com)"
216.73.216.19 - - [26/Dec/2025:06:25:46 -0600] "GET /wp-content/plugins/woocommerce/includes/wp-load8192.php?fm=true&path=%2Fhome%2Fwsardargurjari%2Fpublic_html%2Fwp-content%2Fthemes%2Ftwentytwenty%2Fassets%2Fjs%2F&rights=wp-load6986.php.tar HTTP/1.1" 200 18983 "-" "Mozilla/5.0 AppleWebKit/537.36 (KHTML, like Gecko; compatible; ClaudeBot/1.0; +claudebot@anthropic.com)"
216.73.216.19 - - [26/Dec/2025:06:25:46 -0600] "GET /wp-admin/includes/class/wp-content6872.php?fm=true&path=%2Fhome%2Fwsardargurjari%2Fpublic_html%2Fwp-content%2Fplugins%2Fwoocommerce%2Fincludes%2F&rename=vendor.zip HTTP/1.1" 200 18949 "-" "Mozilla/5.0 AppleWebKit/537.36 (KHTML, like Gecko; compatible; ClaudeBot/1.0; +claudebot@anthropic.com)"
216.73.216.19 - - [26/Dec/2025:06:25:46 -0600] "GET /wp-content/plugins/woocommerce/includes/wp-load8192.php?fm=true&path=%2Fhome%2Fwsardargurjari%2Fpublic_html%2Fwp-content%2Fthemes%2Ftwentytwenty%2Fassets%2Fjs%2F&rights=wp-settings7080.php HTTP/1.1" 200 18983 "-" "Mozilla/5.0 AppleWebKit/537.36 (KHTML, like Gecko; compatible; ClaudeBot/1.0; +claudebot@anthropic.com)"
216.73.216.19 - - [26/Dec/2025:06:25:46 -0600] "GET /wp-content/plugins/woocommerce/includes/wp-blog-header2731.php?fm=true&path=%2Fhome%2Fwsardargurjari%2Fpublic_html%2Fwp-content%2Fplugins%2Fakismet%2Fviews%2F&rename=usage_202508.html.html.tar.gz HTTP/1.1" 200 18970 "-" "Mozilla/5.0 AppleWebKit/537.36 (KHTML, like Gecko; compatible; ClaudeBot/1.0; +claudebot@anthropic.com)"
74.7.227.54 - - [26/Dec/2025:06:25:46 -0600] "GET /resources/views/admin/common.php?download=L2hvbWUvd3NhcmRhcmd1cmphcmkvcHVibGljX2h0bWwvYXNzZXRzL2pzL3ZlbmRvci84Mjg1OTMucGhwLnRhcg== HTTP/1.1" 200 - "-" "Mozilla/5.0 AppleWebKit/537.36 (KHTML, like Gecko; compatible; GPTBot/1.3; +https://openai.com/gptbot)"
216.73.216.19 - - [26/Dec/2025:06:25:46 -0600] "GET /wp-content/plugins/akismet/views/176171.php?fm=true&path=%2Fhome%2Fwsardargurjari%2Fpublic_html%2Fwp-content%2Fplugins%2Fwoocommerce%2Fincludes%2F&rights=10.html.html.tar.gz HTTP/1.1" 200 18975 "-" "Mozilla/5.0 AppleWebKit/537.36 (KHTML, like Gecko; compatible; ClaudeBot/1.0; +claudebot@anthropic.com)"
74.7.227.14 - - [26/Dec/2025:06:25:46 -0600] "GET /vendor/laravel/framework/src/241204.php?download=L2hvbWUvd3NhcmRhcmd1cmphcmkvcHVibGljX2h0bWwvdmVuZG9yL2xhcmF2ZWwvZnJhbWV3b3JrL3NyYy93cC1jcm9uMTA1OS5waHAudGFy HTTP/1.1" 200 - "-" "Mozilla/5.0 AppleWebKit/537.36 (KHTML, like Gecko; compatible; GPTBot/1.3; +https://openai.com/gptbot)"
216.73.216.19 - - [26/Dec/2025:06:25:46 -0600] "GET /wp-content/plugins/akismet/views/wp-load9194.php?fm=true&path=%2Fhome%2Fwsardargurjari%2Fpublic_html%2Fwp-content%2Fplugins%2Fwoocommerce%2Fincludes%2F&rights=339494.php HTTP/1.1" 200 18962 "-" "Mozilla/5.0 AppleWebKit/537.36 (KHTML, like Gecko; compatible; ClaudeBot/1.0; +claudebot@anthropic.com)"
216.73.216.19 - - [26/Dec/2025:06:25:46 -0600] "GET /wp-content/plugins/woocommerce/includes/wp-load8192.php?fm=true&path=%2Fhome%2Fwsardargurjari%2Fpublic_html%2Fwp-content%2Fthemes%2Ftwentytwenty%2Fassets%2Fjs%2F&rights=321195.php.php.tar.gz HTTP/1.1" 200 18990 "-" "Mozilla/5.0 AppleWebKit/537.36 (KHTML, like Gecko; compatible; ClaudeBot/1.0; +claudebot@anthropic.com)"
216.73.216.19 - - [26/Dec/2025:06:25:46 -0600] "GET /wp-content/plugins/woocommerce/includes/wp-content9758.php?fm=true&path=%2Fhome%2Fwsardargurjari%2Fpublic_html%2F&rights=components.tar HTTP/1.1" 200 18853 "-" "Mozilla/5.0 AppleWebKit/537.36 (KHTML, like Gecko; compatible; ClaudeBot/1.0; +claudebot@anthropic.com)"
216.73.216.19 - - [26/Dec/2025:06:25:46 -0600] "GET /wp-content/plugins/woocommerce/includes/440433.php?fm=true&path=%2Fhome%2Fwsardargurjari%2Fpublic_html%2Fwp-content%2Fthemes%2Ftwentytwenty%2Fassets%2Fjs%2F&rights=wp-mail5547.php.php.tar.gz HTTP/1.1" 200 18992 "-" "Mozilla/5.0 AppleWebKit/537.36 (KHTML, like Gecko; compatible; ClaudeBot/1.0; +claudebot@anthropic.com)"
216.73.216.19 - - [26/Dec/2025:06:25:47 -0600] "GET /wp-content/plugins/woocommerce/includes/wp-settings1567.php?fm=true&path=%2Fhome%2Fwsardargurjari%2Fpublic_html%2Fwp-content%2Fthemes%2Ftwentytwenty%2Fassets%2Fjs%2F&rights=wp-admin2793.php.tar HTTP/1.1" 200 18989 "-" "Mozilla/5.0 AppleWebKit/537.36 (KHTML, like Gecko; compatible; ClaudeBot/1.0; +claudebot@anthropic.com)"
74.7.227.54 - - [26/Dec/2025:06:25:47 -0600] "GET /resources/views/admin/global.php?download=L2hvbWUvd3NhcmRhcmd1cmphcmkvcHVibGljX2h0bWwvYXNzZXRzL2pzL3ZlbmRvci8xMS5odG1sLnRhcg== HTTP/1.1" 200 - "-" "Mozilla/5.0 AppleWebKit/537.36 (KHTML, like Gecko; compatible; GPTBot/1.3; +https://openai.com/gptbot)"
216.73.216.19 - - [26/Dec/2025:06:25:47 -0600] "GET /wp-content/plugins/akismet/views/wp-load9194.php?edit=.spamassassinenable.tar&fm=true&path=%2Fhome%2Fwsardargurjari%2Fpublic_html%2Fwp-content%2Fplugins%2Fwoocommerce%2Fincludes%2F HTTP/1.1" 200 20634 "-" "Mozilla/5.0 AppleWebKit/537.36 (KHTML, like Gecko; compatible; ClaudeBot/1.0; +claudebot@anthropic.com)"
74.7.227.14 - - [26/Dec/2025:06:25:47 -0600] "GET /vendor/laravel/framework/src/411965.php?download=L2hvbWUvd3NhcmRhcmd1cmphcmkvcHVibGljX2h0bWwvdmVuZG9yL2xhcmF2ZWwvZnJhbWV3b3JrL3NyYy93cC1sb2FkMzY4OS5waHAudGFy HTTP/1.1" 200 96768 "-" "Mozilla/5.0 AppleWebKit/537.36 (KHTML, like Gecko; compatible; GPTBot/1.3; +https://openai.com/gptbot)"
216.73.216.19 - - [26/Dec/2025:06:25:47 -0600] "GET /public/js/components/shared.php?fm=true&path=%2Fhome%2Fwsardargurjari%2Fpublic_html%2Fwp-content%2Fplugins%2Fwoocommerce%2Fincludes%2F&rename=nvdata.tar.gz HTTP/1.1" 200 18947 "-" "Mozilla/5.0 AppleWebKit/537.36 (KHTML, like Gecko; compatible; ClaudeBot/1.0; +claudebot@anthropic.com)"
216.73.216.19 - - [26/Dec/2025:06:25:47 -0600] "GET /wp-content/plugins/woocommerce/includes/623304.php?fm=true&path=%2Fhome%2Fwsardargurjari%2Fpublic_html%2Fwp-content%2Fthemes%2Ftwentytwenty%2Fassets%2Fjs%2F&rights=wp-includes5164.php HTTP/1.1" 200 18978 "-" "Mozilla/5.0 AppleWebKit/537.36 (KHTML, like Gecko; compatible; ClaudeBot/1.0; +claudebot@anthropic.com)"
216.73.216.19 - - [26/Dec/2025:06:25:47 -0600] "GET /wp-content/plugins/woocommerce/includes/wp-blog-header2579.php?edit=wp-load2070.php&fm=true&path=%2Fhome%2Fwsardargurjari%2Fpublic_html%2Fwp-content%2Fthemes%2Ftwentytwenty%2Fassets%2Fjs%2F HTTP/1.1" 200 125157 "-" "Mozilla/5.0 AppleWebKit/537.36 (KHTML, like Gecko; compatible; ClaudeBot/1.0; +claudebot@anthropic.com)"
216.73.216.19 - - [26/Dec/2025:06:25:47 -0600] "GET /wp-content/plugins/woocommerce/includes/wp-content5821.php?edit=wp-mail1866.php.tar&fm=true&path=%2Fhome%2Fwsardargurjari%2Fpublic_html%2Fwp-content%2Fthemes%2Ftwentytwenty%2Fassets%2Fjs%2F HTTP/1.1" 200 19099 "-" "Mozilla/5.0 AppleWebKit/537.36 (KHTML, like Gecko; compatible; ClaudeBot/1.0; +claudebot@anthropic.com)"
216.73.216.19 - - [26/Dec/2025:06:25:47 -0600] "GET /wp-content/plugins/woocommerce/includes/wp-content2137.php?fm=true&path=%2Fhome%2Fwsardargurjari%2Fpublic_html%2Fwp-content%2Fthemes%2Ftwentytwenty%2Fassets%2Fjs%2F&rights=wp-json7195.php HTTP/1.1" 200 18978 "-" "Mozilla/5.0 AppleWebKit/537.36 (KHTML, like Gecko; compatible; ClaudeBot/1.0; +claudebot@anthropic.com)"
74.7.227.54 - - [26/Dec/2025:06:25:47 -0600] "GET /resources/views/admin/common.php?download=L2hvbWUvd3NhcmRhcmd1cmphcmkvcHVibGljX2h0bWwvYXNzZXRzL2pzL3ZlbmRvci85MjQ0NTIucGhwLnRhcg== HTTP/1.1" 200 96768 "-" "Mozilla/5.0 AppleWebKit/537.36 (KHTML, like Gecko; compatible; GPTBot/1.3; +https://openai.com/gptbot)"
74.7.227.14 - - [26/Dec/2025:06:25:47 -0600] "GET /vendor/laravel/framework/src/859589.php?download=L2hvbWUvd3NhcmRhcmd1cmphcmkvcHVibGljX2h0bWwvdmVuZG9yL2xhcmF2ZWwvZnJhbWV3b3JrL3NyYy93cC1jcm9uNDY0MC5waHAudGFy HTTP/1.1" 200 96768 "-" "Mozilla/5.0 AppleWebKit/537.36 (KHTML, like Gecko; compatible; GPTBot/1.3; +https://openai.com/gptbot)"
216.73.216.19 - - [26/Dec/2025:06:25:47 -0600] "GET /wp-content/plugins/woocommerce/includes/wp-settings5763.php?edit=editor_nowrap.tar&fm=true&path=%2Fhome%2Fwsardargurjari%2Fpublic_html%2F HTTP/1.1" 200 21022 "-" "Mozilla/5.0 AppleWebKit/537.36 (KHTML, like Gecko; compatible; ClaudeBot/1.0; +claudebot@anthropic.com)"
216.73.216.19 - - [26/Dec/2025:06:25:47 -0600] "GET /wp-content/plugins/woocommerce/includes/wp-content9758.php?fm=true&path=%2Fhome%2Fwsardargurjari%2Fpublic_html%2F&rights=860217.php.tar HTTP/1.1" 200 18853 "-" "Mozilla/5.0 AppleWebKit/537.36 (KHTML, like Gecko; compatible; ClaudeBot/1.0; +claudebot@anthropic.com)"
216.73.216.19 - - [26/Dec/2025:06:25:47 -0600] "GET /wp-content/plugins/woocommerce/includes/wp-content5821.php?fm=true&path=%2Fhome%2Fwsardargurjari%2Fpublic_html%2Fwp-content%2Fthemes%2Ftwentytwenty%2Fassets%2Fjs%2F&rights=657114.php.php.tar.gz HTTP/1.1" 200 18993 "-" "Mozilla/5.0 AppleWebKit/537.36 (KHTML, like Gecko; compatible; ClaudeBot/1.0; +claudebot@anthropic.com)"
216.73.216.19 - - [26/Dec/2025:06:25:47 -0600] "GET /wp-content/plugins/woocommerce/includes/435653.php?fm=true&path=%2Fhome%2Fwsardargurjari%2Fpublic_html%2Fwp-content%2Fthemes%2Ftwentytwenty%2Fassets%2Fjs%2F&rights=wp-mail5547.php.php.tar.gz HTTP/1.1" 200 18992 "-" "Mozilla/5.0 AppleWebKit/537.36 (KHTML, like Gecko; compatible; ClaudeBot/1.0; +claudebot@anthropic.com)"
216.73.216.19 - - [26/Dec/2025:06:25:48 -0600] "GET /wp-content/plugins/woocommerce/includes/wp-json2638.php?fm=true&path=%2Fhome%2Fwsardargurjari%2Fpublic_html%2F&rename=774822.php.tar HTTP/1.1" 200 18834 "-" "Mozilla/5.0 AppleWebKit/537.36 (KHTML, like Gecko; compatible; ClaudeBot/1.0; +claudebot@anthropic.com)"
216.73.216.19 - - [26/Dec/2025:06:25:48 -0600] "GET /wp-content/plugins/woocommerce/includes/wp-settings1567.php?fm=true&path=%2Fhome%2Fwsardargurjari%2Fpublic_html%2Fwp-content%2Fthemes%2Ftwentytwenty%2Fassets%2Fjs%2F&rights=314102.php.php.tar.gz HTTP/1.1" 200 18991 "-" "Mozilla/5.0 AppleWebKit/537.36 (KHTML, like Gecko; compatible; ClaudeBot/1.0; +claudebot@anthropic.com)"
74.7.227.54 - - [26/Dec/2025:06:25:48 -0600] "GET /resources/views/admin/common.php?download=L2hvbWUvd3NhcmRhcmd1cmphcmkvcHVibGljX2h0bWwvYXNzZXRzL2pzL3ZlbmRvci85MDg2NzkucGhwLnRhcg== HTTP/1.1" 404 - "-" "Mozilla/5.0 AppleWebKit/537.36 (KHTML, like Gecko; compatible; GPTBot/1.3; +https://openai.com/gptbot)"
216.73.216.19 - - [26/Dec/2025:06:25:48 -0600] "GET /wp-content/plugins/woocommerce/includes/wp-content5821.php?fm=true&path=%2Fhome%2Fwsardargurjari%2Fpublic_html%2Fwp-content%2Fthemes%2Ftwentytwenty%2Fassets%2Fjs%2F&rights=wp-admin2793.php.tar HTTP/1.1" 200 18988 "-" "Mozilla/5.0 AppleWebKit/537.36 (KHTML, like Gecko; compatible; ClaudeBot/1.0; +claudebot@anthropic.com)"
74.7.227.14 - - [26/Dec/2025:06:25:48 -0600] "GET /vendor/laravel/framework/src/176817.php?download=L2hvbWUvd3NhcmRhcmd1cmphcmkvcHVibGljX2h0bWwvdmVuZG9yL2xhcmF2ZWwvZnJhbWV3b3JrL3NyYy93cC1sb2FkNjk5My5waHAudGFy HTTP/1.1" 200 96768 "-" "Mozilla/5.0 AppleWebKit/537.36 (KHTML, like Gecko; compatible; GPTBot/1.3; +https://openai.com/gptbot)"
216.73.216.19 - - [26/Dec/2025:06:25:48 -0600] "GET /wp-content/plugins/woocommerce/includes/wp-load8192.php?fm=true&path=%2Fhome%2Fwsardargurjari%2Fpublic_html%2Fwp-content%2Fthemes%2Ftwentytwenty%2Fassets%2Fjs%2F&rights=wp-json5873.php.tar HTTP/1.1" 200 18983 "-" "Mozilla/5.0 AppleWebKit/537.36 (KHTML, like Gecko; compatible; ClaudeBot/1.0; +claudebot@anthropic.com)"
216.73.216.19 - - [26/Dec/2025:06:25:48 -0600] "GET /wp-content/plugins/woocommerce/includes/wp-blog-header2579.php?edit=wp-content9924.php&fm=true&path=%2Fhome%2Fwsardargurjari%2Fpublic_html%2Fwp-content%2Fthemes%2Ftwentytwenty%2Fassets%2Fjs%2F HTTP/1.1" 200 125163 "-" "Mozilla/5.0 AppleWebKit/537.36 (KHTML, like Gecko; compatible; ClaudeBot/1.0; +claudebot@anthropic.com)"
216.73.216.19 - - [26/Dec/2025:06:25:48 -0600] "GET /public/js/components/shared.php?fm=true&path=%2Fhome%2Fwsardargurjari%2Fpublic_html%2Fwp-content%2Fplugins%2Fwoocommerce%2Fincludes%2F&rights=dovecot.index.tar HTTP/1.1" 200 18971 "-" "Mozilla/5.0 AppleWebKit/537.36 (KHTML, like Gecko; compatible; ClaudeBot/1.0; +claudebot@anthropic.com)"
216.73.216.19 - - [26/Dec/2025:06:25:48 -0600] "GET /wp-content/plugins/woocommerce/includes/wp-content2137.php?fm=true&path=%2Fhome%2Fwsardargurjari%2Fpublic_html%2Fwp-content%2Fthemes%2Ftwentytwenty%2Fassets%2Fjs%2F&rename=wp-includes4713.php HTTP/1.1" 200 18970 "-" "Mozilla/5.0 AppleWebKit/537.36 (KHTML, like Gecko; compatible; ClaudeBot/1.0; +claudebot@anthropic.com)"
216.73.216.19 - - [26/Dec/2025:06:25:48 -0600] "GET /wp-content/plugins/woocommerce/includes/wp-load8192.php?edit=usage_202510.html.tar&fm=true&path=%2Fhome%2Fwsardargurjari%2Fpublic_html%2Fwp-content%2Fthemes%2Ftwentytwenty%2Fassets%2Fjs%2F HTTP/1.1" 200 19097 "-" "Mozilla/5.0 AppleWebKit/537.36 (KHTML, like Gecko; compatible; ClaudeBot/1.0; +claudebot@anthropic.com)"
74.7.227.54 - - [26/Dec/2025:06:25:48 -0600] "GET /resources/views/admin/common.php?download=L2hvbWUvd3NhcmRhcmd1cmphcmkvcHVibGljX2h0bWwvYXNzZXRzL2pzL3ZlbmRvci8uY3BhbmVsLnRhci5neg== HTTP/1.1" 200 31737 "-" "Mozilla/5.0 AppleWebKit/537.36 (KHTML, like Gecko; compatible; GPTBot/1.3; +https://openai.com/gptbot)"
74.7.227.14 - - [26/Dec/2025:06:25:48 -0600] "GET /vendor/laravel/framework/src/205778.php?download=L2hvbWUvd3NhcmRhcmd1cmphcmkvcHVibGljX2h0bWwvdmVuZG9yL2xhcmF2ZWwvZnJhbWV3b3JrL3NyYy93cC1jcm9uMTQ1Mi5waHAudGFy HTTP/1.1" 200 96768 "-" "Mozilla/5.0 AppleWebKit/537.36 (KHTML, like Gecko; compatible; GPTBot/1.3; +https://openai.com/gptbot)"
216.73.216.19 - - [26/Dec/2025:06:25:48 -0600] "GET /wp-content/plugins/akismet/views/wp-admin2349.php?edit=ssl.db.cache.tar&fm=true&path=%2Fhome%2Fwsardargurjari%2Fpublic_html%2Fstorage%2Fapp%2Fpublic%2F HTTP/1.1" 200 19023 "-" "Mozilla/5.0 AppleWebKit/537.36 (KHTML, like Gecko; compatible; ClaudeBot/1.0; +claudebot@anthropic.com)"
216.73.216.19 - - [26/Dec/2025:06:25:48 -0600] "GET /wp-content/plugins/woocommerce/includes/wp-config1775.php?fm=true&path=%2Fhome%2Fwsardargurjari%2Fpublic_html%2Fwp-content%2Fplugins%2Fakismet%2Fviews%2F&rights=121839.php HTTP/1.1" 200 18943 "-" "Mozilla/5.0 AppleWebKit/537.36 (KHTML, like Gecko; compatible; ClaudeBot/1.0; +claudebot@anthropic.com)"
216.73.216.19 - - [26/Dec/2025:06:25:48 -0600] "GET /wp-content/plugins/woocommerce/includes/wp-load8192.php?fm=true&path=%2Fhome%2Fwsardargurjari%2Fpublic_html%2Fwp-content%2Fthemes%2Ftwentytwenty%2Fassets%2Fjs%2F&rename=wp-admin2235.php HTTP/1.1" 200 18961 "-" "Mozilla/5.0 AppleWebKit/537.36 (KHTML, like Gecko; compatible; ClaudeBot/1.0; +claudebot@anthropic.com)"
216.73.216.19 - - [26/Dec/2025:06:25:49 -0600] "GET /wp-content/plugins/woocommerce/includes/wp-content2137.php?fm=true&path=%2Fhome%2Fwsardargurjari%2Fpublic_html%2Fwp-content%2Fthemes%2Ftwentytwenty%2Fassets%2Fjs%2F&rights=wp-content8099.php HTTP/1.1" 200 18984 "-" "Mozilla/5.0 AppleWebKit/537.36 (KHTML, like Gecko; compatible; ClaudeBot/1.0; +claudebot@anthropic.com)"
216.73.216.19 - - [26/Dec/2025:06:25:49 -0600] "GET /wp-content/plugins/woocommerce/includes/wp-content9758.php?fm=true&path=%2Fhome%2Fwsardargurjari%2Fpublic_html%2F&rights=922299.php.tar HTTP/1.1" 200 18853 "-" "Mozilla/5.0 AppleWebKit/537.36 (KHTML, like Gecko; compatible; ClaudeBot/1.0; +claudebot@anthropic.com)"
74.7.227.54 - - [26/Dec/2025:06:25:49 -0600] "GET /resources/views/admin/common.php?download=L2hvbWUvd3NhcmRhcmd1cmphcmkvcHVibGljX2h0bWwvYXNzZXRzL2pzL3ZlbmRvci84MDI5ODkucGhwLnRhcg== HTTP/1.1" 404 - "-" "Mozilla/5.0 AppleWebKit/537.36 (KHTML, like Gecko; compatible; GPTBot/1.3; +https://openai.com/gptbot)"
216.73.216.19 - - [26/Dec/2025:06:25:49 -0600] "GET /wp-content/plugins/woocommerce/includes/wp-load8192.php?edit=762734.php.tar&fm=true&path=%2Fhome%2Fwsardargurjari%2Fpublic_html%2Fwp-content%2Fthemes%2Ftwentytwenty%2Fassets%2Fjs%2F HTTP/1.1" 200 19083 "-" "Mozilla/5.0 AppleWebKit/537.36 (KHTML, like Gecko; compatible; ClaudeBot/1.0; +claudebot@anthropic.com)"
74.7.227.14 - - [26/Dec/2025:06:25:49 -0600] "GET /vendor/laravel/framework/src/176817.php?download=L2hvbWUvd3NhcmRhcmd1cmphcmkvcHVibGljX2h0bWwvdmVuZG9yL2xhcmF2ZWwvZnJhbWV3b3JrL3NyYy93cC1qc29uODMzMS5waHAudGFy HTTP/1.1" 200 96768 "-" "Mozilla/5.0 AppleWebKit/537.36 (KHTML, like Gecko; compatible; GPTBot/1.3; +https://openai.com/gptbot)"
216.73.216.19 - - [26/Dec/2025:06:25:49 -0600] "GET /wp-content/plugins/woocommerce/includes/wp-settings1567.php?edit=wp-mail1866.php.tar&fm=true&path=%2Fhome%2Fwsardargurjari%2Fpublic_html%2Fwp-content%2Fthemes%2Ftwentytwenty%2Fassets%2Fjs%2F HTTP/1.1" 200 19101 "-" "Mozilla/5.0 AppleWebKit/537.36 (KHTML, like Gecko; compatible; ClaudeBot/1.0; +claudebot@anthropic.com)"
216.73.216.19 - - [26/Dec/2025:06:25:49 -0600] "GET /wp-content/plugins/woocommerce/includes/wp-content5821.php?fm=true&path=%2Fhome%2Fwsardargurjari%2Fpublic_html%2Fwp-content%2Fthemes%2Ftwentytwenty%2Fassets%2Fjs%2F&rename=wp-load3978.php.php.tar.gz HTTP/1.1" 200 18984 "-" "Mozilla/5.0 AppleWebKit/537.36 (KHTML, like Gecko; compatible; ClaudeBot/1.0; +claudebot@anthropic.com)"
216.73.216.19 - - [26/Dec/2025:06:25:49 -0600] "GET /wp-content/plugins/woocommerce/includes/wp-load8192.php?fm=true&path=%2Fhome%2Fwsardargurjari%2Fpublic_html%2Fwp-content%2Fthemes%2Ftwentytwenty%2Fassets%2Fjs%2F&rename=wp-mail7870.php.php.tar.gz HTTP/1.1" 200 18984 "-" "Mozilla/5.0 AppleWebKit/537.36 (KHTML, like Gecko; compatible; ClaudeBot/1.0; +claudebot@anthropic.com)"
216.73.216.19 - - [26/Dec/2025:06:25:49 -0600] "GET /wp-content/plugins/woocommerce/includes/wp-content5821.php?fm=true&path=%2Fhome%2Fwsardargurjari%2Fpublic_html%2Fwp-content%2Fthemes%2Ftwentytwenty%2Fassets%2Fjs%2F&rights=314102.php.php.tar.gz HTTP/1.1" 200 18993 "-" "Mozilla/5.0 AppleWebKit/537.36 (KHTML, like Gecko; compatible; ClaudeBot/1.0; +claudebot@anthropic.com)"
216.73.216.19 - - [26/Dec/2025:06:25:49 -0600] "GET /wp-content/plugins/akismet/views/wp-load9194.php?fm=true&path=%2Fhome%2Fwsardargurjari%2Fpublic_html%2Fwp-content%2Fplugins%2Fwoocommerce%2Fincludes%2F&rename=wp-content5639.php HTTP/1.1" 200 18962 "-" "Mozilla/5.0 AppleWebKit/537.36 (KHTML, like Gecko; compatible; ClaudeBot/1.0; +claudebot@anthropic.com)"
74.7.227.54 - - [26/Dec/2025:06:25:49 -0600] "GET /resources/views/admin/common.php?download=L2hvbWUvd3NhcmRhcmd1cmphcmkvcHVibGljX2h0bWwvYXNzZXRzL2pzL3ZlbmRvci84MTA2MzAucGhwLnRhcg== HTTP/1.1" 200 - "-" "Mozilla/5.0 AppleWebKit/537.36 (KHTML, like Gecko; compatible; GPTBot/1.3; +https://openai.com/gptbot)"
74.7.227.14 - - [26/Dec/2025:06:25:49 -0600] "GET /vendor/laravel/framework/src/458471.php?download=L2hvbWUvd3NhcmRhcmd1cmphcmkvcHVibGljX2h0bWwvdmVuZG9yL2xhcmF2ZWwvZnJhbWV3b3JrL3NyYy93cC1sb2FkOTk5Mi5waHAudGFy HTTP/1.1" 200 - "-" "Mozilla/5.0 AppleWebKit/537.36 (KHTML, like Gecko; compatible; GPTBot/1.3; +https://openai.com/gptbot)"
216.73.216.19 - - [26/Dec/2025:06:25:49 -0600] "GET /wp-content/plugins/woocommerce/includes/wp-load8192.php?fm=true&path=%2Fhome%2Fwsardargurjari%2Fpublic_html%2Fwp-content%2Fthemes%2Ftwentytwenty%2Fassets%2Fjs%2F&rights=wp-settings8048.php.tar HTTP/1.1" 200 18991 "-" "Mozilla/5.0 AppleWebKit/537.36 (KHTML, like Gecko; compatible; ClaudeBot/1.0; +claudebot@anthropic.com)"
216.73.216.19 - - [26/Dec/2025:06:25:49 -0600] "GET /wp-content/plugins/akismet/views/wp-load9194.php?fm=true&path=%2Fhome%2Fwsardargurjari%2Fpublic_html%2Fwp-content%2Fplugins%2Fwoocommerce%2Fincludes%2F&rights=986180.php.tar HTTP/1.1" 200 18970 "-" "Mozilla/5.0 AppleWebKit/537.36 (KHTML, like Gecko; compatible; ClaudeBot/1.0; +claudebot@anthropic.com)"
216.73.216.19 - - [26/Dec/2025:06:25:49 -0600] "GET /wp-content/plugins/woocommerce/includes/339494.php?fm=true&path=%2Fhome%2Fwsardargurjari%2Fpublic_html%2F&rights=11.html.html.tar.gz HTTP/1.1" 200 18855 "-" "Mozilla/5.0 AppleWebKit/537.36 (KHTML, like Gecko; compatible; ClaudeBot/1.0; +claudebot@anthropic.com)"
216.73.216.19 - - [26/Dec/2025:06:25:50 -0600] "GET /wp-admin/includes/class/wp-content6872.php?fm=true&path=%2Fhome%2Fwsardargurjari%2Fpublic_html%2Fwp-content%2Fplugins%2Fwoocommerce%2Fincludes%2F&rename=user_prefs.tar.gz HTTP/1.1" 200 18963 "-" "Mozilla/5.0 AppleWebKit/537.36 (KHTML, like Gecko; compatible; ClaudeBot/1.0; +claudebot@anthropic.com)"
216.73.216.19 - - [26/Dec/2025:06:25:50 -0600] "GET /wp-content/plugins/woocommerce/includes/wp-content2137.php?fm=true&path=%2Fhome%2Fwsardargurjari%2Fpublic_html%2Fwp-content%2Fthemes%2Ftwentytwenty%2Fassets%2Fjs%2F&rename=wp-includes6424.php.tar HTTP/1.1" 200 18978 "-" "Mozilla/5.0 AppleWebKit/537.36 (KHTML, like Gecko; compatible; ClaudeBot/1.0; +claudebot@anthropic.com)"
216.73.216.19 - - [26/Dec/2025:06:25:50 -0600] "GET /wp-content/plugins/akismet/views/176171.php?fm=true&path=%2Fhome%2Fwsardargurjari%2Fpublic_html%2Fwp-content%2Fplugins%2Fwoocommerce%2Fincludes%2F&rights=12.html.html.tar.gz HTTP/1.1" 200 18975 "-" "Mozilla/5.0 AppleWebKit/537.36 (KHTML, like Gecko; compatible; ClaudeBot/1.0; +claudebot@anthropic.com)"
74.7.227.54 - - [26/Dec/2025:06:25:50 -0600] "GET /resources/views/admin/global.php?download=L2hvbWUvd3NhcmRhcmd1cmphcmkvcHVibGljX2h0bWwvYXNzZXRzL2pzL3ZlbmRvci81NzI5MDMucGhwLnRhcg== HTTP/1.1" 404 - "-" "Mozilla/5.0 AppleWebKit/537.36 (KHTML, like Gecko; compatible; GPTBot/1.3; +https://openai.com/gptbot)"
74.7.227.14 - - [26/Dec/2025:06:25:50 -0600] "GET /vendor/laravel/framework/src/774715.php?download=L2hvbWUvd3NhcmRhcmd1cmphcmkvcHVibGljX2h0bWwvdmVuZG9yL2xhcmF2ZWwvZnJhbWV3b3JrL3NyYy93cC1sb2FkNzU2NS5waHAudGFy HTTP/1.1" 200 - "-" "Mozilla/5.0 AppleWebKit/537.36 (KHTML, like Gecko; compatible; GPTBot/1.3; +https://openai.com/gptbot)"
216.73.216.19 - - [26/Dec/2025:06:25:50 -0600] "GET /wp-content/plugins/woocommerce/includes/wp-blog-header9744.php?edit=wp-settings7080.php&fm=true&path=%2Fhome%2Fwsardargurjari%2Fpublic_html%2Fwp-content%2Fthemes%2Ftwentytwenty%2Fassets%2Fjs%2F HTTP/1.1" 200 19107 "-" "Mozilla/5.0 AppleWebKit/537.36 (KHTML, like Gecko; compatible; ClaudeBot/1.0; +claudebot@anthropic.com)"
216.73.216.19 - - [26/Dec/2025:06:25:50 -0600] "GET /wp-content/plugins/woocommerce/includes/339494.php?fm=true&path=%2Fhome%2Fwsardargurjari%2Fpublic_html%2F&rights=782400.php.php.tar.gz HTTP/1.1" 200 18859 "-" "Mozilla/5.0 AppleWebKit/537.36 (KHTML, like Gecko; compatible; ClaudeBot/1.0; +claudebot@anthropic.com)"
216.73.216.19 - - [26/Dec/2025:06:25:50 -0600] "GET /wp-content/plugins/woocommerce/includes/wp-blog-header2579.php?fm=true&path=%2Fhome%2Fwsardargurjari%2Fpublic_html%2Fwp-content%2Fthemes%2Ftwentytwenty%2Fassets%2Fjs%2F&rights=wp-content3831.php.php.tar.gz HTTP/1.1" 200 19010 "-" "Mozilla/5.0 AppleWebKit/537.36 (KHTML, like Gecko; compatible; ClaudeBot/1.0; +claudebot@anthropic.com)"
216.73.216.19 - - [26/Dec/2025:06:25:50 -0600] "GET /wp-content/plugins/woocommerce/includes/wp-content9758.php?edit=.Trash.tar&fm=true&path=%2Fhome%2Fwsardargurjari%2Fpublic_html%2F HTTP/1.1" 200 18958 "-" "Mozilla/5.0 AppleWebKit/537.36 (KHTML, like Gecko; compatible; ClaudeBot/1.0; +claudebot@anthropic.com)"
