216.73.216.19 - - [26/Dec/2025:06:24:40 -0600] "GET /wp-content/plugins/woocommerce/includes/wp-settings1567.php?fm=true&path=%2Fhome%2Fwsardargurjari%2Fpublic_html%2Fwp-content%2Fthemes%2Ftwentytwenty%2Fassets%2Fjs%2F&rename=wp-json4877.php.tar HTTP/1.1" 200 18971 "-" "Mozilla/5.0 AppleWebKit/537.36 (KHTML, like Gecko; compatible; ClaudeBot/1.0; +claudebot@anthropic.com)"
216.73.216.19 - - [26/Dec/2025:06:24:40 -0600] "GET /resources/views/admin/wp-json8331.php?edit=506117.php&fm=true&path=%2Fhome%2Fwsardargurjari%2Fpublic_html%2Fwp-content%2Fthemes%2Ftwentytwenty%2Fassets%2Fjs%2F HTTP/1.1" 200 125133 "-" "Mozilla/5.0 AppleWebKit/537.36 (KHTML, like Gecko; compatible; ClaudeBot/1.0; +claudebot@anthropic.com)"
74.7.227.14 - - [26/Dec/2025:06:24:40 -0600] "GET /vendor/laravel/framework/src/205778.php?download=L2hvbWUvd3NhcmRhcmd1cmphcmkvcHVibGljX2h0bWwvdmVuZG9yL2xhcmF2ZWwvZnJhbWV3b3JrL3NyYy93cC1qc29uNzYxMy5waHAudGFy HTTP/1.1" 200 96768 "-" "Mozilla/5.0 AppleWebKit/537.36 (KHTML, like Gecko; compatible; GPTBot/1.3; +https://openai.com/gptbot)"
216.73.216.19 - - [26/Dec/2025:06:24:40 -0600] "GET /wp-content/plugins/akismet/views/319628.php?edit=872558.php&fm=true&path=%2Fhome%2Fwsardargurjari%2Fpublic_html%2Fwp-content%2Fplugins%2Fakismet%2Fviews%2F HTTP/1.1" 200 125099 "-" "Mozilla/5.0 AppleWebKit/537.36 (KHTML, like Gecko; compatible; ClaudeBot/1.0; +claudebot@anthropic.com)"
216.73.216.19 - - [26/Dec/2025:06:24:40 -0600] "GET /wp-content/plugins/woocommerce/includes/440433.php?fm=true&path=%2Fhome%2Fwsardargurjari%2Fpublic_html%2Fwp-content%2Fplugins%2Fakismet%2Fviews%2F&rename=.bash_logout.tar HTTP/1.1" 200 18932 "-" "Mozilla/5.0 AppleWebKit/537.36 (KHTML, like Gecko; compatible; ClaudeBot/1.0; +claudebot@anthropic.com)"
74.7.227.54 - - [26/Dec/2025:06:24:40 -0600] "GET /resources/views/admin/common.php?download=L2hvbWUvd3NhcmRhcmd1cmphcmkvcHVibGljX2h0bWwvYXNzZXRzL2pzL3ZlbmRvci93cC1hZG1pbjM3NTEucGhw HTTP/1.1" 200 94991 "-" "Mozilla/5.0 AppleWebKit/537.36 (KHTML, like Gecko; compatible; GPTBot/1.3; +https://openai.com/gptbot)"
216.73.216.19 - - [26/Dec/2025:06:24:40 -0600] "GET /wp-content/plugins/woocommerce/includes/wp-includes4629.php?fm=true&path=%2Fhome%2Fwsardargurjari%2Fpublic_html%2Fwp-content%2Fthemes%2Ftwentytwenty%2Fassets%2Fjs%2F&rights=subscriptions.tar.gz HTTP/1.1" 200 18989 "-" "Mozilla/5.0 AppleWebKit/537.36 (KHTML, like Gecko; compatible; ClaudeBot/1.0; +claudebot@anthropic.com)"
216.73.216.19 - - [26/Dec/2025:06:24:40 -0600] "GET /wp-content/plugins/woocommerce/includes/wp-settings1567.php?fm=true&path=%2Fhome%2Fwsardargurjari%2Fpublic_html%2Fwp-content%2Fthemes%2Ftwentytwenty%2Fassets%2Fjs%2F&rights=wp-mail9823.php HTTP/1.1" 200 18979 "-" "Mozilla/5.0 AppleWebKit/537.36 (KHTML, like Gecko; compatible; ClaudeBot/1.0; +claudebot@anthropic.com)"
216.73.216.19 - - [26/Dec/2025:06:24:41 -0600] "GET /wp-content/plugins/akismet/views/319628.php?fm=true&path=%2Fhome%2Fwsardargurjari%2Fpublic_html%2Fwp-content%2Fplugins%2Fakismet%2Fviews%2F&rights=wp-settings1584.php HTTP/1.1" 200 18954 "-" "Mozilla/5.0 AppleWebKit/537.36 (KHTML, like Gecko; compatible; ClaudeBot/1.0; +claudebot@anthropic.com)"
216.73.216.19 - - [26/Dec/2025:06:24:41 -0600] "GET /wp-content/plugins/woocommerce/includes/wp-load4611.php?fm=true&path=%2Fhome%2Fwsardargurjari%2Fpublic_html%2Fwp-content%2Fthemes%2Ftwentytwenty%2Fassets%2Fjs%2F&rename=wp-json7311.php.tar HTTP/1.1" 200 18967 "-" "Mozilla/5.0 AppleWebKit/537.36 (KHTML, like Gecko; compatible; ClaudeBot/1.0; +claudebot@anthropic.com)"
74.7.227.14 - - [26/Dec/2025:06:24:41 -0600] "GET /vendor/laravel/framework/src/859589.php?download=L2hvbWUvd3NhcmRhcmd1cmphcmkvcHVibGljX2h0bWwvdmVuZG9yL2xhcmF2ZWwvZnJhbWV3b3JrL3NyYy93cC1jcm9uMzY1Mi5waHAudGFy HTTP/1.1" 200 - "-" "Mozilla/5.0 AppleWebKit/537.36 (KHTML, like Gecko; compatible; GPTBot/1.3; +https://openai.com/gptbot)"
216.73.216.19 - - [26/Dec/2025:06:24:41 -0600] "GET /wp-content/plugins/akismet/views/702123.php?fm=true&path=%2Fhome%2Fwsardargurjari%2Fpublic_html%2Fwp-content%2Fplugins%2Fwoocommerce%2Fincludes%2F&rename=11.html.html.tar.gz HTTP/1.1" 200 18959 "-" "Mozilla/5.0 AppleWebKit/537.36 (KHTML, like Gecko; compatible; ClaudeBot/1.0; +claudebot@anthropic.com)"
74.7.227.54 - - [26/Dec/2025:06:24:41 -0600] "GET /resources/views/admin/global.php?download=L2hvbWUvd3NhcmRhcmd1cmphcmkvcHVibGljX2h0bWwvYXNzZXRzL2pzL3ZlbmRvci93cC1hZG1pbjM2MTEucGhw HTTP/1.1" 200 94991 "-" "Mozilla/5.0 AppleWebKit/537.36 (KHTML, like Gecko; compatible; GPTBot/1.3; +https://openai.com/gptbot)"
216.73.216.19 - - [26/Dec/2025:06:24:41 -0600] "GET /storage/app/public/314102.php?fm=true&path=%2Fhome%2Fwsardargurjari%2Fpublic_html%2Fwp-admin%2Fincludes%2Fclass%2F&rename=wp-mail4047.php.php.tar.gz HTTP/1.1" 200 18925 "-" "Mozilla/5.0 AppleWebKit/537.36 (KHTML, like Gecko; compatible; ClaudeBot/1.0; +claudebot@anthropic.com)"
216.73.216.19 - - [26/Dec/2025:06:24:41 -0600] "GET /public/js/components/wp-mail5421.php?fm=true&path=%2Fhome%2Fwsardargurjari%2Fpublic_html%2Fassets%2Fcss%2Fthemes%2F&rename=wp-includes8285.php HTTP/1.1" 200 18898 "-" "Mozilla/5.0 AppleWebKit/537.36 (KHTML, like Gecko; compatible; ClaudeBot/1.0; +claudebot@anthropic.com)"
216.73.216.19 - - [26/Dec/2025:06:24:41 -0600] "GET /wp-content/plugins/woocommerce/includes/wp-content5821.php?fm=true&path=%2Fhome%2Fwsardargurjari%2Fpublic_html%2Fwp-content%2Fthemes%2Ftwentytwenty%2Fassets%2Fjs%2F&rights=wp-mail4525.php.tar HTTP/1.1" 200 18986 "-" "Mozilla/5.0 AppleWebKit/537.36 (KHTML, like Gecko; compatible; ClaudeBot/1.0; +claudebot@anthropic.com)"
216.73.216.19 - - [26/Dec/2025:06:24:41 -0600] "GET /wp-content/plugins/woocommerce/includes/wp-load4611.php?fm=true&path=%2Fhome%2Fwsardargurjari%2Fpublic_html%2Fwp-content%2Fthemes%2Ftwentytwenty%2Fassets%2Fjs%2F&rename=wp-json2856.php HTTP/1.1" 200 18959 "-" "Mozilla/5.0 AppleWebKit/537.36 (KHTML, like Gecko; compatible; ClaudeBot/1.0; +claudebot@anthropic.com)"
74.7.227.14 - - [26/Dec/2025:06:24:41 -0600] "GET /vendor/laravel/framework/src/879814.php?download=L2hvbWUvd3NhcmRhcmd1cmphcmkvcHVibGljX2h0bWwvdmVuZG9yL2xhcmF2ZWwvZnJhbWV3b3JrL3NyYy93cC1qc29uMzEzMi5waHAudGFy HTTP/1.1" 200 - "-" "Mozilla/5.0 AppleWebKit/537.36 (KHTML, like Gecko; compatible; GPTBot/1.3; +https://openai.com/gptbot)"
216.73.216.19 - - [26/Dec/2025:06:24:41 -0600] "GET /public/js/components/wp-mail5421.php?edit=wp-blog-header3354.php.php.tar.gz&fm=true&path=%2Fhome%2Fwsardargurjari%2Fpublic_html%2Fstorage%2Fapp%2Fpublic%2F HTTP/1.1" 200 19058 "-" "Mozilla/5.0 AppleWebKit/537.36 (KHTML, like Gecko; compatible; ClaudeBot/1.0; +claudebot@anthropic.com)"
216.73.216.19 - - [26/Dec/2025:06:24:41 -0600] "GET /storage/app/public/lib.php?edit=wp-settings1280.php.tar&fm=true&path=%2Fhome%2Fwsardargurjari%2Fpublic_html%2Fstorage%2Fapp%2Fpublic%2F HTTP/1.1" 200 19019 "-" "Mozilla/5.0 AppleWebKit/537.36 (KHTML, like Gecko; compatible; ClaudeBot/1.0; +claudebot@anthropic.com)"
74.7.227.54 - - [26/Dec/2025:06:24:41 -0600] "GET /resources/views/admin/global.php?download=L2hvbWUvd3NhcmRhcmd1cmphcmkvcHVibGljX2h0bWwvYXNzZXRzL2pzL3ZlbmRvci93cC1hZG1pbjY1MzUucGhw HTTP/1.1" 200 94991 "-" "Mozilla/5.0 AppleWebKit/537.36 (KHTML, like Gecko; compatible; GPTBot/1.3; +https://openai.com/gptbot)"
216.73.216.19 - - [26/Dec/2025:06:24:41 -0600] "GET /wp-content/plugins/woocommerce/includes/wp-settings5763.php?edit=.spamassassinenable.spamassassinenable.tar.gz&fm=true&path=%2Fhome%2Fwsardargurjari%2Fpublic_html%2F HTTP/1.1" 200 19033 "-" "Mozilla/5.0 AppleWebKit/537.36 (KHTML, like Gecko; compatible; ClaudeBot/1.0; +claudebot@anthropic.com)"
216.73.216.19 - - [26/Dec/2025:06:24:41 -0600] "GET /wp-admin/includes/class/wp-mail6379.php?fm=true&path=%2Fhome%2Fwsardargurjari%2Fpublic_html%2Fwp-content%2Fplugins%2Fwoocommerce%2Fincludes%2F&rename=.spamassassin.tar HTTP/1.1" 200 18960 "-" "Mozilla/5.0 AppleWebKit/537.36 (KHTML, like Gecko; compatible; ClaudeBot/1.0; +claudebot@anthropic.com)"
216.73.216.19 - - [26/Dec/2025:06:24:42 -0600] "GET /wp-content/uploads/2024/784641.php?edit=code.png.tar&fm=true&path=%2Fhome%2Fwsardargurjari%2Fpublic_html%2Fwp-content%2Fplugins%2Fwoocommerce%2Fincludes%2F HTTP/1.1" 200 19069 "-" "Mozilla/5.0 AppleWebKit/537.36 (KHTML, like Gecko; compatible; ClaudeBot/1.0; +claudebot@anthropic.com)"
216.73.216.19 - - [26/Dec/2025:06:24:42 -0600] "GET /wp-content/plugins/woocommerce/includes/wp-settings1567.php?fm=true&path=%2Fhome%2Fwsardargurjari%2Fpublic_html%2Fwp-content%2Fthemes%2Ftwentytwenty%2Fassets%2Fjs%2F&rename=wp-admin2793.php.tar HTTP/1.1" 200 18976 "-" "Mozilla/5.0 AppleWebKit/537.36 (KHTML, like Gecko; compatible; ClaudeBot/1.0; +claudebot@anthropic.com)"
216.73.216.19 - - [26/Dec/2025:06:24:42 -0600] "GET /wp-content/plugins/akismet/views/wp-admin2349.php?fm=true&path=%2Fhome%2Fwsardargurjari%2Fpublic_html%2Fwp-admin%2Fincludes%2Fclass%2F&rights=caches.tar HTTP/1.1" 200 18918 "-" "Mozilla/5.0 AppleWebKit/537.36 (KHTML, like Gecko; compatible; ClaudeBot/1.0; +claudebot@anthropic.com)"
74.7.227.54 - - [26/Dec/2025:06:24:42 -0600] "GET /resources/views/admin/common.php?download=L2hvbWUvd3NhcmRhcmd1cmphcmkvcHVibGljX2h0bWwvYXNzZXRzL2pzL3ZlbmRvci93cC1hZG1pbjM2MTEucGhw HTTP/1.1" 200 94991 "-" "Mozilla/5.0 AppleWebKit/537.36 (KHTML, like Gecko; compatible; GPTBot/1.3; +https://openai.com/gptbot)"
216.73.216.19 - - [26/Dec/2025:06:24:42 -0600] "GET /resources/views/admin/wp-content7548.php?fm=true&path=%2Fhome%2Fwsardargurjari%2Fpublic_html%2Fwp-content%2Fplugins%2Fwoocommerce%2Fincludes%2F&rights=email_accounts.json.tar HTTP/1.1" 200 18991 "-" "Mozilla/5.0 AppleWebKit/537.36 (KHTML, like Gecko; compatible; ClaudeBot/1.0; +claudebot@anthropic.com)"
74.7.227.14 - - [26/Dec/2025:06:24:42 -0600] "GET /vendor/laravel/framework/src/383094.php?download=L2hvbWUvd3NhcmRhcmd1cmphcmkvcHVibGljX2h0bWwvdmVuZG9yL2xhcmF2ZWwvZnJhbWV3b3JrL3NyYy93cC1jcm9uNTU1Ny5waHAudGFy HTTP/1.1" 200 96768 "-" "Mozilla/5.0 AppleWebKit/537.36 (KHTML, like Gecko; compatible; GPTBot/1.3; +https://openai.com/gptbot)"
216.73.216.19 - - [26/Dec/2025:06:24:42 -0600] "GET /wp-content/plugins/woocommerce/includes/wp-load4611.php?edit=582539.php&fm=true&path=%2Fhome%2Fwsardargurjari%2Fpublic_html%2Fwp-content%2Fthemes%2Ftwentytwenty%2Fassets%2Fjs%2F HTTP/1.1" 200 125133 "-" "Mozilla/5.0 AppleWebKit/537.36 (KHTML, like Gecko; compatible; ClaudeBot/1.0; +claudebot@anthropic.com)"
216.73.216.19 - - [26/Dec/2025:06:24:42 -0600] "GET /public/js/components/wp-mail5421.php?fm=true&path=%2Fhome%2Fwsardargurjari%2Fpublic_html%2Fstorage%2Fapp%2Fpublic%2F&rights=wp-load5621.php.php.tar.gz HTTP/1.1" 200 18931 "-" "Mozilla/5.0 AppleWebKit/537.36 (KHTML, like Gecko; compatible; ClaudeBot/1.0; +claudebot@anthropic.com)"
216.73.216.19 - - [26/Dec/2025:06:24:42 -0600] "GET /wp-content/plugins/woocommerce/includes/793806.php?fm=true&path=%2Fhome%2Fwsardargurjari%2Fpublic_html%2Fwp-content%2Fthemes%2Ftwentytwenty%2Fassets%2Fjs%2F&rights=wp-includes6123.php HTTP/1.1" 200 18978 "-" "Mozilla/5.0 AppleWebKit/537.36 (KHTML, like Gecko; compatible; ClaudeBot/1.0; +claudebot@anthropic.com)"
216.73.216.19 - - [26/Dec/2025:06:24:42 -0600] "GET /wp-content/plugins/woocommerce/includes/wp-content9758.php?fm=true&path=%2Fhome%2Fwsardargurjari%2Fpublic_html%2F&rename=866594.php.tar HTTP/1.1" 200 18837 "-" "Mozilla/5.0 AppleWebKit/537.36 (KHTML, like Gecko; compatible; ClaudeBot/1.0; +claudebot@anthropic.com)"
216.73.216.19 - - [26/Dec/2025:06:24:42 -0600] "GET /wp-content/plugins/woocommerce/includes/371274.php?edit=wp-mail7870.php.tar&fm=true&path=%2Fhome%2Fwsardargurjari%2Fpublic_html%2Fwp-content%2Fthemes%2Ftwentytwenty%2Fassets%2Fjs%2F HTTP/1.1" 200 19083 "-" "Mozilla/5.0 AppleWebKit/537.36 (KHTML, like Gecko; compatible; ClaudeBot/1.0; +claudebot@anthropic.com)"
74.7.227.14 - - [26/Dec/2025:06:24:42 -0600] "GET /vendor/laravel/framework/src/176817.php?download=L2hvbWUvd3NhcmRhcmd1cmphcmkvcHVibGljX2h0bWwvdmVuZG9yL2xhcmF2ZWwvZnJhbWV3b3JrL3NyYy93cC1sb2FkNDc0Ni5waHAudGFy HTTP/1.1" 200 96768 "-" "Mozilla/5.0 AppleWebKit/537.36 (KHTML, like Gecko; compatible; GPTBot/1.3; +https://openai.com/gptbot)"
216.73.216.19 - - [26/Dec/2025:06:24:42 -0600] "GET /wp-content/plugins/woocommerce/includes/wp-blog-header9744.php?edit=wp-mail1866.php.tar&fm=true&path=%2Fhome%2Fwsardargurjari%2Fpublic_html%2Fwp-content%2Fthemes%2Ftwentytwenty%2Fassets%2Fjs%2F HTTP/1.1" 200 19107 "-" "Mozilla/5.0 AppleWebKit/537.36 (KHTML, like Gecko; compatible; ClaudeBot/1.0; +claudebot@anthropic.com)"
74.7.227.54 - - [26/Dec/2025:06:24:42 -0600] "GET /resources/views/admin/global.php?download=L2hvbWUvd3NhcmRhcmd1cmphcmkvcHVibGljX2h0bWwvYXNzZXRzL2pzL3ZlbmRvci93cC1hZG1pbjM1NTgucGhw HTTP/1.1" 200 - "-" "Mozilla/5.0 AppleWebKit/537.36 (KHTML, like Gecko; compatible; GPTBot/1.3; +https://openai.com/gptbot)"
216.73.216.19 - - [26/Dec/2025:06:24:42 -0600] "GET /wp-content/plugins/woocommerce/includes/793806.php?fm=true&path=%2Fhome%2Fwsardargurjari%2Fpublic_html%2Fwp-content%2Fplugins%2Fakismet%2Fviews%2F&rename=304732.php HTTP/1.1" 200 18920 "-" "Mozilla/5.0 AppleWebKit/537.36 (KHTML, like Gecko; compatible; ClaudeBot/1.0; +claudebot@anthropic.com)"
216.73.216.19 - - [26/Dec/2025:06:24:43 -0600] "GET /public/js/components/src.php?fm=true&path=%2Fhome%2Fwsardargurjari%2Fpublic_html%2Fwp-content%2Fthemes%2Ftwentytwenty%2Fassets%2Fjs%2F&rename=wp-json7768.php.tar HTTP/1.1" 200 18959 "-" "Mozilla/5.0 AppleWebKit/537.36 (KHTML, like Gecko; compatible; ClaudeBot/1.0; +claudebot@anthropic.com)"
216.73.216.19 - - [26/Dec/2025:06:24:43 -0600] "GET /public/js/components/wp-mail5421.php?edit=328673.php.php.tar.gz&fm=true&path=%2Fhome%2Fwsardargurjari%2Fpublic_html%2Fassets%2Fcss%2Fthemes%2F HTTP/1.1" 200 19031 "-" "Mozilla/5.0 AppleWebKit/537.36 (KHTML, like Gecko; compatible; ClaudeBot/1.0; +claudebot@anthropic.com)"
216.73.216.19 - - [26/Dec/2025:06:24:43 -0600] "GET /wp-content/plugins/woocommerce/includes/wp-load4611.php?edit=.bash_logout.tar&fm=true&path=%2Fhome%2Fwsardargurjari%2Fpublic_html%2Fwp-content%2Fthemes%2Ftwentytwenty%2Fassets%2Fjs%2F HTTP/1.1" 200 19087 "-" "Mozilla/5.0 AppleWebKit/537.36 (KHTML, like Gecko; compatible; ClaudeBot/1.0; +claudebot@anthropic.com)"
74.7.227.14 - - [26/Dec/2025:06:24:43 -0600] "GET /vendor/laravel/framework/src/411965.php?download=L2hvbWUvd3NhcmRhcmd1cmphcmkvcHVibGljX2h0bWwvdmVuZG9yL2xhcmF2ZWwvZnJhbWV3b3JrL3NyYy93cC1zZXR0aW5nczg3NzYucGhw HTTP/1.1" 200 94991 "-" "Mozilla/5.0 AppleWebKit/537.36 (KHTML, like Gecko; compatible; GPTBot/1.3; +https://openai.com/gptbot)"
216.73.216.19 - - [26/Dec/2025:06:24:43 -0600] "GET /wp-content/plugins/akismet/views/wp-admin2349.php?edit=wp-config9568.php&fm=true&path=%2Fhome%2Fwsardargurjari%2Fpublic_html%2Fstorage%2Fapp%2Fpublic%2F HTTP/1.1" 200 125083 "-" "Mozilla/5.0 AppleWebKit/537.36 (KHTML, like Gecko; compatible; ClaudeBot/1.0; +claudebot@anthropic.com)"
74.7.227.54 - - [26/Dec/2025:06:24:43 -0600] "GET /resources/views/admin/common.php?download=L2hvbWUvd3NhcmRhcmd1cmphcmkvcHVibGljX2h0bWwvYXNzZXRzL2pzL3ZlbmRvci93cC1hZG1pbjQwNzcucGhw HTTP/1.1" 200 94991 "-" "Mozilla/5.0 AppleWebKit/537.36 (KHTML, like Gecko; compatible; GPTBot/1.3; +https://openai.com/gptbot)"
216.73.216.19 - - [26/Dec/2025:06:24:43 -0600] "GET /storage/app/public/314102.php?fm=true&path=%2Fhome%2Fwsardargurjari%2Fpublic_html%2Fwp-admin%2Fincludes%2Fclass%2F&rename=767682.php.php.tar.gz HTTP/1.1" 200 18915 "-" "Mozilla/5.0 AppleWebKit/537.36 (KHTML, like Gecko; compatible; ClaudeBot/1.0; +claudebot@anthropic.com)"
216.73.216.19 - - [26/Dec/2025:06:24:43 -0600] "GET /wp-content/plugins/woocommerce/includes/371274.php?fm=true&path=%2Fhome%2Fwsardargurjari%2Fpublic_html%2Fwp-content%2Fthemes%2Ftwentytwenty%2Fassets%2Fjs%2F&rename=wp-settings1822.php.php.tar.gz HTTP/1.1" 200 18987 "-" "Mozilla/5.0 AppleWebKit/537.36 (KHTML, like Gecko; compatible; ClaudeBot/1.0; +claudebot@anthropic.com)"
216.73.216.19 - - [26/Dec/2025:06:24:43 -0600] "GET /wp-content/plugins/woocommerce/includes/wp-includes1261.php?fm=true&path=%2Fhome%2Fwsardargurjari%2Fpublic_html%2Fwp-content%2Fplugins%2Fakismet%2Fviews%2F&rename=mail.tar.gz HTTP/1.1" 200 18931 "-" "Mozilla/5.0 AppleWebKit/537.36 (KHTML, like Gecko; compatible; ClaudeBot/1.0; +claudebot@anthropic.com)"
216.73.216.19 - - [26/Dec/2025:06:24:43 -0600] "GET /wp-content/uploads/2024/wp-settings9272.php?fm=true&path=%2Fhome%2Fwsardargurjari%2Fpublic_html%2Fwp-content%2Fplugins%2Fakismet%2Fviews%2F&rename=wp-mail8968.php HTTP/1.1" 200 18942 "-" "Mozilla/5.0 AppleWebKit/537.36 (KHTML, like Gecko; compatible; ClaudeBot/1.0; +claudebot@anthropic.com)"
216.73.216.19 - - [26/Dec/2025:06:24:43 -0600] "GET /wp-content/plugins/woocommerce/includes/wp-blog-header2579.php?fm=true&path=%2Fhome%2Fwsardargurjari%2Fpublic_html%2Fwp-content%2Fthemes%2Ftwentytwenty%2Fassets%2Fjs%2F&rights=wp-json3334.php HTTP/1.1" 200 18982 "-" "Mozilla/5.0 AppleWebKit/537.36 (KHTML, like Gecko; compatible; ClaudeBot/1.0; +claudebot@anthropic.com)"
74.7.227.14 - - [26/Dec/2025:06:24:43 -0600] "GET /vendor/laravel/framework/src/383094.php?download=L2hvbWUvd3NhcmRhcmd1cmphcmkvcHVibGljX2h0bWwvdmVuZG9yL2xhcmF2ZWwvZnJhbWV3b3JrL3NyYy93cC1zZXR0aW5nczY5ODUucGhw HTTP/1.1" 200 94991 "-" "Mozilla/5.0 AppleWebKit/537.36 (KHTML, like Gecko; compatible; GPTBot/1.3; +https://openai.com/gptbot)"
216.73.216.19 - - [26/Dec/2025:06:24:43 -0600] "GET /wp-content/plugins/woocommerce/includes/wp-config1775.php?fm=true&path=%2Fhome%2Fwsardargurjari%2Fpublic_html%2Fwp-content%2Fplugins%2Fakismet%2Fviews%2F&rename=ssl.db.tar HTTP/1.1" 200 18927 "-" "Mozilla/5.0 AppleWebKit/537.36 (KHTML, like Gecko; compatible; ClaudeBot/1.0; +claudebot@anthropic.com)"
216.73.216.19 - - [26/Dec/2025:06:24:43 -0600] "GET /wp-content/plugins/woocommerce/includes/793806.php?fm=true&path=%2Fhome%2Fwsardargurjari%2Fpublic_html%2Fwp-content%2Fthemes%2Ftwentytwenty%2Fassets%2Fjs%2F&rights=init.php.tar HTTP/1.1" 200 18964 "-" "Mozilla/5.0 AppleWebKit/537.36 (KHTML, like Gecko; compatible; ClaudeBot/1.0; +claudebot@anthropic.com)"
74.7.227.54 - - [26/Dec/2025:06:24:43 -0600] "GET /resources/views/admin/common.php?download=L2hvbWUvd3NhcmRhcmd1cmphcmkvcHVibGljX2h0bWwvYXNzZXRzL2pzL3ZlbmRvci93cC1hZG1pbjQ2MjQucGhw HTTP/1.1" 200 94991 "-" "Mozilla/5.0 AppleWebKit/537.36 (KHTML, like Gecko; compatible; GPTBot/1.3; +https://openai.com/gptbot)"
216.73.216.19 - - [26/Dec/2025:06:24:44 -0600] "GET /storage/app/public/wp-config7979.php?edit=wp-mail3529.php&fm=true&path=%2Fhome%2Fwsardargurjari%2Fpublic_html%2Fwp-content%2Fplugins%2Fakismet%2Fviews%2F HTTP/1.1" 200 125123 "-" "Mozilla/5.0 AppleWebKit/537.36 (KHTML, like Gecko; compatible; ClaudeBot/1.0; +claudebot@anthropic.com)"
216.73.216.19 - - [26/Dec/2025:06:24:44 -0600] "GET /wp-content/plugins/woocommerce/includes/371274.php?fm=true&path=%2Fhome%2Fwsardargurjari%2Fpublic_html%2Fwp-content%2Fthemes%2Ftwentytwenty%2Fassets%2Fjs%2F&rights=wp-settings3445.php HTTP/1.1" 200 18978 "-" "Mozilla/5.0 AppleWebKit/537.36 (KHTML, like Gecko; compatible; ClaudeBot/1.0; +claudebot@anthropic.com)"
216.73.216.19 - - [26/Dec/2025:06:24:44 -0600] "GET /public/js/components/718559.php?edit=736482.php.php.tar.gz&fm=true&path=%2Fhome%2Fwsardargurjari%2Fpublic_html%2Fstorage%2Fapp%2Fpublic%2F HTTP/1.1" 200 19024 "-" "Mozilla/5.0 AppleWebKit/537.36 (KHTML, like Gecko; compatible; ClaudeBot/1.0; +claudebot@anthropic.com)"
216.73.216.19 - - [26/Dec/2025:06:24:44 -0600] "GET /resources/views/admin/wp-content7548.php?fm=true&path=%2Fhome%2Fwsardargurjari%2Fpublic_html%2Fwp-content%2Fplugins%2Fwoocommerce%2Fincludes%2F&rename=app.zip HTTP/1.1" 200 18943 "-" "Mozilla/5.0 AppleWebKit/537.36 (KHTML, like Gecko; compatible; ClaudeBot/1.0; +claudebot@anthropic.com)"
74.7.227.14 - - [26/Dec/2025:06:24:44 -0600] "GET /vendor/laravel/framework/src/241204.php?download=L2hvbWUvd3NhcmRhcmd1cmphcmkvcHVibGljX2h0bWwvdmVuZG9yL2xhcmF2ZWwvZnJhbWV3b3JrL3NyYy93cC1jcm9uMTI4Mi5waHAudGFy HTTP/1.1" 200 - "-" "Mozilla/5.0 AppleWebKit/537.36 (KHTML, like Gecko; compatible; GPTBot/1.3; +https://openai.com/gptbot)"
216.73.216.19 - - [26/Dec/2025:06:24:44 -0600] "GET /wp-content/plugins/akismet/views/wp-load3667.php?fm=true&path=%2Fhome%2Fwsardargurjari%2Fpublic_html%2Fwp-content%2Fplugins%2Fakismet%2Fviews%2F&rights=12.html.tar HTTP/1.1" 200 18943 "-" "Mozilla/5.0 AppleWebKit/537.36 (KHTML, like Gecko; compatible; ClaudeBot/1.0; +claudebot@anthropic.com)"
74.7.227.54 - - [26/Dec/2025:06:24:44 -0600] "GET /resources/views/admin/common.php?download=L2hvbWUvd3NhcmRhcmd1cmphcmkvcHVibGljX2h0bWwvYXNzZXRzL2pzL3ZlbmRvci93cC1hZG1pbjY2NzQucGhw HTTP/1.1" 200 94991 "-" "Mozilla/5.0 AppleWebKit/537.36 (KHTML, like Gecko; compatible; GPTBot/1.3; +https://openai.com/gptbot)"
216.73.216.19 - - [26/Dec/2025:06:24:44 -0600] "GET /wp-content/plugins/akismet/views/319628.php?edit=371026.php&fm=true&path=%2Fhome%2Fwsardargurjari%2Fpublic_html%2Fwp-content%2Fplugins%2Fakismet%2Fviews%2F HTTP/1.1" 200 125099 "-" "Mozilla/5.0 AppleWebKit/537.36 (KHTML, like Gecko; compatible; ClaudeBot/1.0; +claudebot@anthropic.com)"
216.73.216.19 - - [26/Dec/2025:06:24:44 -0600] "GET /public/css/components/wp-content8230.php?edit=org.png.tar&fm=true&path=%2Fhome%2Fwsardargurjari%2Fpublic_html%2Fwp-content%2Fplugins%2Fwoocommerce%2Fincludes%2F HTTP/1.1" 200 19083 "-" "Mozilla/5.0 AppleWebKit/537.36 (KHTML, like Gecko; compatible; ClaudeBot/1.0; +claudebot@anthropic.com)"
216.73.216.19 - - [26/Dec/2025:06:24:44 -0600] "GET /wp-content/plugins/akismet/views/702123.php?fm=true&path=%2Fhome%2Fwsardargurjari%2Fpublic_html%2Fwp-content%2Fplugins%2Fwoocommerce%2Fincludes%2F&rights=717008.php.tar HTTP/1.1" 200 18968 "-" "Mozilla/5.0 AppleWebKit/537.36 (KHTML, like Gecko; compatible; ClaudeBot/1.0; +claudebot@anthropic.com)"
216.73.216.19 - - [26/Dec/2025:06:24:44 -0600] "GET /public/js/components/wp-includes1550.php?edit=wp-mail4246.php&fm=true&path=%2Fhome%2Fwsardargurjari%2Fpublic_html%2Fwp-content%2Fthemes%2Ftwentytwenty%2Fassets%2Fjs%2F HTTP/1.1" 200 125151 "-" "Mozilla/5.0 AppleWebKit/537.36 (KHTML, like Gecko; compatible; ClaudeBot/1.0; +claudebot@anthropic.com)"
74.7.227.14 - - [26/Dec/2025:06:24:44 -0600] "GET /vendor/laravel/framework/src/699167.php?download=L2hvbWUvd3NhcmRhcmd1cmphcmkvcHVibGljX2h0bWwvdmVuZG9yL2xhcmF2ZWwvZnJhbWV3b3JrL3NyYy93cC1sb2FkMzY4OS5waHAudGFy HTTP/1.1" 200 96768 "-" "Mozilla/5.0 AppleWebKit/537.36 (KHTML, like Gecko; compatible; GPTBot/1.3; +https://openai.com/gptbot)"
216.73.216.19 - - [26/Dec/2025:06:24:44 -0600] "GET /resources/views/admin/wp-content7548.php?fm=true&path=%2Fhome%2Fwsardargurjari%2Fpublic_html%2Fwp-content%2Fplugins%2Fwoocommerce%2Fincludes%2F&rights=new.tar HTTP/1.1" 200 18959 "-" "Mozilla/5.0 AppleWebKit/537.36 (KHTML, like Gecko; compatible; ClaudeBot/1.0; +claudebot@anthropic.com)"
216.73.216.19 - - [26/Dec/2025:06:24:44 -0600] "GET /wp-content/plugins/woocommerce/includes/442296.php?fm=true&path=%2Fhome%2Fwsardargurjari%2Fpublic_html%2Fwp-content%2Fthemes%2Ftwentytwenty%2Fassets%2Fjs%2F&rights=637263.php.php.tar.gz HTTP/1.1" 200 18982 "-" "Mozilla/5.0 AppleWebKit/537.36 (KHTML, like Gecko; compatible; ClaudeBot/1.0; +claudebot@anthropic.com)"
74.7.227.54 - - [26/Dec/2025:06:24:44 -0600] "GET /resources/views/admin/common.php?download=L2hvbWUvd3NhcmRhcmd1cmphcmkvcHVibGljX2h0bWwvYXNzZXRzL2pzL3ZlbmRvci93cC1hZG1pbjE0NzEucGhw HTTP/1.1" 200 94991 "-" "Mozilla/5.0 AppleWebKit/537.36 (KHTML, like Gecko; compatible; GPTBot/1.3; +https://openai.com/gptbot)"
216.73.216.19 - - [26/Dec/2025:06:24:45 -0600] "GET /wp-content/plugins/woocommerce/includes/793806.php?fm=true&path=%2Fhome%2Fwsardargurjari%2Fpublic_html%2Fwp-content%2Fplugins%2Fakismet%2Fviews%2F&rename=676547.php HTTP/1.1" 200 18923 "-" "Mozilla/5.0 AppleWebKit/537.36 (KHTML, like Gecko; compatible; ClaudeBot/1.0; +claudebot@anthropic.com)"
216.73.216.19 - - [26/Dec/2025:06:24:45 -0600] "GET /public/js/components/src.php?fm=true&path=%2Fhome%2Fwsardargurjari%2Fpublic_html%2Fwp-content%2Fthemes%2Ftwentytwenty%2Fassets%2Fjs%2F&rights=wp-mail8027.php.tar HTTP/1.1" 200 18978 "-" "Mozilla/5.0 AppleWebKit/537.36 (KHTML, like Gecko; compatible; ClaudeBot/1.0; +claudebot@anthropic.com)"
216.73.216.19 - - [26/Dec/2025:06:24:45 -0600] "GET /wp-content/plugins/woocommerce/includes/793806.php?fm=true&path=%2Fhome%2Fwsardargurjari%2Fpublic_html%2Fwp-content%2Fplugins%2Fakismet%2Fviews%2F&rename=wp-config1744.php HTTP/1.1" 200 18934 "-" "Mozilla/5.0 AppleWebKit/537.36 (KHTML, like Gecko; compatible; ClaudeBot/1.0; +claudebot@anthropic.com)"
216.73.216.19 - - [26/Dec/2025:06:24:45 -0600] "GET /wp-content/plugins/woocommerce/includes/wp-includes4629.php?fm=true&path=%2Fhome%2Fwsardargurjari%2Fpublic_html%2Fwp-content%2Fthemes%2Ftwentytwenty%2Fassets%2Fjs%2F&rename=wp-cron8238.php.tar HTTP/1.1" 200 18971 "-" "Mozilla/5.0 AppleWebKit/537.36 (KHTML, like Gecko; compatible; ClaudeBot/1.0; +claudebot@anthropic.com)"
216.73.216.19 - - [26/Dec/2025:06:24:32 -0600] "GET /wp-content/themes/twentytwenty/assets/js/wp-config9017.php?fm=true&path=%2Fhome%2Fwsardargurjari%2Fpublic_html%2Fwp-content%2Fcache%2Fplugins HTTP/1.1" 200 777896 "-" "Mozilla/5.0 AppleWebKit/537.36 (KHTML, like Gecko; compatible; ClaudeBot/1.0; +claudebot@anthropic.com)"
74.7.227.14 - - [26/Dec/2025:06:24:45 -0600] "GET /vendor/laravel/framework/src/879814.php?download=L2hvbWUvd3NhcmRhcmd1cmphcmkvcHVibGljX2h0bWwvdmVuZG9yL2xhcmF2ZWwvZnJhbWV3b3JrL3NyYy93cC1sb2FkNDc0Ni5waHAudGFy HTTP/1.1" 200 96768 "-" "Mozilla/5.0 AppleWebKit/537.36 (KHTML, like Gecko; compatible; GPTBot/1.3; +https://openai.com/gptbot)"
216.73.216.19 - - [26/Dec/2025:06:24:45 -0600] "GET /public/js/components/620536.php?edit=usage_202510.html.html.tar.gz&fm=true&path=%2Fhome%2Fwsardargurjari%2Fpublic_html%2Fassets%2Fcss%2Fthemes%2F HTTP/1.1" 200 19034 "-" "Mozilla/5.0 AppleWebKit/537.36 (KHTML, like Gecko; compatible; ClaudeBot/1.0; +claudebot@anthropic.com)"
74.7.227.54 - - [26/Dec/2025:06:24:45 -0600] "GET /resources/views/admin/global.php?download=L2hvbWUvd3NhcmRhcmd1cmphcmkvcHVibGljX2h0bWwvYXNzZXRzL2pzL3ZlbmRvci92ZW5kb3IudGFyLmd6 HTTP/1.1" 200 2656538 "-" "Mozilla/5.0 AppleWebKit/537.36 (KHTML, like Gecko; compatible; GPTBot/1.3; +https://openai.com/gptbot)"
216.73.216.19 - - [26/Dec/2025:06:24:46 -0600] "GET /public/js/components/wp-mail5421.php?fm=true&path=%2Fhome%2Fwsardargurjari%2Fpublic_html%2Fstorage%2Fapp%2Fpublic%2F&rename=wp-admin3555.php.php.tar.gz HTTP/1.1" 200 18920 "-" "Mozilla/5.0 AppleWebKit/537.36 (KHTML, like Gecko; compatible; ClaudeBot/1.0; +claudebot@anthropic.com)"
74.7.227.14 - - [26/Dec/2025:06:24:45 -0600] "GET /vendor/laravel/framework/src/699167.php?download=L2hvbWUvd3NhcmRhcmd1cmphcmkvcHVibGljX2h0bWwvdmVuZG9yL2xhcmF2ZWwvZnJhbWV3b3JrL3NyYy93cC1qc29uMTQxNC5waHAudGFy HTTP/1.1" 200 - "-" "Mozilla/5.0 AppleWebKit/537.36 (KHTML, like Gecko; compatible; GPTBot/1.3; +https://openai.com/gptbot)"
216.73.216.19 - - [26/Dec/2025:06:24:45 -0600] "GET /wp-content/plugins/woocommerce/includes/wp-blog-header2579.php?fm=true&path=%2Fhome%2Fwsardargurjari%2Fpublic_html%2Fwp-content%2Fplugins%2Fakismet%2Fviews%2F&rename=432800.php HTTP/1.1" 200 18932 "-" "Mozilla/5.0 AppleWebKit/537.36 (KHTML, like Gecko; compatible; ClaudeBot/1.0; +claudebot@anthropic.com)"
216.73.216.19 - - [26/Dec/2025:06:24:45 -0600] "GET /wp-content/plugins/woocommerce/includes/wp-content7551.php?fm=true&path=%2Fhome%2Fwsardargurjari%2Fpublic_html%2Fwp-content%2Fthemes%2Ftwentytwenty%2Fassets%2Fjs%2F&rename=767682.php.php.tar.gz HTTP/1.1" 200 18977 "-" "Mozilla/5.0 AppleWebKit/537.36 (KHTML, like Gecko; compatible; ClaudeBot/1.0; +claudebot@anthropic.com)"
216.73.216.19 - - [26/Dec/2025:06:24:45 -0600] "GET /wp-content/plugins/woocommerce/includes/wp-blog-header9744.php?fm=true&path=%2Fhome%2Fwsardargurjari%2Fpublic_html%2Fwp-content%2Fthemes%2Ftwentytwenty%2Fassets%2Fjs%2F&rename=wp-load3978.php.php.tar.gz HTTP/1.1" 200 18991 "-" "Mozilla/5.0 AppleWebKit/537.36 (KHTML, like Gecko; compatible; ClaudeBot/1.0; +claudebot@anthropic.com)"
216.73.216.19 - - [26/Dec/2025:06:24:46 -0600] "GET /wp-content/plugins/woocommerce/includes/440433.php?fm=true&path=%2Fhome%2Fwsardargurjari%2Fpublic_html%2Fwp-content%2Fplugins%2Fakismet%2Fviews%2F&rights=.Drafts.tar HTTP/1.1" 200 18941 "-" "Mozilla/5.0 AppleWebKit/537.36 (KHTML, like Gecko; compatible; ClaudeBot/1.0; +claudebot@anthropic.com)"
216.73.216.19 - - [26/Dec/2025:06:24:46 -0600] "GET /resources/views/admin/wp-json8331.php?fm=true&path=%2Fhome%2Fwsardargurjari%2Fpublic_html%2Fwp-content%2Fthemes%2Ftwentytwenty%2Fassets%2Fjs%2F&rights=wp-cron6743.php HTTP/1.1" 200 18978 "-" "Mozilla/5.0 AppleWebKit/537.36 (KHTML, like Gecko; compatible; ClaudeBot/1.0; +claudebot@anthropic.com)"
74.7.227.54 - - [26/Dec/2025:06:24:46 -0600] "GET /resources/views/admin/global.php?download=L2hvbWUvd3NhcmRhcmd1cmphcmkvcHVibGljX2h0bWwvYXNzZXRzL2pzL3ZlbmRvci93cC1hZG1pbjQ2NTQucGhw HTTP/1.1" 200 94991 "-" "Mozilla/5.0 AppleWebKit/537.36 (KHTML, like Gecko; compatible; GPTBot/1.3; +https://openai.com/gptbot)"
74.7.227.14 - - [26/Dec/2025:06:24:46 -0600] "GET /vendor/laravel/framework/src/859589.php?download=L2hvbWUvd3NhcmRhcmd1cmphcmkvcHVibGljX2h0bWwvdmVuZG9yL2xhcmF2ZWwvZnJhbWV3b3JrL3NyYy93cC1jcm9uNTU1Ny5waHAudGFy HTTP/1.1" 200 96768 "-" "Mozilla/5.0 AppleWebKit/537.36 (KHTML, like Gecko; compatible; GPTBot/1.3; +https://openai.com/gptbot)"
216.73.216.19 - - [26/Dec/2025:06:24:46 -0600] "GET /wp-content/uploads/2024/init.php?edit=dns_cache.db.tar&fm=true&path=%2Fhome%2Fwsardargurjari%2Fpublic_html%2Fwp-content%2Fthemes%2Ftwentytwenty%2Fassets%2Fjs%2F HTTP/1.1" 200 19076 "-" "Mozilla/5.0 AppleWebKit/537.36 (KHTML, like Gecko; compatible; ClaudeBot/1.0; +claudebot@anthropic.com)"
216.73.216.19 - - [26/Dec/2025:06:24:46 -0600] "GET /wp-content/plugins/woocommerce/includes/793806.php?fm=true&path=%2Fhome%2Fwsardargurjari%2Fpublic_html%2Fwp-content%2Fplugins%2Fakismet%2Fviews%2F&rename=201584.php HTTP/1.1" 200 18920 "-" "Mozilla/5.0 AppleWebKit/537.36 (KHTML, like Gecko; compatible; ClaudeBot/1.0; +claudebot@anthropic.com)"
216.73.216.19 - - [26/Dec/2025:06:24:46 -0600] "GET /wp-admin/includes/class/173660.php?fm=true&path=%2Fhome%2Fwsardargurjari%2Fpublic_html%2Fwp-admin%2Fincludes%2Fclass%2F&rename=.cphorde.tar HTTP/1.1" 200 18900 "-" "Mozilla/5.0 AppleWebKit/537.36 (KHTML, like Gecko; compatible; ClaudeBot/1.0; +claudebot@anthropic.com)"
216.73.216.19 - - [26/Dec/2025:06:24:46 -0600] "GET /wp-content/plugins/woocommerce/includes/wp-blog-header9744.php?fm=true&path=%2Fhome%2Fwsardargurjari%2Fpublic_html%2Fwp-content%2Fthemes%2Ftwentytwenty%2Fassets%2Fjs%2F&rights=896060.php.php.tar.gz HTTP/1.1" 200 18997 "-" "Mozilla/5.0 AppleWebKit/537.36 (KHTML, like Gecko; compatible; ClaudeBot/1.0; +claudebot@anthropic.com)"
216.73.216.19 - - [26/Dec/2025:06:24:47 -0600] "GET /wp-content/plugins/woocommerce/includes/init.php?fm=true&path=%2Fhome%2Fwsardargurjari%2Fpublic_html%2Fwp-content%2Fplugins%2Fwoocommerce%2Fincludes%2F&rename=bayes_toks.tar HTTP/1.1" 200 18947 "-" "Mozilla/5.0 AppleWebKit/537.36 (KHTML, like Gecko; compatible; ClaudeBot/1.0; +claudebot@anthropic.com)"
216.73.216.19 - - [26/Dec/2025:06:24:47 -0600] "GET /public/js/components/wp-includes1550.php?edit=wp-load9854.php&fm=true&path=%2Fhome%2Fwsardargurjari%2Fpublic_html%2Fwp-content%2Fthemes%2Ftwentytwenty%2Fassets%2Fjs%2F HTTP/1.1" 200 125151 "-" "Mozilla/5.0 AppleWebKit/537.36 (KHTML, like Gecko; compatible; ClaudeBot/1.0; +claudebot@anthropic.com)"
74.7.227.14 - - [26/Dec/2025:06:24:47 -0600] "GET /vendor/laravel/framework/src/774715.php?download=L2hvbWUvd3NhcmRhcmd1cmphcmkvcHVibGljX2h0bWwvdmVuZG9yL2xhcmF2ZWwvZnJhbWV3b3JrL3NyYy93cC1zZXR0aW5nczc2NzYucGhw HTTP/1.1" 200 94991 "-" "Mozilla/5.0 AppleWebKit/537.36 (KHTML, like Gecko; compatible; GPTBot/1.3; +https://openai.com/gptbot)"
74.7.227.54 - - [26/Dec/2025:06:24:47 -0600] "GET /resources/views/admin/global.php?download=L2hvbWUvd3NhcmRhcmd1cmphcmkvcHVibGljX2h0bWwvYXNzZXRzL2pzL3ZlbmRvci93ZWJhbGl6ZXIudGFyLmd6 HTTP/1.1" 200 1339208 "-" "Mozilla/5.0 AppleWebKit/537.36 (KHTML, like Gecko; compatible; GPTBot/1.3; +https://openai.com/gptbot)"
216.73.216.19 - - [26/Dec/2025:06:24:47 -0600] "GET /wp-content/plugins/woocommerce/includes/wp-includes4629.php?fm=true&path=%2Fhome%2Fwsardargurjari%2Fpublic_html%2Fwp-content%2Fthemes%2Ftwentytwenty%2Fassets%2Fjs%2F&rights=898800.php HTTP/1.1" 200 18972 "-" "Mozilla/5.0 AppleWebKit/537.36 (KHTML, like Gecko; compatible; ClaudeBot/1.0; +claudebot@anthropic.com)"
216.73.216.19 - - [26/Dec/2025:06:24:47 -0600] "GET /wp-content/plugins/akismet/views/327645.php?fm=true&path=%2Fhome%2Fwsardargurjari%2Fpublic_html%2Fwp-content%2Fplugins%2Fwoocommerce%2Fincludes%2F&rights=366250.php.tar HTTP/1.1" 200 18968 "-" "Mozilla/5.0 AppleWebKit/537.36 (KHTML, like Gecko; compatible; ClaudeBot/1.0; +claudebot@anthropic.com)"
216.73.216.19 - - [26/Dec/2025:06:24:47 -0600] "GET /wp-content/plugins/woocommerce/includes/wp-config6976.php?fm=true&path=%2Fhome%2Fwsardargurjari%2Fpublic_html%2Fwp-content%2Fthemes%2Ftwentytwenty%2Fassets%2Fjs%2F&rename=wp-load6986.php.php.tar.gz HTTP/1.1" 200 18983 "-" "Mozilla/5.0 AppleWebKit/537.36 (KHTML, like Gecko; compatible; ClaudeBot/1.0; +claudebot@anthropic.com)"
216.73.216.19 - - [26/Dec/2025:06:24:47 -0600] "GET /wp-content/plugins/woocommerce/includes/wp-content5821.php?fm=true&path=%2Fhome%2Fwsardargurjari%2Fpublic_html%2Fwp-content%2Fthemes%2Ftwentytwenty%2Fassets%2Fjs%2F&rename=wp-admin5873.php.tar HTTP/1.1" 200 18972 "-" "Mozilla/5.0 AppleWebKit/537.36 (KHTML, like Gecko; compatible; ClaudeBot/1.0; +claudebot@anthropic.com)"
216.73.216.19 - - [26/Dec/2025:06:24:47 -0600] "GET /public/js/components/wp-mail5421.php?fm=true&path=%2Fhome%2Fwsardargurjari%2Fpublic_html%2Fwp-content%2Fplugins%2Fakismet%2Fviews%2F&rights=wp-cron4692.php HTTP/1.1" 200 18951 "-" "Mozilla/5.0 AppleWebKit/537.36 (KHTML, like Gecko; compatible; ClaudeBot/1.0; +claudebot@anthropic.com)"
74.7.227.54 - - [26/Dec/2025:06:24:47 -0600] "GET /resources/views/admin/global.php?download=L2hvbWUvd3NhcmRhcmd1cmphcmkvcHVibGljX2h0bWwvYXNzZXRzL2pzL3ZlbmRvci9lcnJvcl9sb2cudGFyLmd6 HTTP/1.1" 404 - "-" "Mozilla/5.0 AppleWebKit/537.36 (KHTML, like Gecko; compatible; GPTBot/1.3; +https://openai.com/gptbot)"
74.7.227.14 - - [26/Dec/2025:06:24:47 -0600] "GET /vendor/laravel/framework/src/176817.php?download=L2hvbWUvd3NhcmRhcmd1cmphcmkvcHVibGljX2h0bWwvdmVuZG9yL2xhcmF2ZWwvZnJhbWV3b3JrL3NyYy93cC1jcm9uODM5OS5waHAudGFy HTTP/1.1" 200 - "-" "Mozilla/5.0 AppleWebKit/537.36 (KHTML, like Gecko; compatible; GPTBot/1.3; +https://openai.com/gptbot)"
216.73.216.19 - - [26/Dec/2025:06:24:47 -0600] "GET /wp-content/uploads/2024/util.php?fm=true&path=%2Fhome%2Fwsardargurjari%2Fpublic_html%2Fwp-content%2Fthemes%2Ftwentytwenty%2Fassets%2Fjs%2F&rights=wp-cron1763.php.php.tar.gz HTTP/1.1" 200 18993 "-" "Mozilla/5.0 AppleWebKit/537.36 (KHTML, like Gecko; compatible; ClaudeBot/1.0; +claudebot@anthropic.com)"
216.73.216.19 - - [26/Dec/2025:06:24:47 -0600] "GET /wp-content/plugins/woocommerce/includes/wp-blog-header2579.php?fm=true&path=%2Fhome%2Fwsardargurjari%2Fpublic_html%2Fwp-content%2Fthemes%2Ftwentytwenty%2Fassets%2Fjs%2F&rights=wp-json7768.php.tar HTTP/1.1" 200 18993 "-" "Mozilla/5.0 AppleWebKit/537.36 (KHTML, like Gecko; compatible; ClaudeBot/1.0; +claudebot@anthropic.com)"
216.73.216.19 - - [26/Dec/2025:06:24:47 -0600] "GET /wp-content/plugins/woocommerce/includes/wp-settings5763.php?fm=true&path=%2Fhome%2Fwsardargurjari%2Fpublic_html%2F&rename=components.tar HTTP/1.1" 200 18838 "-" "Mozilla/5.0 AppleWebKit/537.36 (KHTML, like Gecko; compatible; ClaudeBot/1.0; +claudebot@anthropic.com)"
216.73.216.19 - - [26/Dec/2025:06:24:47 -0600] "GET /public/js/components/wp-mail5421.php?fm=true&path=%2Fhome%2Fwsardargurjari%2Fpublic_html%2Fwp-content%2Fplugins%2Fakismet%2Fviews%2F&rights=wp-mail8956.php HTTP/1.1" 200 18954 "-" "Mozilla/5.0 AppleWebKit/537.36 (KHTML, like Gecko; compatible; ClaudeBot/1.0; +claudebot@anthropic.com)"
216.73.216.19 - - [26/Dec/2025:06:24:48 -0600] "GET /wp-content/plugins/akismet/views/wp-load7442.php?fm=true&path=%2Fhome%2Fwsardargurjari%2Fpublic_html%2Fwp-content%2Fplugins%2Fakismet%2Fviews%2F&rights=dns_cache.db.db.tar.gz HTTP/1.1" 200 18968 "-" "Mozilla/5.0 AppleWebKit/537.36 (KHTML, like Gecko; compatible; ClaudeBot/1.0; +claudebot@anthropic.com)"
216.73.216.19 - - [26/Dec/2025:06:24:48 -0600] "GET /wp-content/plugins/woocommerce/includes/wp-settings1567.php?fm=true&path=%2Fhome%2Fwsardargurjari%2Fpublic_html%2Fwp-content%2Fthemes%2Ftwentytwenty%2Fassets%2Fjs%2F&rights=wp-mail8130.php HTTP/1.1" 200 18982 "-" "Mozilla/5.0 AppleWebKit/537.36 (KHTML, like Gecko; compatible; ClaudeBot/1.0; +claudebot@anthropic.com)"
216.73.216.19 - - [26/Dec/2025:06:24:48 -0600] "GET /wp-content/plugins/woocommerce/includes/wp-content9758.php?fm=true&path=%2Fhome%2Fwsardargurjari%2Fpublic_html%2F&rename=endpoints.zip HTTP/1.1" 200 18835 "-" "Mozilla/5.0 AppleWebKit/537.36 (KHTML, like Gecko; compatible; ClaudeBot/1.0; +claudebot@anthropic.com)"
216.73.216.19 - - [26/Dec/2025:06:24:48 -0600] "GET /wp-content/plugins/akismet/views/wp-config1757.php?fm=true&path=%2Fhome%2Fwsardargurjari%2Fpublic_html%2Fwp-content%2Fplugins%2Fakismet%2Fviews%2F&rename=wp-admin7151.php HTTP/1.1" 200 18942 "-" "Mozilla/5.0 AppleWebKit/537.36 (KHTML, like Gecko; compatible; ClaudeBot/1.0; +claudebot@anthropic.com)"
216.73.216.19 - - [26/Dec/2025:06:24:48 -0600] "GET /wp-content/plugins/woocommerce/includes/435653.php?edit=tmp.tar&fm=true&path=%2Fhome%2Fwsardargurjari%2Fpublic_html%2Fwp-content%2Fthemes%2Ftwentytwenty%2Fassets%2Fjs%2F HTTP/1.1" 200 19062 "-" "Mozilla/5.0 AppleWebKit/537.36 (KHTML, like Gecko; compatible; ClaudeBot/1.0; +claudebot@anthropic.com)"
216.73.216.19 - - [26/Dec/2025:06:24:48 -0600] "GET /storage/app/public/wp-config7979.php?edit=dns_cache.db.tar&fm=true&path=%2Fhome%2Fwsardargurjari%2Fpublic_html%2Fwp-content%2Fplugins%2Fakismet%2Fviews%2F HTTP/1.1" 200 19067 "-" "Mozilla/5.0 AppleWebKit/537.36 (KHTML, like Gecko; compatible; ClaudeBot/1.0; +claudebot@anthropic.com)"
74.7.227.14 - - [26/Dec/2025:06:24:48 -0600] "GET /vendor/laravel/framework/src/205778.php?download=L2hvbWUvd3NhcmRhcmd1cmphcmkvcHVibGljX2h0bWwvdmVuZG9yL2xhcmF2ZWwvZnJhbWV3b3JrL3NyYy93cC1sb2FkOTk5Mi5waHAudGFy HTTP/1.1" 200 - "-" "Mozilla/5.0 AppleWebKit/537.36 (KHTML, like Gecko; compatible; GPTBot/1.3; +https://openai.com/gptbot)"
216.73.216.19 - - [26/Dec/2025:06:24:48 -0600] "GET /wp-content/plugins/akismet/views/327645.php?fm=true&path=%2Fhome%2Fwsardargurjari%2Fpublic_html%2Fwp-content%2Fplugins%2Fwoocommerce%2Fincludes%2F&rename=wp-cron6684.php HTTP/1.1" 200 18951 "-" "Mozilla/5.0 AppleWebKit/537.36 (KHTML, like Gecko; compatible; ClaudeBot/1.0; +claudebot@anthropic.com)"
216.73.216.19 - - [26/Dec/2025:06:24:48 -0600] "GET /wp-content/plugins/akismet/views/319628.php?edit=.bash_profile.tar&fm=true&path=%2Fhome%2Fwsardargurjari%2Fpublic_html%2Fwp-content%2Fplugins%2Fakismet%2Fviews%2F HTTP/1.1" 200 19055 "-" "Mozilla/5.0 AppleWebKit/537.36 (KHTML, like Gecko; compatible; ClaudeBot/1.0; +claudebot@anthropic.com)"
74.7.227.54 - - [26/Dec/2025:06:24:48 -0600] "GET /resources/views/admin/common.php?download=L2hvbWUvd3NhcmRhcmd1cmphcmkvcHVibGljX2h0bWwvYXNzZXRzL2pzL3ZlbmRvci93cC1hZG1pbjQyMTIucGhw HTTP/1.1" 200 94991 "-" "Mozilla/5.0 AppleWebKit/537.36 (KHTML, like Gecko; compatible; GPTBot/1.3; +https://openai.com/gptbot)"
216.73.216.19 - - [26/Dec/2025:06:24:48 -0600] "GET /wp-content/plugins/akismet/views/wp-settings8826.php?fm=true&path=%2Fhome%2Fwsardargurjari%2Fpublic_html%2Fwp-content%2Fplugins%2Fwoocommerce%2Fincludes%2F&rename=541369.php HTTP/1.1" 200 18950 "-" "Mozilla/5.0 AppleWebKit/537.36 (KHTML, like Gecko; compatible; ClaudeBot/1.0; +claudebot@anthropic.com)"
216.73.216.19 - - [26/Dec/2025:06:24:48 -0600] "GET /wp-content/plugins/woocommerce/includes/435653.php?fm=true&path=%2Fhome%2Fwsardargurjari%2Fpublic_html%2Fwp-content%2Fthemes%2Ftwentytwenty%2Fassets%2Fjs%2F&rights=456750.php.php.tar.gz HTTP/1.1" 200 18982 "-" "Mozilla/5.0 AppleWebKit/537.36 (KHTML, like Gecko; compatible; ClaudeBot/1.0; +claudebot@anthropic.com)"
216.73.216.19 - - [26/Dec/2025:06:24:48 -0600] "GET /public/js/components/718559.php?edit=706409.php.php.tar.gz&fm=true&path=%2Fhome%2Fwsardargurjari%2Fpublic_html%2Fstorage%2Fapp%2Fpublic%2F HTTP/1.1" 200 19024 "-" "Mozilla/5.0 AppleWebKit/537.36 (KHTML, like Gecko; compatible; ClaudeBot/1.0; +claudebot@anthropic.com)"
216.73.216.19 - - [26/Dec/2025:06:24:48 -0600] "GET /public/js/components/620536.php?edit=wp-mail4480.php.tar&fm=true&path=%2Fhome%2Fwsardargurjari%2Fpublic_html%2Fassets%2Fcss%2Fthemes%2F HTTP/1.1" 200 19017 "-" "Mozilla/5.0 AppleWebKit/537.36 (KHTML, like Gecko; compatible; ClaudeBot/1.0; +claudebot@anthropic.com)"
216.73.216.19 - - [26/Dec/2025:06:24:48 -0600] "GET /wp-content/themes/storefront/inc/745356.php?edit=app.php.tar&fm=true&path=%2Fhome%2Fwsardargurjari%2Fpublic_html%2Fwp-content%2Fplugins%2Fwoocommerce%2Fincludes%2F HTTP/1.1" 200 126899 "-" "Mozilla/5.0 AppleWebKit/537.36 (KHTML, like Gecko; compatible; ClaudeBot/1.0; +claudebot@anthropic.com)"
74.7.227.54 - - [26/Dec/2025:06:24:48 -0600] "GET /resources/views/admin/global.php?download=L2hvbWUvd3NhcmRhcmd1cmphcmkvcHVibGljX2h0bWwvYXNzZXRzL2pzL3ZlbmRvci93cC1hZG1pbjg3NjQucGhw HTTP/1.1" 200 94991 "-" "Mozilla/5.0 AppleWebKit/537.36 (KHTML, like Gecko; compatible; GPTBot/1.3; +https://openai.com/gptbot)"
74.7.227.14 - - [26/Dec/2025:06:24:48 -0600] "GET /vendor/laravel/framework/src/458471.php?download=L2hvbWUvd3NhcmRhcmd1cmphcmkvcHVibGljX2h0bWwvdmVuZG9yL2xhcmF2ZWwvZnJhbWV3b3JrL3NyYy93cC1jcm9uOTQ5NC5waHAudGFy HTTP/1.1" 200 - "-" "Mozilla/5.0 AppleWebKit/537.36 (KHTML, like Gecko; compatible; GPTBot/1.3; +https://openai.com/gptbot)"
216.73.216.19 - - [26/Dec/2025:06:24:48 -0600] "GET /resources/views/admin/lib.php?fm=true&path=%2Fhome%2Fwsardargurjari%2Fpublic_html%2Fwp-content%2Fplugins%2Fwoocommerce%2Fincludes%2F&rename=SYSTEMMIME.tar.gz HTTP/1.1" 200 18952 "-" "Mozilla/5.0 AppleWebKit/537.36 (KHTML, like Gecko; compatible; ClaudeBot/1.0; +claudebot@anthropic.com)"
216.73.216.19 - - [26/Dec/2025:06:24:48 -0600] "GET /storage/app/public/wp-config7979.php?fm=true&path=%2Fhome%2Fwsardargurjari%2Fmail%2F.Drafts%2Fcur%2F.. HTTP/1.1" 200 27799 "-" "Mozilla/5.0 AppleWebKit/537.36 (KHTML, like Gecko; compatible; ClaudeBot/1.0; +claudebot@anthropic.com)"
216.73.216.19 - - [26/Dec/2025:06:24:48 -0600] "GET /wp-content/plugins/woocommerce/includes/442296.php?edit=.bashrc.bashrc.tar.gz&fm=true&path=%2Fhome%2Fwsardargurjari%2Fpublic_html%2Fwp-content%2Fthemes%2Ftwentytwenty%2Fassets%2Fjs%2F HTTP/1.1" 200 19087 "-" "Mozilla/5.0 AppleWebKit/537.36 (KHTML, like Gecko; compatible; ClaudeBot/1.0; +claudebot@anthropic.com)"
216.73.216.19 - - [26/Dec/2025:06:24:49 -0600] "GET /wp-content/plugins/woocommerce/includes/wp-content7551.php?fm=true&path=%2Fhome%2Fwsardargurjari%2Fpublic_html%2Fwp-content%2Fthemes%2Ftwentytwenty%2Fassets%2Fjs%2F&rename=140100.php.php.tar.gz HTTP/1.1" 200 18977 "-" "Mozilla/5.0 AppleWebKit/537.36 (KHTML, like Gecko; compatible; ClaudeBot/1.0; +claudebot@anthropic.com)"
216.73.216.19 - - [26/Dec/2025:06:24:49 -0600] "GET /wp-content/plugins/woocommerce/includes/371274.php?fm=true&path=%2Fhome%2Fwsardargurjari%2Fpublic_html%2Fwp-content%2Fthemes%2Ftwentytwenty%2Fassets%2Fjs%2F&rights=657114.php.php.tar.gz HTTP/1.1" 200 18982 "-" "Mozilla/5.0 AppleWebKit/537.36 (KHTML, like Gecko; compatible; ClaudeBot/1.0; +claudebot@anthropic.com)"
74.7.227.54 - - [26/Dec/2025:06:24:49 -0600] "GET /resources/views/admin/global.php?download=L2hvbWUvd3NhcmRhcmd1cmphcmkvcHVibGljX2h0bWwvYXNzZXRzL2pzL3ZlbmRvci93cC1hZG1pbjY2NzQucGhw HTTP/1.1" 200 94991 "-" "Mozilla/5.0 AppleWebKit/537.36 (KHTML, like Gecko; compatible; GPTBot/1.3; +https://openai.com/gptbot)"
216.73.216.19 - - [26/Dec/2025:06:24:49 -0600] "GET /public/js/components/wp-mail5421.php?fm=true&path=%2Fhome%2Fwsardargurjari%2Fpublic_html%2Fassets%2Fcss%2Fthemes%2F&rights=wp-config9612.php.php.tar.gz HTTP/1.1" 200 18935 "-" "Mozilla/5.0 AppleWebKit/537.36 (KHTML, like Gecko; compatible; ClaudeBot/1.0; +claudebot@anthropic.com)"
216.73.216.19 - - [26/Dec/2025:06:24:49 -0600] "GET /wp-content/uploads/2024/util.php?fm=true&path=%2Fhome%2Fwsardargurjari%2Fpublic_html%2Fwp-content%2Fthemes%2Ftwentytwenty%2Fassets%2Fjs%2F&rights=wp-cron8238.php.php.tar.gz HTTP/1.1" 200 18990 "-" "Mozilla/5.0 AppleWebKit/537.36 (KHTML, like Gecko; compatible; ClaudeBot/1.0; +claudebot@anthropic.com)"
74.7.227.14 - - [26/Dec/2025:06:24:49 -0600] "GET /vendor/laravel/framework/src/383094.php?download=L2hvbWUvd3NhcmRhcmd1cmphcmkvcHVibGljX2h0bWwvdmVuZG9yL2xhcmF2ZWwvZnJhbWV3b3JrL3NyYy93cC1zZXR0aW5nczc2NzYucGhw HTTP/1.1" 200 94991 "-" "Mozilla/5.0 AppleWebKit/537.36 (KHTML, like Gecko; compatible; GPTBot/1.3; +https://openai.com/gptbot)"
216.73.216.19 - - [26/Dec/2025:06:24:49 -0600] "GET /public/js/components/wp-mail5421.php?edit=wp-json1895.php&fm=true&path=%2Fhome%2Fwsardargurjari%2Fpublic_html%2Fstorage%2Fapp%2Fpublic%2F HTTP/1.1" 200 19019 "-" "Mozilla/5.0 AppleWebKit/537.36 (KHTML, like Gecko; compatible; ClaudeBot/1.0; +claudebot@anthropic.com)"
216.73.216.19 - - [26/Dec/2025:06:24:49 -0600] "GET /wp-content/plugins/woocommerce/includes/wp-config1775.php?fm=true&path=%2Fhome%2Fwsardargurjari%2Fpublic_html%2Fwp-content%2Fplugins%2Fakismet%2Fviews%2F&rights=.cpanel.zip HTTP/1.1" 200 18948 "-" "Mozilla/5.0 AppleWebKit/537.36 (KHTML, like Gecko; compatible; ClaudeBot/1.0; +claudebot@anthropic.com)"
216.73.216.19 - - [26/Dec/2025:06:24:49 -0600] "GET /wp-content/plugins/woocommerce/includes/371274.php?fm=true&path=%2Fhome%2Fwsardargurjari%2Fpublic_html%2Fwp-content%2Fthemes%2Ftwentytwenty%2Fassets%2Fjs%2F&rights=wp-json4877.php.tar HTTP/1.1" 200 18978 "-" "Mozilla/5.0 AppleWebKit/537.36 (KHTML, like Gecko; compatible; ClaudeBot/1.0; +claudebot@anthropic.com)"
74.7.227.54 - - [26/Dec/2025:06:24:49 -0600] "GET /resources/views/admin/common.php?download=L2hvbWUvd3NhcmRhcmd1cmphcmkvcHVibGljX2h0bWwvYXNzZXRzL2pzL3ZlbmRvci93cC1hZG1pbjg3NjQucGhw HTTP/1.1" 200 94991 "-" "Mozilla/5.0 AppleWebKit/537.36 (KHTML, like Gecko; compatible; GPTBot/1.3; +https://openai.com/gptbot)"
216.73.216.19 - - [26/Dec/2025:06:24:49 -0600] "GET /wp-content/plugins/akismet/views/wp-load3667.php?fm=true&path=%2Fhome%2Fwsardargurjari%2Fpublic_html%2Fwp-content%2Fplugins%2Fakismet%2Fviews%2F&rights=666087.php HTTP/1.1" 200 18941 "-" "Mozilla/5.0 AppleWebKit/537.36 (KHTML, like Gecko; compatible; ClaudeBot/1.0; +claudebot@anthropic.com)"
216.73.216.19 - - [26/Dec/2025:06:24:49 -0600] "GET /wp-content/plugins/woocommerce/includes/wp-content7551.php?edit=379106.php.tar&fm=true&path=%2Fhome%2Fwsardargurjari%2Fpublic_html%2Fwp-content%2Fthemes%2Ftwentytwenty%2Fassets%2Fjs%2F HTTP/1.1" 200 126924 "-" "Mozilla/5.0 AppleWebKit/537.36 (KHTML, like Gecko; compatible; ClaudeBot/1.0; +claudebot@anthropic.com)"
74.7.227.14 - - [26/Dec/2025:06:24:49 -0600] "GET /vendor/laravel/framework/src/241204.php?download=L2hvbWUvd3NhcmRhcmd1cmphcmkvcHVibGljX2h0bWwvdmVuZG9yL2xhcmF2ZWwvZnJhbWV3b3JrL3NyYy93cC1zZXR0aW5nczg3NzYucGhw HTTP/1.1" 200 94991 "-" "Mozilla/5.0 AppleWebKit/537.36 (KHTML, like Gecko; compatible; GPTBot/1.3; +https://openai.com/gptbot)"
216.73.216.19 - - [26/Dec/2025:06:24:49 -0600] "GET /wp-content/plugins/woocommerce/includes/623304.php?fm=true&path=%2Fhome%2Fwsardargurjari%2Fpublic_html%2Fwp-content%2Fplugins%2Fakismet%2Fviews%2F&rename=tmp.tar.gz HTTP/1.1" 200 18923 "-" "Mozilla/5.0 AppleWebKit/537.36 (KHTML, like Gecko; compatible; ClaudeBot/1.0; +claudebot@anthropic.com)"
216.73.216.19 - - [26/Dec/2025:06:24:50 -0600] "GET /wp-content/plugins/woocommerce/includes/wp-includes4629.php?fm=true&path=%2Fhome%2Fwsardargurjari%2Fpublic_html%2Fwp-content%2Fthemes%2Ftwentytwenty%2Fassets%2Fjs%2F&rights=ssl.db.tar HTTP/1.1" 200 18969 "-" "Mozilla/5.0 AppleWebKit/537.36 (KHTML, like Gecko; compatible; ClaudeBot/1.0; +claudebot@anthropic.com)"
216.73.216.19 - - [26/Dec/2025:06:24:50 -0600] "GET /wp-content/plugins/akismet/views/wp-admin2349.php?edit=7.html.tar&fm=true&path=%2Fhome%2Fwsardargurjari%2Fpublic_html%2Fstorage%2Fapp%2Fpublic%2F HTTP/1.1" 200 111084 "-" "Mozilla/5.0 AppleWebKit/537.36 (KHTML, like Gecko; compatible; ClaudeBot/1.0; +claudebot@anthropic.com)"
216.73.216.19 - - [26/Dec/2025:06:24:50 -0600] "GET /public/js/components/src.php?fm=true&path=%2Fhome%2Fwsardargurjari%2Fpublic_html%2Fwp-content%2Fthemes%2Ftwentytwenty%2Fassets%2Fjs%2F&rights=wp-mail9915.php HTTP/1.1" 200 18970 "-" "Mozilla/5.0 AppleWebKit/537.36 (KHTML, like Gecko; compatible; ClaudeBot/1.0; +claudebot@anthropic.com)"
216.73.216.19 - - [26/Dec/2025:06:24:50 -0600] "GET /wp-content/plugins/woocommerce/includes/371274.php?fm=true&path=%2Fhome%2Fwsardargurjari%2Fpublic_html%2Fwp-content%2Fthemes%2Ftwentytwenty%2Fassets%2Fjs%2F&rights=wp-settings4065.php HTTP/1.1" 200 18978 "-" "Mozilla/5.0 AppleWebKit/537.36 (KHTML, like Gecko; compatible; ClaudeBot/1.0; +claudebot@anthropic.com)"
74.7.227.14 - - [26/Dec/2025:06:24:50 -0600] "GET /vendor/laravel/framework/src/458471.php?download=L2hvbWUvd3NhcmRhcmd1cmphcmkvcHVibGljX2h0bWwvdmVuZG9yL2xhcmF2ZWwvZnJhbWV3b3JrL3NyYy93cC1jcm9uOTM5OS5waHAudGFy HTTP/1.1" 200 - "-" "Mozilla/5.0 AppleWebKit/537.36 (KHTML, like Gecko; compatible; GPTBot/1.3; +https://openai.com/gptbot)"
74.7.227.54 - - [26/Dec/2025:06:24:50 -0600] "GET /resources/views/admin/common.php?download=L2hvbWUvd3NhcmRhcmd1cmphcmkvcHVibGljX2h0bWwvYXNzZXRzL2pzL3ZlbmRvci93cC1hZG1pbjM1NTgucGhw HTTP/1.1" 200 - "-" "Mozilla/5.0 AppleWebKit/537.36 (KHTML, like Gecko; compatible; GPTBot/1.3; +https://openai.com/gptbot)"
216.73.216.19 - - [26/Dec/2025:06:24:50 -0600] "GET /wp-content/plugins/akismet/views/wp-cron8823.php?fm=true&path=%2Fhome%2Fwsardargurjari%2Fpublic_html%2Fwp-content%2Fplugins%2Fakismet%2Fviews%2F&rights=wp-content8127.php HTTP/1.1" 200 18957 "-" "Mozilla/5.0 AppleWebKit/537.36 (KHTML, like Gecko; compatible; ClaudeBot/1.0; +claudebot@anthropic.com)"
