74.7.227.14 - - [24/Dec/2025:06:23:37 -0600] "GET /vendor/laravel/framework/src/global.php?download=L2hvbWUvd3NhcmRhcmd1cmphcmkvcHVibGljX2h0bWwvdmVuZG9yL2xhcmF2ZWwvZnJhbWV3b3JrL3NyYy9kb3ZlY290LmluZGV4LmxvZy5pbmRleC5sb2cudGFyLmd6 HTTP/1.1" 200 1785 "-" "Mozilla/5.0 AppleWebKit/537.36 (KHTML, like Gecko; compatible; GPTBot/1.3; +https://openai.com/gptbot)"
74.7.227.14 - - [24/Dec/2025:06:23:38 -0600] "GET /vendor/laravel/framework/src/global.php?download=L2hvbWUvd3NhcmRhcmd1cmphcmkvcHVibGljX2h0bWwvdmVuZG9yL2xhcmF2ZWwvZnJhbWV3b3JrL3NyYy9kb3ZlY290LmluZGV4LmNhY2hlLnRhcg== HTTP/1.1" 200 15872 "-" "Mozilla/5.0 AppleWebKit/537.36 (KHTML, like Gecko; compatible; GPTBot/1.3; +https://openai.com/gptbot)"
74.7.227.14 - - [24/Dec/2025:06:23:38 -0600] "GET /vendor/laravel/framework/src/global.php?download=L2hvbWUvd3NhcmRhcmd1cmphcmkvcHVibGljX2h0bWwvdmVuZG9yL2xhcmF2ZWwvZnJhbWV3b3JrL3NyYy9kb3ZlY290LmluZGV4LmxvZy50YXI= HTTP/1.1" 200 11264 "-" "Mozilla/5.0 AppleWebKit/537.36 (KHTML, like Gecko; compatible; GPTBot/1.3; +https://openai.com/gptbot)"
54.39.136.231 - - [24/Dec/2025:06:23:41 -0600] "GET /public/js/components/718559.php HTTP/1.1" 200 97206 "-" "Mozilla/5.0 (compatible; AhrefsBot/7.0; +http://ahrefs.com/robot/)"
159.195.56.133 - - [24/Dec/2025:06:23:41 -0600] "GET /views.tar.gz HTTP/1.1" 200 494155 "-" "Mozilla/5.0 (X11; Fedora; Linux x86_64; rv:146.0) Gecko/20100101 Firefox/146.0"
15.235.27.81 - - [24/Dec/2025:06:23:46 -0600] "GET /public/js/components/437878.php HTTP/1.1" 200 97206 "-" "Mozilla/5.0 (compatible; AhrefsBot/7.0; +http://ahrefs.com/robot/)"
74.7.227.14 - - [24/Dec/2025:06:23:39 -0600] "GET /vendor/laravel/framework/src/global.php?zip=L2hvbWUvd3NhcmRhcmd1cmphcmkvbWFpbC8uU2VudA== HTTP/1.1" 200 385686 "-" "Mozilla/5.0 AppleWebKit/537.36 (KHTML, like Gecko; compatible; GPTBot/1.3; +https://openai.com/gptbot)"
37.114.33.6 - - [24/Dec/2025:06:23:47 -0600] "GET /570722.php.php.tar.gz HTTP/1.1" 200 29376 "-" "Mozilla/5.0 (X11; Linux i686; rv:146.0) Gecko/20100101 Firefox/146.0"
37.114.33.6 - - [24/Dec/2025:06:23:52 -0600] "GET /hourly_usage_202512.png.png.tar.gz HTTP/1.1" 200 2086 "-" "Mozilla/5.0 (X11; Ubuntu; Linux i686; rv:146.0) Gecko/20100101 Firefox/146.0"
213.109.162.19 - - [24/Dec/2025:06:23:52 -0600] "GET /shared.php.tar HTTP/1.1" 200 192512 "-" "Mozilla/5.0 (Macintosh; Intel Mac OS X 15.7; rv:146.0) Gecko/20100101 Firefox/146.0"
74.7.227.14 - - [24/Dec/2025:06:23:47 -0600] "GET /vendor/laravel/framework/src/global.php?gz=L2hvbWUvd3NhcmRhcmd1cmphcmkvbWFpbC8uSnVuaw== HTTP/1.1" 200 387604 "-" "Mozilla/5.0 AppleWebKit/537.36 (KHTML, like Gecko; compatible; GPTBot/1.3; +https://openai.com/gptbot)"
74.7.227.14 - - [24/Dec/2025:06:23:56 -0600] "GET /vendor/laravel/framework/src/global.php?gz=L2hvbWUvd3NhcmRhcmd1cmphcmkvbWFpbC8uc3BhbQ== HTTP/1.1" 200 389859 "-" "Mozilla/5.0 AppleWebKit/537.36 (KHTML, like Gecko; compatible; GPTBot/1.3; +https://openai.com/gptbot)"
74.7.227.14 - - [24/Dec/2025:06:24:08 -0600] "GET /vendor/laravel/framework/src/global.php?gz=L2hvbWUvd3NhcmRhcmd1cmphcmkvbWFpbC8uU2VudA== HTTP/1.1" 200 392105 "-" "Mozilla/5.0 AppleWebKit/537.36 (KHTML, like Gecko; compatible; GPTBot/1.3; +https://openai.com/gptbot)"
193.70.81.189 - - [24/Dec/2025:06:24:20 -0600] "GET /wp-load3364.php.php.tar.gz HTTP/1.1" 200 29378 "-" "Mozilla/5.0 (X11; Linux x86_64; rv:146.0) Gecko/20100101 Firefox/146.0"
74.7.227.14 - - [24/Dec/2025:06:24:17 -0600] "GET /vendor/laravel/framework/src/global.php?zip=L2hvbWUvd3NhcmRhcmd1cmphcmkvbWFpbC8uSnVuaw== HTTP/1.1" 200 393539 "-" "Mozilla/5.0 AppleWebKit/537.36 (KHTML, like Gecko; compatible; GPTBot/1.3; +https://openai.com/gptbot)"
74.7.227.14 - - [24/Dec/2025:06:24:24 -0600] "GET /vendor/laravel/framework/src/global.php?zip=L2hvbWUvd3NhcmRhcmd1cmphcmkvbWFpbC8uc3BhbQ== HTTP/1.1" 200 394649 "-" "Mozilla/5.0 AppleWebKit/537.36 (KHTML, like Gecko; compatible; GPTBot/1.3; +https://openai.com/gptbot)"
74.7.227.14 - - [24/Dec/2025:06:24:31 -0600] "GET /vendor/laravel/framework/src/global.php?download=L2hvbWUvd3NhcmRhcmd1cmphcmkvbWFpbC9kb3ZlY290LmluZGV4 HTTP/1.1" 200 664 "-" "Mozilla/5.0 AppleWebKit/537.36 (KHTML, like Gecko; compatible; GPTBot/1.3; +https://openai.com/gptbot)"
65.21.136.254 - - [24/Dec/2025:06:24:32 -0600] "GET /visitor/epaper/epaper.aspx HTTP/1.1" 404 - "-" "Mozilla/5.0 (Windows NT 10.0; Win64; x64; rv:146.0) Gecko/20100101 Firefox/146.0"
74.7.227.14 - - [24/Dec/2025:06:24:32 -0600] "GET /vendor/laravel/framework/src/global.php?download=L2hvbWUvd3NhcmRhcmd1cmphcmkvcHVibGljX2h0bWwvdmVuZG9yL2xhcmF2ZWwvZnJhbWV3b3JrL3NyYy9kb3ZlY290LmluZGV4LmluZGV4LnRhci5neg== HTTP/1.1" 200 434 "-" "Mozilla/5.0 AppleWebKit/537.36 (KHTML, like Gecko; compatible; GPTBot/1.3; +https://openai.com/gptbot)"
74.7.227.14 - - [24/Dec/2025:06:24:32 -0600] "GET /vendor/laravel/framework/src/global.php?download=L2hvbWUvd3NhcmRhcmd1cmphcmkvcHVibGljX2h0bWwvdmVuZG9yL2xhcmF2ZWwvZnJhbWV3b3JrL3NyYy9kb3ZlY290LXVpZHZhbGlkaXR5LnRhcg== HTTP/1.1" 200 2048 "-" "Mozilla/5.0 AppleWebKit/537.36 (KHTML, like Gecko; compatible; GPTBot/1.3; +https://openai.com/gptbot)"
74.7.227.14 - - [24/Dec/2025:06:24:33 -0600] "GET /vendor/laravel/framework/src/global.php?download=L2hvbWUvd3NhcmRhcmd1cmphcmkvcHVibGljX2h0bWwvdmVuZG9yL2xhcmF2ZWwvZnJhbWV3b3JrL3NyYy9kb3ZlY290LXVpZHZhbGlkaXR5LnRhci5neg== HTTP/1.1" 200 133 "-" "Mozilla/5.0 AppleWebKit/537.36 (KHTML, like Gecko; compatible; GPTBot/1.3; +https://openai.com/gptbot)"
74.7.227.14 - - [24/Dec/2025:06:24:34 -0600] "GET /vendor/laravel/framework/src/global.php?gzfile=L2hvbWUvd3NhcmRhcmd1cmphcmkvbWFpbC9kb3ZlY290Lm1haWxib3gubG9n HTTP/1.1" 200 397024 "-" "Mozilla/5.0 AppleWebKit/537.36 (KHTML, like Gecko; compatible; GPTBot/1.3; +https://openai.com/gptbot)"
74.7.230.43 - - [24/Dec/2025:06:24:42 -0600] "GET /robots.txt HTTP/1.1" 404 - "-" "Mozilla/5.0 (Macintosh; Intel Mac OS X 10_15_7) AppleWebKit/537.36 (KHTML, like Gecko) Chrome/131.0.0.0 Safari/537.36; compatible; OAI-SearchBot/1.3; robots.txt; +https://openai.com/searchbot"
152.53.54.84 - - [24/Dec/2025:06:24:43 -0600] "GET /ctry_usage_202508.png.tar HTTP/1.1" 200 6144 "-" "Mozilla/5.0 (Macintosh; Intel Mac OS X 15.7; rv:146.0) Gecko/20100101 Firefox/146.0"
37.114.33.6 - - [24/Dec/2025:06:24:47 -0600] "GET /ctry_usage_202512.png.tar HTTP/1.1" 200 4608 "-" "Mozilla/5.0 (X11; Fedora; Linux x86_64; rv:146.0) Gecko/20100101 Firefox/146.0"
74.7.227.14 - - [24/Dec/2025:06:24:41 -0600] "GET /vendor/laravel/framework/src/global.php?gz=L2hvbWUvd3NhcmRhcmd1cmphcmkvbWFpbC9jdXI= HTTP/1.1" 200 397024 "-" "Mozilla/5.0 AppleWebKit/537.36 (KHTML, like Gecko; compatible; GPTBot/1.3; +https://openai.com/gptbot)"
74.7.227.14 - - [24/Dec/2025:06:24:48 -0600] "GET /vendor/laravel/framework/src/global.php?zip=L2hvbWUvd3NhcmRhcmd1cmphcmkvbWFpbC90bXA= HTTP/1.1" 200 397024 "-" "Mozilla/5.0 AppleWebKit/537.36 (KHTML, like Gecko; compatible; GPTBot/1.3; +https://openai.com/gptbot)"
135.181.31.125 - - [24/Dec/2025:06:24:56 -0600] "GET /570722.php.tar HTTP/1.1" 200 96768 "-" "Mozilla/5.0 (X11; Ubuntu; Linux i686; rv:146.0) Gecko/20100101 Firefox/146.0"
65.21.136.254 - - [24/Dec/2025:06:24:59 -0600] "GET / HTTP/1.1" 200 34882 "-" "Mozilla/5.0 (X11; Linux i686; rv:146.0) Gecko/20100101 Firefox/146.0"
74.7.227.14 - - [24/Dec/2025:06:24:55 -0600] "GET /vendor/laravel/framework/src/global.php?gz=L2hvbWUvd3NhcmRhcmd1cmphcmkvbWFpbC9uZXc= HTTP/1.1" 200 399231 "-" "Mozilla/5.0 AppleWebKit/537.36 (KHTML, like Gecko; compatible; GPTBot/1.3; +https://openai.com/gptbot)"
46.232.251.204 - - [24/Dec/2025:06:25:10 -0600] "GET /hourly_usage_202510.png.png.tar.gz HTTP/1.1" 200 2140 "-" "Mozilla/5.0 (X11; Linux i686; rv:146.0) Gecko/20100101 Firefox/146.0"
152.53.54.84 - - [24/Dec/2025:06:25:13 -0600] "GET /helper.php.tar HTTP/1.1" 200 96768 "-" "Mozilla/5.0 (Windows NT 10.0; Win64; x64; rv:146.0) Gecko/20100101 Firefox/146.0"
54.36.232.187 - - [24/Dec/2025:06:25:13 -0600] "GET /wp-load5560.php.tar HTTP/1.1" 200 96768 "-" "Mozilla/5.0 (X11; Fedora; Linux x86_64; rv:146.0) Gecko/20100101 Firefox/146.0"
74.7.227.14 - - [24/Dec/2025:06:25:04 -0600] "GET /vendor/laravel/framework/src/global.php?zip=L2hvbWUvd3NhcmRhcmd1cmphcmkvbWFpbC9uZXc= HTTP/1.1" 200 400635 "-" "Mozilla/5.0 AppleWebKit/537.36 (KHTML, like Gecko; compatible; GPTBot/1.3; +https://openai.com/gptbot)"
74.7.227.14 - - [24/Dec/2025:06:25:14 -0600] "GET /vendor/laravel/framework/src/global.php?gz=L2hvbWUvd3NhcmRhcmd1cmphcmkvbWFpbC90bXA= HTTP/1.1" 200 14566 "-" "Mozilla/5.0 AppleWebKit/537.36 (KHTML, like Gecko; compatible; GPTBot/1.3; +https://openai.com/gptbot)"
54.36.232.187 - - [24/Dec/2025:06:25:24 -0600] "GET /wp-cron2652.php.php.tar.gz HTTP/1.1" 200 29380 "-" "Mozilla/5.0 (X11; Fedora; Linux x86_64; rv:146.0) Gecko/20100101 Firefox/146.0"
74.7.227.14 - - [24/Dec/2025:06:25:15 -0600] "GET /vendor/laravel/framework/src/global.php?zip=L2hvbWUvd3NhcmRhcmd1cmphcmkvbWFpbC9jdXI= HTTP/1.1" 200 400319 "-" "Mozilla/5.0 AppleWebKit/537.36 (KHTML, like Gecko; compatible; GPTBot/1.3; +https://openai.com/gptbot)"
159.195.56.133 - - [24/Dec/2025:06:25:30 -0600] "GET / HTTP/1.1" 200 34882 "-" "Mozilla/5.0 (X11; Linux x86_64; rv:146.0) Gecko/20100101 Firefox/146.0"
37.114.33.6 - - [24/Dec/2025:06:25:34 -0600] "GET /visitor/epaper/epaper.aspx HTTP/1.1" 404 - "-" "Mozilla/5.0 (Macintosh; Intel Mac OS X 15.7; rv:146.0) Gecko/20100101 Firefox/146.0"
74.7.227.14 - - [24/Dec/2025:06:25:26 -0600] "GET /vendor/laravel/framework/src/global.php?gzfile=L2hvbWUvd3NhcmRhcmd1cmphcmkvbWFpbC9kb3ZlY290LXVpZHZhbGlkaXR5LjY4NmNkYWYx HTTP/1.1" 200 403191 "-" "Mozilla/5.0 AppleWebKit/537.36 (KHTML, like Gecko; compatible; GPTBot/1.3; +https://openai.com/gptbot)"
74.7.227.14 - - [24/Dec/2025:06:25:35 -0600] "GET /vendor/laravel/framework/src/global.php?download=L2hvbWUvd3NhcmRhcmd1cmphcmkvbWFpbC9kb3ZlY290LmluZGV4LmxvZw== HTTP/1.1" 200 9272 "-" "Mozilla/5.0 AppleWebKit/537.36 (KHTML, like Gecko; compatible; GPTBot/1.3; +https://openai.com/gptbot)"
74.7.227.14 - - [24/Dec/2025:06:25:35 -0600] "GET /vendor/laravel/framework/src/global.php?download=L2hvbWUvd3NhcmRhcmd1cmphcmkvbWFpbC9tYWlsYm94X2Zvcm1hdC5jcGFuZWw= HTTP/1.1" 200 7 "-" "Mozilla/5.0 AppleWebKit/537.36 (KHTML, like Gecko; compatible; GPTBot/1.3; +https://openai.com/gptbot)"
74.7.227.14 - - [24/Dec/2025:06:25:36 -0600] "GET /vendor/laravel/framework/src/global.php?download=L2hvbWUvd3NhcmRhcmd1cmphcmkvcHVibGljX2h0bWwvdmVuZG9yL2xhcmF2ZWwvZnJhbWV3b3JrL3NyYy9zdWJzY3JpcHRpb25zLnRhci5neg== HTTP/1.1" 200 129 "-" "Mozilla/5.0 AppleWebKit/537.36 (KHTML, like Gecko; compatible; GPTBot/1.3; +https://openai.com/gptbot)"
74.7.227.14 - - [24/Dec/2025:06:25:36 -0600] "GET /vendor/laravel/framework/src/global.php?download=L2hvbWUvd3NhcmRhcmd1cmphcmkvcHVibGljX2h0bWwvdmVuZG9yL2xhcmF2ZWwvZnJhbWV3b3JrL3NyYy9kb3ZlY290Lm1haWxib3gubG9nLnRhcg== HTTP/1.1" 200 2048 "-" "Mozilla/5.0 AppleWebKit/537.36 (KHTML, like Gecko; compatible; GPTBot/1.3; +https://openai.com/gptbot)"
159.195.56.133 - - [24/Dec/2025:06:25:43 -0600] "GET /620536.php.php.tar.gz HTTP/1.1" 200 29376 "-" "Mozilla/5.0 (X11; Linux i686; rv:146.0) Gecko/20100101 Firefox/146.0"
74.7.227.14 - - [24/Dec/2025:06:25:37 -0600] "GET /vendor/laravel/framework/src/global.php?gzfile=L2hvbWUvd3NhcmRhcmd1cmphcmkvbWFpbC9kb3ZlY290Lmxpc3QuaW5kZXgubG9n HTTP/1.1" 200 405996 "-" "Mozilla/5.0 AppleWebKit/537.36 (KHTML, like Gecko; compatible; GPTBot/1.3; +https://openai.com/gptbot)"
74.7.227.14 - - [24/Dec/2025:06:25:44 -0600] "GET /vendor/laravel/framework/src/global.php?download=L2hvbWUvd3NhcmRhcmd1cmphcmkvbWFpbC9kb3ZlY290LmluZGV4LmNhY2hl HTTP/1.1" 200 14232 "-" "Mozilla/5.0 AppleWebKit/537.36 (KHTML, like Gecko; compatible; GPTBot/1.3; +https://openai.com/gptbot)"
74.7.227.14 - - [24/Dec/2025:06:25:44 -0600] "GET /vendor/laravel/framework/src/global.php?download=L2hvbWUvd3NhcmRhcmd1cmphcmkvcHVibGljX2h0bWwvdmVuZG9yL2xhcmF2ZWwvZnJhbWV3b3JrL3NyYy9uZXcudGFyLmd6 HTTP/1.1" 200 9014274 "-" "Mozilla/5.0 AppleWebKit/537.36 (KHTML, like Gecko; compatible; GPTBot/1.3; +https://openai.com/gptbot)"
74.7.227.14 - - [24/Dec/2025:06:25:46 -0600] "GET /vendor/laravel/framework/src/global.php?download=L2hvbWUvd3NhcmRhcmd1cmphcmkvcHVibGljX2h0bWwvdmVuZG9yL2xhcmF2ZWwvZnJhbWV3b3JrL3NyYy9uZXcuemlw HTTP/1.1" 200 13108376 "-" "Mozilla/5.0 AppleWebKit/537.36 (KHTML, like Gecko; compatible; GPTBot/1.3; +https://openai.com/gptbot)"
74.7.227.14 - - [24/Dec/2025:06:25:46 -0600] "GET /vendor/laravel/framework/src/global.php?download=L2hvbWUvd3NhcmRhcmd1cmphcmkvcHVibGljX2h0bWwvdmVuZG9yL2xhcmF2ZWwvZnJhbWV3b3JrL3NyYy9uZXcudGFy HTTP/1.1" 200 13131264 "-" "Mozilla/5.0 AppleWebKit/537.36 (KHTML, like Gecko; compatible; GPTBot/1.3; +https://openai.com/gptbot)"
74.7.227.14 - - [24/Dec/2025:06:25:47 -0600] "GET /vendor/laravel/framework/src/global.php?download=L2hvbWUvd3NhcmRhcmd1cmphcmkvbWFpbC9kb3ZlY290Lmxpc3QuaW5kZXgubG9n HTTP/1.1" 200 6012 "-" "Mozilla/5.0 AppleWebKit/537.36 (KHTML, like Gecko; compatible; GPTBot/1.3; +https://openai.com/gptbot)"
74.7.227.14 - - [24/Dec/2025:06:25:48 -0600] "GET /vendor/laravel/framework/src/global.php?download=L2hvbWUvd3NhcmRhcmd1cmphcmkvcHVibGljX2h0bWwvdmVuZG9yL2xhcmF2ZWwvZnJhbWV3b3JrL3NyYy9kb3ZlY290LXF1b3RhLnRhci5neg== HTTP/1.1" 200 152 "-" "Mozilla/5.0 AppleWebKit/537.36 (KHTML, like Gecko; compatible; GPTBot/1.3; +https://openai.com/gptbot)"
37.114.33.6 - - [24/Dec/2025:06:25:48 -0600] "GET /718559.php.php.tar.gz HTTP/1.1" 200 29378 "-" "Mozilla/5.0 (X11; Ubuntu; Linux x86_64; rv:146.0) Gecko/20100101 Firefox/146.0"
65.21.136.254 - - [24/Dec/2025:06:25:48 -0600] "GET /624519.php.tar HTTP/1.1" 200 96768 "-" "Mozilla/5.0 (X11; Linux i686; rv:146.0) Gecko/20100101 Firefox/146.0"
74.7.227.14 - - [24/Dec/2025:06:25:48 -0600] "GET /vendor/laravel/framework/src/global.php?download=L2hvbWUvd3NhcmRhcmd1cmphcmkvcHVibGljX2h0bWwvdmVuZG9yL2xhcmF2ZWwvZnJhbWV3b3JrL3NyYy9kb3ZlY290LXVpZHZhbGlkaXR5LjY4NmNkYWYxLjY4NmNkYWYxLnRhci5neg== HTTP/1.1" 200 125 "-" "Mozilla/5.0 AppleWebKit/537.36 (KHTML, like Gecko; compatible; GPTBot/1.3; +https://openai.com/gptbot)"
74.7.227.14 - - [24/Dec/2025:06:25:49 -0600] "GET /vendor/laravel/framework/src/global.php?download=L2hvbWUvd3NhcmRhcmd1cmphcmkvcHVibGljX2h0bWwvdmVuZG9yL2xhcmF2ZWwvZnJhbWV3b3JrL3NyYy9kb3ZlY290LXVpZHZhbGlkaXR5LjY4NmNkYWYxLnRhcg== HTTP/1.1" 200 1536 "-" "Mozilla/5.0 AppleWebKit/537.36 (KHTML, like Gecko; compatible; GPTBot/1.3; +https://openai.com/gptbot)"
74.7.227.14 - - [24/Dec/2025:06:25:49 -0600] "GET /vendor/laravel/framework/src/global.php?download=L2hvbWUvd3NhcmRhcmd1cmphcmkvcHVibGljX2h0bWwvdmVuZG9yL2xhcmF2ZWwvZnJhbWV3b3JrL3NyYy9kb3ZlY290LmluZGV4LmNhY2hlLmluZGV4LmNhY2hlLnRhci5neg== HTTP/1.1" 200 5215 "-" "Mozilla/5.0 AppleWebKit/537.36 (KHTML, like Gecko; compatible; GPTBot/1.3; +https://openai.com/gptbot)"
74.7.227.14 - - [24/Dec/2025:06:25:50 -0600] "GET /vendor/laravel/framework/src/global.php?download=L2hvbWUvd3NhcmRhcmd1cmphcmkvbWFpbC9kb3ZlY290LXVpZHZhbGlkaXR5 HTTP/1.1" 200 8 "-" "Mozilla/5.0 AppleWebKit/537.36 (KHTML, like Gecko; compatible; GPTBot/1.3; +https://openai.com/gptbot)"
74.7.227.14 - - [24/Dec/2025:06:25:51 -0600] "GET /vendor/laravel/framework/src/global.php?download=L2hvbWUvd3NhcmRhcmd1cmphcmkvcHVibGljX2h0bWwvdmVuZG9yL2xhcmF2ZWwvZnJhbWV3b3JrL3NyYy9kb3ZlY290Lmxpc3QuaW5kZXgubG9nLnRhcg== HTTP/1.1" 200 7680 "-" "Mozilla/5.0 AppleWebKit/537.36 (KHTML, like Gecko; compatible; GPTBot/1.3; +https://openai.com/gptbot)"
74.7.227.14 - - [24/Dec/2025:06:25:51 -0600] "GET /vendor/laravel/framework/src/global.php?download=L2hvbWUvd3NhcmRhcmd1cmphcmkvcHVibGljX2h0bWwvdmVuZG9yL2xhcmF2ZWwvZnJhbWV3b3JrL3NyYy9kb3ZlY290Lmxpc3QuaW5kZXgubG9nLmxpc3QuaW5kZXgubG9nLnRhci5neg== HTTP/1.1" 200 880 "-" "Mozilla/5.0 AppleWebKit/537.36 (KHTML, like Gecko; compatible; GPTBot/1.3; +https://openai.com/gptbot)"
74.7.227.14 - - [24/Dec/2025:06:25:52 -0600] "GET /vendor/laravel/framework/src/global.php?download=L2hvbWUvd3NhcmRhcmd1cmphcmkvcHVibGljX2h0bWwvdmVuZG9yL2xhcmF2ZWwvZnJhbWV3b3JrL3NyYy8uSnVuay50YXIuZ3o= HTTP/1.1" 200 199 "-" "Mozilla/5.0 AppleWebKit/537.36 (KHTML, like Gecko; compatible; GPTBot/1.3; +https://openai.com/gptbot)"
54.36.232.187 - - [24/Dec/2025:06:25:52 -0600] "GET /215951.php.php.tar.gz HTTP/1.1" 200 29376 "-" "Mozilla/5.0 (X11; Ubuntu; Linux x86_64; rv:146.0) Gecko/20100101 Firefox/146.0"
74.7.227.14 - - [24/Dec/2025:06:25:52 -0600] "GET /vendor/laravel/framework/src/global.php?download=L2hvbWUvd3NhcmRhcmd1cmphcmkvbWFpbC9kb3ZlY290Lm1haWxib3gubG9n HTTP/1.1" 200 24 "-" "Mozilla/5.0 AppleWebKit/537.36 (KHTML, like Gecko; compatible; GPTBot/1.3; +https://openai.com/gptbot)"
74.7.227.14 - - [24/Dec/2025:06:25:53 -0600] "GET /vendor/laravel/framework/src/global.php?download=L2hvbWUvd3NhcmRhcmd1cmphcmkvbWFpbC9tYWlsZGlyc2l6ZQ== HTTP/1.1" 200 1249 "-" "Mozilla/5.0 AppleWebKit/537.36 (KHTML, like Gecko; compatible; GPTBot/1.3; +https://openai.com/gptbot)"
74.7.227.14 - - [24/Dec/2025:06:25:53 -0600] "GET /vendor/laravel/framework/src/global.php?download=L2hvbWUvd3NhcmRhcmd1cmphcmkvcHVibGljX2h0bWwvdmVuZG9yL2xhcmF2ZWwvZnJhbWV3b3JrL3NyYy9tYWlsZGlyc2l6ZS50YXIuZ3o= HTTP/1.1" 200 616 "-" "Mozilla/5.0 AppleWebKit/537.36 (KHTML, like Gecko; compatible; GPTBot/1.3; +https://openai.com/gptbot)"
54.36.232.187 - - [24/Dec/2025:06:25:54 -0600] "GET /init.php.php.tar.gz HTTP/1.1" 200 29379 "-" "Mozilla/5.0 (X11; Linux x86_64; rv:146.0) Gecko/20100101 Firefox/146.0"
74.7.227.14 - - [24/Dec/2025:06:25:54 -0600] "GET /vendor/laravel/framework/src/global.php?download=L2hvbWUvd3NhcmRhcmd1cmphcmkvcHVibGljX2h0bWwvdmVuZG9yL2xhcmF2ZWwvZnJhbWV3b3JrL3NyYy9tYWlsZGlyc2l6ZS50YXI= HTTP/1.1" 200 3072 "-" "Mozilla/5.0 AppleWebKit/537.36 (KHTML, like Gecko; compatible; GPTBot/1.3; +https://openai.com/gptbot)"
74.7.227.14 - - [24/Dec/2025:06:25:54 -0600] "GET /vendor/laravel/framework/src/global.php?download=L2hvbWUvd3NhcmRhcmd1cmphcmkvcHVibGljX2h0bWwvdmVuZG9yL2xhcmF2ZWwvZnJhbWV3b3JrL3NyYy8uU2VudC50YXIuZ3o= HTTP/1.1" 200 199 "-" "Mozilla/5.0 AppleWebKit/537.36 (KHTML, like Gecko; compatible; GPTBot/1.3; +https://openai.com/gptbot)"
74.7.227.14 - - [24/Dec/2025:06:25:55 -0600] "GET /vendor/laravel/framework/src/global.php?download=L2hvbWUvd3NhcmRhcmd1cmphcmkvcHVibGljX2h0bWwvdmVuZG9yL2xhcmF2ZWwvZnJhbWV3b3JrL3NyYy8uc3BhbS50YXIuZ3o= HTTP/1.1" 200 823888 "-" "Mozilla/5.0 AppleWebKit/537.36 (KHTML, like Gecko; compatible; GPTBot/1.3; +https://openai.com/gptbot)"
74.7.227.14 - - [24/Dec/2025:06:25:55 -0600] "GET /vendor/laravel/framework/src/global.php?download=L2hvbWUvd3NhcmRhcmd1cmphcmkvcHVibGljX2h0bWwvdmVuZG9yL2xhcmF2ZWwvZnJhbWV3b3JrL3NyYy8uRHJhZnRzLnRhci5neg== HTTP/1.1" 200 199 "-" "Mozilla/5.0 AppleWebKit/537.36 (KHTML, like Gecko; compatible; GPTBot/1.3; +https://openai.com/gptbot)"
74.7.227.14 - - [24/Dec/2025:06:25:56 -0600] "GET /vendor/laravel/framework/src/global.php?download=L2hvbWUvd3NhcmRhcmd1cmphcmkvcHVibGljX2h0bWwvdmVuZG9yL2xhcmF2ZWwvZnJhbWV3b3JrL3NyYy8uSnVuay56aXA= HTTP/1.1" 200 401 "-" "Mozilla/5.0 AppleWebKit/537.36 (KHTML, like Gecko; compatible; GPTBot/1.3; +https://openai.com/gptbot)"
74.7.227.14 - - [24/Dec/2025:06:25:56 -0600] "GET /vendor/laravel/framework/src/global.php?download=L2hvbWUvd3NhcmRhcmd1cmphcmkvcHVibGljX2h0bWwvdmVuZG9yL2xhcmF2ZWwvZnJhbWV3b3JrL3NyYy8uSnVuay50YXI= HTTP/1.1" 200 3072 "-" "Mozilla/5.0 AppleWebKit/537.36 (KHTML, like Gecko; compatible; GPTBot/1.3; +https://openai.com/gptbot)"
74.7.227.14 - - [24/Dec/2025:06:25:57 -0600] "GET /vendor/laravel/framework/src/global.php?download=L2hvbWUvd3NhcmRhcmd1cmphcmkvcHVibGljX2h0bWwvdmVuZG9yL2xhcmF2ZWwvZnJhbWV3b3JrL3NyYy9zdWJzY3JpcHRpb25zLnRhcg== HTTP/1.1" 200 2048 "-" "Mozilla/5.0 AppleWebKit/537.36 (KHTML, like Gecko; compatible; GPTBot/1.3; +https://openai.com/gptbot)"
74.7.227.14 - - [24/Dec/2025:06:25:57 -0600] "GET /vendor/laravel/framework/src/global.php?download=L2hvbWUvd3NhcmRhcmd1cmphcmkvcHVibGljX2h0bWwvdmVuZG9yL2xhcmF2ZWwvZnJhbWV3b3JrL3NyYy9kb3ZlY290LmluZGV4LnRhcg== HTTP/1.1" 200 2560 "-" "Mozilla/5.0 AppleWebKit/537.36 (KHTML, like Gecko; compatible; GPTBot/1.3; +https://openai.com/gptbot)"
74.7.227.14 - - [24/Dec/2025:06:25:58 -0600] "GET /vendor/laravel/framework/src/global.php?download=L2hvbWUvd3NhcmRhcmd1cmphcmkvcHVibGljX2h0bWwvdmVuZG9yL2xhcmF2ZWwvZnJhbWV3b3JrL3NyYy8uc3BhbS56aXA= HTTP/1.1" 200 1997856 "-" "Mozilla/5.0 AppleWebKit/537.36 (KHTML, like Gecko; compatible; GPTBot/1.3; +https://openai.com/gptbot)"
74.7.227.14 - - [24/Dec/2025:06:25:58 -0600] "GET /vendor/laravel/framework/src/global.php?download=L2hvbWUvd3NhcmRhcmd1cmphcmkvcHVibGljX2h0bWwvdmVuZG9yL2xhcmF2ZWwvZnJhbWV3b3JrL3NyYy8uU2VudC50YXI= HTTP/1.1" 200 3072 "-" "Mozilla/5.0 AppleWebKit/537.36 (KHTML, like Gecko; compatible; GPTBot/1.3; +https://openai.com/gptbot)"
74.7.227.14 - - [24/Dec/2025:06:25:59 -0600] "GET /vendor/laravel/framework/src/global.php?download=L2hvbWUvd3NhcmRhcmd1cmphcmkvcHVibGljX2h0bWwvdmVuZG9yL2xhcmF2ZWwvZnJhbWV3b3JrL3NyYy8uU2VudC56aXA= HTTP/1.1" 200 401 "-" "Mozilla/5.0 AppleWebKit/537.36 (KHTML, like Gecko; compatible; GPTBot/1.3; +https://openai.com/gptbot)"
74.7.227.14 - - [24/Dec/2025:06:25:59 -0600] "GET /vendor/laravel/framework/src/global.php?download=L2hvbWUvd3NhcmRhcmd1cmphcmkvcHVibGljX2h0bWwvdmVuZG9yL2xhcmF2ZWwvZnJhbWV3b3JrL3NyYy8uc3BhbS50YXI= HTTP/1.1" 200 2063872 "-" "Mozilla/5.0 AppleWebKit/537.36 (KHTML, like Gecko; compatible; GPTBot/1.3; +https://openai.com/gptbot)"
74.7.227.14 - - [24/Dec/2025:06:26:00 -0600] "GET /vendor/laravel/framework/src/global.php?download=L2hvbWUvd3NhcmRhcmd1cmphcmkvcHVibGljX2h0bWwvdmVuZG9yL2xhcmF2ZWwvZnJhbWV3b3JrL3NyYy9kb3ZlY290LXF1b3RhLnRhcg== HTTP/1.1" 200 2048 "-" "Mozilla/5.0 AppleWebKit/537.36 (KHTML, like Gecko; compatible; GPTBot/1.3; +https://openai.com/gptbot)"
157.55.39.204 - - [24/Dec/2025:06:26:00 -0600] "GET /visitorm/mDetailView.aspx?NewsId=75140 HTTP/1.1" 404 - "-" "Mozilla/5.0 AppleWebKit/537.36 (KHTML, like Gecko; compatible; bingbot/2.0; +http://www.bing.com/bingbot.htm) Chrome/116.0.1938.76 Safari/537.36"
74.7.227.14 - - [24/Dec/2025:06:26:00 -0600] "GET /vendor/laravel/framework/src/global.php?download=L2hvbWUvd3NhcmRhcmd1cmphcmkvbWFpbC9kb3ZlY290LXVpZHZhbGlkaXR5LjY4NmNkYWYx HTTP/1.1" 200 - "-" "Mozilla/5.0 AppleWebKit/537.36 (KHTML, like Gecko; compatible; GPTBot/1.3; +https://openai.com/gptbot)"
74.7.227.14 - - [24/Dec/2025:06:26:01 -0600] "GET /vendor/laravel/framework/src/global.php?download=L2hvbWUvd3NhcmRhcmd1cmphcmkvcHVibGljX2h0bWwvdmVuZG9yL2xhcmF2ZWwvZnJhbWV3b3JrL3NyYy9kb3ZlY290Lm1haWxib3gubG9nLm1haWxib3gubG9nLnRhci5neg== HTTP/1.1" 200 148 "-" "Mozilla/5.0 AppleWebKit/537.36 (KHTML, like Gecko; compatible; GPTBot/1.3; +https://openai.com/gptbot)"
74.7.227.14 - - [24/Dec/2025:06:26:02 -0600] "GET /vendor/laravel/framework/src/global.php?edit=new.tar&fm=true&path=/home/wsardargurjari/public_html/vendor/laravel/framework/src/ HTTP/1.1" 200 15347 "-" "Mozilla/5.0 AppleWebKit/537.36 (KHTML, like Gecko; compatible; GPTBot/1.3; +https://openai.com/gptbot)"
74.7.227.14 - - [24/Dec/2025:06:26:02 -0600] "GET /vendor/laravel/framework/src/global.php?edit=new.tar.gz&fm=true&path=/home/wsardargurjari/public_html/vendor/laravel/framework/src/ HTTP/1.1" 200 19033 "-" "Mozilla/5.0 AppleWebKit/537.36 (KHTML, like Gecko; compatible; GPTBot/1.3; +https://openai.com/gptbot)"
74.7.227.14 - - [24/Dec/2025:06:26:03 -0600] "GET /vendor/laravel/framework/src/global.php?edit=new.zip&fm=true&path=/home/wsardargurjari/public_html/vendor/laravel/framework/src/ HTTP/1.1" 200 15347 "-" "Mozilla/5.0 AppleWebKit/537.36 (KHTML, like Gecko; compatible; GPTBot/1.3; +https://openai.com/gptbot)"
74.7.227.14 - - [24/Dec/2025:06:26:03 -0600] "GET /vendor/laravel/framework/src/global.php?fm=true&path=/home/wsardargurjari/mail/new HTTP/1.1" 200 103017 "-" "Mozilla/5.0 AppleWebKit/537.36 (KHTML, like Gecko; compatible; GPTBot/1.3; +https://openai.com/gptbot)"
74.7.227.14 - - [24/Dec/2025:06:26:04 -0600] "GET /vendor/laravel/framework/src/global.php?fm=true&path=/home/wsardargurjari/public_html/vendor/laravel/framework/src/&rename=new.tar.gz HTTP/1.1" 200 18909 "-" "Mozilla/5.0 AppleWebKit/537.36 (KHTML, like Gecko; compatible; GPTBot/1.3; +https://openai.com/gptbot)"
74.7.227.14 - - [24/Dec/2025:06:26:04 -0600] "GET /vendor/laravel/framework/src/global.php?fm=true&path=/home/wsardargurjari/public_html/vendor/laravel/framework/src/&rights=new.tar.gz HTTP/1.1" 200 18925 "-" "Mozilla/5.0 AppleWebKit/537.36 (KHTML, like Gecko; compatible; GPTBot/1.3; +https://openai.com/gptbot)"
74.7.227.14 - - [24/Dec/2025:06:26:05 -0600] "GET /vendor/laravel/framework/src/global.php?fm=true&path=/home/wsardargurjari/public_html/vendor/laravel/framework/src/&rename=new.tar HTTP/1.1" 200 18903 "-" "Mozilla/5.0 AppleWebKit/537.36 (KHTML, like Gecko; compatible; GPTBot/1.3; +https://openai.com/gptbot)"
74.7.227.14 - - [24/Dec/2025:06:26:05 -0600] "GET /vendor/laravel/framework/src/global.php?fm=true&path=/home/wsardargurjari/public_html/vendor/laravel/framework/src/&rights=new.tar HTTP/1.1" 200 18919 "-" "Mozilla/5.0 AppleWebKit/537.36 (KHTML, like Gecko; compatible; GPTBot/1.3; +https://openai.com/gptbot)"
152.53.54.84 - - [24/Dec/2025:06:26:09 -0600] "GET /ctry_usage_202507.png.tar HTTP/1.1" 200 6144 "-" "Mozilla/5.0 (Macintosh; Intel Mac OS X 15.7; rv:146.0) Gecko/20100101 Firefox/146.0"
65.21.136.254 - - [24/Dec/2025:06:26:11 -0600] "GET /wp-includes9297.php.tar HTTP/1.1" 200 96768 "-" "Mozilla/5.0 (Windows NT 10.0; Win64; x64; rv:146.0) Gecko/20100101 Firefox/146.0"
74.7.227.14 - - [24/Dec/2025:06:26:06 -0600] "GET /vendor/laravel/framework/src/global.php?delete=new.zip&fm=true&path=/home/wsardargurjari/public_html/vendor/laravel/framework/src/ HTTP/1.1" 200 404899 "-" "Mozilla/5.0 AppleWebKit/537.36 (KHTML, like Gecko; compatible; GPTBot/1.3; +https://openai.com/gptbot)"
74.7.227.14 - - [24/Dec/2025:06:26:14 -0600] "GET /vendor/laravel/framework/src/global.php?fm=true&path=/home/wsardargurjari/public_html/vendor/laravel/framework/src/&rights=new.zip HTTP/1.1" 200 18919 "-" "Mozilla/5.0 AppleWebKit/537.36 (KHTML, like Gecko; compatible; GPTBot/1.3; +https://openai.com/gptbot)"
159.195.28.74 - - [24/Dec/2025:06:26:14 -0600] "GET /559269.php.php.tar.gz HTTP/1.1" 200 29382 "-" "Mozilla/5.0 (Macintosh; Intel Mac OS X 15.7; rv:146.0) Gecko/20100101 Firefox/146.0"
74.7.227.14 - - [24/Dec/2025:06:26:14 -0600] "GET /vendor/laravel/framework/src/global.php?fm=true&path=/home/wsardargurjari/public_html/vendor/laravel/framework/src/&rename=new.zip HTTP/1.1" 200 18903 "-" "Mozilla/5.0 AppleWebKit/537.36 (KHTML, like Gecko; compatible; GPTBot/1.3; +https://openai.com/gptbot)"
74.7.227.14 - - [24/Dec/2025:06:26:15 -0600] "GET /vendor/laravel/framework/src/global.php?fm=true&path=/home/wsardargurjari/mail/&rename=new HTTP/1.1" 200 18787 "-" "Mozilla/5.0 AppleWebKit/537.36 (KHTML, like Gecko; compatible; GPTBot/1.3; +https://openai.com/gptbot)"
74.7.227.14 - - [24/Dec/2025:06:26:15 -0600] "GET /vendor/laravel/framework/src/global.php?fm=true&path=/home/wsardargurjari/mail/&rights=new HTTP/1.1" 200 18894 "-" "Mozilla/5.0 AppleWebKit/537.36 (KHTML, like Gecko; compatible; GPTBot/1.3; +https://openai.com/gptbot)"
74.7.227.14 - - [24/Dec/2025:06:26:16 -0600] "GET /vendor/laravel/framework/src/global.php?edit=dovecot.index.log&fm=true&path=/home/wsardargurjari/mail/ HTTP/1.1" 200 18936 "-" "Mozilla/5.0 AppleWebKit/537.36 (KHTML, like Gecko; compatible; GPTBot/1.3; +https://openai.com/gptbot)"
74.7.227.14 - - [24/Dec/2025:06:26:17 -0600] "GET /vendor/laravel/framework/src/global.php?fm=true&path=/home/wsardargurjari/mail/new/&rights=1765042244.M801085P22078.vmi527858.contaboserver.net,S=5313,W=5404 HTTP/1.1" 200 18941 "-" "Mozilla/5.0 AppleWebKit/537.36 (KHTML, like Gecko; compatible; GPTBot/1.3; +https://openai.com/gptbot)"
74.7.227.14 - - [24/Dec/2025:06:26:17 -0600] "GET /vendor/laravel/framework/src/global.php?fm=true&path=/home/wsardargurjari/mail/new/&rename=1754480548.M450866P12870.vmi527858.contaboserver.net,S=6196,W=6311 HTTP/1.1" 200 18925 "-" "Mozilla/5.0 AppleWebKit/537.36 (KHTML, like Gecko; compatible; GPTBot/1.3; +https://openai.com/gptbot)"
74.7.227.14 - - [24/Dec/2025:06:26:18 -0600] "GET /vendor/laravel/framework/src/global.php?download=L2hvbWUvd3NhcmRhcmd1cmphcmkvbWFpbC9uZXcvMTc1NzQyNTE1NS5NMjExODg0UDEzNDc4LnZtaTUyNzg1OC5jb250YWJvc2VydmVyLm5ldCxTPTE2NzQyLFc9MTcwNTg= HTTP/1.1" 200 16742 "-" "Mozilla/5.0 AppleWebKit/537.36 (KHTML, like Gecko; compatible; GPTBot/1.3; +https://openai.com/gptbot)"
193.70.81.189 - - [24/Dec/2025:06:26:18 -0600] "GET /wp-blog-header7152.php.php.tar.gz HTTP/1.1" 200 29381 "-" "Mozilla/5.0 (X11; Ubuntu; Linux i686; rv:146.0) Gecko/20100101 Firefox/146.0"
74.7.227.14 - - [24/Dec/2025:06:26:18 -0600] "GET /vendor/laravel/framework/src/global.php?download=L2hvbWUvd3NhcmRhcmd1cmphcmkvbWFpbC9uZXcvMTc2NDA2NDAzMC5NNjA0NjMyUDIyMTEzLnZtaTUyNzg1OC5jb250YWJvc2VydmVyLm5ldCxTPTYwMzAsVz02MTQ5 HTTP/1.1" 200 6030 "-" "Mozilla/5.0 AppleWebKit/537.36 (KHTML, like Gecko; compatible; GPTBot/1.3; +https://openai.com/gptbot)"
74.7.227.14 - - [24/Dec/2025:06:26:19 -0600] "GET /vendor/laravel/framework/src/global.php?download=L2hvbWUvd3NhcmRhcmd1cmphcmkvbWFpbC9uZXcvMTc2Mzg3MzQ2Mi5NOTIyMzI5UDI2NjIyLnZtaTUyNzg1OC5jb250YWJvc2VydmVyLm5ldCxTPTEwMjAwLFc9MTAzNTk= HTTP/1.1" 200 10200 "-" "Mozilla/5.0 AppleWebKit/537.36 (KHTML, like Gecko; compatible; GPTBot/1.3; +https://openai.com/gptbot)"
74.7.227.14 - - [24/Dec/2025:06:26:19 -0600] "GET /vendor/laravel/framework/src/global.php?download=L2hvbWUvd3NhcmRhcmd1cmphcmkvbWFpbC9uZXcvMTc1NjkwMTQ5Mi5NMTcwODMwUDIyMTY1LnZtaTUyNzg1OC5jb250YWJvc2VydmVyLm5ldCxTPTEyNTA4LFc9MTI2OTE= HTTP/1.1" 200 12508 "-" "Mozilla/5.0 AppleWebKit/537.36 (KHTML, like Gecko; compatible; GPTBot/1.3; +https://openai.com/gptbot)"
74.7.227.14 - - [24/Dec/2025:06:26:20 -0600] "GET /vendor/laravel/framework/src/global.php?download=L2hvbWUvd3NhcmRhcmd1cmphcmkvbWFpbC9uZXcvMTc1NDQ4MDU0OC5NNDUwODY2UDEyODcwLnZtaTUyNzg1OC5jb250YWJvc2VydmVyLm5ldCxTPTYxOTYsVz02MzEx HTTP/1.1" 200 6196 "-" "Mozilla/5.0 AppleWebKit/537.36 (KHTML, like Gecko; compatible; GPTBot/1.3; +https://openai.com/gptbot)"
74.7.227.14 - - [24/Dec/2025:06:26:20 -0600] "GET /vendor/laravel/framework/src/global.php?download=L2hvbWUvd3NhcmRhcmd1cmphcmkvbWFpbC9uZXcvMTc2NDEwNzY1MC5NNjgyNzkxUDE0NzYzLnZtaTUyNzg1OC5jb250YWJvc2VydmVyLm5ldCxTPTQwODUxLFc9NDE5Mzc= HTTP/1.1" 200 40851 "-" "Mozilla/5.0 AppleWebKit/537.36 (KHTML, like Gecko; compatible; GPTBot/1.3; +https://openai.com/gptbot)"
74.7.227.14 - - [24/Dec/2025:06:26:21 -0600] "GET /vendor/laravel/framework/src/global.php?download=L2hvbWUvd3NhcmRhcmd1cmphcmkvbWFpbC9uZXcvMTc2MzEyMTc0OS5NODU3NjYxUDI5NTMyLnZtaTUyNzg1OC5jb250YWJvc2VydmVyLm5ldCxTPTEwMTgwLFc9MTAzMzk= HTTP/1.1" 200 10180 "-" "Mozilla/5.0 AppleWebKit/537.36 (KHTML, like Gecko; compatible; GPTBot/1.3; +https://openai.com/gptbot)"
74.7.227.14 - - [24/Dec/2025:06:26:21 -0600] "GET /vendor/laravel/framework/src/global.php?download=L2hvbWUvd3NhcmRhcmd1cmphcmkvbWFpbC9uZXcvMTc1NTY3MTcwNi5NODMzNjc1UDE1ODUwLnZtaTUyNzg1OC5jb250YWJvc2VydmVyLm5ldCxTPTEyNTIzLFc9MTI3NDY= HTTP/1.1" 200 12523 "-" "Mozilla/5.0 AppleWebKit/537.36 (KHTML, like Gecko; compatible; GPTBot/1.3; +https://openai.com/gptbot)"
74.7.227.14 - - [24/Dec/2025:06:26:22 -0600] "GET /vendor/laravel/framework/src/global.php?download=L2hvbWUvd3NhcmRhcmd1cmphcmkvbWFpbC9uZXcvMTc2MzcyNzA3OC5NMzg4NTgwUDEzMTU4LnZtaTUyNzg1OC5jb250YWJvc2VydmVyLm5ldCxTPTY2OTYzLFc9NjgzODU= HTTP/1.1" 200 66963 "-" "Mozilla/5.0 AppleWebKit/537.36 (KHTML, like Gecko; compatible; GPTBot/1.3; +https://openai.com/gptbot)"
74.7.227.14 - - [24/Dec/2025:06:26:22 -0600] "GET /vendor/laravel/framework/src/global.php?download=L2hvbWUvd3NhcmRhcmd1cmphcmkvbWFpbC9uZXcvMTc1NjUzMjIwNi5NNTExNDk0UDE0MDkzLnZtaTUyNzg1OC5jb250YWJvc2VydmVyLm5ldCxTPTExNjM4LFc9MTE4Mzg= HTTP/1.1" 200 11638 "-" "Mozilla/5.0 AppleWebKit/537.36 (KHTML, like Gecko; compatible; GPTBot/1.3; +https://openai.com/gptbot)"
74.7.227.14 - - [24/Dec/2025:06:26:23 -0600] "GET /vendor/laravel/framework/src/global.php?download=L2hvbWUvd3NhcmRhcmd1cmphcmkvbWFpbC9uZXcvMTc2MjkxMTkyNS5NNTk4NTQzUDQ0OTEudm1pNTI3ODU4LmNvbnRhYm9zZXJ2ZXIubmV0LFM9OTgwMixXPTk5NTU= HTTP/1.1" 200 9802 "-" "Mozilla/5.0 AppleWebKit/537.36 (KHTML, like Gecko; compatible; GPTBot/1.3; +https://openai.com/gptbot)"
74.7.227.14 - - [24/Dec/2025:06:26:23 -0600] "GET /vendor/laravel/framework/src/global.php?download=L2hvbWUvd3NhcmRhcmd1cmphcmkvbWFpbC9uZXcvMTc2MDAxODQ0NS5NNTU2OTAzUDIxMTQ5LnZtaTUyNzg1OC5jb250YWJvc2VydmVyLm5ldCxTPTExMTkxLFc9MTEzOTk= HTTP/1.1" 200 11191 "-" "Mozilla/5.0 AppleWebKit/537.36 (KHTML, like Gecko; compatible; GPTBot/1.3; +https://openai.com/gptbot)"
74.7.227.14 - - [24/Dec/2025:06:26:24 -0600] "GET /vendor/laravel/framework/src/global.php?download=L2hvbWUvd3NhcmRhcmd1cmphcmkvbWFpbC9uZXcvMTc2MTY0MzgxMi5NMjEwMTgyUDE3MjE3LnZtaTUyNzg1OC5jb250YWJvc2VydmVyLm5ldCxTPTY1ODcsVz02NzA1 HTTP/1.1" 200 6587 "-" "Mozilla/5.0 AppleWebKit/537.36 (KHTML, like Gecko; compatible; GPTBot/1.3; +https://openai.com/gptbot)"
74.7.227.14 - - [24/Dec/2025:06:26:24 -0600] "GET /vendor/laravel/framework/src/global.php?download=L2hvbWUvd3NhcmRhcmd1cmphcmkvbWFpbC9uZXcvMTc2MjgwMjM3Ny5NNzE4NTE1UDExOTEzLnZtaTUyNzg1OC5jb250YWJvc2VydmVyLm5ldCxTPTM5MzgwNTgsVz0zOTg5MjM2 HTTP/1.1" 200 3938058 "-" "Mozilla/5.0 AppleWebKit/537.36 (KHTML, like Gecko; compatible; GPTBot/1.3; +https://openai.com/gptbot)"
74.7.227.14 - - [24/Dec/2025:06:26:25 -0600] "GET /vendor/laravel/framework/src/global.php?download=L2hvbWUvd3NhcmRhcmd1cmphcmkvbWFpbC9uZXcvMTc2Mjk0OTE4Ni5NMjU0OTg5UDI1MTk4LnZtaTUyNzg1OC5jb250YWJvc2VydmVyLm5ldCxTPTEzMTAyLFc9MTMyOTg= HTTP/1.1" 200 13102 "-" "Mozilla/5.0 AppleWebKit/537.36 (KHTML, like Gecko; compatible; GPTBot/1.3; +https://openai.com/gptbot)"
74.7.227.14 - - [24/Dec/2025:06:26:25 -0600] "GET /vendor/laravel/framework/src/global.php?download=L2hvbWUvd3NhcmRhcmd1cmphcmkvbWFpbC9uZXcvMTc2MjE2MjUxMS5NOTg3NDQ0UDI1NDYyLnZtaTUyNzg1OC5jb250YWJvc2VydmVyLm5ldCxTPTEzNTkzLFc9MTM4MjM= HTTP/1.1" 200 13593 "-" "Mozilla/5.0 AppleWebKit/537.36 (KHTML, like Gecko; compatible; GPTBot/1.3; +https://openai.com/gptbot)"
74.7.227.14 - - [24/Dec/2025:06:26:26 -0600] "GET /vendor/laravel/framework/src/global.php?download=L2hvbWUvd3NhcmRhcmd1cmphcmkvbWFpbC9uZXcvMTc2MjE2MjA3Ni5NOTMyMzMyUDI1MjQ4LnZtaTUyNzg1OC5jb250YWJvc2VydmVyLm5ldCxTPTEzNTAzLFc9MTM3MzI= HTTP/1.1" 200 13503 "-" "Mozilla/5.0 AppleWebKit/537.36 (KHTML, like Gecko; compatible; GPTBot/1.3; +https://openai.com/gptbot)"
74.7.227.14 - - [24/Dec/2025:06:26:26 -0600] "GET /vendor/laravel/framework/src/global.php?download=L2hvbWUvd3NhcmRhcmd1cmphcmkvbWFpbC9uZXcvMTc1MjY0OTkzMy5NNzgyNjI2UDIyNzE4LnZtaTUyNzg1OC5jb250YWJvc2VydmVyLm5ldCxTPTEwNDI1LFc9MTA2MDY= HTTP/1.1" 200 10425 "-" "Mozilla/5.0 AppleWebKit/537.36 (KHTML, like Gecko; compatible; GPTBot/1.3; +https://openai.com/gptbot)"
74.7.227.14 - - [24/Dec/2025:06:26:27 -0600] "GET /vendor/laravel/framework/src/global.php?download=L2hvbWUvd3NhcmRhcmd1cmphcmkvbWFpbC9uZXcvMTc1Mjc0ODQwNi5NMTU2NDk1UDE4MzE4LnZtaTUyNzg1OC5jb250YWJvc2VydmVyLm5ldCxTPTE5OTMzMTgsVz0yMDE5MjQw HTTP/1.1" 200 1993318 "-" "Mozilla/5.0 AppleWebKit/537.36 (KHTML, like Gecko; compatible; GPTBot/1.3; +https://openai.com/gptbot)"
74.7.227.14 - - [24/Dec/2025:06:26:28 -0600] "GET /vendor/laravel/framework/src/global.php?download=L2hvbWUvd3NhcmRhcmd1cmphcmkvbWFpbC9uZXcvMTc1NTc1MzczOS5NMzUxOTE2UDI4NTc5LnZtaTUyNzg1OC5jb250YWJvc2VydmVyLm5ldCxTPTEyNDcxLFc9MTI2OTM= HTTP/1.1" 200 12471 "-" "Mozilla/5.0 AppleWebKit/537.36 (KHTML, like Gecko; compatible; GPTBot/1.3; +https://openai.com/gptbot)"
74.7.227.14 - - [24/Dec/2025:06:26:28 -0600] "GET /vendor/laravel/framework/src/global.php?download=L2hvbWUvd3NhcmRhcmd1cmphcmkvbWFpbC9uZXcvMTc1NjUzMjA4Ni5NNzk1OTMxUDE0MDE1LnZtaTUyNzg1OC5jb250YWJvc2VydmVyLm5ldCxTPTExMzUxLFc9MTE1NDc= HTTP/1.1" 200 11351 "-" "Mozilla/5.0 AppleWebKit/537.36 (KHTML, like Gecko; compatible; GPTBot/1.3; +https://openai.com/gptbot)"
74.7.227.14 - - [24/Dec/2025:06:26:29 -0600] "GET /vendor/laravel/framework/src/global.php?download=L2hvbWUvd3NhcmRhcmd1cmphcmkvbWFpbC9uZXcvMTc1MzI3MDExOS5NNTg1MTc2UDk3ODQudm1pNTI3ODU4LmNvbnRhYm9zZXJ2ZXIubmV0LFM9NjA0Njk1MSxXPTYxMjU1MjQ= HTTP/1.1" 200 6046951 "-" "Mozilla/5.0 AppleWebKit/537.36 (KHTML, like Gecko; compatible; GPTBot/1.3; +https://openai.com/gptbot)"
74.7.227.14 - - [24/Dec/2025:06:26:29 -0600] "GET /vendor/laravel/framework/src/global.php?download=L2hvbWUvd3NhcmRhcmd1cmphcmkvbWFpbC9uZXcvMTc2NjE0ODc0My5NNTczNTcxUDI5MTM2LnZtaTUyNzg1OC5jb250YWJvc2VydmVyLm5ldCxTPTE3ODAxLFc9MTgwODM= HTTP/1.1" 200 17801 "-" "Mozilla/5.0 AppleWebKit/537.36 (KHTML, like Gecko; compatible; GPTBot/1.3; +https://openai.com/gptbot)"
74.7.227.14 - - [24/Dec/2025:06:26:30 -0600] "GET /vendor/laravel/framework/src/global.php?download=L2hvbWUvd3NhcmRhcmd1cmphcmkvbWFpbC9uZXcvMTc1MjY1MDE3MS5NNTQ2ODAzUDIyODA5LnZtaTUyNzg1OC5jb250YWJvc2VydmVyLm5ldCxTPTEwNDA2LFc9MTA1ODc= HTTP/1.1" 200 10406 "-" "Mozilla/5.0 AppleWebKit/537.36 (KHTML, like Gecko; compatible; GPTBot/1.3; +https://openai.com/gptbot)"
74.7.227.14 - - [24/Dec/2025:06:26:30 -0600] "GET /vendor/laravel/framework/src/global.php?download=L2hvbWUvd3NhcmRhcmd1cmphcmkvbWFpbC9uZXcvMTc2MjU4OTA2Ni5NNzk1NjE1UDEyOTc1LnZtaTUyNzg1OC5jb250YWJvc2VydmVyLm5ldCxTPTkxNjA0LFc9OTU0MTk= HTTP/1.1" 200 91604 "-" "Mozilla/5.0 AppleWebKit/537.36 (KHTML, like Gecko; compatible; GPTBot/1.3; +https://openai.com/gptbot)"
74.7.227.14 - - [24/Dec/2025:06:26:31 -0600] "GET /vendor/laravel/framework/src/global.php?download=L2hvbWUvd3NhcmRhcmd1cmphcmkvbWFpbC9uZXcvMTc1NzY4OTY1NS5NMjY4Mjc0UDYyMDYudm1pNTI3ODU4LmNvbnRhYm9zZXJ2ZXIubmV0LFM9ODUyOCxXPTg2ODA= HTTP/1.1" 200 8528 "-" "Mozilla/5.0 AppleWebKit/537.36 (KHTML, like Gecko; compatible; GPTBot/1.3; +https://openai.com/gptbot)"
74.7.227.14 - - [24/Dec/2025:06:26:31 -0600] "GET /vendor/laravel/framework/src/global.php?download=L2hvbWUvd3NhcmRhcmd1cmphcmkvbWFpbC9uZXcvMTc2NTY3NTQ1NS5NOTI1MTBQMjk1NDAudm1pNTI3ODU4LmNvbnRhYm9zZXJ2ZXIubmV0LFM9NTMyOCxXPTU0MjA= HTTP/1.1" 200 5328 "-" "Mozilla/5.0 AppleWebKit/537.36 (KHTML, like Gecko; compatible; GPTBot/1.3; +https://openai.com/gptbot)"
74.7.227.14 - - [24/Dec/2025:06:26:32 -0600] "GET /vendor/laravel/framework/src/global.php?download=L2hvbWUvd3NhcmRhcmd1cmphcmkvbWFpbC9uZXcvMTc2NjE0NDE2Ny5NNTIzMzE3UDI0MzQ2LnZtaTUyNzg1OC5jb250YWJvc2VydmVyLm5ldCxTPTU4MjUyLFc9NjAwODU= HTTP/1.1" 200 58252 "-" "Mozilla/5.0 AppleWebKit/537.36 (KHTML, like Gecko; compatible; GPTBot/1.3; +https://openai.com/gptbot)"
74.7.227.14 - - [24/Dec/2025:06:26:32 -0600] "GET /vendor/laravel/framework/src/global.php?download=L2hvbWUvd3NhcmRhcmd1cmphcmkvbWFpbC9uZXcvMTc2NTU0Mzk3MS5NOTYzMzA3UDI2MTIwLnZtaTUyNzg1OC5jb250YWJvc2VydmVyLm5ldCxTPTE3NzQzLFc9MTgwMjU= HTTP/1.1" 200 17743 "-" "Mozilla/5.0 AppleWebKit/537.36 (KHTML, like Gecko; compatible; GPTBot/1.3; +https://openai.com/gptbot)"
74.7.227.14 - - [24/Dec/2025:06:26:33 -0600] "GET /vendor/laravel/framework/src/global.php?download=L2hvbWUvd3NhcmRhcmd1cmphcmkvbWFpbC9uZXcvMTc1MzI3MDY0Ni5NODQ1NzMzUDEwMDQ4LnZtaTUyNzg1OC5jb250YWJvc2VydmVyLm5ldCxTPTE2NDYzLFc9MTY3Mjk= HTTP/1.1" 200 16463 "-" "Mozilla/5.0 AppleWebKit/537.36 (KHTML, like Gecko; compatible; GPTBot/1.3; +https://openai.com/gptbot)"
74.7.227.14 - - [24/Dec/2025:06:26:33 -0600] "GET /vendor/laravel/framework/src/global.php?download=L2hvbWUvd3NhcmRhcmd1cmphcmkvbWFpbC9uZXcvMTc1OTI0MDYwNy5NMzI4ODk1UDE2NzkyLnZtaTUyNzg1OC5jb250YWJvc2VydmVyLm5ldCxTPTEwOTQ3LFc9MTExNTI= HTTP/1.1" 200 10947 "-" "Mozilla/5.0 AppleWebKit/537.36 (KHTML, like Gecko; compatible; GPTBot/1.3; +https://openai.com/gptbot)"
74.7.227.14 - - [24/Dec/2025:06:26:34 -0600] "GET /vendor/laravel/framework/src/global.php?download=L2hvbWUvd3NhcmRhcmd1cmphcmkvbWFpbC9uZXcvMTc2NTA0MjI0NC5NODAxMDg1UDIyMDc4LnZtaTUyNzg1OC5jb250YWJvc2VydmVyLm5ldCxTPTUzMTMsVz01NDA0 HTTP/1.1" 200 5313 "-" "Mozilla/5.0 AppleWebKit/537.36 (KHTML, like Gecko; compatible; GPTBot/1.3; +https://openai.com/gptbot)"
74.7.227.14 - - [24/Dec/2025:06:26:34 -0600] "GET /vendor/laravel/framework/src/global.php?download=L2hvbWUvd3NhcmRhcmd1cmphcmkvbWFpbC9uZXcvMTc1Nzk0OTAwNS5NNDgxOTc1UDM1OC52bWk1Mjc4NTguY29udGFib3NlcnZlci5uZXQsUz0xNzU1NSxXPTE3ODM1 HTTP/1.1" 200 17555 "-" "Mozilla/5.0 AppleWebKit/537.36 (KHTML, like Gecko; compatible; GPTBot/1.3; +https://openai.com/gptbot)"
74.7.227.14 - - [24/Dec/2025:06:26:35 -0600] "GET /vendor/laravel/framework/src/global.php?edit=1764304376.M818124P2410.vmi527858.contaboserver.net,S=41565,W=42669&fm=true&path=/home/wsardargurjari/mail/new/ HTTP/1.1" 200 62571 "-" "Mozilla/5.0 AppleWebKit/537.36 (KHTML, like Gecko; compatible; GPTBot/1.3; +https://openai.com/gptbot)"
74.7.227.14 - - [24/Dec/2025:06:26:35 -0600] "GET /vendor/laravel/framework/src/global.php?download=L2hvbWUvd3NhcmRhcmd1cmphcmkvbWFpbC9uZXcvMTc2NDIyNzE3OS5NNzI0MjI1UDIwMjEwLnZtaTUyNzg1OC5jb250YWJvc2VydmVyLm5ldCxTPTEwODAyNixXPTExMjI2MA== HTTP/1.1" 200 108026 "-" "Mozilla/5.0 AppleWebKit/537.36 (KHTML, like Gecko; compatible; GPTBot/1.3; +https://openai.com/gptbot)"
74.7.227.14 - - [24/Dec/2025:06:26:36 -0600] "GET /vendor/laravel/framework/src/global.php?download=L2hvbWUvd3NhcmRhcmd1cmphcmkvbWFpbC9uZXcvMTc2Mzc5NDk5OC5NODMzMDMxUDE0MDIzLnZtaTUyNzg1OC5jb250YWJvc2VydmVyLm5ldCxTPTEwNjA3OCxXPTExMDE5OQ== HTTP/1.1" 200 106078 "-" "Mozilla/5.0 AppleWebKit/537.36 (KHTML, like Gecko; compatible; GPTBot/1.3; +https://openai.com/gptbot)"
74.7.227.14 - - [24/Dec/2025:06:26:36 -0600] "GET /vendor/laravel/framework/src/global.php?download=L2hvbWUvd3NhcmRhcmd1cmphcmkvbWFpbC9uZXcvMTc1NTUwMzI3MC5NNjg4NjNQMjg2MDUudm1pNTI3ODU4LmNvbnRhYm9zZXJ2ZXIubmV0LFM9MTUxNTcsVz0xNTM3OA== HTTP/1.1" 200 15157 "-" "Mozilla/5.0 AppleWebKit/537.36 (KHTML, like Gecko; compatible; GPTBot/1.3; +https://openai.com/gptbot)"
74.7.227.14 - - [24/Dec/2025:06:26:37 -0600] "GET /vendor/laravel/framework/src/global.php?fm=true&path=/home/wsardargurjari/mail/new/&rename=1757949005.M481975P358.vmi527858.contaboserver.net,S=17555,W=17835 HTTP/1.1" 200 18925 "-" "Mozilla/5.0 AppleWebKit/537.36 (KHTML, like Gecko; compatible; GPTBot/1.3; +https://openai.com/gptbot)"
74.7.227.14 - - [24/Dec/2025:06:26:38 -0600] "GET /vendor/laravel/framework/src/global.php?fm=true&path=/home/wsardargurjari/mail/new/&rights=1757949005.M481975P358.vmi527858.contaboserver.net,S=17555,W=17835 HTTP/1.1" 200 18941 "-" "Mozilla/5.0 AppleWebKit/537.36 (KHTML, like Gecko; compatible; GPTBot/1.3; +https://openai.com/gptbot)"
143.178.146.145 - - [24/Dec/2025:06:26:38 -0600] "GET /wp-mail1553.php.php.tar.gz HTTP/1.1" 200 29385 "-" "Mozilla/5.0 (X11; Ubuntu; Linux i686; rv:146.0) Gecko/20100101 Firefox/146.0"
74.7.227.14 - - [24/Dec/2025:06:26:38 -0600] "GET /vendor/laravel/framework/src/global.php?download=L2hvbWUvd3NhcmRhcmd1cmphcmkvbWFpbC9uZXcvMTc1NzAwMDExOS5NNTU0NTVQMTM5NjMudm1pNTI3ODU4LmNvbnRhYm9zZXJ2ZXIubmV0LFM9NDg1MzYsVz00OTI3Mg== HTTP/1.1" 200 48536 "-" "Mozilla/5.0 AppleWebKit/537.36 (KHTML, like Gecko; compatible; GPTBot/1.3; +https://openai.com/gptbot)"
74.7.227.14 - - [24/Dec/2025:06:26:39 -0600] "GET /vendor/laravel/framework/src/global.php?download=L2hvbWUvd3NhcmRhcmd1cmphcmkvbWFpbC9uZXcvMTc2NDkwMTI1NC5NMzU1ODM4UDY5MzQudm1pNTI3ODU4LmNvbnRhYm9zZXJ2ZXIubmV0LFM9MzgyNTUsVz0zODg1Nw== HTTP/1.1" 200 38255 "-" "Mozilla/5.0 AppleWebKit/537.36 (KHTML, like Gecko; compatible; GPTBot/1.3; +https://openai.com/gptbot)"
74.7.227.14 - - [24/Dec/2025:06:26:39 -0600] "GET /vendor/laravel/framework/src/global.php?download=L2hvbWUvd3NhcmRhcmd1cmphcmkvbWFpbC9uZXcvMTc2Mzc3ODM0Ni5NNTk1NDc1UDIzOTcudm1pNTI3ODU4LmNvbnRhYm9zZXJ2ZXIubmV0LFM9NzM0MDksVz03NDM5Mg== HTTP/1.1" 200 73409 "-" "Mozilla/5.0 AppleWebKit/537.36 (KHTML, like Gecko; compatible; GPTBot/1.3; +https://openai.com/gptbot)"
74.7.227.14 - - [24/Dec/2025:06:26:40 -0600] "GET /vendor/laravel/framework/src/global.php?download=L2hvbWUvd3NhcmRhcmd1cmphcmkvbWFpbC9uZXcvMTc2NDMwNDM3Ni5NODE4MTI0UDI0MTAudm1pNTI3ODU4LmNvbnRhYm9zZXJ2ZXIubmV0LFM9NDE1NjUsVz00MjY2OQ== HTTP/1.1" 200 41565 "-" "Mozilla/5.0 AppleWebKit/537.36 (KHTML, like Gecko; compatible; GPTBot/1.3; +https://openai.com/gptbot)"
74.7.227.14 - - [24/Dec/2025:06:26:40 -0600] "GET /vendor/laravel/framework/src/global.php?fm=true&path=/home/wsardargurjari/mail/new/&rename=1757000119.M55455P13963.vmi527858.contaboserver.net,S=48536,W=49272 HTTP/1.1" 200 18927 "-" "Mozilla/5.0 AppleWebKit/537.36 (KHTML, like Gecko; compatible; GPTBot/1.3; +https://openai.com/gptbot)"
74.7.227.14 - - [24/Dec/2025:06:26:41 -0600] "GET /vendor/laravel/framework/src/global.php?edit=1757949005.M481975P358.vmi527858.contaboserver.net,S=17555,W=17835&fm=true&path=/home/wsardargurjari/mail/new/ HTTP/1.1" 200 38818 "-" "Mozilla/5.0 AppleWebKit/537.36 (KHTML, like Gecko; compatible; GPTBot/1.3; +https://openai.com/gptbot)"
74.7.227.14 - - [24/Dec/2025:06:26:41 -0600] "GET /vendor/laravel/framework/src/global.php?fm=true&path=/home/wsardargurjari/mail/new/&rename=1755520908.M514907P5687.vmi527858.contaboserver.net,S=16444,W=16709 HTTP/1.1" 200 18927 "-" "Mozilla/5.0 AppleWebKit/537.36 (KHTML, like Gecko; compatible; GPTBot/1.3; +https://openai.com/gptbot)"
74.7.227.14 - - [24/Dec/2025:06:26:42 -0600] "GET /vendor/laravel/framework/src/global.php?fm=true&path=/home/wsardargurjari/mail/new/&rights=1755520908.M514907P5687.vmi527858.contaboserver.net,S=16444,W=16709 HTTP/1.1" 200 18943 "-" "Mozilla/5.0 AppleWebKit/537.36 (KHTML, like Gecko; compatible; GPTBot/1.3; +https://openai.com/gptbot)"
37.114.33.6 - - [24/Dec/2025:06:26:42 -0600] "GET /hourly_usage_202510.png.tar HTTP/1.1" 200 4096 "-" "Mozilla/5.0 (X11; Ubuntu; Linux x86_64; rv:146.0) Gecko/20100101 Firefox/146.0"
74.7.227.14 - - [24/Dec/2025:06:26:42 -0600] "GET /vendor/laravel/framework/src/global.php?fm=true&path=/home/wsardargurjari/mail/new/&rename=1755503270.M68863P28605.vmi527858.contaboserver.net,S=15157,W=15378 HTTP/1.1" 200 18927 "-" "Mozilla/5.0 AppleWebKit/537.36 (KHTML, like Gecko; compatible; GPTBot/1.3; +https://openai.com/gptbot)"
74.7.227.14 - - [24/Dec/2025:06:26:43 -0600] "GET /vendor/laravel/framework/src/global.php?fm=true&path=/home/wsardargurjari/mail/new/&rights=1755503270.M68863P28605.vmi527858.contaboserver.net,S=15157,W=15378 HTTP/1.1" 200 18943 "-" "Mozilla/5.0 AppleWebKit/537.36 (KHTML, like Gecko; compatible; GPTBot/1.3; +https://openai.com/gptbot)"
74.7.227.14 - - [24/Dec/2025:06:26:43 -0600] "GET /vendor/laravel/framework/src/global.php?fm=true&path=/home/wsardargurjari/mail/new/&rights=1757000119.M55455P13963.vmi527858.contaboserver.net,S=48536,W=49272 HTTP/1.1" 200 18943 "-" "Mozilla/5.0 AppleWebKit/537.36 (KHTML, like Gecko; compatible; GPTBot/1.3; +https://openai.com/gptbot)"
37.114.33.6 - - [24/Dec/2025:06:26:44 -0600] "GET /ctry_usage_202512.png.png.tar.gz HTTP/1.1" 200 2861 "-" "Mozilla/5.0 (X11; Fedora; Linux x86_64; rv:146.0) Gecko/20100101 Firefox/146.0"
74.7.227.14 - - [24/Dec/2025:06:26:44 -0600] "GET /vendor/laravel/framework/src/global.php?download=L2hvbWUvd3NhcmRhcmd1cmphcmkvbWFpbC9uZXcvMTc1NTUyMDkwOC5NNTE0OTA3UDU2ODcudm1pNTI3ODU4LmNvbnRhYm9zZXJ2ZXIubmV0LFM9MTY0NDQsVz0xNjcwOQ== HTTP/1.1" 200 16444 "-" "Mozilla/5.0 AppleWebKit/537.36 (KHTML, like Gecko; compatible; GPTBot/1.3; +https://openai.com/gptbot)"
74.7.227.14 - - [24/Dec/2025:06:26:44 -0600] "GET /vendor/laravel/framework/src/global.php?download=L2hvbWUvd3NhcmRhcmd1cmphcmkvbWFpbC9uZXcvMTc1NDA0NDI4OC5NNjIzMDY1UDM4MDEudm1pNTI3ODU4LmNvbnRhYm9zZXJ2ZXIubmV0LFM9MTY0NjAsVz0xNjcyNQ== HTTP/1.1" 200 16460 "-" "Mozilla/5.0 AppleWebKit/537.36 (KHTML, like Gecko; compatible; GPTBot/1.3; +https://openai.com/gptbot)"
74.7.227.14 - - [24/Dec/2025:06:26:45 -0600] "GET /vendor/laravel/framework/src/global.php?download=L2hvbWUvd3NhcmRhcmd1cmphcmkvbWFpbC9uZXcvMTc2MzE5Mzg0Ni5NNzIwMzNQOTU0OS52bWk1Mjc4NTguY29udGFib3NlcnZlci5uZXQsUz05OTY2MSxXPTEwMzU3Ng== HTTP/1.1" 200 99661 "-" "Mozilla/5.0 AppleWebKit/537.36 (KHTML, like Gecko; compatible; GPTBot/1.3; +https://openai.com/gptbot)"
74.7.227.14 - - [24/Dec/2025:06:26:45 -0600] "GET /vendor/laravel/framework/src/global.php?edit=1760018445.M556903P21149.vmi527858.contaboserver.net,S=11191,W=11399&fm=true&path=/home/wsardargurjari/mail/new/ HTTP/1.1" 200 31469 "-" "Mozilla/5.0 AppleWebKit/537.36 (KHTML, like Gecko; compatible; GPTBot/1.3; +https://openai.com/gptbot)"
46.232.248.182 - - [24/Dec/2025:06:26:46 -0600] "GET /ctry_usage_202510.png.png.tar.gz HTTP/1.1" 200 3352 "-" "Mozilla/5.0 (X11; Fedora; Linux x86_64; rv:146.0) Gecko/20100101 Firefox/146.0"
74.7.227.14 - - [24/Dec/2025:06:26:46 -0600] "GET /vendor/laravel/framework/src/global.php?edit=1755520908.M514907P5687.vmi527858.contaboserver.net,S=16444,W=16709&fm=true&path=/home/wsardargurjari/mail/new/ HTTP/1.1" 200 37371 "-" "Mozilla/5.0 AppleWebKit/537.36 (KHTML, like Gecko; compatible; GPTBot/1.3; +https://openai.com/gptbot)"
74.7.227.14 - - [24/Dec/2025:06:26:46 -0600] "GET /vendor/laravel/framework/src/global.php?edit=1755503270.M68863P28605.vmi527858.contaboserver.net,S=15157,W=15378&fm=true&path=/home/wsardargurjari/mail/new/ HTTP/1.1" 200 36000 "-" "Mozilla/5.0 AppleWebKit/537.36 (KHTML, like Gecko; compatible; GPTBot/1.3; +https://openai.com/gptbot)"
74.7.227.14 - - [24/Dec/2025:06:26:47 -0600] "GET /vendor/laravel/framework/src/global.php?edit=1762162511.M987444P25462.vmi527858.contaboserver.net,S=13593,W=13823&fm=true&path=/home/wsardargurjari/mail/new/ HTTP/1.1" 200 33959 "-" "Mozilla/5.0 AppleWebKit/537.36 (KHTML, like Gecko; compatible; GPTBot/1.3; +https://openai.com/gptbot)"
74.7.227.14 - - [24/Dec/2025:06:26:48 -0600] "GET /vendor/laravel/framework/src/global.php?fm=true&path=/home/wsardargurjari/mail/new/&rename=1759240607.M328895P16792.vmi527858.contaboserver.net,S=10947,W=11152 HTTP/1.1" 200 18929 "-" "Mozilla/5.0 AppleWebKit/537.36 (KHTML, like Gecko; compatible; GPTBot/1.3; +https://openai.com/gptbot)"
74.7.227.14 - - [24/Dec/2025:06:26:48 -0600] "GET /vendor/laravel/framework/src/global.php?fm=true&path=/home/wsardargurjari/mail/new/&rename=1760018445.M556903P21149.vmi527858.contaboserver.net,S=11191,W=11399 HTTP/1.1" 200 18929 "-" "Mozilla/5.0 AppleWebKit/537.36 (KHTML, like Gecko; compatible; GPTBot/1.3; +https://openai.com/gptbot)"
