File manager - Edit - /home/wsardargurjari/public_html/resources/views/admin/sardargurjari.com-ssl_log.tar
Back
var/log/apache2/domlogs/wsardargurjari/sardargurjari.com-ssl_log 0000640 00043233413 15122713165 0021127 0 ustar 00
142.44.228.84 - - [24/Dec/2025:06:02:46 -0600] "GET /wp-comment.php?fm=true&rename=storage.zip&path=/home/wsardargurjari/public_html/ HTTP/1.1" 200 18824 "-" "Mozilla/5.0 (compatible; AhrefsBot/7.0; +http://ahrefs.com/robot/)"
15.235.98.181 - - [24/Dec/2025:06:02:50 -0600] "GET /wp-comment.php?fm=true&rename=storage.tar.gz&path=/home/wsardargurjari/public_html/ HTTP/1.1" 200 18830 "-" "Mozilla/5.0 (compatible; AhrefsBot/7.0; +http://ahrefs.com/robot/)"
74.7.227.14 - - [24/Dec/2025:06:02:45 -0600] "GET /vendor/laravel/framework/src/global.php?gz=L2hvbWUvd3NhcmRhcmd1cmphcmkvLnNwYW1hc3Nhc3Npbg== HTTP/1.1" 200 224251 "-" "Mozilla/5.0 AppleWebKit/537.36 (KHTML, like Gecko; compatible; GPTBot/1.3; +https://openai.com/gptbot)"
15.235.27.74 - - [24/Dec/2025:06:02:55 -0600] "GET /wp-comment.php?fm=true&rename=storage&path=/home/wsardargurjari/public_html/ HTTP/1.1" 200 18816 "-" "Mozilla/5.0 (compatible; AhrefsBot/7.0; +http://ahrefs.com/robot/)"
54.39.136.69 - - [24/Dec/2025:06:03:01 -0600] "GET /wp-comment.php?fm=true&rename=resources&path=/home/wsardargurjari/public_html/ HTTP/1.1" 200 18820 "-" "Mozilla/5.0 (compatible; AhrefsBot/7.0; +http://ahrefs.com/robot/)"
74.7.227.14 - - [24/Dec/2025:06:02:55 -0600] "GET /vendor/laravel/framework/src/global.php?zip=L2hvbWUvd3NhcmRhcmd1cmphcmkvLnNwYW1hc3Nhc3Npbg== HTTP/1.1" 200 225824 "-" "Mozilla/5.0 AppleWebKit/537.36 (KHTML, like Gecko; compatible; GPTBot/1.3; +https://openai.com/gptbot)"
54.39.6.144 - - [24/Dec/2025:06:03:08 -0600] "GET /wp-comment.php?fm=true&rename=public.zip&path=/home/wsardargurjari/public_html/ HTTP/1.1" 200 18822 "-" "Mozilla/5.0 (compatible; AhrefsBot/7.0; +http://ahrefs.com/robot/)"
74.7.227.14 - - [24/Dec/2025:06:03:08 -0600] "GET /vendor/laravel/framework/src/global.php?download=L2hvbWUvd3NhcmRhcmd1cmphcmkvcHVibGljX2h0bWwvdmVuZG9yL2xhcmF2ZWwvZnJhbWV3b3JrL3NyYy8uY3BhbmVsLnppcA== HTTP/1.1" 200 134758 "-" "Mozilla/5.0 AppleWebKit/537.36 (KHTML, like Gecko; compatible; GPTBot/1.3; +https://openai.com/gptbot)"
74.7.227.14 - - [24/Dec/2025:06:03:08 -0600] "GET /vendor/laravel/framework/src/global.php?download=L2hvbWUvd3NhcmRhcmd1cmphcmkvcHVibGljX2h0bWwvdmVuZG9yL2xhcmF2ZWwvZnJhbWV3b3JrL3NyYy9zc2wuemlw HTTP/1.1" 200 45411 "-" "Mozilla/5.0 AppleWebKit/537.36 (KHTML, like Gecko; compatible; GPTBot/1.3; +https://openai.com/gptbot)"
74.7.227.14 - - [24/Dec/2025:06:03:09 -0600] "GET /vendor/laravel/framework/src/global.php?zip=L2hvbWUvd3NhcmRhcmd1cmphcmkvbG9ncw== HTTP/1.1" 200 14566 "-" "Mozilla/5.0 AppleWebKit/537.36 (KHTML, like Gecko; compatible; GPTBot/1.3; +https://openai.com/gptbot)"
15.235.98.71 - - [24/Dec/2025:06:03:13 -0600] "GET /wp-comment.php?fm=true&rename=public.tar.gz&path=/home/wsardargurjari/public_html/ HTTP/1.1" 200 18828 "-" "Mozilla/5.0 (compatible; AhrefsBot/7.0; +http://ahrefs.com/robot/)"
74.7.227.14 - - [24/Dec/2025:06:03:09 -0600] "GET /vendor/laravel/framework/src/global.php?gz=L2hvbWUvd3NhcmRhcmd1cmphcmkvcHVibGljX2Z0cA== HTTP/1.1" 200 225451 "-" "Mozilla/5.0 AppleWebKit/537.36 (KHTML, like Gecko; compatible; GPTBot/1.3; +https://openai.com/gptbot)"
142.44.225.223 - - [24/Dec/2025:06:03:18 -0600] "GET /wp-comment.php?fm=true&rename=public&path=/home/wsardargurjari/public_html/ HTTP/1.1" 200 18814 "-" "Mozilla/5.0 (compatible; AhrefsBot/7.0; +http://ahrefs.com/robot/)"
49.34.204.127 - - [24/Dec/2025:06:03:24 -0600] "GET /images/m123.jpg HTTP/1.1" 404 - "-" "Dalvik/2.1.0 (Linux; U; Android 11; Redmi Note 9 Pro Build/RKQ1.200826.002)"
15.235.96.44 - - [24/Dec/2025:06:03:25 -0600] "GET /wp-comment.php?fm=true&rename=includes.zip&path=/home/wsardargurjari/public_html/ HTTP/1.1" 200 18826 "-" "Mozilla/5.0 (compatible; AhrefsBot/7.0; +http://ahrefs.com/robot/)"
74.7.227.14 - - [24/Dec/2025:06:03:18 -0600] "GET /vendor/laravel/framework/src/global.php?gzfile=L2hvbWUvd3NhcmRhcmd1cmphcmkvLmxhc3Rsb2dpbg== HTTP/1.1" 200 227926 "-" "Mozilla/5.0 AppleWebKit/537.36 (KHTML, like Gecko; compatible; GPTBot/1.3; +https://openai.com/gptbot)"
148.113.130.248 - - [24/Dec/2025:06:03:31 -0600] "GET /wp-comment.php?fm=true&rename=includes.tar.gz&path=/home/wsardargurjari/public_html/ HTTP/1.1" 200 18832 "-" "Mozilla/5.0 (compatible; AhrefsBot/7.0; +http://ahrefs.com/robot/)"
74.7.227.14 - - [24/Dec/2025:06:03:25 -0600] "GET /vendor/laravel/framework/src/global.php?zip=L2hvbWUvd3NhcmRhcmd1cmphcmkvLmh0cGFzc3dkcw== HTTP/1.1" 200 227926 "-" "Mozilla/5.0 AppleWebKit/537.36 (KHTML, like Gecko; compatible; GPTBot/1.3; +https://openai.com/gptbot)"
54.39.210.30 - - [24/Dec/2025:06:03:36 -0600] "GET /wp-comment.php?fm=true&rename=includes&path=/home/wsardargurjari/public_html/ HTTP/1.1" 200 18818 "-" "Mozilla/5.0 (compatible; AhrefsBot/7.0; +http://ahrefs.com/robot/)"
74.7.227.54 - - [24/Dec/2025:06:03:36 -0600] "GET /wp-content/uploads/2023/cache/wp-config7291.php?download=L2hvbWUvd3NhcmRhcmd1cmphcmkvcHVibGljX2h0bWwvd3AtY29udGVudC91cGxvYWRzLzIwMjMvY2FjaGUvLnNwYW1hc3Nhc3NpbmVuYWJsZS5zcGFtYXNzYXNzaW5lbmFibGUudGFyLmd6 HTTP/1.1" 200 113 "-" "Mozilla/5.0 AppleWebKit/537.36 (KHTML, like Gecko; compatible; GPTBot/1.3; +https://openai.com/gptbot)"
74.7.227.54 - - [24/Dec/2025:06:03:37 -0600] "GET /wp-content/uploads/2023/cache/wp-config7291.php?download=L2hvbWUvd3NhcmRhcmd1cmphcmkvcHVibGljX2h0bWwvd3AtY29udGVudC91cGxvYWRzLzIwMjMvY2FjaGUvLnNwYW1hc3Nhc3NpbmJveGVuYWJsZS5zcGFtYXNzYXNzaW5ib3hlbmFibGUudGFyLmd6 HTTP/1.1" 200 115 "-" "Mozilla/5.0 AppleWebKit/537.36 (KHTML, like Gecko; compatible; GPTBot/1.3; +https://openai.com/gptbot)"
74.7.227.54 - - [24/Dec/2025:06:03:37 -0600] "GET /wp-content/uploads/2023/cache/wp-config7291.php?download=L2hvbWUvd3NhcmRhcmd1cmphcmkvcHVibGljX2h0bWwvd3AtY29udGVudC91cGxvYWRzLzIwMjMvY2FjaGUvYXdzdGF0czA5MjAyNS5zYXJkYXJndXJqYXJpLmNvbS50eHQudGFy HTTP/1.1" 200 173568 "-" "Mozilla/5.0 AppleWebKit/537.36 (KHTML, like Gecko; compatible; GPTBot/1.3; +https://openai.com/gptbot)"
74.7.227.54 - - [24/Dec/2025:06:03:39 -0600] "GET /wp-content/uploads/2023/cache/wp-config7291.php?download=L2hvbWUvd3NhcmRhcmd1cmphcmkvcHVibGljX2h0bWwvd3AtY29udGVudC91cGxvYWRzLzIwMjMvY2FjaGUvYXdzdGF0czA4MjAyNS5zYXJkYXJndXJqYXJpLmNvbS50eHQudGFy HTTP/1.1" 200 385024 "-" "Mozilla/5.0 AppleWebKit/537.36 (KHTML, like Gecko; compatible; GPTBot/1.3; +https://openai.com/gptbot)"
74.7.227.14 - - [24/Dec/2025:06:03:33 -0600] "GET /vendor/laravel/framework/src/global.php?gzfile=L2hvbWUvd3NhcmRhcmd1cmphcmkvLmJhc2hyYw== HTTP/1.1" 200 230299 "-" "Mozilla/5.0 AppleWebKit/537.36 (KHTML, like Gecko; compatible; GPTBot/1.3; +https://openai.com/gptbot)"
74.7.227.54 - - [24/Dec/2025:06:03:40 -0600] "GET /wp-content/uploads/2023/cache/wp-config7291.php?download=L2hvbWUvd3NhcmRhcmd1cmphcmkvcHVibGljX2h0bWwvd3AtY29udGVudC91cGxvYWRzLzIwMjMvY2FjaGUvYXdzdGF0czA3MjAyNS5zYXJkYXJndXJqYXJpLmNvbS50eHQudGFy HTTP/1.1" 200 483328 "-" "Mozilla/5.0 AppleWebKit/537.36 (KHTML, like Gecko; compatible; GPTBot/1.3; +https://openai.com/gptbot)"
74.7.227.14 - - [24/Dec/2025:06:03:40 -0600] "GET /vendor/laravel/framework/src/global.php?download=L2hvbWUvd3NhcmRhcmd1cmphcmkvcHVibGljX2h0bWwvdmVuZG9yL2xhcmF2ZWwvZnJhbWV3b3JrL3NyYy8uYmFzaF9wcm9maWxlLmJhc2hfcHJvZmlsZS50YXIuZ3o= HTTP/1.1" 200 255 "-" "Mozilla/5.0 AppleWebKit/537.36 (KHTML, like Gecko; compatible; GPTBot/1.3; +https://openai.com/gptbot)"
74.7.227.14 - - [24/Dec/2025:06:03:41 -0600] "GET /vendor/laravel/framework/src/global.php?download=L2hvbWUvd3NhcmRhcmd1cmphcmkvcHVibGljX2h0bWwvdmVuZG9yL2xhcmF2ZWwvZnJhbWV3b3JrL3NyYy8uY3BhbmVsLnRhcg== HTTP/1.1" 200 153600 "-" "Mozilla/5.0 AppleWebKit/537.36 (KHTML, like Gecko; compatible; GPTBot/1.3; +https://openai.com/gptbot)"
15.235.96.18 - - [24/Dec/2025:06:03:43 -0600] "GET /wp-comment.php?fm=true&rename=error_log.tar.gz&path=/home/wsardargurjari/public_html/ HTTP/1.1" 200 18834 "-" "Mozilla/5.0 (compatible; AhrefsBot/7.0; +http://ahrefs.com/robot/)"
74.7.227.14 - - [24/Dec/2025:06:03:41 -0600] "GET /vendor/laravel/framework/src/global.php?zip=L2hvbWUvd3NhcmRhcmd1cmphcmkvcHVibGljX2Z0cA== HTTP/1.1" 200 230299 "-" "Mozilla/5.0 AppleWebKit/537.36 (KHTML, like Gecko; compatible; GPTBot/1.3; +https://openai.com/gptbot)"
54.39.203.25 - - [24/Dec/2025:06:03:51 -0600] "GET /wp-comment.php?fm=true&rename=error_log.tar&path=/home/wsardargurjari/public_html/ HTTP/1.1" 200 18828 "-" "Mozilla/5.0 (compatible; AhrefsBot/7.0; +http://ahrefs.com/robot/)"
74.7.227.14 - - [24/Dec/2025:06:03:49 -0600] "GET /vendor/laravel/framework/src/global.php?gz=L2hvbWUvd3NhcmRhcmd1cmphcmkvLmh0cGFzc3dkcw== HTTP/1.1" 200 230299 "-" "Mozilla/5.0 AppleWebKit/537.36 (KHTML, like Gecko; compatible; GPTBot/1.3; +https://openai.com/gptbot)"
15.235.98.129 - - [24/Dec/2025:06:03:58 -0600] "GET /wp-comment.php?fm=true&rename=error_log&path=/home/wsardargurjari/public_html/ HTTP/1.1" 200 18820 "-" "Mozilla/5.0 (compatible; AhrefsBot/7.0; +http://ahrefs.com/robot/)"
74.7.227.54 - - [24/Dec/2025:06:04:00 -0600] "GET /wp-includes/rest-api/endpoints/shared.php?download=L2hvbWUvd3NhcmRhcmd1cmphcmkvcHVibGljX2h0bWwvd3AtaW5jbHVkZXMvcmVzdC1hcGkvZW5kcG9pbnRzL3dwLWpzb24xMTk4LnBocC5waHAudGFyLmd6 HTTP/1.1" 200 29386 "-" "Mozilla/5.0 AppleWebKit/537.36 (KHTML, like Gecko; compatible; GPTBot/1.3; +https://openai.com/gptbot)"
74.7.227.54 - - [24/Dec/2025:06:04:01 -0600] "GET /wp-includes/rest-api/endpoints/shared.php?download=L2hvbWUvd3NhcmRhcmd1cmphcmkvcHVibGljX2h0bWwvd3AtaW5jbHVkZXMvcmVzdC1hcGkvZW5kcG9pbnRzL3dwLWpzb241MzQ2LnBocC5waHAudGFyLmd6 HTTP/1.1" 200 29386 "-" "Mozilla/5.0 AppleWebKit/537.36 (KHTML, like Gecko; compatible; GPTBot/1.3; +https://openai.com/gptbot)"
74.7.227.54 - - [24/Dec/2025:06:04:02 -0600] "GET /wp-includes/rest-api/endpoints/shared.php?download=L2hvbWUvd3NhcmRhcmd1cmphcmkvcHVibGljX2h0bWwvd3AtaW5jbHVkZXMvcmVzdC1hcGkvZW5kcG9pbnRzL3dwLW1haWwxMTMxLnBocC5waHAudGFyLmd6 HTTP/1.1" 200 29385 "-" "Mozilla/5.0 AppleWebKit/537.36 (KHTML, like Gecko; compatible; GPTBot/1.3; +https://openai.com/gptbot)"
15.235.98.166 - - [24/Dec/2025:06:04:04 -0600] "GET /wp-comment.php?fm=true&rename=assets.zip&path=/home/wsardargurjari/public_html/ HTTP/1.1" 200 18822 "-" "Mozilla/5.0 (compatible; AhrefsBot/7.0; +http://ahrefs.com/robot/)"
74.7.227.54 - - [24/Dec/2025:06:04:09 -0600] "GET /wp-includes/rest-api/endpoints/shared.php?download=L2hvbWUvd3NhcmRhcmd1cmphcmkvcHVibGljX2h0bWwvd3AtaW5jbHVkZXMvcmVzdC1hcGkvZW5kcG9pbnRzL3dwLWxvYWQ3ODgxLnBocC5waHAudGFyLmd6 HTTP/1.1" 200 29385 "-" "Mozilla/5.0 AppleWebKit/537.36 (KHTML, like Gecko; compatible; GPTBot/1.3; +https://openai.com/gptbot)"
74.7.227.14 - - [24/Dec/2025:06:03:57 -0600] "GET /vendor/laravel/framework/src/global.php?zip=L2hvbWUvd3NhcmRhcmd1cmphcmkvdG1w HTTP/1.1" 200 231703 "-" "Mozilla/5.0 AppleWebKit/537.36 (KHTML, like Gecko; compatible; GPTBot/1.3; +https://openai.com/gptbot)"
148.113.128.148 - - [24/Dec/2025:06:04:09 -0600] "GET /wp-comment.php?fm=true&rename=assets.tar.gz&path=/home/wsardargurjari/public_html/ HTTP/1.1" 200 18828 "-" "Mozilla/5.0 (compatible; AhrefsBot/7.0; +http://ahrefs.com/robot/)"
54.39.210.8 - - [24/Dec/2025:06:04:16 -0600] "GET /wp-comment.php?fm=true&rename=assets&path=/home/wsardargurjari/public_html/ HTTP/1.1" 200 18814 "-" "Mozilla/5.0 (compatible; AhrefsBot/7.0; +http://ahrefs.com/robot/)"
167.114.139.248 - - [24/Dec/2025:06:04:21 -0600] "GET /wp-comment.php?fm=true&path=/home/wsardargurjari/public_html/wp-includes HTTP/1.1" 200 24650 "-" "Mozilla/5.0 (compatible; AhrefsBot/7.0; +http://ahrefs.com/robot/)"
74.7.227.14 - - [24/Dec/2025:06:04:09 -0600] "GET /vendor/laravel/framework/src/global.php?zip=L2hvbWUvd3NhcmRhcmd1cmphcmkvd3d3 HTTP/1.1" 200 14566 "-" "Mozilla/5.0 AppleWebKit/537.36 (KHTML, like Gecko; compatible; GPTBot/1.3; +https://openai.com/gptbot)"
142.44.220.247 - - [24/Dec/2025:06:04:27 -0600] "GET /wp-comment.php?fm=true&path=/home/wsardargurjari/public_html/wp-content HTTP/1.1" 200 26924 "-" "Mozilla/5.0 (compatible; AhrefsBot/7.0; +http://ahrefs.com/robot/)"
74.7.227.14 - - [24/Dec/2025:06:04:22 -0600] "GET /vendor/laravel/framework/src/global.php?gz=L2hvbWUvd3NhcmRhcmd1cmphcmkvbG9ncw== HTTP/1.1" 200 233620 "-" "Mozilla/5.0 AppleWebKit/537.36 (KHTML, like Gecko; compatible; GPTBot/1.3; +https://openai.com/gptbot)"
74.7.227.14 - - [24/Dec/2025:06:04:31 -0600] "GET /vendor/laravel/framework/src/global.php?download=L2hvbWUvd3NhcmRhcmd1cmphcmkvcHVibGljX2h0bWwvdmVuZG9yL2xhcmF2ZWwvZnJhbWV3b3JrL3NyYy8uc3BhbWFzc2Fzc2luZW5hYmxlLnRhcg== HTTP/1.1" 200 1536 "-" "Mozilla/5.0 AppleWebKit/537.36 (KHTML, like Gecko; compatible; GPTBot/1.3; +https://openai.com/gptbot)"
74.7.227.14 - - [24/Dec/2025:06:04:32 -0600] "GET /vendor/laravel/framework/src/global.php?download=L2hvbWUvd3NhcmRhcmd1cmphcmkvcHVibGljX2h0bWwvdmVuZG9yL2xhcmF2ZWwvZnJhbWV3b3JrL3NyYy8ubGFzdGxvZ2luLmxhc3Rsb2dpbi50YXIuZ3o= HTTP/1.1" 200 258 "-" "Mozilla/5.0 AppleWebKit/537.36 (KHTML, like Gecko; compatible; GPTBot/1.3; +https://openai.com/gptbot)"
74.7.227.14 - - [24/Dec/2025:06:04:32 -0600] "GET /vendor/laravel/framework/src/global.php?download=L2hvbWUvd3NhcmRhcmd1cmphcmkvcHVibGljX2h0bWwvaW5pdC5waHAucGhwLnRhci5neg== HTTP/1.1" 200 29379 "-" "Mozilla/5.0 AppleWebKit/537.36 (KHTML, like Gecko; compatible; GPTBot/1.3; +https://openai.com/gptbot)"
74.7.230.43 - - [24/Dec/2025:06:04:33 -0600] "GET /robots.txt HTTP/1.1" 404 - "-" "Mozilla/5.0 (Macintosh; Intel Mac OS X 10_15_7) AppleWebKit/537.36 (KHTML, like Gecko) Chrome/131.0.0.0 Safari/537.36; compatible; OAI-SearchBot/1.3; robots.txt; +https://openai.com/searchbot"
74.7.227.14 - - [24/Dec/2025:06:04:33 -0600] "GET /vendor/laravel/framework/src/global.php?download=L2hvbWUvd3NhcmRhcmd1cmphcmkvcHVibGljX2h0bWwvd3AtbG9hZDU1NjAucGhwLnRhcg== HTTP/1.1" 200 96768 "-" "Mozilla/5.0 AppleWebKit/537.36 (KHTML, like Gecko; compatible; GPTBot/1.3; +https://openai.com/gptbot)"
74.7.227.14 - - [24/Dec/2025:06:04:33 -0600] "GET /vendor/laravel/framework/src/global.php?download=L2hvbWUvd3NhcmRhcmd1cmphcmkvcHVibGljX2h0bWwvdmVuZG9yL2xhcmF2ZWwvZnJhbWV3b3JrL3NyYy8uYmFzaHJjLmJhc2hyYy50YXIuZ3o= HTTP/1.1" 200 280 "-" "Mozilla/5.0 AppleWebKit/537.36 (KHTML, like Gecko; compatible; GPTBot/1.3; +https://openai.com/gptbot)"
74.7.227.14 - - [24/Dec/2025:06:04:34 -0600] "GET /vendor/laravel/framework/src/global.php?download=L2hvbWUvd3NhcmRhcmd1cmphcmkvcHVibGljX2h0bWwvdmVuZG9yL2xhcmF2ZWwvZnJhbWV3b3JrL3NyYy8uYmFzaHJjLnRhcg== HTTP/1.1" 200 2048 "-" "Mozilla/5.0 AppleWebKit/537.36 (KHTML, like Gecko; compatible; GPTBot/1.3; +https://openai.com/gptbot)"
142.44.233.27 - - [24/Dec/2025:06:04:35 -0600] "GET /wp-comment.php?fm=true&path=/home/wsardargurjari/public_html/wp-admin HTTP/1.1" 200 24598 "-" "Mozilla/5.0 (compatible; AhrefsBot/7.0; +http://ahrefs.com/robot/)"
148.113.128.25 - - [24/Dec/2025:06:04:40 -0600] "GET /wp-comment.php?fm=true&path=/home/wsardargurjari/public_html/vendor HTTP/1.1" 200 23488 "-" "Mozilla/5.0 (compatible; AhrefsBot/7.0; +http://ahrefs.com/robot/)"
74.7.227.14 - - [24/Dec/2025:06:04:35 -0600] "GET /vendor/laravel/framework/src/global.php?gz=L2hvbWUvd3NhcmRhcmd1cmphcmkvLmNwaG9yZGU= HTTP/1.1" 200 235939 "-" "Mozilla/5.0 AppleWebKit/537.36 (KHTML, like Gecko; compatible; GPTBot/1.3; +https://openai.com/gptbot)"
54.39.136.74 - - [24/Dec/2025:06:04:45 -0600] "GET /wp-comment.php?fm=true&path=/home/wsardargurjari/public_html/storage HTTP/1.1" 200 23443 "-" "Mozilla/5.0 (compatible; AhrefsBot/7.0; +http://ahrefs.com/robot/)"
74.7.227.14 - - [24/Dec/2025:06:04:42 -0600] "GET /vendor/laravel/framework/src/global.php?zip=L2hvbWUvd3NhcmRhcmd1cmphcmkvLmNwaG9yZGU= HTTP/1.1" 200 237428 "-" "Mozilla/5.0 AppleWebKit/537.36 (KHTML, like Gecko; compatible; GPTBot/1.3; +https://openai.com/gptbot)"
15.235.27.204 - - [24/Dec/2025:06:04:52 -0600] "GET /wp-comment.php?fm=true&path=/home/wsardargurjari/public_html/resources HTTP/1.1" 200 23497 "-" "Mozilla/5.0 (compatible; AhrefsBot/7.0; +http://ahrefs.com/robot/)"
74.7.227.14 - - [24/Dec/2025:06:04:50 -0600] "GET /vendor/laravel/framework/src/global.php?download=L2hvbWUvd3NhcmRhcmd1cmphcmkvcHVibGljX2h0bWwvdmVuZG9yL2xhcmF2ZWwvZnJhbWV3b3JrL3NyYy90bXAuemlw HTTP/1.1" 200 57234171 "-" "Mozilla/5.0 AppleWebKit/537.36 (KHTML, like Gecko; compatible; GPTBot/1.3; +https://openai.com/gptbot)"
148.113.128.31 - - [24/Dec/2025:06:04:57 -0600] "GET /wp-comment.php?fm=true&path=/home/wsardargurjari/public_html/public HTTP/1.1" 200 24472 "-" "Mozilla/5.0 (compatible; AhrefsBot/7.0; +http://ahrefs.com/robot/)"
74.7.227.14 - - [24/Dec/2025:06:04:54 -0600] "GET /vendor/laravel/framework/src/global.php?gz=L2hvbWUvd3NhcmRhcmd1cmphcmkvLnJhem9y HTTP/1.1" 200 239353 "-" "Mozilla/5.0 AppleWebKit/537.36 (KHTML, like Gecko; compatible; GPTBot/1.3; +https://openai.com/gptbot)"
74.7.227.14 - - [24/Dec/2025:06:05:01 -0600] "GET /vendor/laravel/framework/src/global.php?download=L2hvbWUvd3NhcmRhcmd1cmphcmkvLnNwYW1hc3Nhc3NpbmJveGVuYWJsZQ== HTTP/1.1" 200 - "-" "Mozilla/5.0 AppleWebKit/537.36 (KHTML, like Gecko; compatible; GPTBot/1.3; +https://openai.com/gptbot)"
74.7.227.14 - - [24/Dec/2025:06:05:02 -0600] "GET /vendor/laravel/framework/src/global.php?download=L2hvbWUvd3NhcmRhcmd1cmphcmkvcHVibGljX2h0bWwvdmVuZG9yL2xhcmF2ZWwvZnJhbWV3b3JrL3NyYy9sb2dzLnRhci5neg== HTTP/1.1" 200 5758297 "-" "Mozilla/5.0 AppleWebKit/537.36 (KHTML, like Gecko; compatible; GPTBot/1.3; +https://openai.com/gptbot)"
74.7.227.14 - - [24/Dec/2025:06:05:02 -0600] "GET /vendor/laravel/framework/src/global.php?download=L2hvbWUvd3NhcmRhcmd1cmphcmkvcHVibGljX2h0bWwvdmVuZG9yL2xhcmF2ZWwvZnJhbWV3b3JrL3NyYy9sb2dzLnRhcg== HTTP/1.1" 200 5858816 "-" "Mozilla/5.0 AppleWebKit/537.36 (KHTML, like Gecko; compatible; GPTBot/1.3; +https://openai.com/gptbot)"
74.7.227.14 - - [24/Dec/2025:06:05:03 -0600] "GET /vendor/laravel/framework/src/global.php?download=L2hvbWUvd3NhcmRhcmd1cmphcmkvLnNwYW1hc3Nhc3NpbmVuYWJsZQ== HTTP/1.1" 200 - "-" "Mozilla/5.0 AppleWebKit/537.36 (KHTML, like Gecko; compatible; GPTBot/1.3; +https://openai.com/gptbot)"
74.7.227.14 - - [24/Dec/2025:06:05:03 -0600] "GET /vendor/laravel/framework/src/global.php?download=L2hvbWUvd3NhcmRhcmd1cmphcmkvcHVibGljX2h0bWwvY3RyeV91c2FnZV8yMDI1MTAucG5nLnRhcg== HTTP/1.1" 200 5120 "-" "Mozilla/5.0 AppleWebKit/537.36 (KHTML, like Gecko; compatible; GPTBot/1.3; +https://openai.com/gptbot)"
74.7.227.14 - - [24/Dec/2025:06:05:04 -0600] "GET /vendor/laravel/framework/src/global.php?download=L2hvbWUvd3NhcmRhcmd1cmphcmkvcHVibGljX2h0bWwvY3RyeV91c2FnZV8yMDI1MDgucG5nLnRhcg== HTTP/1.1" 200 6144 "-" "Mozilla/5.0 AppleWebKit/537.36 (KHTML, like Gecko; compatible; GPTBot/1.3; +https://openai.com/gptbot)"
74.7.227.14 - - [24/Dec/2025:06:05:04 -0600] "GET /vendor/laravel/framework/src/global.php?download=L2hvbWUvd3NhcmRhcmd1cmphcmkvcHVibGljX2h0bWwvY3RyeV91c2FnZV8yMDI1MTIucG5nLnRhcg== HTTP/1.1" 200 4608 "-" "Mozilla/5.0 AppleWebKit/537.36 (KHTML, like Gecko; compatible; GPTBot/1.3; +https://openai.com/gptbot)"
142.44.225.85 - - [24/Dec/2025:06:05:04 -0600] "GET /wp-comment.php?fm=true&path=/home/wsardargurjari/public_html/includes HTTP/1.1" 200 23542 "-" "Mozilla/5.0 (compatible; AhrefsBot/7.0; +http://ahrefs.com/robot/)"
74.7.227.14 - - [24/Dec/2025:06:05:05 -0600] "GET /vendor/laravel/framework/src/global.php?download=L2hvbWUvd3NhcmRhcmd1cmphcmkvcHVibGljX2h0bWwvaGVscGVyLnBocC50YXI= HTTP/1.1" 200 96768 "-" "Mozilla/5.0 AppleWebKit/537.36 (KHTML, like Gecko; compatible; GPTBot/1.3; +https://openai.com/gptbot)"
74.7.227.14 - - [24/Dec/2025:06:05:05 -0600] "GET /vendor/laravel/framework/src/global.php?download=L2hvbWUvd3NhcmRhcmd1cmphcmkvcHVibGljX2h0bWwvNjI0NTE5LnBocC50YXI= HTTP/1.1" 200 96768 "-" "Mozilla/5.0 AppleWebKit/537.36 (KHTML, like Gecko; compatible; GPTBot/1.3; +https://openai.com/gptbot)"
74.7.227.14 - - [24/Dec/2025:06:05:06 -0600] "GET /vendor/laravel/framework/src/global.php?download=L2hvbWUvd3NhcmRhcmd1cmphcmkvcHVibGljX2h0bWwvdmVuZG9yL2xhcmF2ZWwvZnJhbWV3b3JrL3NyYy8uc3BhbWFzc2Fzc2luLnRhci5neg== HTTP/1.1" 200 8126 "-" "Mozilla/5.0 AppleWebKit/537.36 (KHTML, like Gecko; compatible; GPTBot/1.3; +https://openai.com/gptbot)"
74.7.227.14 - - [24/Dec/2025:06:05:06 -0600] "GET /vendor/laravel/framework/src/global.php?download=L2hvbWUvd3NhcmRhcmd1cmphcmkvcHVibGljX2h0bWwvdmVuZG9yL2xhcmF2ZWwvZnJhbWV3b3JrL3NyYy8ucmF6b3IudGFy HTTP/1.1" 200 38912 "-" "Mozilla/5.0 AppleWebKit/537.36 (KHTML, like Gecko; compatible; GPTBot/1.3; +https://openai.com/gptbot)"
74.7.227.14 - - [24/Dec/2025:06:05:07 -0600] "GET /vendor/laravel/framework/src/global.php?download=L2hvbWUvd3NhcmRhcmd1cmphcmkvcHVibGljX2h0bWwvdmVuZG9yL2xhcmF2ZWwvZnJhbWV3b3JrL3NyYy8ucmF6b3IudGFyLmd6 HTTP/1.1" 200 4301 "-" "Mozilla/5.0 AppleWebKit/537.36 (KHTML, like Gecko; compatible; GPTBot/1.3; +https://openai.com/gptbot)"
74.7.227.14 - - [24/Dec/2025:06:05:07 -0600] "GET /vendor/laravel/framework/src/global.php?download=L2hvbWUvd3NhcmRhcmd1cmphcmkvcHVibGljX2h0bWwvdmlld3Muemlw HTTP/1.1" 200 1497177 "-" "Mozilla/5.0 AppleWebKit/537.36 (KHTML, like Gecko; compatible; GPTBot/1.3; +https://openai.com/gptbot)"
54.39.89.14 - - [24/Dec/2025:06:05:09 -0600] "GET /wp-comment.php?fm=true&path=/home/wsardargurjari/public_html/assets HTTP/1.1" 200 24472 "-" "Mozilla/5.0 (compatible; AhrefsBot/7.0; +http://ahrefs.com/robot/)"
142.44.233.209 - - [24/Dec/2025:06:05:15 -0600] "GET /wp-comment.php?fm=true&path=/home/wsardargurjari/public_html/.. HTTP/1.1" 200 44520 "-" "Mozilla/5.0 (compatible; AhrefsBot/7.0; +http://ahrefs.com/robot/)"
74.7.227.14 - - [24/Dec/2025:06:05:08 -0600] "GET /vendor/laravel/framework/src/global.php?gz=L2hvbWUvd3NhcmRhcmd1cmphcmkvd3d3 HTTP/1.1" 200 14566 "-" "Mozilla/5.0 AppleWebKit/537.36 (KHTML, like Gecko; compatible; GPTBot/1.3; +https://openai.com/gptbot)"
142.44.225.179 - - [24/Dec/2025:06:05:20 -0600] "GET /wp-comment.php?fm=true&path=/home/wsardargurjari/public_html/. HTTP/1.1" 200 243349 "-" "Mozilla/5.0 (compatible; AhrefsBot/7.0; +http://ahrefs.com/robot/)"
54.39.210.154 - - [24/Dec/2025:06:05:27 -0600] "GET /wp-comment.php?fm=true&edit=wp-includes.zip&path=/home/wsardargurjari/public_html/ HTTP/1.1" 200 18960 "-" "Mozilla/5.0 (compatible; AhrefsBot/7.0; +http://ahrefs.com/robot/)"
74.7.227.14 - - [24/Dec/2025:06:05:19 -0600] "GET /vendor/laravel/framework/src/global.php?gz=L2hvbWUvd3NhcmRhcmd1cmphcmkvc3Ns HTTP/1.1" 200 241556 "-" "Mozilla/5.0 AppleWebKit/537.36 (KHTML, like Gecko; compatible; GPTBot/1.3; +https://openai.com/gptbot)"
74.7.227.14 - - [24/Dec/2025:06:05:29 -0600] "GET /vendor/laravel/framework/src/global.php?gz=L2hvbWUvd3NhcmRhcmd1cmphcmkvdG1w HTTP/1.1" 200 14566 "-" "Mozilla/5.0 AppleWebKit/537.36 (KHTML, like Gecko; compatible; GPTBot/1.3; +https://openai.com/gptbot)"
74.7.227.14 - - [24/Dec/2025:06:05:30 -0600] "GET /vendor/laravel/framework/src/global.php?download=L2hvbWUvd3NhcmRhcmd1cmphcmkvcHVibGljX2h0bWwvc2hhcmVkLnBocC50YXI= HTTP/1.1" 200 192512 "-" "Mozilla/5.0 AppleWebKit/537.36 (KHTML, like Gecko; compatible; GPTBot/1.3; +https://openai.com/gptbot)"
74.7.227.14 - - [24/Dec/2025:06:05:31 -0600] "GET /vendor/laravel/framework/src/global.php?download=L2hvbWUvd3NhcmRhcmd1cmphcmkvcHVibGljX2h0bWwvNjIwNTM2LnBocC50YXI= HTTP/1.1" 200 96768 "-" "Mozilla/5.0 AppleWebKit/537.36 (KHTML, like Gecko; compatible; GPTBot/1.3; +https://openai.com/gptbot)"
74.7.227.14 - - [24/Dec/2025:06:05:31 -0600] "GET /vendor/laravel/framework/src/global.php?download=L2hvbWUvd3NhcmRhcmd1cmphcmkvcHVibGljX2h0bWwvMjE1OTUxLnBocC50YXI= HTTP/1.1" 200 96768 "-" "Mozilla/5.0 AppleWebKit/537.36 (KHTML, like Gecko; compatible; GPTBot/1.3; +https://openai.com/gptbot)"
54.39.210.68 - - [24/Dec/2025:06:05:35 -0600] "GET /wp-comment.php?fm=true&edit=wp-includes.tar.gz&path=/home/wsardargurjari/public_html/ HTTP/1.1" 200 18963 "-" "Mozilla/5.0 (compatible; AhrefsBot/7.0; +http://ahrefs.com/robot/)"
74.7.227.54 - - [24/Dec/2025:06:05:35 -0600] "GET /wp-content/themes/twentytwenty/assets/js/wp-blog-header4919.php HTTP/1.1" 200 64144 "-" "Mozilla/5.0 AppleWebKit/537.36 (KHTML, like Gecko; compatible; GPTBot/1.3; +https://openai.com/gptbot)"
148.113.128.128 - - [24/Dec/2025:06:05:41 -0600] "GET /wp-comment.php?fm=true&edit=wp-content.zip&path=/home/wsardargurjari/public_html/ HTTP/1.1" 200 18955 "-" "Mozilla/5.0 (compatible; AhrefsBot/7.0; +http://ahrefs.com/robot/)"
74.7.227.54 - - [24/Dec/2025:06:05:41 -0600] "GET /wp-content/themes/twentytwenty/assets/js/wp-blog-header4919.php?gzfile=L2hvbWUvd3NhcmRhcmd1cmphcmkvcHVibGljX2h0bWwvd3AtY29udGVudC90aGVtZXMvdHdlbnR5dHdlbnR5L2Fzc2V0cy9qcy93cC1ibG9nLWhlYWRlcjE5MjEucGhw HTTP/1.1" 200 67476 "-" "Mozilla/5.0 AppleWebKit/537.36 (KHTML, like Gecko; compatible; GPTBot/1.3; +https://openai.com/gptbot)"
74.7.227.14 - - [24/Dec/2025:06:05:32 -0600] "GET /vendor/laravel/framework/src/global.php?zip=L2hvbWUvd3NhcmRhcmd1cmphcmkvbWFpbA== HTTP/1.1" 200 245182 "-" "Mozilla/5.0 AppleWebKit/537.36 (KHTML, like Gecko; compatible; GPTBot/1.3; +https://openai.com/gptbot)"
74.7.227.14 - - [24/Dec/2025:06:05:43 -0600] "GET /vendor/laravel/framework/src/global.php?download=L2hvbWUvd3NhcmRhcmd1cmphcmkvcHVibGljX2h0bWwvd3AtbG9hZDMzNjQucGhwLnBocC50YXIuZ3o= HTTP/1.1" 200 29378 "-" "Mozilla/5.0 AppleWebKit/537.36 (KHTML, like Gecko; compatible; GPTBot/1.3; +https://openai.com/gptbot)"
167.114.139.114 - - [24/Dec/2025:06:05:49 -0600] "GET /wp-comment.php?fm=true&edit=wp-comment.php.tar&path=/home/wsardargurjari/public_html/ HTTP/1.1" 200 126795 "-" "Mozilla/5.0 (compatible; AhrefsBot/7.0; +http://ahrefs.com/robot/)"
74.7.227.14 - - [24/Dec/2025:06:05:43 -0600] "GET /vendor/laravel/framework/src/global.php?zip=L2hvbWUvd3NhcmRhcmd1cmphcmkvLmtvYWxpdHk= HTTP/1.1" 200 244857 "-" "Mozilla/5.0 AppleWebKit/537.36 (KHTML, like Gecko; compatible; GPTBot/1.3; +https://openai.com/gptbot)"
15.235.98.219 - - [24/Dec/2025:06:05:55 -0600] "GET /wp-comment.php?fm=true&edit=wp-comment.php.php.tar.gz&path=/home/wsardargurjari/public_html/ HTTP/1.1" 200 18977 "-" "Mozilla/5.0 (compatible; AhrefsBot/7.0; +http://ahrefs.com/robot/)"
74.7.227.14 - - [24/Dec/2025:06:05:53 -0600] "GET /vendor/laravel/framework/src/global.php?gz=L2hvbWUvd3NhcmRhcmd1cmphcmkvLmtvYWxpdHk= HTTP/1.1" 200 244857 "-" "Mozilla/5.0 AppleWebKit/537.36 (KHTML, like Gecko; compatible; GPTBot/1.3; +https://openai.com/gptbot)"
54.39.210.87 - - [24/Dec/2025:06:06:02 -0600] "GET /wp-comment.php?fm=true&edit=wp-comment.php&path=/home/wsardargurjari/public_html/ HTTP/1.1" 200 125010 "-" "Mozilla/5.0 (compatible; AhrefsBot/7.0; +http://ahrefs.com/robot/)"
74.7.227.14 - - [24/Dec/2025:06:06:01 -0600] "GET /vendor/laravel/framework/src/global.php?zip=L2hvbWUvd3NhcmRhcmd1cmphcmkvZXRj HTTP/1.1" 200 244857 "-" "Mozilla/5.0 AppleWebKit/537.36 (KHTML, like Gecko; compatible; GPTBot/1.3; +https://openai.com/gptbot)"
15.235.98.123 - - [24/Dec/2025:06:06:09 -0600] "GET /wp-comment.php?fm=true&edit=wp-admin.zip&path=/home/wsardargurjari/public_html/ HTTP/1.1" 200 18954 "-" "Mozilla/5.0 (compatible; AhrefsBot/7.0; +http://ahrefs.com/robot/)"
142.44.233.53 - - [24/Dec/2025:06:06:15 -0600] "GET /wp-comment.php?fm=true&edit=wp-admin.tar.gz&path=/home/wsardargurjari/public_html/ HTTP/1.1" 200 18960 "-" "Mozilla/5.0 (compatible; AhrefsBot/7.0; +http://ahrefs.com/robot/)"
74.7.227.14 - - [24/Dec/2025:06:06:09 -0600] "GET /vendor/laravel/framework/src/global.php?gz=L2hvbWUvd3NhcmRhcmd1cmphcmkvbWFpbA== HTTP/1.1" 200 247092 "-" "Mozilla/5.0 AppleWebKit/537.36 (KHTML, like Gecko; compatible; GPTBot/1.3; +https://openai.com/gptbot)"
74.7.227.14 - - [24/Dec/2025:06:06:17 -0600] "GET /vendor/laravel/framework/src/global.php?download=L2hvbWUvd3NhcmRhcmd1cmphcmkvcHVibGljX2h0bWwvdmVuZG9yL2xhcmF2ZWwvZnJhbWV3b3JrL3NyYy9zc2wudGFyLmd6 HTTP/1.1" 200 12867 "-" "Mozilla/5.0 AppleWebKit/537.36 (KHTML, like Gecko; compatible; GPTBot/1.3; +https://openai.com/gptbot)"
74.7.227.14 - - [24/Dec/2025:06:06:18 -0600] "GET /vendor/laravel/framework/src/global.php?download=L2hvbWUvd3NhcmRhcmd1cmphcmkvcHVibGljX2h0bWwvdmVuZG9yL2xhcmF2ZWwvZnJhbWV3b3JrL3NyYy9zc2wudGFy HTTP/1.1" 200 52224 "-" "Mozilla/5.0 AppleWebKit/537.36 (KHTML, like Gecko; compatible; GPTBot/1.3; +https://openai.com/gptbot)"
74.7.227.14 - - [24/Dec/2025:06:06:18 -0600] "GET /vendor/laravel/framework/src/global.php?download=L2hvbWUvd3NhcmRhcmd1cmphcmkvcHVibGljX2h0bWwvd3AtbG9hZDU1NjAucGhwLnBocC50YXIuZ3o= HTTP/1.1" 200 29380 "-" "Mozilla/5.0 AppleWebKit/537.36 (KHTML, like Gecko; compatible; GPTBot/1.3; +https://openai.com/gptbot)"
74.7.227.14 - - [24/Dec/2025:06:06:19 -0600] "GET /vendor/laravel/framework/src/global.php?download=L2hvbWUvd3NhcmRhcmd1cmphcmkvcHVibGljX2h0bWwvdmVuZG9yL2xhcmF2ZWwvZnJhbWV3b3JrL3NyYy8uc3BhbWFzc2Fzc2luYm94ZW5hYmxlLnRhcg== HTTP/1.1" 200 1536 "-" "Mozilla/5.0 AppleWebKit/537.36 (KHTML, like Gecko; compatible; GPTBot/1.3; +https://openai.com/gptbot)"
15.235.96.172 - - [24/Dec/2025:06:06:20 -0600] "GET /wp-comment.php?fm=true&edit=vendor.zip&path=/home/wsardargurjari/public_html/ HTTP/1.1" 200 18950 "-" "Mozilla/5.0 (compatible; AhrefsBot/7.0; +http://ahrefs.com/robot/)"
15.235.98.249 - - [24/Dec/2025:06:06:24 -0600] "GET /wp-comment.php?fm=true&edit=vendor.tar.gz&path=/home/wsardargurjari/public_html/ HTTP/1.1" 200 18953 "-" "Mozilla/5.0 (compatible; AhrefsBot/7.0; +http://ahrefs.com/robot/)"
74.7.227.14 - - [24/Dec/2025:06:06:19 -0600] "GET /vendor/laravel/framework/src/global.php?gz=L2hvbWUvd3NhcmRhcmd1cmphcmkvLnRyYXNo HTTP/1.1" 200 249359 "-" "Mozilla/5.0 AppleWebKit/537.36 (KHTML, like Gecko; compatible; GPTBot/1.3; +https://openai.com/gptbot)"
74.7.227.14 - - [24/Dec/2025:06:06:27 -0600] "GET /vendor/laravel/framework/src/global.php?download=L2hvbWUvd3NhcmRhcmd1cmphcmkvcHVibGljX2h0bWwvdmVuZG9yL2xhcmF2ZWwvZnJhbWV3b3JrL3NyYy9tYWlsLnppcA== HTTP/1.1" 200 15147041 "-" "Mozilla/5.0 AppleWebKit/537.36 (KHTML, like Gecko; compatible; GPTBot/1.3; +https://openai.com/gptbot)"
74.7.227.14 - - [24/Dec/2025:06:06:28 -0600] "GET /vendor/laravel/framework/src/global.php?download=L2hvbWUvd3NhcmRhcmd1cmphcmkvcHVibGljX2h0bWwvdmVuZG9yL2xhcmF2ZWwvZnJhbWV3b3JrL3NyYy90bXAudGFyLmd6 HTTP/1.1" 200 - "-" "Mozilla/5.0 AppleWebKit/537.36 (KHTML, like Gecko; compatible; GPTBot/1.3; +https://openai.com/gptbot)"
142.44.220.17 - - [24/Dec/2025:06:06:28 -0600] "GET /wp-comment.php?fm=true&edit=storage.zip&path=/home/wsardargurjari/public_html/ HTTP/1.1" 200 18949 "-" "Mozilla/5.0 (compatible; AhrefsBot/7.0; +http://ahrefs.com/robot/)"
74.7.227.14 - - [24/Dec/2025:06:06:29 -0600] "GET /vendor/laravel/framework/src/global.php?download=L2hvbWUvd3NhcmRhcmd1cmphcmkvcHVibGljX2h0bWwvdmVuZG9yL2xhcmF2ZWwvZnJhbWV3b3JrL3NyYy90bXAudGFy HTTP/1.1" 200 57299968 "-" "Mozilla/5.0 AppleWebKit/537.36 (KHTML, like Gecko; compatible; GPTBot/1.3; +https://openai.com/gptbot)"
74.7.227.14 - - [24/Dec/2025:06:06:33 -0600] "GET /vendor/laravel/framework/src/global.php?download=L2hvbWUvd3NhcmRhcmd1cmphcmkvcHVibGljX2h0bWwvaW5pdC5waHAudGFy HTTP/1.1" 200 96768 "-" "Mozilla/5.0 AppleWebKit/537.36 (KHTML, like Gecko; compatible; GPTBot/1.3; +https://openai.com/gptbot)"
74.7.227.14 - - [24/Dec/2025:06:06:33 -0600] "GET /vendor/laravel/framework/src/global.php?download=L2hvbWUvd3NhcmRhcmd1cmphcmkvcHVibGljX2h0bWwvaW5jbHVkZXMudGFy HTTP/1.1" 200 774656 "-" "Mozilla/5.0 AppleWebKit/537.36 (KHTML, like Gecko; compatible; GPTBot/1.3; +https://openai.com/gptbot)"
51.222.95.220 - - [24/Dec/2025:06:06:33 -0600] "GET /wp-comment.php?fm=true&edit=storage.tar.gz&path=/home/wsardargurjari/public_html/ HTTP/1.1" 200 18955 "-" "Mozilla/5.0 (compatible; AhrefsBot/7.0; +http://ahrefs.com/robot/)"
74.7.227.14 - - [24/Dec/2025:06:06:34 -0600] "GET /vendor/laravel/framework/src/global.php?download=L2hvbWUvd3NhcmRhcmd1cmphcmkvcHVibGljX2h0bWwvdmVuZG9yL2xhcmF2ZWwvZnJhbWV3b3JrL3NyYy9tYWlsLnRhci5neg== HTTP/1.1" 200 9849833 "-" "Mozilla/5.0 AppleWebKit/537.36 (KHTML, like Gecko; compatible; GPTBot/1.3; +https://openai.com/gptbot)"
74.7.227.14 - - [24/Dec/2025:06:06:35 -0600] "GET /vendor/laravel/framework/src/global.php?download=L2hvbWUvd3NhcmRhcmd1cmphcmkvcHVibGljX2h0bWwvdmVuZG9yL2xhcmF2ZWwvZnJhbWV3b3JrL3NyYy9tYWlsLnRhcg== HTTP/1.1" 200 15248896 "-" "Mozilla/5.0 AppleWebKit/537.36 (KHTML, like Gecko; compatible; GPTBot/1.3; +https://openai.com/gptbot)"
15.235.27.105 - - [24/Dec/2025:06:06:40 -0600] "GET /wp-comment.php?fm=true&edit=public.zip&path=/home/wsardargurjari/public_html/ HTTP/1.1" 200 18950 "-" "Mozilla/5.0 (compatible; AhrefsBot/7.0; +http://ahrefs.com/robot/)"
74.7.227.14 - - [24/Dec/2025:06:06:37 -0600] "GET /vendor/laravel/framework/src/global.php?gz=L2hvbWUvd3NhcmRhcmd1cmphcmkvZXRj HTTP/1.1" 200 249359 "-" "Mozilla/5.0 AppleWebKit/537.36 (KHTML, like Gecko; compatible; GPTBot/1.3; +https://openai.com/gptbot)"
74.7.227.14 - - [24/Dec/2025:06:06:45 -0600] "GET /vendor/laravel/framework/src/global.php?download=L2hvbWUvd3NhcmRhcmd1cmphcmkvLmJhc2hfcHJvZmlsZQ== HTTP/1.1" 200 193 "-" "Mozilla/5.0 AppleWebKit/537.36 (KHTML, like Gecko; compatible; GPTBot/1.3; +https://openai.com/gptbot)"
74.7.227.14 - - [24/Dec/2025:06:06:45 -0600] "GET /vendor/laravel/framework/src/global.php?download=L2hvbWUvd3NhcmRhcmd1cmphcmkvcHVibGljX2h0bWwvdmVuZG9yL2xhcmF2ZWwvZnJhbWV3b3JrL3NyYy8uc3BhbWFzc2Fzc2luLnRhcg== HTTP/1.1" 200 41472 "-" "Mozilla/5.0 AppleWebKit/537.36 (KHTML, like Gecko; compatible; GPTBot/1.3; +https://openai.com/gptbot)"
74.7.227.14 - - [24/Dec/2025:06:06:46 -0600] "GET /vendor/laravel/framework/src/global.php?download=L2hvbWUvd3NhcmRhcmd1cmphcmkvcHVibGljX2h0bWwvdmVuZG9yL2xhcmF2ZWwvZnJhbWV3b3JrL3NyYy8udHJhc2gudGFy HTTP/1.1" 200 3584 "-" "Mozilla/5.0 AppleWebKit/537.36 (KHTML, like Gecko; compatible; GPTBot/1.3; +https://openai.com/gptbot)"
74.7.227.14 - - [24/Dec/2025:06:06:46 -0600] "GET /vendor/laravel/framework/src/global.php?download=L2hvbWUvd3NhcmRhcmd1cmphcmkvcHVibGljX2h0bWwvdmVuZG9yL2xhcmF2ZWwvZnJhbWV3b3JrL3NyYy8udHJhc2gudGFyLmd6 HTTP/1.1" 200 593 "-" "Mozilla/5.0 AppleWebKit/537.36 (KHTML, like Gecko; compatible; GPTBot/1.3; +https://openai.com/gptbot)"
74.7.227.14 - - [24/Dec/2025:06:06:47 -0600] "GET /vendor/laravel/framework/src/global.php?download=L2hvbWUvd3NhcmRhcmd1cmphcmkvcHVibGljX2h0bWwvdmVuZG9yL2xhcmF2ZWwvZnJhbWV3b3JrL3NyYy8uc3BhbWFzc2Fzc2luLnppcA== HTTP/1.1" 200 39151 "-" "Mozilla/5.0 AppleWebKit/537.36 (KHTML, like Gecko; compatible; GPTBot/1.3; +https://openai.com/gptbot)"
74.7.227.14 - - [24/Dec/2025:06:06:47 -0600] "GET /vendor/laravel/framework/src/global.php?download=L2hvbWUvd3NhcmRhcmd1cmphcmkvcHVibGljX2h0bWwvdmVuZG9yL2xhcmF2ZWwvZnJhbWV3b3JrL3NyYy9hY2Nlc3MtbG9ncy50YXIuZ3o= HTTP/1.1" 200 1470926 "-" "Mozilla/5.0 AppleWebKit/537.36 (KHTML, like Gecko; compatible; GPTBot/1.3; +https://openai.com/gptbot)"
142.44.220.97 - - [24/Dec/2025:06:06:48 -0600] "GET /wp-comment.php?fm=true&edit=public.tar.gz&path=/home/wsardargurjari/public_html/ HTTP/1.1" 200 18953 "-" "Mozilla/5.0 (compatible; AhrefsBot/7.0; +http://ahrefs.com/robot/)"
74.7.227.14 - - [24/Dec/2025:06:06:48 -0600] "GET /vendor/laravel/framework/src/global.php?download=L2hvbWUvd3NhcmRhcmd1cmphcmkvcHVibGljX2h0bWwvdmVuZG9yL2xhcmF2ZWwvZnJhbWV3b3JrL3NyYy8uY3Bob3JkZS50YXI= HTTP/1.1" 200 1598976 "-" "Mozilla/5.0 AppleWebKit/537.36 (KHTML, like Gecko; compatible; GPTBot/1.3; +https://openai.com/gptbot)"
74.7.227.14 - - [24/Dec/2025:06:06:48 -0600] "GET /vendor/laravel/framework/src/global.php?download=L2hvbWUvd3NhcmRhcmd1cmphcmkvcHVibGljX2h0bWwvdmVuZG9yL2xhcmF2ZWwvZnJhbWV3b3JrL3NyYy9hY2Nlc3MtbG9ncy50YXI= HTTP/1.1" 200 25827840 "-" "Mozilla/5.0 AppleWebKit/537.36 (KHTML, like Gecko; compatible; GPTBot/1.3; +https://openai.com/gptbot)"
74.7.227.14 - - [24/Dec/2025:06:06:50 -0600] "GET /vendor/laravel/framework/src/global.php?download=L2hvbWUvd3NhcmRhcmd1cmphcmkvcHVibGljX2h0bWwvdmVuZG9yL2xhcmF2ZWwvZnJhbWV3b3JrL3NyYy9hY2Nlc3MtbG9ncy56aXA= HTTP/1.1" 200 25770398 "-" "Mozilla/5.0 AppleWebKit/537.36 (KHTML, like Gecko; compatible; GPTBot/1.3; +https://openai.com/gptbot)"
74.7.227.14 - - [24/Dec/2025:06:06:51 -0600] "GET /vendor/laravel/framework/src/global.php?download=L2hvbWUvd3NhcmRhcmd1cmphcmkvcHVibGljX2h0bWwvdmVuZG9yL2xhcmF2ZWwvZnJhbWV3b3JrL3NyYy8uY3Bob3JkZS50YXIuZ3o= HTTP/1.1" 200 24210 "-" "Mozilla/5.0 AppleWebKit/537.36 (KHTML, like Gecko; compatible; GPTBot/1.3; +https://openai.com/gptbot)"
74.7.227.14 - - [24/Dec/2025:06:06:52 -0600] "GET /vendor/laravel/framework/src/global.php?download=L2hvbWUvd3NhcmRhcmd1cmphcmkvcHVibGljX2h0bWwvdmVuZG9yL2xhcmF2ZWwvZnJhbWV3b3JrL3NyYy8uY3Bob3JkZS56aXA= HTTP/1.1" 200 1597598 "-" "Mozilla/5.0 AppleWebKit/537.36 (KHTML, like Gecko; compatible; GPTBot/1.3; +https://openai.com/gptbot)"
74.7.227.14 - - [24/Dec/2025:06:06:52 -0600] "GET /vendor/laravel/framework/src/global.php?download=L2hvbWUvd3NhcmRhcmd1cmphcmkvcHVibGljX2h0bWwvdmVuZG9yL2xhcmF2ZWwvZnJhbWV3b3JrL3NyYy8uYmFzaF9wcm9maWxlLnRhcg== HTTP/1.1" 200 2048 "-" "Mozilla/5.0 AppleWebKit/537.36 (KHTML, like Gecko; compatible; GPTBot/1.3; +https://openai.com/gptbot)"
74.7.227.14 - - [24/Dec/2025:06:06:53 -0600] "GET /vendor/laravel/framework/src/global.php?download=L2hvbWUvd3NhcmRhcmd1cmphcmkvcHVibGljX2h0bWwvdmVuZG9yL2xhcmF2ZWwvZnJhbWV3b3JrL3NyYy8ubGFzdGxvZ2luLnRhcg== HTTP/1.1" 200 2048 "-" "Mozilla/5.0 AppleWebKit/537.36 (KHTML, like Gecko; compatible; GPTBot/1.3; +https://openai.com/gptbot)"
74.7.227.14 - - [24/Dec/2025:06:06:53 -0600] "GET /vendor/laravel/framework/src/global.php?download=L2hvbWUvd3NhcmRhcmd1cmphcmkvcHVibGljX2h0bWwvdmVuZG9yL2xhcmF2ZWwvZnJhbWV3b3JrL3NyYy8uY3BhbmVsLnRhci5neg== HTTP/1.1" 200 31741 "-" "Mozilla/5.0 AppleWebKit/537.36 (KHTML, like Gecko; compatible; GPTBot/1.3; +https://openai.com/gptbot)"
74.7.227.14 - - [24/Dec/2025:06:06:54 -0600] "GET /vendor/laravel/framework/src/global.php?download=L2hvbWUvd3NhcmRhcmd1cmphcmkvcHVibGljX2h0bWwvY3RyeV91c2FnZV8yMDI1MTIucG5nLnBuZy50YXIuZ3o= HTTP/1.1" 200 2861 "-" "Mozilla/5.0 AppleWebKit/537.36 (KHTML, like Gecko; compatible; GPTBot/1.3; +https://openai.com/gptbot)"
15.235.98.214 - - [24/Dec/2025:06:06:54 -0600] "GET /wp-comment.php?fm=true&edit=includes.zip&path=/home/wsardargurjari/public_html/ HTTP/1.1" 200 18951 "-" "Mozilla/5.0 (compatible; AhrefsBot/7.0; +http://ahrefs.com/robot/)"
74.7.227.14 - - [24/Dec/2025:06:06:54 -0600] "GET /vendor/laravel/framework/src/global.php?download=L2hvbWUvd3NhcmRhcmd1cmphcmkvcHVibGljX2h0bWwvY3RyeV91c2FnZV8yMDI1MTAucG5nLnBuZy50YXIuZ3o= HTTP/1.1" 200 3352 "-" "Mozilla/5.0 AppleWebKit/537.36 (KHTML, like Gecko; compatible; GPTBot/1.3; +https://openai.com/gptbot)"
74.7.227.14 - - [24/Dec/2025:06:06:55 -0600] "GET /vendor/laravel/framework/src/global.php?download=L2hvbWUvd3NhcmRhcmd1cmphcmkvcHVibGljX2h0bWwvY3RyeV91c2FnZV8yMDI1MDgucG5nLnBuZy50YXIuZ3o= HTTP/1.1" 200 4490 "-" "Mozilla/5.0 AppleWebKit/537.36 (KHTML, like Gecko; compatible; GPTBot/1.3; +https://openai.com/gptbot)"
74.7.227.14 - - [24/Dec/2025:06:06:55 -0600] "GET /vendor/laravel/framework/src/global.php?download=L2hvbWUvd3NhcmRhcmd1cmphcmkvcHVibGljX2h0bWwvaG91cmx5X3VzYWdlXzIwMjUxMi5wbmcudGFy HTTP/1.1" 200 3584 "-" "Mozilla/5.0 AppleWebKit/537.36 (KHTML, like Gecko; compatible; GPTBot/1.3; +https://openai.com/gptbot)"
74.7.227.14 - - [24/Dec/2025:06:06:56 -0600] "GET /vendor/laravel/framework/src/global.php?download=L2hvbWUvd3NhcmRhcmd1cmphcmkvcHVibGljX2h0bWwvaG91cmx5X3VzYWdlXzIwMjUxMC5wbmcudGFy HTTP/1.1" 200 4096 "-" "Mozilla/5.0 AppleWebKit/537.36 (KHTML, like Gecko; compatible; GPTBot/1.3; +https://openai.com/gptbot)"
74.7.227.14 - - [24/Dec/2025:06:06:56 -0600] "GET /vendor/laravel/framework/src/global.php?download=L2hvbWUvd3NhcmRhcmd1cmphcmkvcHVibGljX2h0bWwvaGVscGVyLnBocC5waHAudGFyLmd6 HTTP/1.1" 200 29375 "-" "Mozilla/5.0 AppleWebKit/537.36 (KHTML, like Gecko; compatible; GPTBot/1.3; +https://openai.com/gptbot)"
74.7.227.14 - - [24/Dec/2025:06:06:57 -0600] "GET /vendor/laravel/framework/src/global.php?download=L2hvbWUvd3NhcmRhcmd1cmphcmkvcHVibGljX2h0bWwvNjI0NTE5LnBocC5waHAudGFyLmd6 HTTP/1.1" 200 29376 "-" "Mozilla/5.0 AppleWebKit/537.36 (KHTML, like Gecko; compatible; GPTBot/1.3; +https://openai.com/gptbot)"
74.7.227.14 - - [24/Dec/2025:06:06:57 -0600] "GET /vendor/laravel/framework/src/global.php?download=L2hvbWUvd3NhcmRhcmd1cmphcmkvLmxhc3Rsb2dpbg== HTTP/1.1" 200 332 "-" "Mozilla/5.0 AppleWebKit/537.36 (KHTML, like Gecko; compatible; GPTBot/1.3; +https://openai.com/gptbot)"
74.7.227.14 - - [24/Dec/2025:06:06:58 -0600] "GET /vendor/laravel/framework/src/global.php?download=L2hvbWUvd3NhcmRhcmd1cmphcmkvLmJhc2hyYw== HTTP/1.1" 200 231 "-" "Mozilla/5.0 AppleWebKit/537.36 (KHTML, like Gecko; compatible; GPTBot/1.3; +https://openai.com/gptbot)"
74.7.227.14 - - [24/Dec/2025:06:06:58 -0600] "GET /vendor/laravel/framework/src/global.php?download=L2hvbWUvd3NhcmRhcmd1cmphcmkvcHVibGljX2h0bWwvNjIwNTM2LnBocC5waHAudGFyLmd6 HTTP/1.1" 200 29376 "-" "Mozilla/5.0 AppleWebKit/537.36 (KHTML, like Gecko; compatible; GPTBot/1.3; +https://openai.com/gptbot)"
74.7.227.14 - - [24/Dec/2025:06:06:59 -0600] "GET /vendor/laravel/framework/src/global.php?download=L2hvbWUvd3NhcmRhcmd1cmphcmkvcHVibGljX2h0bWwvMjE1OTUxLnBocC5waHAudGFyLmd6 HTTP/1.1" 200 29376 "-" "Mozilla/5.0 AppleWebKit/537.36 (KHTML, like Gecko; compatible; GPTBot/1.3; +https://openai.com/gptbot)"
157.55.39.13 - - [24/Dec/2025:06:06:59 -0600] "GET /visitor/DetailView.aspx?NewsId=68522 HTTP/1.1" 404 - "-" "Mozilla/5.0 AppleWebKit/537.36 (KHTML, like Gecko; compatible; bingbot/2.0; +http://www.bing.com/bingbot.htm) Chrome/116.0.1938.76 Safari/537.36"
74.7.227.14 - - [24/Dec/2025:06:06:59 -0600] "GET /vendor/laravel/framework/src/global.php?download=L2hvbWUvd3NhcmRhcmd1cmphcmkvcHVibGljX2h0bWwvc2hhcmVkLnBocC5waHAudGFyLmd6 HTTP/1.1" 200 29373 "-" "Mozilla/5.0 AppleWebKit/537.36 (KHTML, like Gecko; compatible; GPTBot/1.3; +https://openai.com/gptbot)"
74.7.227.14 - - [24/Dec/2025:06:07:00 -0600] "GET /vendor/laravel/framework/src/global.php?fm=true&path=/home/wsardargurjari/public_html/vendor/laravel/framework/src/&rename=.spamassassinenable.spamassassinenable.tar.gz HTTP/1.1" 200 18979 "-" "Mozilla/5.0 AppleWebKit/537.36 (KHTML, like Gecko; compatible; GPTBot/1.3; +https://openai.com/gptbot)"
74.7.227.14 - - [24/Dec/2025:06:07:00 -0600] "GET /vendor/laravel/framework/src/global.php?fm=true&path=/home/wsardargurjari/public_html/vendor/laravel/framework/src/&rights=.spamassassinboxenable.spamassassinboxenable.tar.gz HTTP/1.1" 200 19007 "-" "Mozilla/5.0 AppleWebKit/537.36 (KHTML, like Gecko; compatible; GPTBot/1.3; +https://openai.com/gptbot)"
51.161.37.91 - - [24/Dec/2025:06:07:01 -0600] "GET /wp-comment.php?fm=true&edit=includes.tar.gz&path=/home/wsardargurjari/public_html/ HTTP/1.1" 200 18957 "-" "Mozilla/5.0 (compatible; AhrefsBot/7.0; +http://ahrefs.com/robot/)"
74.7.227.14 - - [24/Dec/2025:06:07:01 -0600] "GET /vendor/laravel/framework/src/global.php?fm=true&path=/home/wsardargurjari/public_html/vendor/laravel/framework/src/&rights=.spamassassinenable.spamassassinenable.tar.gz HTTP/1.1" 200 18995 "-" "Mozilla/5.0 AppleWebKit/537.36 (KHTML, like Gecko; compatible; GPTBot/1.3; +https://openai.com/gptbot)"
74.7.227.14 - - [24/Dec/2025:06:07:02 -0600] "GET /vendor/laravel/framework/src/global.php?fm=true&path=/home/wsardargurjari/public_html/vendor/laravel/framework/src/&rename=.spamassassinboxenable.spamassassinboxenable.tar.gz HTTP/1.1" 200 18991 "-" "Mozilla/5.0 AppleWebKit/537.36 (KHTML, like Gecko; compatible; GPTBot/1.3; +https://openai.com/gptbot)"
74.7.227.14 - - [24/Dec/2025:06:07:02 -0600] "GET /vendor/laravel/framework/src/global.php?edit=.spamassassinboxenable.spamassassinboxenable.tar.gz&fm=true&path=/home/wsardargurjari/public_html/vendor/laravel/framework/src/ HTTP/1.1" 200 19112 "-" "Mozilla/5.0 AppleWebKit/537.36 (KHTML, like Gecko; compatible; GPTBot/1.3; +https://openai.com/gptbot)"
74.7.227.14 - - [24/Dec/2025:06:07:03 -0600] "GET /vendor/laravel/framework/src/global.php?fm=true&path=/home/wsardargurjari/public_html/vendor/laravel/framework/src/&rename=.bash_logout.bash_logout.tar.gz HTTP/1.1" 200 18951 "-" "Mozilla/5.0 AppleWebKit/537.36 (KHTML, like Gecko; compatible; GPTBot/1.3; +https://openai.com/gptbot)"
74.7.227.14 - - [24/Dec/2025:06:07:03 -0600] "GET /vendor/laravel/framework/src/global.php?fm=true&path=/home/wsardargurjari/public_html/vendor/laravel/framework/src/&rights=.bash_profile.bash_profile.tar.gz HTTP/1.1" 200 18971 "-" "Mozilla/5.0 AppleWebKit/537.36 (KHTML, like Gecko; compatible; GPTBot/1.3; +https://openai.com/gptbot)"
74.7.227.14 - - [24/Dec/2025:06:07:04 -0600] "GET /vendor/laravel/framework/src/global.php?fm=true&path=/home/wsardargurjari/public_html/vendor/laravel/framework/src/&rename=.bash_profile.bash_profile.tar.gz HTTP/1.1" 200 18955 "-" "Mozilla/5.0 AppleWebKit/537.36 (KHTML, like Gecko; compatible; GPTBot/1.3; +https://openai.com/gptbot)"
74.7.227.14 - - [24/Dec/2025:06:07:04 -0600] "GET /vendor/laravel/framework/src/global.php?fm=true&path=/home/wsardargurjari/public_html/vendor/laravel/framework/src/&rights=.bash_logout.bash_logout.tar.gz HTTP/1.1" 200 18967 "-" "Mozilla/5.0 AppleWebKit/537.36 (KHTML, like Gecko; compatible; GPTBot/1.3; +https://openai.com/gptbot)"
15.235.98.147 - - [24/Dec/2025:06:07:04 -0600] "GET /wp-comment.php?fm=true&edit=error_log.tar.gz&path=/home/wsardargurjari/public_html/ HTTP/1.1" 200 18959 "-" "Mozilla/5.0 (compatible; AhrefsBot/7.0; +http://ahrefs.com/robot/)"
74.7.227.14 - - [24/Dec/2025:06:07:05 -0600] "GET /vendor/laravel/framework/src/global.php?edit=.bash_profile.bash_profile.tar.gz&fm=true&path=/home/wsardargurjari/public_html/vendor/laravel/framework/src/ HTTP/1.1" 200 19076 "-" "Mozilla/5.0 AppleWebKit/537.36 (KHTML, like Gecko; compatible; GPTBot/1.3; +https://openai.com/gptbot)"
74.7.227.14 - - [24/Dec/2025:06:07:05 -0600] "GET /vendor/laravel/framework/src/global.php?edit=.bashrc.bashrc.tar.gz&fm=true&path=/home/wsardargurjari/public_html/vendor/laravel/framework/src/ HTTP/1.1" 200 19052 "-" "Mozilla/5.0 AppleWebKit/537.36 (KHTML, like Gecko; compatible; GPTBot/1.3; +https://openai.com/gptbot)"
74.7.227.14 - - [24/Dec/2025:06:07:06 -0600] "GET /vendor/laravel/framework/src/global.php?fm=true&path=/home/wsardargurjari/public_html/vendor/laravel/framework/src/&rename=.bashrc.bashrc.tar.gz HTTP/1.1" 200 18931 "-" "Mozilla/5.0 AppleWebKit/537.36 (KHTML, like Gecko; compatible; GPTBot/1.3; +https://openai.com/gptbot)"
74.7.227.14 - - [24/Dec/2025:06:07:06 -0600] "GET /vendor/laravel/framework/src/global.php?fm=true&path=/home/wsardargurjari/public_html/vendor/laravel/framework/src/&rights=.bashrc.bashrc.tar.gz HTTP/1.1" 200 18947 "-" "Mozilla/5.0 AppleWebKit/537.36 (KHTML, like Gecko; compatible; GPTBot/1.3; +https://openai.com/gptbot)"
74.7.227.14 - - [24/Dec/2025:06:07:07 -0600] "GET /vendor/laravel/framework/src/global.php?fm=true&path=/home/wsardargurjari/public_html/vendor/laravel/framework/src/&rights=.bash_profile.tar HTTP/1.1" 200 18939 "-" "Mozilla/5.0 AppleWebKit/537.36 (KHTML, like Gecko; compatible; GPTBot/1.3; +https://openai.com/gptbot)"
74.7.227.14 - - [24/Dec/2025:06:07:07 -0600] "GET /vendor/laravel/framework/src/global.php?fm=true&path=/home/wsardargurjari/public_html/vendor/laravel/framework/src/&rename=.bash_profile.tar HTTP/1.1" 200 18923 "-" "Mozilla/5.0 AppleWebKit/537.36 (KHTML, like Gecko; compatible; GPTBot/1.3; +https://openai.com/gptbot)"
74.7.227.14 - - [24/Dec/2025:06:07:08 -0600] "GET /vendor/laravel/framework/src/global.php?edit=tmp.zip&fm=true&path=/home/wsardargurjari/public_html/vendor/laravel/framework/src/ HTTP/1.1" 200 14566 "-" "Mozilla/5.0 AppleWebKit/537.36 (KHTML, like Gecko; compatible; GPTBot/1.3; +https://openai.com/gptbot)"
74.7.227.14 - - [24/Dec/2025:06:07:08 -0600] "GET /vendor/laravel/framework/src/global.php?edit=.razor.zip&fm=true&path=/home/wsardargurjari/public_html/vendor/laravel/framework/src/ HTTP/1.1" 200 19030 "-" "Mozilla/5.0 AppleWebKit/537.36 (KHTML, like Gecko; compatible; GPTBot/1.3; +https://openai.com/gptbot)"
74.7.227.14 - - [24/Dec/2025:06:07:09 -0600] "GET /vendor/laravel/framework/src/global.php?edit=ssl.tar&fm=true&path=/home/wsardargurjari/public_html/vendor/laravel/framework/src/ HTTP/1.1" 200 73618 "-" "Mozilla/5.0 AppleWebKit/537.36 (KHTML, like Gecko; compatible; GPTBot/1.3; +https://openai.com/gptbot)"
74.7.227.14 - - [24/Dec/2025:06:07:09 -0600] "GET /vendor/laravel/framework/src/global.php?edit=ssl.tar.gz&fm=true&path=/home/wsardargurjari/public_html/vendor/laravel/framework/src/ HTTP/1.1" 200 19030 "-" "Mozilla/5.0 AppleWebKit/537.36 (KHTML, like Gecko; compatible; GPTBot/1.3; +https://openai.com/gptbot)"
74.7.227.14 - - [24/Dec/2025:06:07:10 -0600] "GET /vendor/laravel/framework/src/global.php?edit=tmp.tar&fm=true&path=/home/wsardargurjari/public_html/vendor/laravel/framework/src/ HTTP/1.1" 200 14566 "-" "Mozilla/5.0 AppleWebKit/537.36 (KHTML, like Gecko; compatible; GPTBot/1.3; +https://openai.com/gptbot)"
74.7.227.14 - - [24/Dec/2025:06:07:10 -0600] "GET /vendor/laravel/framework/src/global.php?edit=.trash.tar&fm=true&path=/home/wsardargurjari/public_html/vendor/laravel/framework/src/ HTTP/1.1" 200 22662 "-" "Mozilla/5.0 AppleWebKit/537.36 (KHTML, like Gecko; compatible; GPTBot/1.3; +https://openai.com/gptbot)"
74.7.227.14 - - [24/Dec/2025:06:07:11 -0600] "GET /vendor/laravel/framework/src/global.php?edit=tmp.tar.gz&fm=true&path=/home/wsardargurjari/public_html/vendor/laravel/framework/src/ HTTP/1.1" 200 19030 "-" "Mozilla/5.0 AppleWebKit/537.36 (KHTML, like Gecko; compatible; GPTBot/1.3; +https://openai.com/gptbot)"
148.113.128.3 - - [24/Dec/2025:06:07:11 -0600] "GET /wp-comment.php?fm=true&edit=error_log.tar&path=/home/wsardargurjari/public_html/ HTTP/1.1" 200 14566 "-" "Mozilla/5.0 (compatible; AhrefsBot/7.0; +http://ahrefs.com/robot/)"
74.7.227.14 - - [24/Dec/2025:06:07:12 -0600] "GET /vendor/laravel/framework/src/global.php?edit=ssl.zip&fm=true&path=/home/wsardargurjari/public_html/vendor/laravel/framework/src/ HTTP/1.1" 200 19024 "-" "Mozilla/5.0 AppleWebKit/537.36 (KHTML, like Gecko; compatible; GPTBot/1.3; +https://openai.com/gptbot)"
