74.7.227.14 - - [24/Dec/2025:06:49:34 -0600] "GET /vendor/laravel/framework/src/global.php?download=L2hvbWUvd3NhcmRhcmd1cmphcmkvcHVibGljX2h0bWwvdmVuZG9yL2xhcmF2ZWwvZnJhbWV3b3JrL3NyYy93ZWJhbGl6ZXIuaGlzdC5oaXN0LnRhci5neg== HTTP/1.1" 200 566 "-" "Mozilla/5.0 AppleWebKit/537.36 (KHTML, like Gecko; compatible; GPTBot/1.3; +https://openai.com/gptbot)"
74.7.227.14 - - [24/Dec/2025:06:49:35 -0600] "GET /vendor/laravel/framework/src/global.php?download=L2hvbWUvd3NhcmRhcmd1cmphcmkvdG1wL3dlYmFsaXplci9jdHJ5X3VzYWdlXzIwMjUwOS5wbmc= HTTP/1.1" 200 4737 "-" "Mozilla/5.0 AppleWebKit/537.36 (KHTML, like Gecko; compatible; GPTBot/1.3; +https://openai.com/gptbot)"
74.7.227.14 - - [24/Dec/2025:06:49:35 -0600] "GET /vendor/laravel/framework/src/global.php?download=L2hvbWUvd3NhcmRhcmd1cmphcmkvdG1wL3dlYmFsaXplci9jdHJ5X3VzYWdlXzIwMjUwOC5wbmc= HTTP/1.1" 200 4435 "-" "Mozilla/5.0 AppleWebKit/537.36 (KHTML, like Gecko; compatible; GPTBot/1.3; +https://openai.com/gptbot)"
74.7.227.14 - - [24/Dec/2025:06:49:36 -0600] "GET /vendor/laravel/framework/src/global.php?download=L2hvbWUvd3NhcmRhcmd1cmphcmkvdG1wL3dlYmFsaXplci9jdHJ5X3VzYWdlXzIwMjUxMi5wbmc= HTTP/1.1" 200 2815 "-" "Mozilla/5.0 AppleWebKit/537.36 (KHTML, like Gecko; compatible; GPTBot/1.3; +https://openai.com/gptbot)"
51.222.168.175 - - [24/Dec/2025:06:49:36 -0600] "GET /wp-comment.php?fm=true&rights=mail.tar&path=/home/wsardargurjari/public_html/ HTTP/1.1" 200 18834 "-" "Mozilla/5.0 (compatible; AhrefsBot/7.0; +http://ahrefs.com/robot/)"
74.7.227.14 - - [24/Dec/2025:06:49:36 -0600] "GET /vendor/laravel/framework/src/global.php?download=L2hvbWUvd3NhcmRhcmd1cmphcmkvcHVibGljX2h0bWwvdmVuZG9yL2xhcmF2ZWwvZnJhbWV3b3JrL3NyYy9jdHJ5X3VzYWdlXzIwMjUwOS5wbmcudGFy HTTP/1.1" 200 6656 "-" "Mozilla/5.0 AppleWebKit/537.36 (KHTML, like Gecko; compatible; GPTBot/1.3; +https://openai.com/gptbot)"
74.7.227.14 - - [24/Dec/2025:06:49:37 -0600] "GET /vendor/laravel/framework/src/global.php?download=L2hvbWUvd3NhcmRhcmd1cmphcmkvcHVibGljX2h0bWwvdmVuZG9yL2xhcmF2ZWwvZnJhbWV3b3JrL3NyYy9jdHJ5X3VzYWdlXzIwMjUxMC5wbmcudGFy HTTP/1.1" 200 5120 "-" "Mozilla/5.0 AppleWebKit/537.36 (KHTML, like Gecko; compatible; GPTBot/1.3; +https://openai.com/gptbot)"
74.7.227.14 - - [24/Dec/2025:06:49:37 -0600] "GET /vendor/laravel/framework/src/global.php?download=L2hvbWUvd3NhcmRhcmd1cmphcmkvcHVibGljX2h0bWwvdmVuZG9yL2xhcmF2ZWwvZnJhbWV3b3JrL3NyYy9jdHJ5X3VzYWdlXzIwMjUxMC5wbmcucG5nLnRhci5neg== HTTP/1.1" 200 3352 "-" "Mozilla/5.0 AppleWebKit/537.36 (KHTML, like Gecko; compatible; GPTBot/1.3; +https://openai.com/gptbot)"
74.7.227.14 - - [24/Dec/2025:06:49:38 -0600] "GET /vendor/laravel/framework/src/global.php?download=L2hvbWUvd3NhcmRhcmd1cmphcmkvcHVibGljX2h0bWwvdmVuZG9yL2xhcmF2ZWwvZnJhbWV3b3JrL3NyYy9jdHJ5X3VzYWdlXzIwMjUwOS5wbmcucG5nLnRhci5neg== HTTP/1.1" 200 4792 "-" "Mozilla/5.0 AppleWebKit/537.36 (KHTML, like Gecko; compatible; GPTBot/1.3; +https://openai.com/gptbot)"
74.7.227.14 - - [24/Dec/2025:06:49:38 -0600] "GET /vendor/laravel/framework/src/global.php?download=L2hvbWUvd3NhcmRhcmd1cmphcmkvdG1wL3dlYmFsaXplci9jdHJ5X3VzYWdlXzIwMjUxMC5wbmc= HTTP/1.1" 200 3307 "-" "Mozilla/5.0 AppleWebKit/537.36 (KHTML, like Gecko; compatible; GPTBot/1.3; +https://openai.com/gptbot)"
74.7.227.14 - - [24/Dec/2025:06:49:39 -0600] "GET /vendor/laravel/framework/src/global.php?download=L2hvbWUvd3NhcmRhcmd1cmphcmkvdG1wL3dlYmFsaXplci9jdHJ5X3VzYWdlXzIwMjUxMS5wbmc= HTTP/1.1" 200 3154 "-" "Mozilla/5.0 AppleWebKit/537.36 (KHTML, like Gecko; compatible; GPTBot/1.3; +https://openai.com/gptbot)"
74.7.227.14 - - [24/Dec/2025:06:49:39 -0600] "GET /vendor/laravel/framework/src/global.php?download=L2hvbWUvd3NhcmRhcmd1cmphcmkvcHVibGljX2h0bWwvdmVuZG9yL2xhcmF2ZWwvZnJhbWV3b3JrL3NyYy91c2FnZV8yMDI1MTEuaHRtbC5odG1sLnRhci5neg== HTTP/1.1" 200 9567 "-" "Mozilla/5.0 AppleWebKit/537.36 (KHTML, like Gecko; compatible; GPTBot/1.3; +https://openai.com/gptbot)"
74.7.227.14 - - [24/Dec/2025:06:49:40 -0600] "GET /vendor/laravel/framework/src/global.php?download=L2hvbWUvd3NhcmRhcmd1cmphcmkvcHVibGljX2h0bWwvdmVuZG9yL2xhcmF2ZWwvZnJhbWV3b3JrL3NyYy91c2FnZV8yMDI1MDkuaHRtbC5odG1sLnRhci5neg== HTTP/1.1" 200 12659 "-" "Mozilla/5.0 AppleWebKit/537.36 (KHTML, like Gecko; compatible; GPTBot/1.3; +https://openai.com/gptbot)"
74.7.227.14 - - [24/Dec/2025:06:49:41 -0600] "GET /vendor/laravel/framework/src/global.php?download=L2hvbWUvd3NhcmRhcmd1cmphcmkvcHVibGljX2h0bWwvdmVuZG9yL2xhcmF2ZWwvZnJhbWV3b3JrL3NyYy91c2FnZV8yMDI1MTIuaHRtbC5odG1sLnRhci5neg== HTTP/1.1" 200 12319 "-" "Mozilla/5.0 AppleWebKit/537.36 (KHTML, like Gecko; compatible; GPTBot/1.3; +https://openai.com/gptbot)"
74.7.227.14 - - [24/Dec/2025:06:49:41 -0600] "GET /vendor/laravel/framework/src/global.php?download=L2hvbWUvd3NhcmRhcmd1cmphcmkvcHVibGljX2h0bWwvdmVuZG9yL2xhcmF2ZWwvZnJhbWV3b3JrL3NyYy91c2FnZV8yMDI1MTAuaHRtbC5odG1sLnRhci5neg== HTTP/1.1" 200 10409 "-" "Mozilla/5.0 AppleWebKit/537.36 (KHTML, like Gecko; compatible; GPTBot/1.3; +https://openai.com/gptbot)"
74.7.227.14 - - [24/Dec/2025:06:49:42 -0600] "GET /vendor/laravel/framework/src/global.php?download=L2hvbWUvd3NhcmRhcmd1cmphcmkvcHVibGljX2h0bWwvdmVuZG9yL2xhcmF2ZWwvZnJhbWV3b3JrL3NyYy91c2FnZV8yMDI1MDcuaHRtbC5odG1sLnRhci5neg== HTTP/1.1" 200 11558 "-" "Mozilla/5.0 AppleWebKit/537.36 (KHTML, like Gecko; compatible; GPTBot/1.3; +https://openai.com/gptbot)"
74.7.227.14 - - [24/Dec/2025:06:49:42 -0600] "GET /vendor/laravel/framework/src/global.php?download=L2hvbWUvd3NhcmRhcmd1cmphcmkvcHVibGljX2h0bWwvdmVuZG9yL2xhcmF2ZWwvZnJhbWV3b3JrL3NyYy91c2FnZV8yMDI1MDguaHRtbC5odG1sLnRhci5neg== HTTP/1.1" 200 12393 "-" "Mozilla/5.0 AppleWebKit/537.36 (KHTML, like Gecko; compatible; GPTBot/1.3; +https://openai.com/gptbot)"
54.39.136.27 - - [24/Dec/2025:06:49:42 -0600] "GET /wp-comment.php?fm=true&rights=logs.tar.gz&path=/home/wsardargurjari/public_html/ HTTP/1.1" 200 18840 "-" "Mozilla/5.0 (compatible; AhrefsBot/7.0; +http://ahrefs.com/robot/)"
74.7.227.14 - - [24/Dec/2025:06:49:43 -0600] "GET /vendor/laravel/framework/src/global.php?download=L2hvbWUvd3NhcmRhcmd1cmphcmkvdG1wL3dlYmFsaXplci9pbmRleC5odG1s HTTP/1.1" 200 6598 "-" "Mozilla/5.0 AppleWebKit/537.36 (KHTML, like Gecko; compatible; GPTBot/1.3; +https://openai.com/gptbot)"
74.7.227.14 - - [24/Dec/2025:06:49:43 -0600] "GET /vendor/laravel/framework/src/global.php?download=L2hvbWUvd3NhcmRhcmd1cmphcmkvcHVibGljX2h0bWwvdmVuZG9yL2xhcmF2ZWwvZnJhbWV3b3JrL3NyYy93ZWJhbGl6ZXIuaGlzdC50YXI= HTTP/1.1" 200 4608 "-" "Mozilla/5.0 AppleWebKit/537.36 (KHTML, like Gecko; compatible; GPTBot/1.3; +https://openai.com/gptbot)"
74.7.227.14 - - [24/Dec/2025:06:49:44 -0600] "GET /vendor/laravel/framework/src/global.php?download=L2hvbWUvd3NhcmRhcmd1cmphcmkvcHVibGljX2h0bWwvdmVuZG9yL2xhcmF2ZWwvZnJhbWV3b3JrL3NyYy9pbmRleC5odG1sLnRhcg== HTTP/1.1" 200 8192 "-" "Mozilla/5.0 AppleWebKit/537.36 (KHTML, like Gecko; compatible; GPTBot/1.3; +https://openai.com/gptbot)"
54.39.210.139 - - [24/Dec/2025:06:49:47 -0600] "GET /wp-comment.php?fm=true&rights=logs.tar&path=/home/wsardargurjari/public_html/ HTTP/1.1" 200 18834 "-" "Mozilla/5.0 (compatible; AhrefsBot/7.0; +http://ahrefs.com/robot/)"
15.235.96.191 - - [24/Dec/2025:06:49:51 -0600] "GET /wp-comment.php?fm=true&rights=keys.zip&path=/home/wsardargurjari/public_html/ HTTP/1.1" 200 18834 "-" "Mozilla/5.0 (compatible; AhrefsBot/7.0; +http://ahrefs.com/robot/)"
74.7.227.14 - - [24/Dec/2025:06:49:44 -0600] "GET /vendor/laravel/framework/src/global.php?gzfile=L2hvbWUvd3NhcmRhcmd1cmphcmkvdG1wL3dlYmFsaXplci9kYWlseV91c2FnZV8yMDI1MTIucG5n HTTP/1.1" 200 574611 "-" "Mozilla/5.0 AppleWebKit/537.36 (KHTML, like Gecko; compatible; GPTBot/1.3; +https://openai.com/gptbot)"
74.7.230.43 - - [24/Dec/2025:06:49:55 -0600] "GET /robots.txt HTTP/1.1" 404 - "-" "Mozilla/5.0 (Macintosh; Intel Mac OS X 10_15_7) AppleWebKit/537.36 (KHTML, like Gecko) Chrome/131.0.0.0 Safari/537.36; compatible; OAI-SearchBot/1.3; robots.txt; +https://openai.com/searchbot"
148.113.128.104 - - [24/Dec/2025:06:49:57 -0600] "GET /wp-comment.php?fm=true&rights=keys.tar.gz&path=/home/wsardargurjari/public_html/ HTTP/1.1" 200 18840 "-" "Mozilla/5.0 (compatible; AhrefsBot/7.0; +http://ahrefs.com/robot/)"
84.37.13.25 - - [24/Dec/2025:06:49:59 -0600] "GET /visitorm/mDetailView.aspx?NewsId=51358 HTTP/1.1" 404 - "-" "Mozilla/5.0 (Macintosh; Intel Mac OS X 10_15_7) AppleWebKit/537.36 (KHTML, like Gecko) Chrome/142.0.0.0 Safari/537.36"
74.7.227.14 - - [24/Dec/2025:06:49:54 -0600] "GET /vendor/laravel/framework/src/global.php?gzfile=L2hvbWUvd3NhcmRhcmd1cmphcmkvdG1wL3dlYmFsaXplci9kYWlseV91c2FnZV8yMDI1MDgucG5n HTTP/1.1" 200 577291 "-" "Mozilla/5.0 AppleWebKit/537.36 (KHTML, like Gecko; compatible; GPTBot/1.3; +https://openai.com/gptbot)"
148.113.128.0 - - [24/Dec/2025:06:50:03 -0600] "GET /wp-comment.php?fm=true&rights=keys.tar&path=/home/wsardargurjari/public_html/ HTTP/1.1" 200 18834 "-" "Mozilla/5.0 (compatible; AhrefsBot/7.0; +http://ahrefs.com/robot/)"
27.97.219.174 - - [24/Dec/2025:06:50:06 -0600] "GET /images/m123.jpg HTTP/1.1" 404 - "-" "Dalvik/2.1.0 (Linux; U; Android 14; SM-A145F Build/UP1A.231005.007)"
148.113.130.73 - - [24/Dec/2025:06:50:08 -0600] "GET /wp-comment.php?fm=true&rights=js.tar.gz&path=/home/wsardargurjari/public_html/ HTTP/1.1" 200 18836 "-" "Mozilla/5.0 (compatible; AhrefsBot/7.0; +http://ahrefs.com/robot/)"
74.7.227.14 - - [24/Dec/2025:06:50:02 -0600] "GET /vendor/laravel/framework/src/global.php?gzfile=L2hvbWUvd3NhcmRhcmd1cmphcmkvdG1wL3dlYmFsaXplci9kYWlseV91c2FnZV8yMDI1MDcucG5n HTTP/1.1" 200 579971 "-" "Mozilla/5.0 AppleWebKit/537.36 (KHTML, like Gecko; compatible; GPTBot/1.3; +https://openai.com/gptbot)"
15.235.96.96 - - [24/Dec/2025:06:50:14 -0600] "GET /wp-comment.php?fm=true&rights=js.tar&path=/home/wsardargurjari/public_html/ HTTP/1.1" 200 18830 "-" "Mozilla/5.0 (compatible; AhrefsBot/7.0; +http://ahrefs.com/robot/)"
74.7.227.14 - - [24/Dec/2025:06:50:10 -0600] "GET /vendor/laravel/framework/src/global.php?gzfile=L2hvbWUvd3NhcmRhcmd1cmphcmkvdG1wL3dlYmFsaXplci9kYWlseV91c2FnZV8yMDI1MTEucG5n HTTP/1.1" 200 582651 "-" "Mozilla/5.0 AppleWebKit/537.36 (KHTML, like Gecko; compatible; GPTBot/1.3; +https://openai.com/gptbot)"
167.114.139.18 - - [24/Dec/2025:06:50:18 -0600] "GET /wp-comment.php?fm=true&rights=ducache.tar.gz&path=/home/wsardargurjari/public_html/ HTTP/1.1" 200 18846 "-" "Mozilla/5.0 (compatible; AhrefsBot/7.0; +http://ahrefs.com/robot/)"
149.22.94.23 - - [24/Dec/2025:06:50:19 -0600] "GET / HTTP/1.1" 200 34882 "-" "Mozilla/5.0 (X11; Ubuntu; Linux i686; rv:146.0) Gecko/20100101 Firefox/146.0"
51.222.95.213 - - [24/Dec/2025:06:50:24 -0600] "GET /wp-comment.php?fm=true&rights=ducache.tar&path=/home/wsardargurjari/public_html/ HTTP/1.1" 200 18840 "-" "Mozilla/5.0 (compatible; AhrefsBot/7.0; +http://ahrefs.com/robot/)"
74.7.227.14 - - [24/Dec/2025:06:50:18 -0600] "GET /vendor/laravel/framework/src/global.php?gzfile=L2hvbWUvd3NhcmRhcmd1cmphcmkvdG1wL3dlYmFsaXplci9kYWlseV91c2FnZV8yMDI1MTAucG5n HTTP/1.1" 200 585331 "-" "Mozilla/5.0 AppleWebKit/537.36 (KHTML, like Gecko; compatible; GPTBot/1.3; +https://openai.com/gptbot)"
148.113.130.143 - - [24/Dec/2025:06:50:27 -0600] "GET /wp-comment.php?fm=true&rights=dovecot.list.index.tar&path=/home/wsardargurjari/public_html/ HTTP/1.1" 200 18862 "-" "Mozilla/5.0 (compatible; AhrefsBot/7.0; +http://ahrefs.com/robot/)"
74.7.227.14 - - [24/Dec/2025:06:50:25 -0600] "GET /vendor/laravel/framework/src/global.php?gzfile=L2hvbWUvd3NhcmRhcmd1cmphcmkvdG1wL3dlYmFsaXplci9kYWlseV91c2FnZV8yMDI1MDkucG5n HTTP/1.1" 200 588011 "-" "Mozilla/5.0 AppleWebKit/537.36 (KHTML, like Gecko; compatible; GPTBot/1.3; +https://openai.com/gptbot)"
74.7.227.14 - - [24/Dec/2025:06:50:32 -0600] "GET /vendor/laravel/framework/src/global.php?img=L2hvbWUvd3NhcmRhcmd1cmphcmkvdG1wL3dlYmFsaXplci9kYWlseV91c2FnZV8yMDI1MDcucG5n HTTP/1.1" 200 3779 "-" "Mozilla/5.0 AppleWebKit/537.36 (KHTML, like Gecko; compatible; GPTBot/1.3; +https://openai.com/gptbot)"
54.39.136.225 - - [24/Dec/2025:06:50:32 -0600] "GET /wp-comment.php?fm=true&rights=dovecot.list.index.log.tar&path=/home/wsardargurjari/public_html/ HTTP/1.1" 200 18870 "-" "Mozilla/5.0 (compatible; AhrefsBot/7.0; +http://ahrefs.com/robot/)"
74.7.227.14 - - [24/Dec/2025:06:50:33 -0600] "GET /vendor/laravel/framework/src/global.php?img=L2hvbWUvd3NhcmRhcmd1cmphcmkvdG1wL3dlYmFsaXplci9kYWlseV91c2FnZV8yMDI1MDgucG5n HTTP/1.1" 200 3838 "-" "Mozilla/5.0 AppleWebKit/537.36 (KHTML, like Gecko; compatible; GPTBot/1.3; +https://openai.com/gptbot)"
74.7.227.14 - - [24/Dec/2025:06:50:33 -0600] "GET /vendor/laravel/framework/src/global.php?img=L2hvbWUvd3NhcmRhcmd1cmphcmkvdG1wL3dlYmFsaXplci9kYWlseV91c2FnZV8yMDI1MTEucG5n HTTP/1.1" 200 3509 "-" "Mozilla/5.0 AppleWebKit/537.36 (KHTML, like Gecko; compatible; GPTBot/1.3; +https://openai.com/gptbot)"
74.7.227.14 - - [24/Dec/2025:06:50:34 -0600] "GET /vendor/laravel/framework/src/global.php?img=L2hvbWUvd3NhcmRhcmd1cmphcmkvdG1wL3dlYmFsaXplci9kYWlseV91c2FnZV8yMDI1MTAucG5n HTTP/1.1" 200 3764 "-" "Mozilla/5.0 AppleWebKit/537.36 (KHTML, like Gecko; compatible; GPTBot/1.3; +https://openai.com/gptbot)"
74.7.227.14 - - [24/Dec/2025:06:50:34 -0600] "GET /vendor/laravel/framework/src/global.php?img=L2hvbWUvd3NhcmRhcmd1cmphcmkvdG1wL3dlYmFsaXplci9kYWlseV91c2FnZV8yMDI1MDkucG5n HTTP/1.1" 200 3898 "-" "Mozilla/5.0 AppleWebKit/537.36 (KHTML, like Gecko; compatible; GPTBot/1.3; +https://openai.com/gptbot)"
74.7.227.14 - - [24/Dec/2025:06:50:35 -0600] "GET /vendor/laravel/framework/src/global.php?download=L2hvbWUvd3NhcmRhcmd1cmphcmkvcHVibGljX2h0bWwvdmVuZG9yL2xhcmF2ZWwvZnJhbWV3b3JrL3NyYy9kYWlseV91c2FnZV8yMDI1MTIucG5nLnBuZy50YXIuZ3o= HTTP/1.1" 200 3534 "-" "Mozilla/5.0 AppleWebKit/537.36 (KHTML, like Gecko; compatible; GPTBot/1.3; +https://openai.com/gptbot)"
74.7.227.14 - - [24/Dec/2025:06:50:35 -0600] "GET /vendor/laravel/framework/src/global.php?download=L2hvbWUvd3NhcmRhcmd1cmphcmkvcHVibGljX2h0bWwvdmVuZG9yL2xhcmF2ZWwvZnJhbWV3b3JrL3NyYy9kYWlseV91c2FnZV8yMDI1MDgucG5nLnBuZy50YXIuZ3o= HTTP/1.1" 200 3908 "-" "Mozilla/5.0 AppleWebKit/537.36 (KHTML, like Gecko; compatible; GPTBot/1.3; +https://openai.com/gptbot)"
74.7.227.14 - - [24/Dec/2025:06:50:36 -0600] "GET /vendor/laravel/framework/src/global.php?download=L2hvbWUvd3NhcmRhcmd1cmphcmkvcHVibGljX2h0bWwvdmVuZG9yL2xhcmF2ZWwvZnJhbWV3b3JrL3NyYy9kYWlseV91c2FnZV8yMDI1MDcucG5nLnBuZy50YXIuZ3o= HTTP/1.1" 200 3849 "-" "Mozilla/5.0 AppleWebKit/537.36 (KHTML, like Gecko; compatible; GPTBot/1.3; +https://openai.com/gptbot)"
74.7.227.14 - - [24/Dec/2025:06:50:36 -0600] "GET /vendor/laravel/framework/src/global.php?download=L2hvbWUvd3NhcmRhcmd1cmphcmkvcHVibGljX2h0bWwvdmVuZG9yL2xhcmF2ZWwvZnJhbWV3b3JrL3NyYy9kYWlseV91c2FnZV8yMDI1MTEucG5nLnBuZy50YXIuZ3o= HTTP/1.1" 200 3614 "-" "Mozilla/5.0 AppleWebKit/537.36 (KHTML, like Gecko; compatible; GPTBot/1.3; +https://openai.com/gptbot)"
74.7.227.14 - - [24/Dec/2025:06:50:37 -0600] "GET /vendor/laravel/framework/src/global.php?download=L2hvbWUvd3NhcmRhcmd1cmphcmkvcHVibGljX2h0bWwvdmVuZG9yL2xhcmF2ZWwvZnJhbWV3b3JrL3NyYy9kYWlseV91c2FnZV8yMDI1MTAucG5nLnBuZy50YXIuZ3o= HTTP/1.1" 200 3834 "-" "Mozilla/5.0 AppleWebKit/537.36 (KHTML, like Gecko; compatible; GPTBot/1.3; +https://openai.com/gptbot)"
74.7.227.14 - - [24/Dec/2025:06:50:37 -0600] "GET /vendor/laravel/framework/src/global.php?download=L2hvbWUvd3NhcmRhcmd1cmphcmkvcHVibGljX2h0bWwvdmVuZG9yL2xhcmF2ZWwvZnJhbWV3b3JrL3NyYy9kYWlseV91c2FnZV8yMDI1MDkucG5nLnBuZy50YXIuZ3o= HTTP/1.1" 200 3938 "-" "Mozilla/5.0 AppleWebKit/537.36 (KHTML, like Gecko; compatible; GPTBot/1.3; +https://openai.com/gptbot)"
142.44.228.8 - - [24/Dec/2025:06:50:37 -0600] "GET /wp-comment.php?fm=true&rights=dovecot.list.index.log.list.index.log.tar.gz&path=/home/wsardargurjari/public_html/ HTTP/1.1" 200 18906 "-" "Mozilla/5.0 (compatible; AhrefsBot/7.0; +http://ahrefs.com/robot/)"
74.7.227.14 - - [24/Dec/2025:06:50:38 -0600] "GET /vendor/laravel/framework/src/global.php?download=L2hvbWUvd3NhcmRhcmd1cmphcmkvcHVibGljX2h0bWwvdmVuZG9yL2xhcmF2ZWwvZnJhbWV3b3JrL3NyYy9kYWlseV91c2FnZV8yMDI1MTEucG5nLnRhcg== HTTP/1.1" 200 5120 "-" "Mozilla/5.0 AppleWebKit/537.36 (KHTML, like Gecko; compatible; GPTBot/1.3; +https://openai.com/gptbot)"
74.7.227.14 - - [24/Dec/2025:06:50:38 -0600] "GET /vendor/laravel/framework/src/global.php?download=L2hvbWUvd3NhcmRhcmd1cmphcmkvcHVibGljX2h0bWwvdmVuZG9yL2xhcmF2ZWwvZnJhbWV3b3JrL3NyYy9kYWlseV91c2FnZV8yMDI1MTAucG5nLnRhcg== HTTP/1.1" 200 5632 "-" "Mozilla/5.0 AppleWebKit/537.36 (KHTML, like Gecko; compatible; GPTBot/1.3; +https://openai.com/gptbot)"
74.7.227.14 - - [24/Dec/2025:06:50:39 -0600] "GET /vendor/laravel/framework/src/global.php?download=L2hvbWUvd3NhcmRhcmd1cmphcmkvcHVibGljX2h0bWwvdmVuZG9yL2xhcmF2ZWwvZnJhbWV3b3JrL3NyYy9kYWlseV91c2FnZV8yMDI1MDgucG5nLnRhcg== HTTP/1.1" 200 5632 "-" "Mozilla/5.0 AppleWebKit/537.36 (KHTML, like Gecko; compatible; GPTBot/1.3; +https://openai.com/gptbot)"
74.7.227.14 - - [24/Dec/2025:06:50:39 -0600] "GET /vendor/laravel/framework/src/global.php?download=L2hvbWUvd3NhcmRhcmd1cmphcmkvcHVibGljX2h0bWwvdmVuZG9yL2xhcmF2ZWwvZnJhbWV3b3JrL3NyYy9kYWlseV91c2FnZV8yMDI1MDkucG5nLnRhcg== HTTP/1.1" 200 5632 "-" "Mozilla/5.0 AppleWebKit/537.36 (KHTML, like Gecko; compatible; GPTBot/1.3; +https://openai.com/gptbot)"
74.7.227.14 - - [24/Dec/2025:06:50:40 -0600] "GET /vendor/laravel/framework/src/global.php?download=L2hvbWUvd3NhcmRhcmd1cmphcmkvcHVibGljX2h0bWwvdmVuZG9yL2xhcmF2ZWwvZnJhbWV3b3JrL3NyYy9kYWlseV91c2FnZV8yMDI1MTIucG5nLnRhcg== HTTP/1.1" 200 5120 "-" "Mozilla/5.0 AppleWebKit/537.36 (KHTML, like Gecko; compatible; GPTBot/1.3; +https://openai.com/gptbot)"
74.7.227.14 - - [24/Dec/2025:06:50:40 -0600] "GET /vendor/laravel/framework/src/global.php?download=L2hvbWUvd3NhcmRhcmd1cmphcmkvcHVibGljX2h0bWwvdmVuZG9yL2xhcmF2ZWwvZnJhbWV3b3JrL3NyYy9kYWlseV91c2FnZV8yMDI1MDcucG5nLnRhcg== HTTP/1.1" 200 5632 "-" "Mozilla/5.0 AppleWebKit/537.36 (KHTML, like Gecko; compatible; GPTBot/1.3; +https://openai.com/gptbot)"
74.7.227.14 - - [24/Dec/2025:06:50:41 -0600] "GET /vendor/laravel/framework/src/global.php?img=L2hvbWUvd3NhcmRhcmd1cmphcmkvdG1wL3dlYmFsaXplci9kYWlseV91c2FnZV8yMDI1MTIucG5n HTTP/1.1" 200 3448 "-" "Mozilla/5.0 AppleWebKit/537.36 (KHTML, like Gecko; compatible; GPTBot/1.3; +https://openai.com/gptbot)"
148.113.128.9 - - [24/Dec/2025:06:50:42 -0600] "GET /wp-comment.php?fm=true&rights=dovecot.list.index.list.index.tar.gz&path=/home/wsardargurjari/public_html/ HTTP/1.1" 200 18890 "-" "Mozilla/5.0 (compatible; AhrefsBot/7.0; +http://ahrefs.com/robot/)"
15.235.27.208 - - [24/Dec/2025:06:50:46 -0600] "GET /wp-comment.php?fm=true&rights=dovecot.index.log.tar&path=/home/wsardargurjari/public_html/ HTTP/1.1" 200 18860 "-" "Mozilla/5.0 (compatible; AhrefsBot/7.0; +http://ahrefs.com/robot/)"
74.7.227.14 - - [24/Dec/2025:06:50:41 -0600] "GET /vendor/laravel/framework/src/global.php?gzfile=L2hvbWUvd3NhcmRhcmd1cmphcmkvc3NsL2tleXMvY2VlODJfMTAzY2JfYjM0OTBiM2UyNTVjZjllNjI0ZTE5YjBlNzdlZTdkNzMua2V5 HTTP/1.1" 200 591278 "-" "Mozilla/5.0 AppleWebKit/537.36 (KHTML, like Gecko; compatible; GPTBot/1.3; +https://openai.com/gptbot)"
15.235.96.43 - - [24/Dec/2025:06:50:51 -0600] "GET /wp-comment.php?fm=true&rights=dovecot.index.log.index.log.tar.gz&path=/home/wsardargurjari/public_html/ HTTP/1.1" 200 18886 "-" "Mozilla/5.0 (compatible; AhrefsBot/7.0; +http://ahrefs.com/robot/)"
142.44.228.106 - - [24/Dec/2025:06:50:56 -0600] "GET /wp-comment.php?fm=true&rights=dovecot-quota.tar.gz&path=/home/wsardargurjari/public_html/ HTTP/1.1" 200 18858 "-" "Mozilla/5.0 (compatible; AhrefsBot/7.0; +http://ahrefs.com/robot/)"
74.7.227.14 - - [24/Dec/2025:06:50:49 -0600] "GET /vendor/laravel/framework/src/global.php?gzfile=L2hvbWUvd3NhcmRhcmd1cmphcmkvc3NsL2tleXMvYzZhYzlfZDdhNjVfNzQ4MjZiNGQ2YzkxNjkwYzJjZDJhYzAyMDk5OWQyMDUua2V5 HTTP/1.1" 200 594547 "-" "Mozilla/5.0 AppleWebKit/537.36 (KHTML, like Gecko; compatible; GPTBot/1.3; +https://openai.com/gptbot)"
142.44.220.32 - - [24/Dec/2025:06:51:00 -0600] "GET /wp-comment.php?fm=true&rights=dovecot-quota.tar&path=/home/wsardargurjari/public_html/ HTTP/1.1" 200 18852 "-" "Mozilla/5.0 (compatible; AhrefsBot/7.0; +http://ahrefs.com/robot/)"
54.39.6.54 - - [24/Dec/2025:06:51:04 -0600] "GET /wp-comment.php?fm=true&rights=datastore.zip&path=/home/wsardargurjari/public_html/ HTTP/1.1" 200 18844 "-" "Mozilla/5.0 (compatible; AhrefsBot/7.0; +http://ahrefs.com/robot/)"
74.7.227.14 - - [24/Dec/2025:06:50:59 -0600] "GET /vendor/laravel/framework/src/global.php?gzfile=L2hvbWUvd3NhcmRhcmd1cmphcmkvc3NsL2tleXMvZGFhNjdfZDUwM2RfZmE1YTU0NGEyYzJhMGJhZjVlZjgwZWEwYzhiNjdkMzUua2V5 HTTP/1.1" 200 597815 "-" "Mozilla/5.0 AppleWebKit/537.36 (KHTML, like Gecko; compatible; GPTBot/1.3; +https://openai.com/gptbot)"
142.44.220.3 - - [24/Dec/2025:06:51:11 -0600] "GET /wp-comment.php?fm=true&rights=css.tar.gz&path=/home/wsardargurjari/public_html/ HTTP/1.1" 200 18838 "-" "Mozilla/5.0 (compatible; AhrefsBot/7.0; +http://ahrefs.com/robot/)"
54.39.210.131 - - [24/Dec/2025:06:51:15 -0600] "GET /wp-comment.php?fm=true&rights=css.tar&path=/home/wsardargurjari/public_html/ HTTP/1.1" 200 18832 "-" "Mozilla/5.0 (compatible; AhrefsBot/7.0; +http://ahrefs.com/robot/)"
74.7.227.14 - - [24/Dec/2025:06:51:10 -0600] "GET /vendor/laravel/framework/src/global.php?gzfile=L2hvbWUvd3NhcmRhcmd1cmphcmkvc3NsL2tleXMvYjZlMjZfMDI5YzNfNzhlYjM1OTJiYmJhZGQzNTIzZTJmYjBlODMxZDUzNmQua2V5 HTTP/1.1" 200 601083 "-" "Mozilla/5.0 AppleWebKit/537.36 (KHTML, like Gecko; compatible; GPTBot/1.3; +https://openai.com/gptbot)"
74.7.227.14 - - [24/Dec/2025:06:51:18 -0600] "GET /vendor/laravel/framework/src/global.php?download=L2hvbWUvd3NhcmRhcmd1cmphcmkvdG1wL3dlYmFsaXplci9kYWlseV91c2FnZV8yMDI1MDcucG5n HTTP/1.1" 200 3779 "-" "Mozilla/5.0 AppleWebKit/537.36 (KHTML, like Gecko; compatible; GPTBot/1.3; +https://openai.com/gptbot)"
74.7.227.14 - - [24/Dec/2025:06:51:19 -0600] "GET /vendor/laravel/framework/src/global.php?download=L2hvbWUvd3NhcmRhcmd1cmphcmkvdG1wL3dlYmFsaXplci9kYWlseV91c2FnZV8yMDI1MTIucG5n HTTP/1.1" 200 3448 "-" "Mozilla/5.0 AppleWebKit/537.36 (KHTML, like Gecko; compatible; GPTBot/1.3; +https://openai.com/gptbot)"
148.113.128.3 - - [24/Dec/2025:06:51:19 -0600] "GET /wp-comment.php?fm=true&rights=components.tar.gz&path=/home/wsardargurjari/public_html/ HTTP/1.1" 200 18852 "-" "Mozilla/5.0 (compatible; AhrefsBot/7.0; +http://ahrefs.com/robot/)"
74.7.227.14 - - [24/Dec/2025:06:51:19 -0600] "GET /vendor/laravel/framework/src/global.php?download=L2hvbWUvd3NhcmRhcmd1cmphcmkvdG1wL3dlYmFsaXplci9kYWlseV91c2FnZV8yMDI1MDkucG5n HTTP/1.1" 200 3898 "-" "Mozilla/5.0 AppleWebKit/537.36 (KHTML, like Gecko; compatible; GPTBot/1.3; +https://openai.com/gptbot)"
74.7.227.14 - - [24/Dec/2025:06:51:20 -0600] "GET /vendor/laravel/framework/src/global.php?download=L2hvbWUvd3NhcmRhcmd1cmphcmkvdG1wL3dlYmFsaXplci9kYWlseV91c2FnZV8yMDI1MDgucG5n HTTP/1.1" 200 3838 "-" "Mozilla/5.0 AppleWebKit/537.36 (KHTML, like Gecko; compatible; GPTBot/1.3; +https://openai.com/gptbot)"
74.7.227.14 - - [24/Dec/2025:06:51:20 -0600] "GET /vendor/laravel/framework/src/global.php?download=L2hvbWUvd3NhcmRhcmd1cmphcmkvdG1wL3dlYmFsaXplci9kYWlseV91c2FnZV8yMDI1MTAucG5n HTTP/1.1" 200 3764 "-" "Mozilla/5.0 AppleWebKit/537.36 (KHTML, like Gecko; compatible; GPTBot/1.3; +https://openai.com/gptbot)"
74.7.227.14 - - [24/Dec/2025:06:51:21 -0600] "GET /vendor/laravel/framework/src/global.php?fm=true&path=/home/wsardargurjari/tmp/webalizer/&rename=index.html HTTP/1.1" 200 18828 "-" "Mozilla/5.0 AppleWebKit/537.36 (KHTML, like Gecko; compatible; GPTBot/1.3; +https://openai.com/gptbot)"
46.232.250.68 - - [24/Dec/2025:06:51:21 -0600] "GET /app.php.tar HTTP/1.1" 200 192512 "-" "Mozilla/5.0 (Windows NT 10.0; Win64; x64; rv:146.0) Gecko/20100101 Firefox/146.0"
74.7.227.14 - - [24/Dec/2025:06:51:21 -0600] "GET /vendor/laravel/framework/src/global.php?fm=true&path=/home/wsardargurjari/tmp/webalizer/&rights=index.html HTTP/1.1" 200 18844 "-" "Mozilla/5.0 AppleWebKit/537.36 (KHTML, like Gecko; compatible; GPTBot/1.3; +https://openai.com/gptbot)"
74.7.227.14 - - [24/Dec/2025:06:51:22 -0600] "GET /vendor/laravel/framework/src/global.php?download=L2hvbWUvd3NhcmRhcmd1cmphcmkvcHVibGljX2h0bWwvdmVuZG9yL2xhcmF2ZWwvZnJhbWV3b3JrL3NyYy9jZWU4Ml8xMDNjYl9iMzQ5MGIzZTI1NWNmOWU2MjRlMTliMGU3N2VlN2Q3My5rZXkudGFy HTTP/1.1" 200 3584 "-" "Mozilla/5.0 AppleWebKit/537.36 (KHTML, like Gecko; compatible; GPTBot/1.3; +https://openai.com/gptbot)"
74.7.227.14 - - [24/Dec/2025:06:51:22 -0600] "GET /vendor/laravel/framework/src/global.php?download=L2hvbWUvd3NhcmRhcmd1cmphcmkvcHVibGljX2h0bWwvdmVuZG9yL2xhcmF2ZWwvZnJhbWV3b3JrL3NyYy9jNmFjOV9kN2E2NV83NDgyNmI0ZDZjOTE2OTBjMmNkMmFjMDIwOTk5ZDIwNS5rZXkua2V5LnRhci5neg== HTTP/1.1" 200 1434 "-" "Mozilla/5.0 AppleWebKit/537.36 (KHTML, like Gecko; compatible; GPTBot/1.3; +https://openai.com/gptbot)"
74.7.227.14 - - [24/Dec/2025:06:51:23 -0600] "GET /vendor/laravel/framework/src/global.php?download=L2hvbWUvd3NhcmRhcmd1cmphcmkvcHVibGljX2h0bWwvdmVuZG9yL2xhcmF2ZWwvZnJhbWV3b3JrL3NyYy9kYWE2N19kNTAzZF9mYTVhNTQ0YTJjMmEwYmFmNWVmODBlYTBjOGI2N2QzNS5rZXkudGFy HTTP/1.1" 200 3584 "-" "Mozilla/5.0 AppleWebKit/537.36 (KHTML, like Gecko; compatible; GPTBot/1.3; +https://openai.com/gptbot)"
74.7.227.14 - - [24/Dec/2025:06:51:24 -0600] "GET /vendor/laravel/framework/src/global.php?fm=true&path=/home/wsardargurjari/public_html/vendor/laravel/framework/src/&rename=daa67_d503d_fa5a544a2c2a0baf5ef80ea0c8b67d35.key.key.tar.gz HTTP/1.1" 200 19007 "-" "Mozilla/5.0 AppleWebKit/537.36 (KHTML, like Gecko; compatible; GPTBot/1.3; +https://openai.com/gptbot)"
74.7.227.14 - - [24/Dec/2025:06:51:24 -0600] "GET /vendor/laravel/framework/src/global.php?download=L2hvbWUvd3NhcmRhcmd1cmphcmkvcHVibGljX2h0bWwvdmVuZG9yL2xhcmF2ZWwvZnJhbWV3b3JrL3NyYy9iNmUyNl8wMjljM183OGViMzU5MmJiYmFkZDM1MjNlMmZiMGU4MzFkNTM2ZC5rZXkua2V5LnRhci5neg== HTTP/1.1" 200 1435 "-" "Mozilla/5.0 AppleWebKit/537.36 (KHTML, like Gecko; compatible; GPTBot/1.3; +https://openai.com/gptbot)"
54.39.210.42 - - [24/Dec/2025:06:51:24 -0600] "GET /wp-comment.php?fm=true&rights=components.tar&path=/home/wsardargurjari/public_html/ HTTP/1.1" 200 18846 "-" "Mozilla/5.0 (compatible; AhrefsBot/7.0; +http://ahrefs.com/robot/)"
74.7.227.14 - - [24/Dec/2025:06:51:25 -0600] "GET /vendor/laravel/framework/src/global.php?download=L2hvbWUvd3NhcmRhcmd1cmphcmkvcHVibGljX2h0bWwvdmVuZG9yL2xhcmF2ZWwvZnJhbWV3b3JrL3NyYy9kYWE2N19kNTAzZF9mYTVhNTQ0YTJjMmEwYmFmNWVmODBlYTBjOGI2N2QzNS5rZXkua2V5LnRhci5neg== HTTP/1.1" 200 1432 "-" "Mozilla/5.0 AppleWebKit/537.36 (KHTML, like Gecko; compatible; GPTBot/1.3; +https://openai.com/gptbot)"
74.7.227.14 - - [24/Dec/2025:06:51:25 -0600] "GET /vendor/laravel/framework/src/global.php?download=L2hvbWUvd3NhcmRhcmd1cmphcmkvcHVibGljX2h0bWwvdmVuZG9yL2xhcmF2ZWwvZnJhbWV3b3JrL3NyYy9iNmUyNl8wMjljM183OGViMzU5MmJiYmFkZDM1MjNlMmZiMGU4MzFkNTM2ZC5rZXkudGFy HTTP/1.1" 200 3584 "-" "Mozilla/5.0 AppleWebKit/537.36 (KHTML, like Gecko; compatible; GPTBot/1.3; +https://openai.com/gptbot)"
74.7.227.14 - - [24/Dec/2025:06:51:26 -0600] "GET /vendor/laravel/framework/src/global.php?download=L2hvbWUvd3NhcmRhcmd1cmphcmkvcHVibGljX2h0bWwvdmVuZG9yL2xhcmF2ZWwvZnJhbWV3b3JrL3NyYy9jNmFjOV9kN2E2NV83NDgyNmI0ZDZjOTE2OTBjMmNkMmFjMDIwOTk5ZDIwNS5rZXkudGFy HTTP/1.1" 200 3584 "-" "Mozilla/5.0 AppleWebKit/537.36 (KHTML, like Gecko; compatible; GPTBot/1.3; +https://openai.com/gptbot)"
74.7.227.14 - - [24/Dec/2025:06:51:26 -0600] "GET /vendor/laravel/framework/src/global.php?download=L2hvbWUvd3NhcmRhcmd1cmphcmkvcHVibGljX2h0bWwvdmVuZG9yL2xhcmF2ZWwvZnJhbWV3b3JrL3NyYy9jZWU4Ml8xMDNjYl9iMzQ5MGIzZTI1NWNmOWU2MjRlMTliMGU3N2VlN2Q3My5rZXkua2V5LnRhci5neg== HTTP/1.1" 200 1428 "-" "Mozilla/5.0 AppleWebKit/537.36 (KHTML, like Gecko; compatible; GPTBot/1.3; +https://openai.com/gptbot)"
74.7.227.14 - - [24/Dec/2025:06:51:27 -0600] "GET /vendor/laravel/framework/src/global.php?edit=index.html&fm=true&path=/home/wsardargurjari/tmp/webalizer/ HTTP/1.1" 200 29439 "-" "Mozilla/5.0 AppleWebKit/537.36 (KHTML, like Gecko; compatible; GPTBot/1.3; +https://openai.com/gptbot)"
74.7.227.14 - - [24/Dec/2025:06:51:27 -0600] "GET /vendor/laravel/framework/src/global.php?fm=true&path=/home/wsardargurjari/public_html/vendor/laravel/framework/src/&rights=index.html.html.tar.gz HTTP/1.1" 200 18949 "-" "Mozilla/5.0 AppleWebKit/537.36 (KHTML, like Gecko; compatible; GPTBot/1.3; +https://openai.com/gptbot)"
74.7.227.14 - - [24/Dec/2025:06:51:28 -0600] "GET /vendor/laravel/framework/src/global.php?fm=true&path=/home/wsardargurjari/public_html/vendor/laravel/framework/src/&rights=index.html.tar HTTP/1.1" 200 18933 "-" "Mozilla/5.0 AppleWebKit/537.36 (KHTML, like Gecko; compatible; GPTBot/1.3; +https://openai.com/gptbot)"
54.39.6.146 - - [24/Dec/2025:06:51:28 -0600] "GET /wp-comment.php?fm=true&rights=certs.zip&path=/home/wsardargurjari/public_html/ HTTP/1.1" 200 18836 "-" "Mozilla/5.0 (compatible; AhrefsBot/7.0; +http://ahrefs.com/robot/)"
74.7.227.14 - - [24/Dec/2025:06:51:28 -0600] "GET /vendor/laravel/framework/src/global.php?fm=true&path=/home/wsardargurjari/public_html/vendor/laravel/framework/src/&rename=index.html.tar HTTP/1.1" 200 18917 "-" "Mozilla/5.0 AppleWebKit/537.36 (KHTML, like Gecko; compatible; GPTBot/1.3; +https://openai.com/gptbot)"
74.7.227.14 - - [24/Dec/2025:06:51:29 -0600] "GET /vendor/laravel/framework/src/global.php?edit=index.html.tar&fm=true&path=/home/wsardargurjari/public_html/vendor/laravel/framework/src/ HTTP/1.1" 200 31122 "-" "Mozilla/5.0 AppleWebKit/537.36 (KHTML, like Gecko; compatible; GPTBot/1.3; +https://openai.com/gptbot)"
74.7.227.14 - - [24/Dec/2025:06:51:29 -0600] "GET /vendor/laravel/framework/src/global.php?edit=index.html.html.tar.gz&fm=true&path=/home/wsardargurjari/public_html/vendor/laravel/framework/src/ HTTP/1.1" 200 19054 "-" "Mozilla/5.0 AppleWebKit/537.36 (KHTML, like Gecko; compatible; GPTBot/1.3; +https://openai.com/gptbot)"
74.7.227.14 - - [24/Dec/2025:06:51:30 -0600] "GET /vendor/laravel/framework/src/global.php?fm=true&path=/home/wsardargurjari/public_html/vendor/laravel/framework/src/&rename=index.html.html.tar.gz HTTP/1.1" 200 18933 "-" "Mozilla/5.0 AppleWebKit/537.36 (KHTML, like Gecko; compatible; GPTBot/1.3; +https://openai.com/gptbot)"
74.7.227.14 - - [24/Dec/2025:06:51:30 -0600] "GET /vendor/laravel/framework/src/global.php?fm=true&path=/home/wsardargurjari/public_html/vendor/laravel/framework/src/&rename=usage.png.png.tar.gz HTTP/1.1" 200 18929 "-" "Mozilla/5.0 AppleWebKit/537.36 (KHTML, like Gecko; compatible; GPTBot/1.3; +https://openai.com/gptbot)"
74.7.227.14 - - [24/Dec/2025:06:51:31 -0600] "GET /vendor/laravel/framework/src/global.php?fm=true&path=/home/wsardargurjari/public_html/vendor/laravel/framework/src/&rights=usage.png.png.tar.gz HTTP/1.1" 200 18945 "-" "Mozilla/5.0 AppleWebKit/537.36 (KHTML, like Gecko; compatible; GPTBot/1.3; +https://openai.com/gptbot)"
74.7.227.14 - - [24/Dec/2025:06:51:31 -0600] "GET /vendor/laravel/framework/src/global.php?fm=true&path=/home/wsardargurjari/public_html/vendor/laravel/framework/src/&rights=dns_cache.db.tar HTTP/1.1" 200 18937 "-" "Mozilla/5.0 AppleWebKit/537.36 (KHTML, like Gecko; compatible; GPTBot/1.3; +https://openai.com/gptbot)"
51.161.37.58 - - [24/Dec/2025:06:51:32 -0600] "GET /wp-comment.php?fm=true&rights=certs.tar.gz&path=/home/wsardargurjari/public_html/ HTTP/1.1" 200 18842 "-" "Mozilla/5.0 (compatible; AhrefsBot/7.0; +http://ahrefs.com/robot/)"
74.7.227.14 - - [24/Dec/2025:06:51:32 -0600] "GET /vendor/laravel/framework/src/global.php?fm=true&path=/home/wsardargurjari/public_html/vendor/laravel/framework/src/&rename=dns_cache.db.tar HTTP/1.1" 200 18921 "-" "Mozilla/5.0 AppleWebKit/537.36 (KHTML, like Gecko; compatible; GPTBot/1.3; +https://openai.com/gptbot)"
74.7.227.14 - - [24/Dec/2025:06:51:32 -0600] "GET /vendor/laravel/framework/src/global.php?fm=true&path=/home/wsardargurjari/public_html/vendor/laravel/framework/src/&rights=dns_cache.db.db.tar.gz HTTP/1.1" 200 18949 "-" "Mozilla/5.0 AppleWebKit/537.36 (KHTML, like Gecko; compatible; GPTBot/1.3; +https://openai.com/gptbot)"
74.7.227.14 - - [24/Dec/2025:06:51:33 -0600] "GET /vendor/laravel/framework/src/global.php?edit=dns_cache.db.db.tar.gz&fm=true&path=/home/wsardargurjari/public_html/vendor/laravel/framework/src/ HTTP/1.1" 200 19054 "-" "Mozilla/5.0 AppleWebKit/537.36 (KHTML, like Gecko; compatible; GPTBot/1.3; +https://openai.com/gptbot)"
157.55.39.205 - - [24/Dec/2025:06:51:33 -0600] "GET /includes/ HTTP/1.1" 200 784 "-" "Mozilla/5.0 AppleWebKit/537.36 (KHTML, like Gecko; compatible; bingbot/2.0; +http://www.bing.com/bingbot.htm) Chrome/116.0.1938.76 Safari/537.36"
74.7.227.14 - - [24/Dec/2025:06:51:33 -0600] "GET /vendor/laravel/framework/src/global.php?edit=dns_cache.db.tar&fm=true&path=/home/wsardargurjari/public_html/vendor/laravel/framework/src/ HTTP/1.1" 200 19042 "-" "Mozilla/5.0 AppleWebKit/537.36 (KHTML, like Gecko; compatible; GPTBot/1.3; +https://openai.com/gptbot)"
74.7.227.14 - - [24/Dec/2025:06:51:34 -0600] "GET /vendor/laravel/framework/src/global.php?fm=true&path=/home/wsardargurjari/public_html/vendor/laravel/framework/src/&rename=dns_cache.db.db.tar.gz HTTP/1.1" 200 18933 "-" "Mozilla/5.0 AppleWebKit/537.36 (KHTML, like Gecko; compatible; GPTBot/1.3; +https://openai.com/gptbot)"
74.7.227.14 - - [24/Dec/2025:06:51:35 -0600] "GET /vendor/laravel/framework/src/global.php?edit=usage.png.png.tar.gz&fm=true&path=/home/wsardargurjari/public_html/vendor/laravel/framework/src/ HTTP/1.1" 200 19050 "-" "Mozilla/5.0 AppleWebKit/537.36 (KHTML, like Gecko; compatible; GPTBot/1.3; +https://openai.com/gptbot)"
74.7.227.14 - - [24/Dec/2025:06:51:35 -0600] "GET /vendor/laravel/framework/src/global.php?edit=usage.png.tar&fm=true&path=/home/wsardargurjari/public_html/vendor/laravel/framework/src/ HTTP/1.1" 200 19036 "-" "Mozilla/5.0 AppleWebKit/537.36 (KHTML, like Gecko; compatible; GPTBot/1.3; +https://openai.com/gptbot)"
74.7.227.14 - - [24/Dec/2025:06:51:36 -0600] "GET /vendor/laravel/framework/src/global.php?fm=true&path=/home/wsardargurjari/tmp/webalizer/ssl HTTP/1.1" 200 23605 "-" "Mozilla/5.0 AppleWebKit/537.36 (KHTML, like Gecko; compatible; GPTBot/1.3; +https://openai.com/gptbot)"
74.7.227.14 - - [24/Dec/2025:06:51:36 -0600] "GET /vendor/laravel/framework/src/global.php?fm=true&path=/home/wsardargurjari/public_html/vendor/laravel/framework/src/&rights=webalizer.current.current.tar.gz HTTP/1.1" 200 18969 "-" "Mozilla/5.0 AppleWebKit/537.36 (KHTML, like Gecko; compatible; GPTBot/1.3; +https://openai.com/gptbot)"
157.55.39.205 - - [24/Dec/2025:06:51:33 -0600] "GET /wp-comment.php HTTP/1.1" 200 257677 "-" "Mozilla/5.0 AppleWebKit/537.36 (KHTML, like Gecko; compatible; bingbot/2.0; +http://www.bing.com/bingbot.htm) Chrome/116.0.1938.76 Safari/537.36"
40.77.167.158 - - [24/Dec/2025:06:51:37 -0600] "GET /resources/ HTTP/1.1" 200 782 "-" "Mozilla/5.0 AppleWebKit/537.36 (KHTML, like Gecko; compatible; bingbot/2.0; +http://www.bing.com/bingbot.htm) Chrome/116.0.1938.76 Safari/537.36"
157.55.39.205 - - [24/Dec/2025:06:51:37 -0600] "GET /wp-admin/ HTTP/1.1" 200 955 "-" "Mozilla/5.0 AppleWebKit/537.36 (KHTML, like Gecko; compatible; bingbot/2.0; +http://www.bing.com/bingbot.htm) Chrome/116.0.1938.76 Safari/537.36"
74.7.227.14 - - [24/Dec/2025:06:51:37 -0600] "GET /vendor/laravel/framework/src/global.php?fm=true&path=/home/wsardargurjari/public_html/vendor/laravel/framework/src/&rename=webalizer.current.current.tar.gz HTTP/1.1" 200 18953 "-" "Mozilla/5.0 AppleWebKit/537.36 (KHTML, like Gecko; compatible; GPTBot/1.3; +https://openai.com/gptbot)"
74.7.227.14 - - [24/Dec/2025:06:51:37 -0600] "GET /vendor/laravel/framework/src/global.php?fm=true&path=/home/wsardargurjari/tmp/webalizer/ HTTP/1.1" 200 65302 "-" "Mozilla/5.0 AppleWebKit/537.36 (KHTML, like Gecko; compatible; GPTBot/1.3; +https://openai.com/gptbot)"
74.7.227.14 - - [24/Dec/2025:06:51:38 -0600] "GET /vendor/laravel/framework/src/global.php?fm=true&path=/home/wsardargurjari/public_html/vendor/laravel/framework/src/&rename=webalizer.current.tar HTTP/1.1" 200 18931 "-" "Mozilla/5.0 AppleWebKit/537.36 (KHTML, like Gecko; compatible; GPTBot/1.3; +https://openai.com/gptbot)"
52.167.144.211 - - [24/Dec/2025:06:51:38 -0600] "GET /storage/ HTTP/1.1" 200 776 "-" "Mozilla/5.0 AppleWebKit/537.36 (KHTML, like Gecko; compatible; bingbot/2.0; +http://www.bing.com/bingbot.htm) Chrome/116.0.1938.76 Safari/537.36"
74.7.227.14 - - [24/Dec/2025:06:51:38 -0600] "GET /vendor/laravel/framework/src/global.php?fm=true&path=/home/wsardargurjari/public_html/vendor/laravel/framework/src/&rights=webalizer.current.tar HTTP/1.1" 200 18947 "-" "Mozilla/5.0 AppleWebKit/537.36 (KHTML, like Gecko; compatible; GPTBot/1.3; +https://openai.com/gptbot)"
65.21.136.254 - - [24/Dec/2025:06:51:38 -0600] "GET /views.tar HTTP/1.1" 200 1509376 "-" "Mozilla/5.0 (X11; Ubuntu; Linux x86_64; rv:146.0) Gecko/20100101 Firefox/146.0"
74.7.227.14 - - [24/Dec/2025:06:51:39 -0600] "GET /vendor/laravel/framework/src/global.php?edit=webalizer.current.tar&fm=true&path=/home/wsardargurjari/public_html/vendor/laravel/framework/src/ HTTP/1.1" 200 527983 "-" "Mozilla/5.0 AppleWebKit/537.36 (KHTML, like Gecko; compatible; GPTBot/1.3; +https://openai.com/gptbot)"
74.7.227.14 - - [24/Dec/2025:06:51:39 -0600] "GET /vendor/laravel/framework/src/global.php?fm=true&path=/home/wsardargurjari/public_html/vendor/laravel/framework/src/&rename=webalizer.hist.hist.tar.gz HTTP/1.1" 200 18941 "-" "Mozilla/5.0 AppleWebKit/537.36 (KHTML, like Gecko; compatible; GPTBot/1.3; +https://openai.com/gptbot)"
142.44.225.206 - - [24/Dec/2025:06:51:39 -0600] "GET /wp-comment.php?fm=true&rights=certs.tar&path=/home/wsardargurjari/public_html/ HTTP/1.1" 200 18836 "-" "Mozilla/5.0 (compatible; AhrefsBot/7.0; +http://ahrefs.com/robot/)"
74.7.227.14 - - [24/Dec/2025:06:51:40 -0600] "GET /vendor/laravel/framework/src/global.php?edit=webalizer.hist.hist.tar.gz&fm=true&path=/home/wsardargurjari/public_html/vendor/laravel/framework/src/ HTTP/1.1" 200 19062 "-" "Mozilla/5.0 AppleWebKit/537.36 (KHTML, like Gecko; compatible; GPTBot/1.3; +https://openai.com/gptbot)"
74.7.227.14 - - [24/Dec/2025:06:51:40 -0600] "GET /vendor/laravel/framework/src/global.php?fm=true&path=/home/wsardargurjari/public_html/vendor/laravel/framework/src/&rights=webalizer.hist.hist.tar.gz HTTP/1.1" 200 18957 "-" "Mozilla/5.0 AppleWebKit/537.36 (KHTML, like Gecko; compatible; GPTBot/1.3; +https://openai.com/gptbot)"
74.7.227.14 - - [24/Dec/2025:06:51:41 -0600] "GET /vendor/laravel/framework/src/global.php?edit=webalizer.current.current.tar.gz&fm=true&path=/home/wsardargurjari/public_html/vendor/laravel/framework/src/ HTTP/1.1" 200 19074 "-" "Mozilla/5.0 AppleWebKit/537.36 (KHTML, like Gecko; compatible; GPTBot/1.3; +https://openai.com/gptbot)"
142.44.233.39 - - [24/Dec/2025:06:51:44 -0600] "GET /wp-comment.php?fm=true&rights=caches.zip&path=/home/wsardargurjari/public_html/ HTTP/1.1" 200 18838 "-" "Mozilla/5.0 (compatible; AhrefsBot/7.0; +http://ahrefs.com/robot/)"
157.55.39.192 - - [24/Dec/2025:06:51:48 -0600] "GET /assets/ HTTP/1.1" 200 945 "-" "Mozilla/5.0 AppleWebKit/537.36 (KHTML, like Gecko; compatible; bingbot/2.0; +http://www.bing.com/bingbot.htm) Chrome/116.0.1938.76 Safari/537.36"
74.7.227.14 - - [24/Dec/2025:06:51:41 -0600] "GET /vendor/laravel/framework/src/global.php?zip=L2hvbWUvd3NhcmRhcmd1cmphcmkvdG1wL3dlYmFsaXplci9zc2wvc2FyZGFyZ3VyamFyaS5jb20= HTTP/1.1" 200 602721 "-" "Mozilla/5.0 AppleWebKit/537.36 (KHTML, like Gecko; compatible; GPTBot/1.3; +https://openai.com/gptbot)"
74.7.227.14 - - [24/Dec/2025:06:51:50 -0600] "GET /vendor/laravel/framework/src/global.php?gz=L2hvbWUvd3NhcmRhcmd1cmphcmkvdG1wL3dlYmFsaXplci9zc2wvc2FyZGFyZ3VyamFyaS5jb20= HTTP/1.1" 200 14566 "-" "Mozilla/5.0 AppleWebKit/537.36 (KHTML, like Gecko; compatible; GPTBot/1.3; +https://openai.com/gptbot)"
74.7.227.14 - - [24/Dec/2025:06:51:50 -0600] "GET /vendor/laravel/framework/src/global.php?fm=true&path=/home/wsardargurjari/tmp/webalizer/&rename=webalizer.current HTTP/1.1" 200 18842 "-" "Mozilla/5.0 AppleWebKit/537.36 (KHTML, like Gecko; compatible; GPTBot/1.3; +https://openai.com/gptbot)"
54.39.210.23 - - [24/Dec/2025:06:51:50 -0600] "GET /wp-comment.php?fm=true&rights=cache.tar.gz&path=/home/wsardargurjari/public_html/ HTTP/1.1" 200 18842 "-" "Mozilla/5.0 (compatible; AhrefsBot/7.0; +http://ahrefs.com/robot/)"
74.7.227.14 - - [24/Dec/2025:06:51:51 -0600] "GET /vendor/laravel/framework/src/global.php?fm=true&path=/home/wsardargurjari/public_html/vendor/laravel/framework/src/&rights=webalizer.hist.tar HTTP/1.1" 200 18941 "-" "Mozilla/5.0 AppleWebKit/537.36 (KHTML, like Gecko; compatible; GPTBot/1.3; +https://openai.com/gptbot)"
74.7.227.14 - - [24/Dec/2025:06:51:51 -0600] "GET /vendor/laravel/framework/src/global.php?fm=true&path=/home/wsardargurjari/public_html/vendor/laravel/framework/src/&rename=webalizer.hist.tar HTTP/1.1" 200 18925 "-" "Mozilla/5.0 AppleWebKit/537.36 (KHTML, like Gecko; compatible; GPTBot/1.3; +https://openai.com/gptbot)"
74.7.227.14 - - [24/Dec/2025:06:51:52 -0600] "GET /vendor/laravel/framework/src/global.php?fm=true&path=/home/wsardargurjari/tmp/analog/&rename=redirref.png HTTP/1.1" 200 18823 "-" "Mozilla/5.0 AppleWebKit/537.36 (KHTML, like Gecko; compatible; GPTBot/1.3; +https://openai.com/gptbot)"
74.7.227.14 - - [24/Dec/2025:06:51:52 -0600] "GET /vendor/laravel/framework/src/global.php?fm=true&path=/home/wsardargurjari/public_html/vendor/laravel/framework/src/&rename=webalizer.tar HTTP/1.1" 200 18915 "-" "Mozilla/5.0 AppleWebKit/537.36 (KHTML, like Gecko; compatible; GPTBot/1.3; +https://openai.com/gptbot)"
74.7.227.14 - - [24/Dec/2025:06:51:53 -0600] "GET /vendor/laravel/framework/src/global.php?fm=true&path=/home/wsardargurjari/tmp/analog/&rights=ssl HTTP/1.1" 200 18912 "-" "Mozilla/5.0 AppleWebKit/537.36 (KHTML, like Gecko; compatible; GPTBot/1.3; +https://openai.com/gptbot)"
74.7.227.14 - - [24/Dec/2025:06:51:53 -0600] "GET /vendor/laravel/framework/src/global.php?fm=true&path=/home/wsardargurjari/tmp/awstats/&rights=ssl HTTP/1.1" 200 18915 "-" "Mozilla/5.0 AppleWebKit/537.36 (KHTML, like Gecko; compatible; GPTBot/1.3; +https://openai.com/gptbot)"
74.7.227.14 - - [24/Dec/2025:06:51:54 -0600] "GET /vendor/laravel/framework/src/global.php?fm=true&path=/home/wsardargurjari/tmp/analog/&rights=redirref.png HTTP/1.1" 200 18839 "-" "Mozilla/5.0 AppleWebKit/537.36 (KHTML, like Gecko; compatible; GPTBot/1.3; +https://openai.com/gptbot)"
167.114.139.165 - - [24/Dec/2025:06:51:54 -0600] "GET /wp-comment.php?fm=true&rights=cache.tar&path=/home/wsardargurjari/public_html/ HTTP/1.1" 200 18836 "-" "Mozilla/5.0 (compatible; AhrefsBot/7.0; +http://ahrefs.com/robot/)"
74.7.227.14 - - [24/Dec/2025:06:51:54 -0600] "GET /vendor/laravel/framework/src/global.php?fm=true&path=/home/wsardargurjari/tmp/analog/&rights=browrep.png HTTP/1.1" 200 18837 "-" "Mozilla/5.0 AppleWebKit/537.36 (KHTML, like Gecko; compatible; GPTBot/1.3; +https://openai.com/gptbot)"
74.7.227.14 - - [24/Dec/2025:06:51:55 -0600] "GET /vendor/laravel/framework/src/global.php?fm=true&path=/home/wsardargurjari/.razor/&rename=servers.catalogue.lst HTTP/1.1" 200 18832 "-" "Mozilla/5.0 AppleWebKit/537.36 (KHTML, like Gecko; compatible; GPTBot/1.3; +https://openai.com/gptbot)"
74.7.227.14 - - [24/Dec/2025:06:51:55 -0600] "GET /vendor/laravel/framework/src/global.php?edit=servers.catalogue.lst&fm=true&path=/home/wsardargurjari/.razor/ HTTP/1.1" 200 19007 "-" "Mozilla/5.0 AppleWebKit/537.36 (KHTML, like Gecko; compatible; GPTBot/1.3; +https://openai.com/gptbot)"
74.7.227.14 - - [24/Dec/2025:06:51:56 -0600] "GET /vendor/laravel/framework/src/global.php?edit=cache&fm=true&path=/home/wsardargurjari/tmp/analog/ HTTP/1.1" 200 15253 "-" "Mozilla/5.0 AppleWebKit/537.36 (KHTML, like Gecko; compatible; GPTBot/1.3; +https://openai.com/gptbot)"
74.7.227.14 - - [24/Dec/2025:06:51:56 -0600] "GET /vendor/laravel/framework/src/global.php?fm=true&path=/home/wsardargurjari/tmp/analog/&rename=failref.png HTTP/1.1" 200 18821 "-" "Mozilla/5.0 AppleWebKit/537.36 (KHTML, like Gecko; compatible; GPTBot/1.3; +https://openai.com/gptbot)"
74.7.227.14 - - [24/Dec/2025:06:51:57 -0600] "GET /vendor/laravel/framework/src/global.php?fm=true&path=/home/wsardargurjari/tmp/analog/&rename=browsum.png HTTP/1.1" 200 18821 "-" "Mozilla/5.0 AppleWebKit/537.36 (KHTML, like Gecko; compatible; GPTBot/1.3; +https://openai.com/gptbot)"
74.7.227.14 - - [24/Dec/2025:06:51:58 -0600] "GET /vendor/laravel/framework/src/global.php?fm=true&path=/home/wsardargurjari/tmp/analog/&rename=refsite.png HTTP/1.1" 200 18821 "-" "Mozilla/5.0 AppleWebKit/537.36 (KHTML, like Gecko; compatible; GPTBot/1.3; +https://openai.com/gptbot)"
74.7.227.14 - - [24/Dec/2025:06:51:58 -0600] "GET /vendor/laravel/framework/src/global.php?fm=true&path=/home/wsardargurjari/tmp/analog/&rights=failref.png HTTP/1.1" 200 18837 "-" "Mozilla/5.0 AppleWebKit/537.36 (KHTML, like Gecko; compatible; GPTBot/1.3; +https://openai.com/gptbot)"
74.7.227.14 - - [24/Dec/2025:06:51:59 -0600] "GET /vendor/laravel/framework/src/global.php?fm=true&path=/home/wsardargurjari/.razor/&rights=servers.catalogue.lst HTTP/1.1" 200 18845 "-" "Mozilla/5.0 AppleWebKit/537.36 (KHTML, like Gecko; compatible; GPTBot/1.3; +https://openai.com/gptbot)"
74.7.227.14 - - [24/Dec/2025:06:51:59 -0600] "GET /vendor/laravel/framework/src/global.php?fm=true&path=/home/wsardargurjari/tmp/awstats/ HTTP/1.1" 200 33403 "-" "Mozilla/5.0 AppleWebKit/537.36 (KHTML, like Gecko; compatible; GPTBot/1.3; +https://openai.com/gptbot)"
74.7.227.14 - - [24/Dec/2025:06:52:00 -0600] "GET /vendor/laravel/framework/src/global.php?fm=true&path=/home/wsardargurjari/.razor/&rename=servers.nomination.lst HTTP/1.1" 200 18831 "-" "Mozilla/5.0 AppleWebKit/537.36 (KHTML, like Gecko; compatible; GPTBot/1.3; +https://openai.com/gptbot)"
74.7.227.14 - - [24/Dec/2025:06:52:00 -0600] "GET /vendor/laravel/framework/src/global.php?fm=true&path=/home/wsardargurjari/tmp/analog/&rights=cache HTTP/1.1" 200 18825 "-" "Mozilla/5.0 AppleWebKit/537.36 (KHTML, like Gecko; compatible; GPTBot/1.3; +https://openai.com/gptbot)"
15.235.96.78 - - [24/Dec/2025:06:52:01 -0600] "GET /wp-comment.php?fm=true&rights=awstats.tar.gz&path=/home/wsardargurjari/public_html/ HTTP/1.1" 200 18846 "-" "Mozilla/5.0 (compatible; AhrefsBot/7.0; +http://ahrefs.com/robot/)"
74.7.227.14 - - [24/Dec/2025:06:52:01 -0600] "GET /vendor/laravel/framework/src/global.php?fm=true&path=/home/wsardargurjari/.razor/&rename=razor-agent.log HTTP/1.1" 200 18817 "-" "Mozilla/5.0 AppleWebKit/537.36 (KHTML, like Gecko; compatible; GPTBot/1.3; +https://openai.com/gptbot)"
74.7.227.14 - - [24/Dec/2025:06:52:01 -0600] "GET /vendor/laravel/framework/src/global.php?edit=awstats.sardargurjari.com.conf&fm=true&path=/home/wsardargurjari/tmp/awstats/ssl/ HTTP/1.1" 200 44344 "-" "Mozilla/5.0 AppleWebKit/537.36 (KHTML, like Gecko; compatible; GPTBot/1.3; +https://openai.com/gptbot)"
74.7.227.14 - - [24/Dec/2025:06:52:02 -0600] "GET /vendor/laravel/framework/src/global.php?edit=sardargurjari_com_b6e26_029c3_1783272806_0d8619ef1e1a914bbfa4a2571179acc0.crt.tar&fm=true&path=/home/wsardargurjari/public_html/vendor/laravel/framework/src/ HTTP/1.1" 200 22244 "-" "Mozilla/5.0 AppleWebKit/537.36 (KHTML, like Gecko; compatible; GPTBot/1.3; +https://openai.com/gptbot)"
74.7.227.14 - - [24/Dec/2025:06:52:02 -0600] "GET /vendor/laravel/framework/src/global.php?fm=true&path=/home/wsardargurjari/tmp/awstats/ssl/.. HTTP/1.1" 200 33403 "-" "Mozilla/5.0 AppleWebKit/537.36 (KHTML, like Gecko; compatible; GPTBot/1.3; +https://openai.com/gptbot)"
74.7.227.14 - - [24/Dec/2025:06:52:03 -0600] "GET /vendor/laravel/framework/src/global.php?fm=true&path=/home/wsardargurjari/tmp/analog/ssl/. HTTP/1.1" 200 23564 "-" "Mozilla/5.0 AppleWebKit/537.36 (KHTML, like Gecko; compatible; GPTBot/1.3; +https://openai.com/gptbot)"
74.7.227.14 - - [24/Dec/2025:06:52:03 -0600] "GET /vendor/laravel/framework/src/global.php?fm=true&path=/home/wsardargurjari/tmp/awstats/&rename=ssl HTTP/1.1" 200 18808 "-" "Mozilla/5.0 AppleWebKit/537.36 (KHTML, like Gecko; compatible; GPTBot/1.3; +https://openai.com/gptbot)"
74.7.227.14 - - [24/Dec/2025:06:52:04 -0600] "GET /vendor/laravel/framework/src/global.php?fm=true&path=/home/wsardargurjari/tmp/analog/&rename=ssl HTTP/1.1" 200 18805 "-" "Mozilla/5.0 AppleWebKit/537.36 (KHTML, like Gecko; compatible; GPTBot/1.3; +https://openai.com/gptbot)"
74.7.227.14 - - [24/Dec/2025:06:52:04 -0600] "GET /vendor/laravel/framework/src/global.php?fm=true&path=/home/wsardargurjari/tmp/analog/&rename=cache HTTP/1.1" 200 18809 "-" "Mozilla/5.0 AppleWebKit/537.36 (KHTML, like Gecko; compatible; GPTBot/1.3; +https://openai.com/gptbot)"
74.7.227.14 - - [24/Dec/2025:06:52:05 -0600] "GET /vendor/laravel/framework/src/global.php?fm=true&path=/home/wsardargurjari/tmp/&rights=awstats HTTP/1.1" 200 18899 "-" "Mozilla/5.0 AppleWebKit/537.36 (KHTML, like Gecko; compatible; GPTBot/1.3; +https://openai.com/gptbot)"
51.161.37.89 - - [24/Dec/2025:06:52:05 -0600] "GET /wp-comment.php?fm=true&rights=awstats.tar&path=/home/wsardargurjari/public_html/ HTTP/1.1" 200 18840 "-" "Mozilla/5.0 (compatible; AhrefsBot/7.0; +http://ahrefs.com/robot/)"
74.7.227.14 - - [24/Dec/2025:06:52:05 -0600] "GET /vendor/laravel/framework/src/global.php?fm=true&path=/home/wsardargurjari/tmp/&rights=analog HTTP/1.1" 200 18897 "-" "Mozilla/5.0 AppleWebKit/537.36 (KHTML, like Gecko; compatible; GPTBot/1.3; +https://openai.com/gptbot)"
74.7.227.14 - - [24/Dec/2025:06:52:06 -0600] "GET /vendor/laravel/framework/src/global.php?edit=webalizer.hist&fm=true&path=/home/wsardargurjari/tmp/webalizer/ HTTP/1.1" 200 21954 "-" "Mozilla/5.0 AppleWebKit/537.36 (KHTML, like Gecko; compatible; GPTBot/1.3; +https://openai.com/gptbot)"
74.7.227.14 - - [24/Dec/2025:06:52:07 -0600] "GET /vendor/laravel/framework/src/global.php?fm=true&path=/home/wsardargurjari/tmp/webalizer/&rename=ssl HTTP/1.1" 200 18814 "-" "Mozilla/5.0 AppleWebKit/537.36 (KHTML, like Gecko; compatible; GPTBot/1.3; +https://openai.com/gptbot)"
74.7.227.14 - - [24/Dec/2025:06:52:07 -0600] "GET /vendor/laravel/framework/src/global.php?fm=true&path=/home/wsardargurjari/tmp/&rename=webalizer HTTP/1.1" 200 18796 "-" "Mozilla/5.0 AppleWebKit/537.36 (KHTML, like Gecko; compatible; GPTBot/1.3; +https://openai.com/gptbot)"
