74.7.227.14 - - [24/Dec/2025:07:24:00 -0600] "GET /resources/views/admin/bin.php?edit=endpoints.tar&fm=true&path=/home/wsardargurjari/public_html/resources/views/admin/ HTTP/1.1" 200 19012 "-" "Mozilla/5.0 AppleWebKit/537.36 (KHTML, like Gecko; compatible; GPTBot/1.3; +https://openai.com/gptbot)"
74.7.227.14 - - [24/Dec/2025:07:24:01 -0600] "GET /resources/views/admin/bin.php?fm=true&path=/home/wsardargurjari/public_html/resources/views/admin/&rights=framework.tar HTTP/1.1" 200 18907 "-" "Mozilla/5.0 AppleWebKit/537.36 (KHTML, like Gecko; compatible; GPTBot/1.3; +https://openai.com/gptbot)"
74.7.227.14 - - [24/Dec/2025:07:24:01 -0600] "GET /resources/views/admin/bin.php?fm=true&path=/home/wsardargurjari/public_html/resources/views/admin/&rename=plugins.zip HTTP/1.1" 200 18887 "-" "Mozilla/5.0 AppleWebKit/537.36 (KHTML, like Gecko; compatible; GPTBot/1.3; +https://openai.com/gptbot)"
142.44.233.105 - - [24/Dec/2025:07:24:02 -0600] "GET /wp-comment.php?download=L2hvbWUvd3NhcmRhcmd1cmphcmkvcHVibGljX2h0bWwvY2FjaGUudGFyLmd6 HTTP/1.1" 200 206582 "-" "Mozilla/5.0 (compatible; AhrefsBot/7.0; +http://ahrefs.com/robot/)"
74.7.227.14 - - [24/Dec/2025:07:24:02 -0600] "GET /resources/views/admin/bin.php?fm=true&path=/home/wsardargurjari/public_html/resources/views/admin/&rename=framework.tar HTTP/1.1" 200 18891 "-" "Mozilla/5.0 AppleWebKit/537.36 (KHTML, like Gecko; compatible; GPTBot/1.3; +https://openai.com/gptbot)"
74.7.227.14 - - [24/Dec/2025:07:24:02 -0600] "GET /resources/views/admin/bin.php?fm=true&path=/home/wsardargurjari/public_html/resources/views/admin/&rights=awstats.tar HTTP/1.1" 200 18903 "-" "Mozilla/5.0 AppleWebKit/537.36 (KHTML, like Gecko; compatible; GPTBot/1.3; +https://openai.com/gptbot)"
74.7.227.14 - - [24/Dec/2025:07:24:03 -0600] "GET /resources/views/admin/bin.php?edit=framework.tar&fm=true&path=/home/wsardargurjari/public_html/resources/views/admin/ HTTP/1.1" 200 19012 "-" "Mozilla/5.0 AppleWebKit/537.36 (KHTML, like Gecko; compatible; GPTBot/1.3; +https://openai.com/gptbot)"
74.7.227.14 - - [24/Dec/2025:07:24:03 -0600] "GET /resources/views/admin/bin.php?fm=true&path=/home/wsardargurjari/public_html/resources/views/admin/&rights=endpoints.tar HTTP/1.1" 200 18907 "-" "Mozilla/5.0 AppleWebKit/537.36 (KHTML, like Gecko; compatible; GPTBot/1.3; +https://openai.com/gptbot)"
74.7.227.14 - - [24/Dec/2025:07:24:04 -0600] "GET /resources/views/admin/bin.php?edit=subscriptions.tar&fm=true&path=/home/wsardargurjari/public_html/resources/views/admin/ HTTP/1.1" 200 21068 "-" "Mozilla/5.0 AppleWebKit/537.36 (KHTML, like Gecko; compatible; GPTBot/1.3; +https://openai.com/gptbot)"
74.7.227.14 - - [24/Dec/2025:07:24:04 -0600] "GET /wp-content/uploads/2023/cache/353469.php?fm=true&path=/home/wsardargurjari/public_html/wp-content/uploads/2023/cache/&rename=usage.png.png.tar.gz HTTP/1.1" 200 18932 "-" "Mozilla/5.0 AppleWebKit/537.36 (KHTML, like Gecko; compatible; GPTBot/1.3; +https://openai.com/gptbot)"
74.7.227.14 - - [24/Dec/2025:07:24:05 -0600] "GET /wp-content/uploads/2023/cache/353469.php?edit=dns_cache.db.db.tar.gz&fm=true&path=/home/wsardargurjari/public_html/wp-content/uploads/2023/cache/ HTTP/1.1" 200 19060 "-" "Mozilla/5.0 AppleWebKit/537.36 (KHTML, like Gecko; compatible; GPTBot/1.3; +https://openai.com/gptbot)"
74.7.227.14 - - [24/Dec/2025:07:24:05 -0600] "GET /wp-content/uploads/2023/cache/353469.php?edit=failref.png.png.tar.gz&fm=true&path=/home/wsardargurjari/public_html/wp-content/uploads/2023/cache/ HTTP/1.1" 200 19057 "-" "Mozilla/5.0 AppleWebKit/537.36 (KHTML, like Gecko; compatible; GPTBot/1.3; +https://openai.com/gptbot)"
74.7.227.14 - - [24/Dec/2025:07:24:06 -0600] "GET /wp-content/uploads/2023/cache/353469.php?fm=true&path=/home/wsardargurjari/public_html/wp-content/uploads/2023/cache/&rename=dns_cache.db.db.tar.gz HTTP/1.1" 200 18936 "-" "Mozilla/5.0 AppleWebKit/537.36 (KHTML, like Gecko; compatible; GPTBot/1.3; +https://openai.com/gptbot)"
74.7.227.14 - - [24/Dec/2025:07:24:06 -0600] "GET /wp-content/uploads/2023/cache/353469.php?edit=browsum.png.png.tar.gz&fm=true&path=/home/wsardargurjari/public_html/wp-content/uploads/2023/cache/ HTTP/1.1" 200 19057 "-" "Mozilla/5.0 AppleWebKit/537.36 (KHTML, like Gecko; compatible; GPTBot/1.3; +https://openai.com/gptbot)"
74.7.227.14 - - [24/Dec/2025:07:24:07 -0600] "GET /wp-content/uploads/2023/cache/353469.php?edit=refsite.png.png.tar.gz&fm=true&path=/home/wsardargurjari/public_html/wp-content/uploads/2023/cache/ HTTP/1.1" 200 19057 "-" "Mozilla/5.0 AppleWebKit/537.36 (KHTML, like Gecko; compatible; GPTBot/1.3; +https://openai.com/gptbot)"
74.7.227.14 - - [24/Dec/2025:07:24:08 -0600] "GET /wp-content/uploads/2023/cache/353469.php?fm=true&path=/home/wsardargurjari/public_html/wp-content/uploads/2023/cache/&rights=dns_cache.db.db.tar.gz HTTP/1.1" 200 18952 "-" "Mozilla/5.0 AppleWebKit/537.36 (KHTML, like Gecko; compatible; GPTBot/1.3; +https://openai.com/gptbot)"
15.235.96.21 - - [24/Dec/2025:07:24:08 -0600] "GET /wp-comment.php?download=L2hvbWUvd3NhcmRhcmd1cmphcmkvcHVibGljX2h0bWwvY2FjaGUudGFy HTTP/1.1" 200 175849 "-" "Mozilla/5.0 (compatible; AhrefsBot/7.0; +http://ahrefs.com/robot/)"
74.7.227.14 - - [24/Dec/2025:07:24:08 -0600] "GET /wp-content/uploads/2023/cache/353469.php?edit=browrep.png.png.tar.gz&fm=true&path=/home/wsardargurjari/public_html/wp-content/uploads/2023/cache/ HTTP/1.1" 200 19057 "-" "Mozilla/5.0 AppleWebKit/537.36 (KHTML, like Gecko; compatible; GPTBot/1.3; +https://openai.com/gptbot)"
74.7.227.14 - - [24/Dec/2025:07:24:09 -0600] "GET /resources/views/admin/bin.php?edit=horde.sqlite.sqlite.tar.gz&fm=true&path=/home/wsardargurjari/public_html/resources/views/admin/ HTTP/1.1" 200 19035 "-" "Mozilla/5.0 AppleWebKit/537.36 (KHTML, like Gecko; compatible; GPTBot/1.3; +https://openai.com/gptbot)"
74.7.227.14 - - [24/Dec/2025:07:24:09 -0600] "GET /resources/views/admin/bin.php?edit=dovecot.mailbox.log.tar&fm=true&path=/home/wsardargurjari/public_html/resources/views/admin/ HTTP/1.1" 200 19029 "-" "Mozilla/5.0 AppleWebKit/537.36 (KHTML, like Gecko; compatible; GPTBot/1.3; +https://openai.com/gptbot)"
74.7.227.14 - - [24/Dec/2025:07:24:10 -0600] "GET /resources/views/layouts/wp-cron7573.php?download=L2hvbWUvd3NhcmRhcmd1cmphcmkvcHVibGljX2h0bWwvcmVzb3VyY2VzL3ZpZXdzL2xheW91dHMvc2FyZGFyZ3VyamFyaV9jb21fYzZhYzlfZDdhNjVfMTc1OTUwOTUzM19jNThiMjRlNjQ4YWI4MjE2ODQyMmQ3NjE3NzE3NWNkNS5jcnQuY3J0LnRhci5neg== HTTP/1.1" 200 1505 "-" "Mozilla/5.0 AppleWebKit/537.36 (KHTML, like Gecko; compatible; GPTBot/1.3; +https://openai.com/gptbot)"
74.7.227.14 - - [24/Dec/2025:07:24:10 -0600] "GET /resources/views/layouts/wp-cron7573.php?download=L2hvbWUvd3NhcmRhcmd1cmphcmkvcHVibGljX2h0bWwvcmVzb3VyY2VzL3ZpZXdzL2xheW91dHMvX0NwYW5lbDo6UXVvdGEucG1fX3dzYXJkYXJndXJqYXJpLnBtX193c2FyZGFyZ3VyamFyaS50YXIuZ3o= HTTP/1.1" 200 181 "-" "Mozilla/5.0 AppleWebKit/537.36 (KHTML, like Gecko; compatible; GPTBot/1.3; +https://openai.com/gptbot)"
74.7.227.14 - - [24/Dec/2025:07:24:11 -0600] "GET /resources/views/layouts/wp-cron7573.php?download=L2hvbWUvd3NhcmRhcmd1cmphcmkvcHVibGljX2h0bWwvcmVzb3VyY2VzL3ZpZXdzL2xheW91dHMvX29wdF9jcGFuZWxfZWEtcGhwNzNfcm9vdF91c3JfYmluX3BocF8tbl8tdi50YXI= HTTP/1.1" 200 2048 "-" "Mozilla/5.0 AppleWebKit/537.36 (KHTML, like Gecko; compatible; GPTBot/1.3; +https://openai.com/gptbot)"
74.7.227.14 - - [24/Dec/2025:07:24:11 -0600] "GET /resources/views/layouts/wp-cron7573.php?download=L2hvbWUvd3NhcmRhcmd1cmphcmkvcHVibGljX2h0bWwvcmVzb3VyY2VzL3ZpZXdzL2xheW91dHMvX29wdF9jcGFuZWxfZWEtcGhwNzRfcm9vdF91c3JfYmluX3BocF8tbl8tdi50YXIuZ3o= HTTP/1.1" 200 249 "-" "Mozilla/5.0 AppleWebKit/537.36 (KHTML, like Gecko; compatible; GPTBot/1.3; +https://openai.com/gptbot)"
74.7.227.14 - - [24/Dec/2025:07:24:12 -0600] "GET /resources/views/layouts/wp-cron7573.php?download=L2hvbWUvd3NhcmRhcmd1cmphcmkvcHVibGljX2h0bWwvcmVzb3VyY2VzL3ZpZXdzL2xheW91dHMvX29wdF9jcGFuZWxfZWEtcGhwNzRfcm9vdF91c3JfYmluX3BocF8tbl8tdi50YXI= HTTP/1.1" 200 2048 "-" "Mozilla/5.0 AppleWebKit/537.36 (KHTML, like Gecko; compatible; GPTBot/1.3; +https://openai.com/gptbot)"
74.7.227.14 - - [24/Dec/2025:07:24:12 -0600] "GET /resources/views/layouts/wp-cron7573.php?download=L2hvbWUvd3NhcmRhcmd1cmphcmkvcHVibGljX2h0bWwvcmVzb3VyY2VzL3ZpZXdzL2xheW91dHMvX29wdF9jcGFuZWxfZWEtcGhwNzNfcm9vdF91c3JfYmluX3BocF8tbl8tdi50YXIuZ3o= HTTP/1.1" 200 258 "-" "Mozilla/5.0 AppleWebKit/537.36 (KHTML, like Gecko; compatible; GPTBot/1.3; +https://openai.com/gptbot)"
74.7.227.14 - - [24/Dec/2025:07:24:13 -0600] "GET /resources/views/layouts/wp-cron7573.php?download=L2hvbWUvd3NhcmRhcmd1cmphcmkvcHVibGljX2h0bWwvcmVzb3VyY2VzL3ZpZXdzL2xheW91dHMvc2FyZGFyZ3VyamFyaV9jb21fYzZhYzlfZDdhNjVfMTc1OTUwOTUzM19jNThiMjRlNjQ4YWI4MjE2ODQyMmQ3NjE3NzE3NWNkNS5jcnQudGFy HTTP/1.1" 200 3584 "-" "Mozilla/5.0 AppleWebKit/537.36 (KHTML, like Gecko; compatible; GPTBot/1.3; +https://openai.com/gptbot)"
74.7.227.14 - - [24/Dec/2025:07:24:13 -0600] "GET /resources/views/layouts/wp-cron7573.php?download=L2hvbWUvd3NhcmRhcmd1cmphcmkvcHVibGljX2h0bWwvcmVzb3VyY2VzL3ZpZXdzL2xheW91dHMvc2FyZGFyZ3VyamFyaV9jb21fYjZlMjZfMDI5YzNfMTc4MzI3MjgwNl8wZDg2MTllZjFlMWE5MTRiYmZhNGEyNTcxMTc5YWNjMC5jcnQuY3J0LnRhci5neg== HTTP/1.1" 200 1151 "-" "Mozilla/5.0 AppleWebKit/537.36 (KHTML, like Gecko; compatible; GPTBot/1.3; +https://openai.com/gptbot)"
159.195.56.133 - - [24/Dec/2025:07:24:14 -0600] "GET /wp-load5560.php.tar HTTP/1.1" 200 96768 "-" "Mozilla/5.0 (X11; Ubuntu; Linux i686; rv:146.0) Gecko/20100101 Firefox/146.0"
74.7.227.14 - - [24/Dec/2025:07:24:14 -0600] "GET /resources/views/layouts/wp-cron7573.php?download=L2hvbWUvd3NhcmRhcmd1cmphcmkvcHVibGljX2h0bWwvcmVzb3VyY2VzL3ZpZXdzL2xheW91dHMvX2V0Y19jcGFuZWxfZWE0X3BhdGhzLmNvbmZfX19kZWZhdWx0X2VxdWFsX3NwYWNlX3NlcGVyYXRlZF9jb25maWcudGFy HTTP/1.1" 200 2560 "-" "Mozilla/5.0 AppleWebKit/537.36 (KHTML, like Gecko; compatible; GPTBot/1.3; +https://openai.com/gptbot)"
74.7.227.14 - - [24/Dec/2025:07:24:14 -0600] "GET /resources/views/admin/bin.php?download=L2hvbWUvd3NhcmRhcmd1cmphcmkvcHVibGljX2h0bWwvcmVzb3VyY2VzL3ZpZXdzL2FkbWluL25ldy56aXA= HTTP/1.1" 200 1922821 "-" "Mozilla/5.0 AppleWebKit/537.36 (KHTML, like Gecko; compatible; GPTBot/1.3; +https://openai.com/gptbot)"
74.7.227.14 - - [24/Dec/2025:07:24:15 -0600] "GET /resources/views/admin/bin.php?download=L2hvbWUvd3NhcmRhcmd1cmphcmkvcHVibGljX2h0bWwvcmVzb3VyY2VzL3ZpZXdzL2FkbWluL3B1YmxpYy50YXI= HTTP/1.1" 200 6050304 "-" "Mozilla/5.0 AppleWebKit/537.36 (KHTML, like Gecko; compatible; GPTBot/1.3; +https://openai.com/gptbot)"
51.222.95.198 - - [24/Dec/2025:07:24:15 -0600] "GET /wp-comment.php?download=L2hvbWUvd3NhcmRhcmd1cmphcmkvcHVibGljX2h0bWwvY29tcG9uZW50cy50YXIuZ3o= HTTP/1.1" 200 223841 "-" "Mozilla/5.0 (compatible; AhrefsBot/7.0; +http://ahrefs.com/robot/)"
74.7.227.14 - - [24/Dec/2025:07:24:15 -0600] "GET /resources/views/admin/bin.php?download=L2hvbWUvd3NhcmRhcmd1cmphcmkvcHVibGljX2h0bWwvcmVzb3VyY2VzL3ZpZXdzL2FkbWluL29zLnBuZy50YXI= HTTP/1.1" 200 8192 "-" "Mozilla/5.0 AppleWebKit/537.36 (KHTML, like Gecko; compatible; GPTBot/1.3; +https://openai.com/gptbot)"
74.7.227.14 - - [24/Dec/2025:07:24:16 -0600] "GET /resources/views/admin/bin.php?download=L2hvbWUvd3NhcmRhcmd1cmphcmkvcHVibGljX2h0bWwvcmVzb3VyY2VzL3ZpZXdzL2FkbWluL25ldy50YXI= HTTP/1.1" 200 15116800 "-" "Mozilla/5.0 AppleWebKit/537.36 (KHTML, like Gecko; compatible; GPTBot/1.3; +https://openai.com/gptbot)"
74.7.227.14 - - [24/Dec/2025:07:24:17 -0600] "GET /resources/views/admin/bin.php?fm=true&path=/home/wsardargurjari/public_html/resources/views/admin/&rights=cp-welcome-panel_dismissed.tar.gz HTTP/1.1" 200 18947 "-" "Mozilla/5.0 AppleWebKit/537.36 (KHTML, like Gecko; compatible; GPTBot/1.3; +https://openai.com/gptbot)"
74.7.227.14 - - [24/Dec/2025:07:24:17 -0600] "GET /resources/views/admin/bin.php?fm=true&path=/home/wsardargurjari/public_html/resources/views/admin/&rename=cp-welcome-panel_dismissed.tar.gz HTTP/1.1" 200 18931 "-" "Mozilla/5.0 AppleWebKit/537.36 (KHTML, like Gecko; compatible; GPTBot/1.3; +https://openai.com/gptbot)"
74.7.227.14 - - [24/Dec/2025:07:24:18 -0600] "GET /resources/views/admin/bin.php?edit=mailbox_format.cpanel.cpanel.tar.gz&fm=true&path=/home/wsardargurjari/public_html/resources/views/admin/ HTTP/1.1" 200 19053 "-" "Mozilla/5.0 AppleWebKit/537.36 (KHTML, like Gecko; compatible; GPTBot/1.3; +https://openai.com/gptbot)"
74.7.227.14 - - [24/Dec/2025:07:24:18 -0600] "GET /resources/views/admin/bin.php?edit=dovecot.mailbox.log.mailbox.log.tar.gz&fm=true&path=/home/wsardargurjari/public_html/resources/views/admin/ HTTP/1.1" 200 19059 "-" "Mozilla/5.0 AppleWebKit/537.36 (KHTML, like Gecko; compatible; GPTBot/1.3; +https://openai.com/gptbot)"
74.7.227.14 - - [24/Dec/2025:07:24:19 -0600] "GET /resources/views/admin/bin.php?fm=true&path=/home/wsardargurjari/public_html/resources/views/admin/&rights=dovecot.mailbox.log.mailbox.log.tar.gz HTTP/1.1" 200 18957 "-" "Mozilla/5.0 AppleWebKit/537.36 (KHTML, like Gecko; compatible; GPTBot/1.3; +https://openai.com/gptbot)"
74.7.227.14 - - [24/Dec/2025:07:24:19 -0600] "GET /resources/views/admin/bin.php?edit=editor_nowrap.tar&fm=true&path=/home/wsardargurjari/public_html/resources/views/admin/ HTTP/1.1" 200 21065 "-" "Mozilla/5.0 AppleWebKit/537.36 (KHTML, like Gecko; compatible; GPTBot/1.3; +https://openai.com/gptbot)"
51.161.37.180 - - [24/Dec/2025:07:24:20 -0600] "GET /wp-comment.php?download=L2hvbWUvd3NhcmRhcmd1cmphcmkvcHVibGljX2h0bWwvY29tcG9uZW50cy50YXI= HTTP/1.1" 200 223844 "-" "Mozilla/5.0 (compatible; AhrefsBot/7.0; +http://ahrefs.com/robot/)"
74.7.227.14 - - [24/Dec/2025:07:24:20 -0600] "GET /resources/views/admin/bin.php?edit=dovecot-quota.tar&fm=true&path=/home/wsardargurjari/public_html/resources/views/admin/ HTTP/1.1" 200 21065 "-" "Mozilla/5.0 AppleWebKit/537.36 (KHTML, like Gecko; compatible; GPTBot/1.3; +https://openai.com/gptbot)"
74.7.227.14 - - [24/Dec/2025:07:24:20 -0600] "GET /resources/views/admin/bin.php?fm=true&path=/home/wsardargurjari/public_html/resources/views/admin/&rights=error_log.tar HTTP/1.1" 200 18907 "-" "Mozilla/5.0 AppleWebKit/537.36 (KHTML, like Gecko; compatible; GPTBot/1.3; +https://openai.com/gptbot)"
74.7.227.14 - - [24/Dec/2025:07:24:21 -0600] "GET /resources/views/admin/bin.php?fm=true&path=/home/wsardargurjari/public_html/resources/views/admin/&rename=refsite.png.tar HTTP/1.1" 200 18895 "-" "Mozilla/5.0 AppleWebKit/537.36 (KHTML, like Gecko; compatible; GPTBot/1.3; +https://openai.com/gptbot)"
74.7.227.14 - - [24/Dec/2025:07:24:21 -0600] "GET /resources/views/admin/bin.php?fm=true&path=/home/wsardargurjari/public_html/resources/views/admin/&rename=error_log.tar HTTP/1.1" 200 18891 "-" "Mozilla/5.0 AppleWebKit/537.36 (KHTML, like Gecko; compatible; GPTBot/1.3; +https://openai.com/gptbot)"
74.7.227.14 - - [24/Dec/2025:07:24:22 -0600] "GET /resources/views/admin/bin.php?fm=true&path=/home/wsardargurjari/public_html/resources/views/admin/&rights=user_prefs.tar HTTP/1.1" 200 18909 "-" "Mozilla/5.0 AppleWebKit/537.36 (KHTML, like Gecko; compatible; GPTBot/1.3; +https://openai.com/gptbot)"
74.7.227.14 - - [24/Dec/2025:07:24:23 -0600] "GET /resources/views/admin/bin.php?edit=nvdata.cache.tar&fm=true&path=/home/wsardargurjari/public_html/resources/views/admin/ HTTP/1.1" 200 21343 "-" "Mozilla/5.0 AppleWebKit/537.36 (KHTML, like Gecko; compatible; GPTBot/1.3; +https://openai.com/gptbot)"
74.7.227.14 - - [24/Dec/2025:07:24:23 -0600] "GET /resources/views/admin/bin.php?fm=true&path=/home/wsardargurjari/public_html/resources/views/admin/&rights=usage.png.tar HTTP/1.1" 200 18907 "-" "Mozilla/5.0 AppleWebKit/537.36 (KHTML, like Gecko; compatible; GPTBot/1.3; +https://openai.com/gptbot)"
74.7.227.14 - - [24/Dec/2025:07:24:24 -0600] "GET /resources/views/admin/bin.php?fm=true&path=/home/wsardargurjari/public_html/resources/views/admin/&rename=failref.png.tar HTTP/1.1" 200 18895 "-" "Mozilla/5.0 AppleWebKit/537.36 (KHTML, like Gecko; compatible; GPTBot/1.3; +https://openai.com/gptbot)"
74.7.227.14 - - [24/Dec/2025:07:24:24 -0600] "GET /resources/views/admin/bin.php?fm=true&path=/home/wsardargurjari/public_html/resources/views/admin/&rename=browrep.png.tar HTTP/1.1" 200 18895 "-" "Mozilla/5.0 AppleWebKit/537.36 (KHTML, like Gecko; compatible; GPTBot/1.3; +https://openai.com/gptbot)"
54.39.0.255 - - [24/Dec/2025:07:24:24 -0600] "GET /wp-comment.php?download=L2hvbWUvd3NhcmRhcmd1cmphcmkvcHVibGljX2h0bWwvQ3BhbmVsX1NTTF9EQ1ZfRE5TX011dGV4LnRhci5neg== HTTP/1.1" 200 122 "-" "Mozilla/5.0 (compatible; AhrefsBot/7.0; +http://ahrefs.com/robot/)"
74.7.227.14 - - [24/Dec/2025:07:24:25 -0600] "GET /resources/views/admin/bin.php?download=L2hvbWUvd3NhcmRhcmd1cmphcmkvcHVibGljX2h0bWwvcmVzb3VyY2VzL3ZpZXdzL2FkbWluL3NhcmRhcmd1cmphcmkuY29tLnRhcg== HTTP/1.1" 200 21363712 "-" "Mozilla/5.0 AppleWebKit/537.36 (KHTML, like Gecko; compatible; GPTBot/1.3; +https://openai.com/gptbot)"
74.7.227.14 - - [24/Dec/2025:07:24:28 -0600] "GET /resources/views/admin/bin.php?download=L2hvbWUvd3NhcmRhcmd1cmphcmkvcHVibGljX2h0bWwvcmVzb3VyY2VzL3ZpZXdzL2FkbWluL3NhcmRhcmd1cmphcmkuY29tLnppcA== HTTP/1.1" 200 15061682 "-" "Mozilla/5.0 AppleWebKit/537.36 (KHTML, like Gecko; compatible; GPTBot/1.3; +https://openai.com/gptbot)"
74.7.227.14 - - [24/Dec/2025:07:24:29 -0600] "GET /resources/views/admin/bin.php?download=L2hvbWUvd3NhcmRhcmd1cmphcmkvcHVibGljX2h0bWwvcmVzb3VyY2VzL3ZpZXdzL2FkbWluL3NhcmRhcmd1cmphcmkuY29tLnRhci5neg== HTTP/1.1" 200 111338 "-" "Mozilla/5.0 AppleWebKit/537.36 (KHTML, like Gecko; compatible; GPTBot/1.3; +https://openai.com/gptbot)"
74.7.227.14 - - [24/Dec/2025:07:24:29 -0600] "GET /resources/views/admin/bin.php?fm=true&path=/home/wsardargurjari/public_html/resources/views/admin/&rights=.trash_restore.tar HTTP/1.1" 200 18917 "-" "Mozilla/5.0 AppleWebKit/537.36 (KHTML, like Gecko; compatible; GPTBot/1.3; +https://openai.com/gptbot)"
15.235.96.173 - - [24/Dec/2025:07:24:29 -0600] "GET /wp-comment.php?download=L2hvbWUvd3NhcmRhcmd1cmphcmkvcHVibGljX2h0bWwvQ3BhbmVsX1NTTF9EQ1ZfRE5TX011dGV4LnRhcg== HTTP/1.1" 200 1536 "-" "Mozilla/5.0 (compatible; AhrefsBot/7.0; +http://ahrefs.com/robot/)"
74.7.227.14 - - [24/Dec/2025:07:24:30 -0600] "GET /resources/views/admin/bin.php?fm=true&path=/home/wsardargurjari/public_html/resources/views/admin/&rights=email_accounts.json.json.tar.gz HTTP/1.1" 200 18943 "-" "Mozilla/5.0 AppleWebKit/537.36 (KHTML, like Gecko; compatible; GPTBot/1.3; +https://openai.com/gptbot)"
74.7.227.14 - - [24/Dec/2025:07:24:30 -0600] "GET /resources/views/admin/bin.php?fm=true&path=/home/wsardargurjari/public_html/resources/views/admin/&rename=email_accounts.json.json.tar.gz HTTP/1.1" 200 18927 "-" "Mozilla/5.0 AppleWebKit/537.36 (KHTML, like Gecko; compatible; GPTBot/1.3; +https://openai.com/gptbot)"
74.7.227.14 - - [24/Dec/2025:07:24:31 -0600] "GET /resources/views/admin/bin.php?download=L2hvbWUvd3NhcmRhcmd1cmphcmkvcHVibGljX2h0bWwvcmVzb3VyY2VzL3ZpZXdzL2FkbWluL3NzbC5kYi5kYi50YXIuZ3o= HTTP/1.1" 200 2518 "-" "Mozilla/5.0 AppleWebKit/537.36 (KHTML, like Gecko; compatible; GPTBot/1.3; +https://openai.com/gptbot)"
74.7.227.14 - - [24/Dec/2025:07:24:31 -0600] "GET /resources/views/layouts/wp-cron7573.php?download=L2hvbWUvd3NhcmRhcmd1cmphcmkvcHVibGljX2h0bWwvcmVzb3VyY2VzL3ZpZXdzL2xheW91dHMvc2FyZGFyZ3VyamFyaS5jb20udGFyLmd6 HTTP/1.1" 200 2840693 "-" "Mozilla/5.0 AppleWebKit/537.36 (KHTML, like Gecko; compatible; GPTBot/1.3; +https://openai.com/gptbot)"
74.7.227.14 - - [24/Dec/2025:07:24:32 -0600] "GET /resources/views/layouts/wp-cron7573.php?download=L2hvbWUvd3NhcmRhcmd1cmphcmkvcHVibGljX2h0bWwvcmVzb3VyY2VzL3ZpZXdzL2xheW91dHMvbXlzcWwtZGItY291bnQudGFyLmd6 HTTP/1.1" 200 132 "-" "Mozilla/5.0 AppleWebKit/537.36 (KHTML, like Gecko; compatible; GPTBot/1.3; +https://openai.com/gptbot)"
74.7.227.14 - - [24/Dec/2025:07:24:32 -0600] "GET /resources/views/layouts/wp-cron7573.php?download=L2hvbWUvd3NhcmRhcmd1cmphcmkvcHVibGljX2h0bWwvcmVzb3VyY2VzL3ZpZXdzL2xheW91dHMvNzk3OTA5LnBocC5waHAudGFyLmd6 HTTP/1.1" 200 29381 "-" "Mozilla/5.0 AppleWebKit/537.36 (KHTML, like Gecko; compatible; GPTBot/1.3; +https://openai.com/gptbot)"
74.7.227.14 - - [24/Dec/2025:07:24:33 -0600] "GET /resources/views/layouts/wp-cron7573.php?download=L2hvbWUvd3NhcmRhcmd1cmphcmkvcHVibGljX2h0bWwvcmVzb3VyY2VzL3ZpZXdzL2xheW91dHMvd3AtY29uZmlnOTAxNy5waHAudGFy HTTP/1.1" 200 96768 "-" "Mozilla/5.0 AppleWebKit/537.36 (KHTML, like Gecko; compatible; GPTBot/1.3; +https://openai.com/gptbot)"
74.7.227.14 - - [24/Dec/2025:07:24:33 -0600] "GET /resources/views/layouts/wp-cron7573.php?download=L2hvbWUvd3NhcmRhcmd1cmphcmkvcHVibGljX2h0bWwvcmVzb3VyY2VzL3ZpZXdzL2xheW91dHMvNDc4MTY0LnBocC5waHAudGFyLmd6 HTTP/1.1" 200 29378 "-" "Mozilla/5.0 AppleWebKit/537.36 (KHTML, like Gecko; compatible; GPTBot/1.3; +https://openai.com/gptbot)"
74.7.227.14 - - [24/Dec/2025:07:24:34 -0600] "GET /resources/views/layouts/wp-cron7573.php?download=L2hvbWUvd3NhcmRhcmd1cmphcmkvcHVibGljX2h0bWwvcmVzb3VyY2VzL3ZpZXdzL2xheW91dHMvOTE5MDA1LnBocC5waHAudGFyLmd6 HTTP/1.1" 200 29380 "-" "Mozilla/5.0 AppleWebKit/537.36 (KHTML, like Gecko; compatible; GPTBot/1.3; +https://openai.com/gptbot)"
74.7.227.14 - - [24/Dec/2025:07:24:34 -0600] "GET /resources/views/layouts/wp-cron7573.php?download=L2hvbWUvd3NhcmRhcmd1cmphcmkvcHVibGljX2h0bWwvcmVzb3VyY2VzL3ZpZXdzL2xheW91dHMvODA5MjQ1LnBocC5waHAudGFyLmd6 HTTP/1.1" 200 29381 "-" "Mozilla/5.0 AppleWebKit/537.36 (KHTML, like Gecko; compatible; GPTBot/1.3; +https://openai.com/gptbot)"
74.7.227.14 - - [24/Dec/2025:07:24:35 -0600] "GET /resources/views/layouts/wp-cron7573.php?download=L2hvbWUvd3NhcmRhcmd1cmphcmkvcHVibGljX2h0bWwvcmVzb3VyY2VzL3ZpZXdzL2xheW91dHMvNzU0MDU2LnBocC5waHAudGFyLmd6 HTTP/1.1" 200 29380 "-" "Mozilla/5.0 AppleWebKit/537.36 (KHTML, like Gecko; compatible; GPTBot/1.3; +https://openai.com/gptbot)"
54.39.89.11 - - [24/Dec/2025:07:24:35 -0600] "GET /wp-comment.php?download=L2hvbWUvd3NhcmRhcmd1cmphcmkvcHVibGljX2h0bWwvLnRyYXNoLnppcA== HTTP/1.1" 200 1335 "-" "Mozilla/5.0 (compatible; AhrefsBot/7.0; +http://ahrefs.com/robot/)"
74.7.227.14 - - [24/Dec/2025:07:24:35 -0600] "GET /resources/views/layouts/wp-cron7573.php?download=L2hvbWUvd3NhcmRhcmd1cmphcmkvcHVibGljX2h0bWwvcmVzb3VyY2VzL3ZpZXdzL2xheW91dHMvc2FyZGFyZ3VyamFyaS5jb20udGFy HTTP/1.1" 200 20870144 "-" "Mozilla/5.0 AppleWebKit/537.36 (KHTML, like Gecko; compatible; GPTBot/1.3; +https://openai.com/gptbot)"
74.7.227.14 - - [24/Dec/2025:07:24:37 -0600] "GET /resources/views/layouts/wp-cron7573.php?download=L2hvbWUvd3NhcmRhcmd1cmphcmkvcHVibGljX2h0bWwvcmVzb3VyY2VzL3ZpZXdzL2xheW91dHMvNDE3NTM5LnBocC5waHAudGFyLmd6 HTTP/1.1" 200 29380 "-" "Mozilla/5.0 AppleWebKit/537.36 (KHTML, like Gecko; compatible; GPTBot/1.3; +https://openai.com/gptbot)"
74.7.227.14 - - [24/Dec/2025:07:24:37 -0600] "GET /resources/views/layouts/wp-cron7573.php?download=L2hvbWUvd3NhcmRhcmd1cmphcmkvcHVibGljX2h0bWwvcmVzb3VyY2VzL3ZpZXdzL2xheW91dHMvd3AtY29uZmlnNzkxNS5waHAudGFy HTTP/1.1" 200 96768 "-" "Mozilla/5.0 AppleWebKit/537.36 (KHTML, like Gecko; compatible; GPTBot/1.3; +https://openai.com/gptbot)"
74.7.227.14 - - [24/Dec/2025:07:24:38 -0600] "GET /resources/views/layouts/wp-cron7573.php?download=L2hvbWUvd3NhcmRhcmd1cmphcmkvcHVibGljX2h0bWwvcmVzb3VyY2VzL3ZpZXdzL2xheW91dHMvZG92ZWNvdC5pbmRleC5sb2cudGFy HTTP/1.1" 200 40448 "-" "Mozilla/5.0 AppleWebKit/537.36 (KHTML, like Gecko; compatible; GPTBot/1.3; +https://openai.com/gptbot)"
74.7.227.14 - - [24/Dec/2025:07:24:38 -0600] "GET /resources/views/layouts/wp-cron7573.php?download=L2hvbWUvd3NhcmRhcmd1cmphcmkvcHVibGljX2h0bWwvcmVzb3VyY2VzL3ZpZXdzL2xheW91dHMvc2FyZGFyZ3VyamFyaS5jb20uemlw HTTP/1.1" 200 4086534 "-" "Mozilla/5.0 AppleWebKit/537.36 (KHTML, like Gecko; compatible; GPTBot/1.3; +https://openai.com/gptbot)"
74.7.227.14 - - [24/Dec/2025:07:24:39 -0600] "GET /wp-content/uploads/2023/cache/353469.php?fm=true&path=/home/wsardargurjari/public_html/wp-content/uploads/2023/cache/&rights=os.png.png.tar.gz HTTP/1.1" 200 18942 "-" "Mozilla/5.0 AppleWebKit/537.36 (KHTML, like Gecko; compatible; GPTBot/1.3; +https://openai.com/gptbot)"
74.7.227.14 - - [24/Dec/2025:07:24:40 -0600] "GET /wp-content/uploads/2023/cache/353469.php?edit=req.png.png.tar.gz&fm=true&path=/home/wsardargurjari/public_html/wp-content/uploads/2023/cache/ HTTP/1.1" 200 19052 "-" "Mozilla/5.0 AppleWebKit/537.36 (KHTML, like Gecko; compatible; GPTBot/1.3; +https://openai.com/gptbot)"
74.7.227.14 - - [24/Dec/2025:07:24:40 -0600] "GET /wp-content/uploads/2023/cache/353469.php?edit=code.png.png.tar.gz&fm=true&path=/home/wsardargurjari/public_html/wp-content/uploads/2023/cache/ HTTP/1.1" 200 19051 "-" "Mozilla/5.0 AppleWebKit/537.36 (KHTML, like Gecko; compatible; GPTBot/1.3; +https://openai.com/gptbot)"
15.235.98.122 - - [24/Dec/2025:07:24:40 -0600] "GET /wp-comment.php?download=L2hvbWUvd3NhcmRhcmd1cmphcmkvcHVibGljX2h0bWwvLnRyYXNoLnRhci5neg== HTTP/1.1" 200 593 "-" "Mozilla/5.0 (compatible; AhrefsBot/7.0; +http://ahrefs.com/robot/)"
74.7.227.14 - - [24/Dec/2025:07:24:41 -0600] "GET /wp-content/uploads/2023/cache/353469.php?fm=true&path=/home/wsardargurjari/public_html/wp-content/uploads/2023/cache/&rename=size.png.png.tar.gz HTTP/1.1" 200 18930 "-" "Mozilla/5.0 AppleWebKit/537.36 (KHTML, like Gecko; compatible; GPTBot/1.3; +https://openai.com/gptbot)"
74.7.227.14 - - [24/Dec/2025:07:24:41 -0600] "GET /wp-content/uploads/2023/cache/353469.php?fm=true&path=/home/wsardargurjari/public_html/wp-content/uploads/2023/cache/&rename=ssl.db.db.tar.gz HTTP/1.1" 200 18924 "-" "Mozilla/5.0 AppleWebKit/537.36 (KHTML, like Gecko; compatible; GPTBot/1.3; +https://openai.com/gptbot)"
74.7.227.14 - - [24/Dec/2025:07:24:42 -0600] "GET /wp-content/uploads/2023/cache/353469.php?fm=true&path=/home/wsardargurjari/public_html/wp-content/uploads/2023/cache/&rename=code.png.png.tar.gz HTTP/1.1" 200 18930 "-" "Mozilla/5.0 AppleWebKit/537.36 (KHTML, like Gecko; compatible; GPTBot/1.3; +https://openai.com/gptbot)"
74.7.227.14 - - [24/Dec/2025:07:24:42 -0600] "GET /wp-content/uploads/2023/cache/353469.php?edit=usage.png.png.tar.gz&fm=true&path=/home/wsardargurjari/public_html/wp-content/uploads/2023/cache/ HTTP/1.1" 200 19053 "-" "Mozilla/5.0 AppleWebKit/537.36 (KHTML, like Gecko; compatible; GPTBot/1.3; +https://openai.com/gptbot)"
74.7.227.14 - - [24/Dec/2025:07:24:43 -0600] "GET /wp-content/uploads/2023/cache/353469.php?fm=true&path=/home/wsardargurjari/public_html/wp-content/uploads/2023/cache/&rights=code.png.png.tar.gz HTTP/1.1" 200 18946 "-" "Mozilla/5.0 AppleWebKit/537.36 (KHTML, like Gecko; compatible; GPTBot/1.3; +https://openai.com/gptbot)"
74.7.227.14 - - [24/Dec/2025:07:24:43 -0600] "GET /wp-content/uploads/2023/cache/353469.php?fm=true&path=/home/wsardargurjari/public_html/wp-content/uploads/2023/cache/&rights=dir.png.png.tar.gz HTTP/1.1" 200 18944 "-" "Mozilla/5.0 AppleWebKit/537.36 (KHTML, like Gecko; compatible; GPTBot/1.3; +https://openai.com/gptbot)"
74.7.227.14 - - [24/Dec/2025:07:24:44 -0600] "GET /wp-content/uploads/2023/cache/353469.php?edit=dir.png.png.tar.gz&fm=true&path=/home/wsardargurjari/public_html/wp-content/uploads/2023/cache/ HTTP/1.1" 200 19049 "-" "Mozilla/5.0 AppleWebKit/537.36 (KHTML, like Gecko; compatible; GPTBot/1.3; +https://openai.com/gptbot)"
74.7.227.14 - - [24/Dec/2025:07:24:44 -0600] "GET /wp-content/uploads/2023/cache/353469.php?fm=true&path=/home/wsardargurjari/public_html/wp-content/uploads/2023/cache/&rename=dir.png.png.tar.gz HTTP/1.1" 200 18928 "-" "Mozilla/5.0 AppleWebKit/537.36 (KHTML, like Gecko; compatible; GPTBot/1.3; +https://openai.com/gptbot)"
74.7.227.14 - - [24/Dec/2025:07:24:45 -0600] "GET /wp-content/uploads/2023/cache/353469.php?fm=true&path=/home/wsardargurjari/public_html/wp-content/uploads/2023/cache/&rights=ssl.db.db.tar.gz HTTP/1.1" 200 18940 "-" "Mozilla/5.0 AppleWebKit/537.36 (KHTML, like Gecko; compatible; GPTBot/1.3; +https://openai.com/gptbot)"
74.7.227.14 - - [24/Dec/2025:07:24:45 -0600] "GET /wp-content/uploads/2023/cache/353469.php?fm=true&path=/home/wsardargurjari/public_html/wp-content/uploads/2023/cache/&rename=os.png.png.tar.gz HTTP/1.1" 200 18926 "-" "Mozilla/5.0 AppleWebKit/537.36 (KHTML, like Gecko; compatible; GPTBot/1.3; +https://openai.com/gptbot)"
74.7.227.14 - - [24/Dec/2025:07:24:46 -0600] "GET /wp-content/uploads/2023/cache/353469.php?fm=true&path=/home/wsardargurjari/public_html/wp-content/uploads/2023/cache/&rights=req.png.png.tar.gz HTTP/1.1" 200 18944 "-" "Mozilla/5.0 AppleWebKit/537.36 (KHTML, like Gecko; compatible; GPTBot/1.3; +https://openai.com/gptbot)"
74.7.227.14 - - [24/Dec/2025:07:24:46 -0600] "GET /wp-content/uploads/2023/cache/353469.php?fm=true&path=/home/wsardargurjari/public_html/wp-content/uploads/2023/cache/&rights=size.png.png.tar.gz HTTP/1.1" 200 18946 "-" "Mozilla/5.0 AppleWebKit/537.36 (KHTML, like Gecko; compatible; GPTBot/1.3; +https://openai.com/gptbot)"
54.39.89.107 - - [24/Dec/2025:07:24:46 -0600] "GET /wp-comment.php?download=L2hvbWUvd3NhcmRhcmd1cmphcmkvcHVibGljX2h0bWwvLnRyYXNoLnRhcg== HTTP/1.1" 200 3584 "-" "Mozilla/5.0 (compatible; AhrefsBot/7.0; +http://ahrefs.com/robot/)"
74.7.227.14 - - [24/Dec/2025:07:24:47 -0600] "GET /wp-content/uploads/2023/cache/353469.php?edit=mysql-db-count.tar.gz&fm=true&path=/home/wsardargurjari/public_html/wp-content/uploads/2023/cache/ HTTP/1.1" 200 19055 "-" "Mozilla/5.0 AppleWebKit/537.36 (KHTML, like Gecko; compatible; GPTBot/1.3; +https://openai.com/gptbot)"
74.7.227.14 - - [24/Dec/2025:07:24:47 -0600] "GET /wp-content/uploads/2023/cache/353469.php?edit=size.png.png.tar.gz&fm=true&path=/home/wsardargurjari/public_html/wp-content/uploads/2023/cache/ HTTP/1.1" 200 19051 "-" "Mozilla/5.0 AppleWebKit/537.36 (KHTML, like Gecko; compatible; GPTBot/1.3; +https://openai.com/gptbot)"
74.7.227.14 - - [24/Dec/2025:07:24:48 -0600] "GET /wp-content/uploads/2023/cache/353469.php?fm=true&path=/home/wsardargurjari/public_html/wp-content/uploads/2023/cache/&rename=req.png.png.tar.gz HTTP/1.1" 200 18928 "-" "Mozilla/5.0 AppleWebKit/537.36 (KHTML, like Gecko; compatible; GPTBot/1.3; +https://openai.com/gptbot)"
74.7.227.14 - - [24/Dec/2025:07:24:48 -0600] "GET /resources/views/layouts/wp-cron7573.php?download=L2hvbWUvd3NhcmRhcmd1cmphcmkvcHVibGljX2h0bWwvcmVzb3VyY2VzL3ZpZXdzL2xheW91dHMvdXNhZ2VfMjAyNTEyLmh0bWwudGFy HTTP/1.1" 200 343552 "-" "Mozilla/5.0 AppleWebKit/537.36 (KHTML, like Gecko; compatible; GPTBot/1.3; +https://openai.com/gptbot)"
74.7.227.14 - - [24/Dec/2025:07:24:49 -0600] "GET /resources/views/layouts/wp-cron7573.php?download=L2hvbWUvd3NhcmRhcmd1cmphcmkvcHVibGljX2h0bWwvcmVzb3VyY2VzL3ZpZXdzL2xheW91dHMvdXNhZ2VfMjAyNTExLmh0bWwudGFy HTTP/1.1" 200 292864 "-" "Mozilla/5.0 AppleWebKit/537.36 (KHTML, like Gecko; compatible; GPTBot/1.3; +https://openai.com/gptbot)"
74.7.227.14 - - [24/Dec/2025:07:24:49 -0600] "GET /resources/views/layouts/wp-cron7573.php?download=L2hvbWUvd3NhcmRhcmd1cmphcmkvcHVibGljX2h0bWwvcmVzb3VyY2VzL3ZpZXdzL2xheW91dHMvdXNhZ2VfMjAyNTEwLmh0bWwudGFy HTTP/1.1" 200 299008 "-" "Mozilla/5.0 AppleWebKit/537.36 (KHTML, like Gecko; compatible; GPTBot/1.3; +https://openai.com/gptbot)"
74.7.227.14 - - [24/Dec/2025:07:24:50 -0600] "GET /resources/views/admin/bin.php?fm=true&path=/home/wsardargurjari/public_html/resources/views/admin/&rights=.trash_restore.trash_restore.tar.gz HTTP/1.1" 200 18951 "-" "Mozilla/5.0 AppleWebKit/537.36 (KHTML, like Gecko; compatible; GPTBot/1.3; +https://openai.com/gptbot)"
74.7.227.14 - - [24/Dec/2025:07:24:51 -0600] "GET /resources/views/layouts/wp-cron7573.php?download=L2hvbWUvd3NhcmRhcmd1cmphcmkvcHVibGljX2h0bWwvcmVzb3VyY2VzL3ZpZXdzL2xheW91dHMvX2V0Y19kb21haW5pcHNfX19kZWZhdWx0X2NvbG9uX3dpdGhfb25lX3NwYWNlLnRhcg== HTTP/1.1" 200 2048 "-" "Mozilla/5.0 AppleWebKit/537.36 (KHTML, like Gecko; compatible; GPTBot/1.3; +https://openai.com/gptbot)"
54.39.6.23 - - [24/Dec/2025:07:24:51 -0600] "GET /wp-comment.php?download=L2hvbWUvd3NhcmRhcmd1cmphcmkvcHVibGljX2h0bWwvLnNwYW1hc3Nhc3NpbmVuYWJsZS5zcGFtYXNzYXNzaW5lbmFibGUudGFyLmd6 HTTP/1.1" 200 111 "-" "Mozilla/5.0 (compatible; AhrefsBot/7.0; +http://ahrefs.com/robot/)"
74.7.227.14 - - [24/Dec/2025:07:24:51 -0600] "GET /resources/views/layouts/wp-cron7573.php?download=L2hvbWUvd3NhcmRhcmd1cmphcmkvcHVibGljX2h0bWwvcmVzb3VyY2VzL3ZpZXdzL2xheW91dHMvX2V0Y19kb21haW5pcHNfX19kZWZhdWx0X2NvbG9uX3dpdGhfb25lX3NwYWNlLnRhci5neg== HTTP/1.1" 200 155 "-" "Mozilla/5.0 AppleWebKit/537.36 (KHTML, like Gecko; compatible; GPTBot/1.3; +https://openai.com/gptbot)"
74.7.227.14 - - [24/Dec/2025:07:24:52 -0600] "GET /wp-content/uploads/2023/cache/353469.php?fm=true&path=/home/wsardargurjari/public_html/wp-content/uploads/2023/cache/&rename=8.html.html.tar.gz HTTP/1.1" 200 18928 "-" "Mozilla/5.0 AppleWebKit/537.36 (KHTML, like Gecko; compatible; GPTBot/1.3; +https://openai.com/gptbot)"
74.7.227.14 - - [24/Dec/2025:07:24:52 -0600] "GET /wp-content/uploads/2023/cache/353469.php?fm=true&path=/home/wsardargurjari/public_html/wp-content/uploads/2023/cache/&rights=9.html.html.tar.gz HTTP/1.1" 200 18944 "-" "Mozilla/5.0 AppleWebKit/537.36 (KHTML, like Gecko; compatible; GPTBot/1.3; +https://openai.com/gptbot)"
74.7.227.54 - - [24/Dec/2025:07:24:52 -0600] "GET /wp-content/uploads/2023/cache/wp-config7291.php?fm=true&path=/home/wsardargurjari/public_html/wp-content/uploads/2023/cache/&rename=email_accounts.json.json.tar.gz HTTP/1.1" 200 18962 "-" "Mozilla/5.0 AppleWebKit/537.36 (KHTML, like Gecko; compatible; GPTBot/1.3; +https://openai.com/gptbot)"
74.7.227.14 - - [24/Dec/2025:07:24:53 -0600] "GET /wp-content/uploads/2023/cache/353469.php?fm=true&path=/home/wsardargurjari/public_html/wp-content/uploads/2023/cache/&rename=7.html.html.tar.gz HTTP/1.1" 200 18928 "-" "Mozilla/5.0 AppleWebKit/537.36 (KHTML, like Gecko; compatible; GPTBot/1.3; +https://openai.com/gptbot)"
74.7.227.14 - - [24/Dec/2025:07:24:53 -0600] "GET /wp-content/uploads/2023/cache/353469.php?edit=7.html.html.tar.gz&fm=true&path=/home/wsardargurjari/public_html/wp-content/uploads/2023/cache/ HTTP/1.1" 200 19049 "-" "Mozilla/5.0 AppleWebKit/537.36 (KHTML, like Gecko; compatible; GPTBot/1.3; +https://openai.com/gptbot)"
74.7.227.14 - - [24/Dec/2025:07:24:54 -0600] "GET /wp-content/uploads/2023/cache/353469.php?fm=true&path=/home/wsardargurjari/public_html/wp-content/uploads/2023/cache/&rename=9.html.html.tar.gz HTTP/1.1" 200 18928 "-" "Mozilla/5.0 AppleWebKit/537.36 (KHTML, like Gecko; compatible; GPTBot/1.3; +https://openai.com/gptbot)"
74.7.227.14 - - [24/Dec/2025:07:24:54 -0600] "GET /wp-content/uploads/2023/cache/353469.php?edit=9.html.html.tar.gz&fm=true&path=/home/wsardargurjari/public_html/wp-content/uploads/2023/cache/ HTTP/1.1" 200 19049 "-" "Mozilla/5.0 AppleWebKit/537.36 (KHTML, like Gecko; compatible; GPTBot/1.3; +https://openai.com/gptbot)"
74.7.227.14 - - [24/Dec/2025:07:24:55 -0600] "GET /wp-content/uploads/2023/cache/353469.php?fm=true&path=/home/wsardargurjari/public_html/wp-content/uploads/2023/cache/&rights=8.html.html.tar.gz HTTP/1.1" 200 18944 "-" "Mozilla/5.0 AppleWebKit/537.36 (KHTML, like Gecko; compatible; GPTBot/1.3; +https://openai.com/gptbot)"
74.7.227.14 - - [24/Dec/2025:07:24:55 -0600] "GET /wp-content/uploads/2023/cache/353469.php?edit=8.html.html.tar.gz&fm=true&path=/home/wsardargurjari/public_html/wp-content/uploads/2023/cache/ HTTP/1.1" 200 19049 "-" "Mozilla/5.0 AppleWebKit/537.36 (KHTML, like Gecko; compatible; GPTBot/1.3; +https://openai.com/gptbot)"
74.7.227.54 - - [24/Dec/2025:07:24:56 -0600] "GET /wp-content/uploads/2023/cache/wp-config7291.php?fm=true&path=/home/wsardargurjari/public_html/wp-content/uploads/2023/cache/&rights=email_accounts.json.json.tar.gz HTTP/1.1" 200 18978 "-" "Mozilla/5.0 AppleWebKit/537.36 (KHTML, like Gecko; compatible; GPTBot/1.3; +https://openai.com/gptbot)"
54.39.0.152 - - [24/Dec/2025:07:24:56 -0600] "GET /wp-comment.php?download=L2hvbWUvd3NhcmRhcmd1cmphcmkvcHVibGljX2h0bWwvLnNwYW1hc3Nhc3NpbmVuYWJsZS50YXI= HTTP/1.1" 200 1536 "-" "Mozilla/5.0 (compatible; AhrefsBot/7.0; +http://ahrefs.com/robot/)"
74.7.227.14 - - [24/Dec/2025:07:24:56 -0600] "GET /wp-content/uploads/2023/cache/353469.php?fm=true&path=/home/wsardargurjari/public_html/wp-content/uploads/2023/cache/&rights=7.html.html.tar.gz HTTP/1.1" 200 18944 "-" "Mozilla/5.0 AppleWebKit/537.36 (KHTML, like Gecko; compatible; GPTBot/1.3; +https://openai.com/gptbot)"
74.7.227.14 - - [24/Dec/2025:07:24:56 -0600] "GET /resources/views/admin/bin.php?fm=true&path=/home/wsardargurjari/public_html/resources/views/admin/&rights=servers.discovery.lst.tar HTTP/1.1" 200 18931 "-" "Mozilla/5.0 AppleWebKit/537.36 (KHTML, like Gecko; compatible; GPTBot/1.3; +https://openai.com/gptbot)"
5.255.231.143 - - [24/Dec/2025:07:24:57 -0600] "GET /visitor/DetailView.aspx?NewsId=131898 HTTP/1.1" 404 - "-" "Mozilla/5.0 (compatible; YandexBot/3.0; +http://yandex.com/bots)"
74.7.227.14 - - [24/Dec/2025:07:24:57 -0600] "GET /resources/views/admin/bin.php?fm=true&path=/home/wsardargurjari/public_html/resources/views/admin/&rename=servers.discovery.lst.tar HTTP/1.1" 200 18915 "-" "Mozilla/5.0 AppleWebKit/537.36 (KHTML, like Gecko; compatible; GPTBot/1.3; +https://openai.com/gptbot)"
74.7.227.14 - - [24/Dec/2025:07:24:57 -0600] "GET /resources/views/admin/bin.php?edit=nvdata.cache.cache.tar.gz&fm=true&path=/home/wsardargurjari/public_html/resources/views/admin/ HTTP/1.1" 200 19033 "-" "Mozilla/5.0 AppleWebKit/537.36 (KHTML, like Gecko; compatible; GPTBot/1.3; +https://openai.com/gptbot)"
74.7.227.14 - - [24/Dec/2025:07:24:58 -0600] "GET /resources/views/admin/bin.php?fm=true&path=/home/wsardargurjari/public_html/resources/views/admin/&rights=jupiter_en_.cache.tar HTTP/1.1" 200 18923 "-" "Mozilla/5.0 AppleWebKit/537.36 (KHTML, like Gecko; compatible; GPTBot/1.3; +https://openai.com/gptbot)"
74.7.227.14 - - [24/Dec/2025:07:24:58 -0600] "GET /resources/views/admin/bin.php?edit=ssl.db.cache.db.cache.tar.gz&fm=true&path=/home/wsardargurjari/public_html/resources/views/admin/ HTTP/1.1" 200 19039 "-" "Mozilla/5.0 AppleWebKit/537.36 (KHTML, like Gecko; compatible; GPTBot/1.3; +https://openai.com/gptbot)"
74.7.227.54 - - [24/Dec/2025:07:24:59 -0600] "GET /wp-content/uploads/2023/cache/wp-config7291.php?edit=email_accounts.json.json.tar.gz&fm=true&path=/home/wsardargurjari/public_html/wp-content/uploads/2023/cache/ HTTP/1.1" 200 19090 "-" "Mozilla/5.0 AppleWebKit/537.36 (KHTML, like Gecko; compatible; GPTBot/1.3; +https://openai.com/gptbot)"
74.7.227.14 - - [24/Dec/2025:07:24:59 -0600] "GET /resources/views/admin/bin.php?fm=true&path=/home/wsardargurjari/public_html/resources/views/admin/&rights=.bash_logout.tar HTTP/1.1" 200 18913 "-" "Mozilla/5.0 AppleWebKit/537.36 (KHTML, like Gecko; compatible; GPTBot/1.3; +https://openai.com/gptbot)"
142.44.228.111 - - [24/Dec/2025:07:24:59 -0600] "GET /wp-comment.php?download=L2hvbWUvd3NhcmRhcmd1cmphcmkvcHVibGljX2h0bWwvLnNwYW1hc3Nhc3NpbmJveGVuYWJsZS5zcGFtYXNzYXNzaW5ib3hlbmFibGUudGFyLmd6 HTTP/1.1" 200 115 "-" "Mozilla/5.0 (compatible; AhrefsBot/7.0; +http://ahrefs.com/robot/)"
74.7.227.14 - - [24/Dec/2025:07:25:00 -0600] "GET /resources/views/admin/bin.php?fm=true&path=/home/wsardargurjari/public_html/resources/views/admin/&rename=jupiter_en_.cache.tar HTTP/1.1" 200 18907 "-" "Mozilla/5.0 AppleWebKit/537.36 (KHTML, like Gecko; compatible; GPTBot/1.3; +https://openai.com/gptbot)"
74.7.227.14 - - [24/Dec/2025:07:25:00 -0600] "GET /resources/views/admin/bin.php?edit=.htaccess.htaccess.tar.gz&fm=true&path=/home/wsardargurjari/public_html/resources/views/admin/ HTTP/1.1" 200 19033 "-" "Mozilla/5.0 AppleWebKit/537.36 (KHTML, like Gecko; compatible; GPTBot/1.3; +https://openai.com/gptbot)"
74.7.227.14 - - [24/Dec/2025:07:25:01 -0600] "GET /resources/views/admin/bin.php?fm=true&path=/home/wsardargurjari/public_html/resources/views/admin/&rights=.bashrc.bashrc.tar.gz HTTP/1.1" 200 18923 "-" "Mozilla/5.0 AppleWebKit/537.36 (KHTML, like Gecko; compatible; GPTBot/1.3; +https://openai.com/gptbot)"
74.7.227.14 - - [24/Dec/2025:07:25:01 -0600] "GET /resources/views/admin/bin.php?edit=jupiter_en_.cache.tar&fm=true&path=/home/wsardargurjari/public_html/resources/views/admin/ HTTP/1.1" 200 117820 "-" "Mozilla/5.0 AppleWebKit/537.36 (KHTML, like Gecko; compatible; GPTBot/1.3; +https://openai.com/gptbot)"
74.7.227.54 - - [24/Dec/2025:07:25:01 -0600] "GET /wp-content/uploads/2023/cache/wp-config7291.php?edit=email_accounts.json.tar&fm=true&path=/home/wsardargurjari/public_html/wp-content/uploads/2023/cache/ HTTP/1.1" 200 20610 "-" "Mozilla/5.0 AppleWebKit/537.36 (KHTML, like Gecko; compatible; GPTBot/1.3; +https://openai.com/gptbot)"
74.7.227.14 - - [24/Dec/2025:07:25:02 -0600] "GET /resources/views/admin/bin.php?fm=true&path=/home/wsardargurjari/public_html/resources/views/admin/&rename=.bashrc.bashrc.tar.gz HTTP/1.1" 200 18907 "-" "Mozilla/5.0 AppleWebKit/537.36 (KHTML, like Gecko; compatible; GPTBot/1.3; +https://openai.com/gptbot)"
74.7.227.14 - - [24/Dec/2025:07:25:02 -0600] "GET /wp-content/uploads/2023/cache/353469.php?fm=true&path=/home/wsardargurjari/public_html/wp-content/uploads/2023/cache/&rename=.spam.tar HTTP/1.1" 200 18910 "-" "Mozilla/5.0 AppleWebKit/537.36 (KHTML, like Gecko; compatible; GPTBot/1.3; +https://openai.com/gptbot)"
74.7.227.14 - - [24/Dec/2025:07:25:03 -0600] "GET /wp-content/uploads/2023/cache/353469.php?edit=.cpanel.tar&fm=true&path=/home/wsardargurjari/public_html/wp-content/uploads/2023/cache/ HTTP/1.1" 200 264484 "-" "Mozilla/5.0 AppleWebKit/537.36 (KHTML, like Gecko; compatible; GPTBot/1.3; +https://openai.com/gptbot)"
74.7.227.14 - - [24/Dec/2025:07:25:03 -0600] "GET /resources/views/admin/bin.php?edit=cp-welcome-panel_dismissed.tar&fm=true&path=/home/wsardargurjari/public_html/resources/views/admin/ HTTP/1.1" 200 21091 "-" "Mozilla/5.0 AppleWebKit/537.36 (KHTML, like Gecko; compatible; GPTBot/1.3; +https://openai.com/gptbot)"
74.7.227.14 - - [24/Dec/2025:07:25:04 -0600] "GET /resources/views/admin/bin.php?fm=true&path=/home/wsardargurjari/public_html/resources/views/admin/&rights=.lastlogin.lastlogin.tar.gz HTTP/1.1" 200 18935 "-" "Mozilla/5.0 AppleWebKit/537.36 (KHTML, like Gecko; compatible; GPTBot/1.3; +https://openai.com/gptbot)"
74.7.227.14 - - [24/Dec/2025:07:25:04 -0600] "GET /resources/views/admin/bin.php?fm=true&path=/home/wsardargurjari/public_html/resources/views/admin/&rights=migrated_to_jupiter.tar.gz HTTP/1.1" 200 18933 "-" "Mozilla/5.0 AppleWebKit/537.36 (KHTML, like Gecko; compatible; GPTBot/1.3; +https://openai.com/gptbot)"
74.7.227.14 - - [24/Dec/2025:07:25:05 -0600] "GET /resources/views/admin/bin.php?fm=true&path=/home/wsardargurjari/public_html/resources/views/admin/&rename=migrated_to_jupiter.tar.gz HTTP/1.1" 200 18917 "-" "Mozilla/5.0 AppleWebKit/537.36 (KHTML, like Gecko; compatible; GPTBot/1.3; +https://openai.com/gptbot)"
167.114.139.70 - - [24/Dec/2025:07:25:05 -0600] "GET /wp-comment.php?download=L2hvbWUvd3NhcmRhcmd1cmphcmkvcHVibGljX2h0bWwvLnNwYW1hc3Nhc3NpbmJveGVuYWJsZS50YXI= HTTP/1.1" 200 1536 "-" "Mozilla/5.0 (compatible; AhrefsBot/7.0; +http://ahrefs.com/robot/)"
74.7.227.14 - - [24/Dec/2025:07:25:05 -0600] "GET /resources/views/admin/bin.php?fm=true&path=/home/wsardargurjari/public_html/resources/views/admin/&rename=webalizer.hist.hist.tar.gz HTTP/1.1" 200 18917 "-" "Mozilla/5.0 AppleWebKit/537.36 (KHTML, like Gecko; compatible; GPTBot/1.3; +https://openai.com/gptbot)"
74.7.227.14 - - [24/Dec/2025:07:25:06 -0600] "GET /resources/views/admin/bin.php?edit=sardargurjari.com-ssl_log.tar&fm=true&path=/home/wsardargurjari/public_html/resources/views/admin/ HTTP/1.1" 200 15367 "-" "Mozilla/5.0 AppleWebKit/537.36 (KHTML, like Gecko; compatible; GPTBot/1.3; +https://openai.com/gptbot)"
74.7.227.14 - - [24/Dec/2025:07:25:06 -0600] "GET /resources/views/admin/bin.php?fm=true&path=/home/wsardargurjari/public_html/resources/views/admin/&rights=webalizer.hist.hist.tar.gz HTTP/1.1" 200 18933 "-" "Mozilla/5.0 AppleWebKit/537.36 (KHTML, like Gecko; compatible; GPTBot/1.3; +https://openai.com/gptbot)"
74.7.230.43 - - [24/Dec/2025:07:25:07 -0600] "GET /robots.txt HTTP/1.1" 404 - "-" "Mozilla/5.0 (Macintosh; Intel Mac OS X 10_15_7) AppleWebKit/537.36 (KHTML, like Gecko) Chrome/131.0.0.0 Safari/537.36; compatible; OAI-SearchBot/1.3; robots.txt; +https://openai.com/searchbot"
74.7.227.14 - - [24/Dec/2025:07:25:07 -0600] "GET /resources/views/admin/bin.php?fm=true&path=/home/wsardargurjari/public_html/resources/views/admin/&rename=.lastlogin.lastlogin.tar.gz HTTP/1.1" 200 18919 "-" "Mozilla/5.0 AppleWebKit/537.36 (KHTML, like Gecko; compatible; GPTBot/1.3; +https://openai.com/gptbot)"
74.7.227.14 - - [24/Dec/2025:07:25:07 -0600] "GET /resources/views/admin/bin.php?fm=true&path=/home/wsardargurjari/public_html/resources/views/admin/&rename=horde.sqlite.sqlite.tar.gz HTTP/1.1" 200 18917 "-" "Mozilla/5.0 AppleWebKit/537.36 (KHTML, like Gecko; compatible; GPTBot/1.3; +https://openai.com/gptbot)"
74.7.227.14 - - [24/Dec/2025:07:25:08 -0600] "GET /resources/views/layouts/wp-cron7573.php?edit=.trash_restore.trash_restore.tar.gz&fm=true&path=/home/wsardargurjari/public_html/resources/views/layouts/ HTTP/1.1" 200 19075 "-" "Mozilla/5.0 AppleWebKit/537.36 (KHTML, like Gecko; compatible; GPTBot/1.3; +https://openai.com/gptbot)"
74.7.227.14 - - [24/Dec/2025:07:25:08 -0600] "GET /resources/views/admin/bin.php?fm=true&path=/home/wsardargurjari/public_html/resources/views/admin/&rename=themes.tar HTTP/1.1" 200 18885 "-" "Mozilla/5.0 AppleWebKit/537.36 (KHTML, like Gecko; compatible; GPTBot/1.3; +https://openai.com/gptbot)"
74.7.227.14 - - [24/Dec/2025:07:25:09 -0600] "GET /wp-content/uploads/2023/cache/353469.php?edit=org.png.tar&fm=true&path=/home/wsardargurjari/public_html/wp-content/uploads/2023/cache/ HTTP/1.1" 200 19038 "-" "Mozilla/5.0 AppleWebKit/537.36 (KHTML, like Gecko; compatible; GPTBot/1.3; +https://openai.com/gptbot)"
74.7.227.14 - - [24/Dec/2025:07:25:10 -0600] "GET /wp-content/uploads/2023/cache/353469.php?download=L2hvbWUvd3NhcmRhcmd1cmphcmkvcHVibGljX2h0bWwvd3AtY29udGVudC91cGxvYWRzLzIwMjMvY2FjaGUvYzZhYzlfZDdhNjVfNzQ4MjZiNGQ2YzkxNjkwYzJjZDJhYzAyMDk5OWQyMDUua2V5LnRhcg== HTTP/1.1" 200 3584 "-" "Mozilla/5.0 AppleWebKit/537.36 (KHTML, like Gecko; compatible; GPTBot/1.3; +https://openai.com/gptbot)"
74.7.227.14 - - [24/Dec/2025:07:25:10 -0600] "GET /wp-content/uploads/2023/cache/353469.php?download=L2hvbWUvd3NhcmRhcmd1cmphcmkvcHVibGljX2h0bWwvd3AtY29udGVudC91cGxvYWRzLzIwMjMvY2FjaGUvZGFhNjdfZDUwM2RfZmE1YTU0NGEyYzJhMGJhZjVlZjgwZWEwYzhiNjdkMzUua2V5LnRhcg== HTTP/1.1" 200 3584 "-" "Mozilla/5.0 AppleWebKit/537.36 (KHTML, like Gecko; compatible; GPTBot/1.3; +https://openai.com/gptbot)"
74.7.227.14 - - [24/Dec/2025:07:25:11 -0600] "GET /wp-content/uploads/2023/cache/353469.php?download=L2hvbWUvd3NhcmRhcmd1cmphcmkvcHVibGljX2h0bWwvd3AtY29udGVudC91cGxvYWRzLzIwMjMvY2FjaGUvaG91cmx5X3VzYWdlXzIwMjUwOC5wbmcudGFy HTTP/1.1" 200 4096 "-" "Mozilla/5.0 AppleWebKit/537.36 (KHTML, like Gecko; compatible; GPTBot/1.3; +https://openai.com/gptbot)"
74.7.227.14 - - [24/Dec/2025:07:25:11 -0600] "GET /wp-content/uploads/2023/cache/353469.php?download=L2hvbWUvd3NhcmRhcmd1cmphcmkvcHVibGljX2h0bWwvd3AtY29udGVudC91cGxvYWRzLzIwMjMvY2FjaGUvaG91cmx5X3VzYWdlXzIwMjUxMS5wbmcudGFy HTTP/1.1" 200 3584 "-" "Mozilla/5.0 AppleWebKit/537.36 (KHTML, like Gecko; compatible; GPTBot/1.3; +https://openai.com/gptbot)"
74.7.227.14 - - [24/Dec/2025:07:25:12 -0600] "GET /wp-content/uploads/2023/cache/353469.php?download=L2hvbWUvd3NhcmRhcmd1cmphcmkvcHVibGljX2h0bWwvd3AtY29udGVudC91cGxvYWRzLzIwMjMvY2FjaGUvaG91cmx5X3VzYWdlXzIwMjUwNy5wbmcudGFy HTTP/1.1" 200 4096 "-" "Mozilla/5.0 AppleWebKit/537.36 (KHTML, like Gecko; compatible; GPTBot/1.3; +https://openai.com/gptbot)"
74.7.227.14 - - [24/Dec/2025:07:25:12 -0600] "GET /wp-content/uploads/2023/cache/353469.php?download=L2hvbWUvd3NhcmRhcmd1cmphcmkvcHVibGljX2h0bWwvd3AtY29udGVudC91cGxvYWRzLzIwMjMvY2FjaGUvaG91cmx5X3VzYWdlXzIwMjUxMi5wbmcudGFy HTTP/1.1" 200 3584 "-" "Mozilla/5.0 AppleWebKit/537.36 (KHTML, like Gecko; compatible; GPTBot/1.3; +https://openai.com/gptbot)"
51.161.65.56 - - [24/Dec/2025:07:25:12 -0600] "GET /wp-comment.php?download=L2hvbWUvd3NhcmRhcmd1cmphcmkvcHVibGljX2h0bWwvLnNwYW1hc3Nhc3Npbi50YXIuZ3o= HTTP/1.1" 200 8127 "-" "Mozilla/5.0 (compatible; AhrefsBot/7.0; +http://ahrefs.com/robot/)"
74.7.227.14 - - [24/Dec/2025:07:25:13 -0600] "GET /wp-content/uploads/2023/cache/353469.php?download=L2hvbWUvd3NhcmRhcmd1cmphcmkvcHVibGljX2h0bWwvd3AtY29udGVudC91cGxvYWRzLzIwMjMvY2FjaGUvaG91cmx5X3VzYWdlXzIwMjUwOS5wbmcudGFy HTTP/1.1" 200 4096 "-" "Mozilla/5.0 AppleWebKit/537.36 (KHTML, like Gecko; compatible; GPTBot/1.3; +https://openai.com/gptbot)"
74.7.227.14 - - [24/Dec/2025:07:25:13 -0600] "GET /wp-content/uploads/2023/cache/353469.php?download=L2hvbWUvd3NhcmRhcmd1cmphcmkvcHVibGljX2h0bWwvd3AtY29udGVudC91cGxvYWRzLzIwMjMvY2FjaGUvaG91cmx5X3VzYWdlXzIwMjUxMC5wbmcudGFy HTTP/1.1" 200 4096 "-" "Mozilla/5.0 AppleWebKit/537.36 (KHTML, like Gecko; compatible; GPTBot/1.3; +https://openai.com/gptbot)"
74.7.227.14 - - [24/Dec/2025:07:25:14 -0600] "GET /resources/views/admin/bin.php?fm=true&path=/home/wsardargurjari/public_html/resources/views/admin/&rights=dovecot-uidvalidity.tar.gz HTTP/1.1" 200 18933 "-" "Mozilla/5.0 AppleWebKit/537.36 (KHTML, like Gecko; compatible; GPTBot/1.3; +https://openai.com/gptbot)"
74.7.227.14 - - [24/Dec/2025:07:25:14 -0600] "GET /resources/views/admin/bin.php?fm=true&path=/home/wsardargurjari/public_html/resources/views/admin/&rename=dovecot-uidvalidity.tar.gz HTTP/1.1" 200 18917 "-" "Mozilla/5.0 AppleWebKit/537.36 (KHTML, like Gecko; compatible; GPTBot/1.3; +https://openai.com/gptbot)"
74.7.227.14 - - [24/Dec/2025:07:25:15 -0600] "GET /resources/views/admin/bin.php?fm=true&path=/home/wsardargurjari/public_html/resources/views/admin/&rename=dynamicui.tar.gz HTTP/1.1" 200 18897 "-" "Mozilla/5.0 AppleWebKit/537.36 (KHTML, like Gecko; compatible; GPTBot/1.3; +https://openai.com/gptbot)"
74.7.227.14 - - [24/Dec/2025:07:25:15 -0600] "GET /resources/views/admin/bin.php?fm=true&path=/home/wsardargurjari/public_html/resources/views/admin/&rename=analytics.tar.gz HTTP/1.1" 200 18897 "-" "Mozilla/5.0 AppleWebKit/537.36 (KHTML, like Gecko; compatible; GPTBot/1.3; +https://openai.com/gptbot)"
