74.7.227.14 - - [24/Dec/2025:07:22:25 -0600] "GET /resources/views/admin/bin.php?download=L2hvbWUvd3NhcmRhcmd1cmphcmkvcHVibGljX2h0bWwvcmVzb3VyY2VzL3ZpZXdzL2FkbWluL3NzbC50YXIuZ3o= HTTP/1.1" 200 12868 "-" "Mozilla/5.0 AppleWebKit/537.36 (KHTML, like Gecko; compatible; GPTBot/1.3; +https://openai.com/gptbot)"
74.7.227.14 - - [24/Dec/2025:07:22:25 -0600] "GET /resources/views/admin/bin.php?download=L2hvbWUvd3NhcmRhcmd1cmphcmkvcHVibGljX2h0bWwvcmVzb3VyY2VzL3ZpZXdzL2FkbWluLy50cmFzaC50YXI= HTTP/1.1" 200 3584 "-" "Mozilla/5.0 AppleWebKit/537.36 (KHTML, like Gecko; compatible; GPTBot/1.3; +https://openai.com/gptbot)"
74.7.227.14 - - [24/Dec/2025:07:22:26 -0600] "GET /resources/views/admin/bin.php?download=L2hvbWUvd3NhcmRhcmd1cmphcmkvcHVibGljX2h0bWwvcmVzb3VyY2VzL3ZpZXdzL2FkbWluL3NyYy50YXIuZ3o= HTTP/1.1" 200 696428 "-" "Mozilla/5.0 AppleWebKit/537.36 (KHTML, like Gecko; compatible; GPTBot/1.3; +https://openai.com/gptbot)"
74.7.227.14 - - [24/Dec/2025:07:22:26 -0600] "GET /resources/views/admin/bin.php?download=L2hvbWUvd3NhcmRhcmd1cmphcmkvcHVibGljX2h0bWwvcmVzb3VyY2VzL3ZpZXdzL2FkbWluL2Nzcy50YXIuZ3o= HTTP/1.1" 200 86600 "-" "Mozilla/5.0 AppleWebKit/537.36 (KHTML, like Gecko; compatible; GPTBot/1.3; +https://openai.com/gptbot)"
74.7.227.14 - - [24/Dec/2025:07:22:27 -0600] "GET /resources/views/admin/bin.php?download=L2hvbWUvd3NhcmRhcmd1cmphcmkvcHVibGljX2h0bWwvcmVzb3VyY2VzL3ZpZXdzL2FkbWluL25ldy50YXIuZ3o= HTTP/1.1" 200 9014275 "-" "Mozilla/5.0 AppleWebKit/537.36 (KHTML, like Gecko; compatible; GPTBot/1.3; +https://openai.com/gptbot)"
74.7.227.14 - - [24/Dec/2025:07:22:28 -0600] "GET /resources/views/admin/bin.php?download=L2hvbWUvd3NhcmRhcmd1cmphcmkvcHVibGljX2h0bWwvcmVzb3VyY2VzL3ZpZXdzL2FkbWluL2FwcC50YXIuZ3o= HTTP/1.1" 200 178518 "-" "Mozilla/5.0 AppleWebKit/537.36 (KHTML, like Gecko; compatible; GPTBot/1.3; +https://openai.com/gptbot)"
142.44.228.247 - - [24/Dec/2025:07:22:28 -0600] "GET /wp-comment.php?download=L2hvbWUvd3NhcmRhcmd1cmphcmkvcHVibGljX2h0bWwvZG92ZWNvdC5pbmRleC5sb2cuaW5kZXgubG9nLnRhci5neg== HTTP/1.1" 200 1782 "-" "Mozilla/5.0 (compatible; AhrefsBot/7.0; +http://ahrefs.com/robot/)"
74.7.227.14 - - [24/Dec/2025:07:22:28 -0600] "GET /resources/views/admin/bin.php?download=L2hvbWUvd3NhcmRhcmd1cmphcmkvcHVibGljX2h0bWwvcmVzb3VyY2VzL3ZpZXdzL2FkbWluL2R5bmFtaWN1aS50YXI= HTTP/1.1" 200 55808 "-" "Mozilla/5.0 AppleWebKit/537.36 (KHTML, like Gecko; compatible; GPTBot/1.3; +https://openai.com/gptbot)"
74.7.227.14 - - [24/Dec/2025:07:22:29 -0600] "GET /resources/views/admin/bin.php?download=L2hvbWUvd3NhcmRhcmd1cmphcmkvcHVibGljX2h0bWwvcmVzb3VyY2VzL3ZpZXdzL2FkbWluL2Fzc2V0cy50YXI= HTTP/1.1" 200 4162560 "-" "Mozilla/5.0 AppleWebKit/537.36 (KHTML, like Gecko; compatible; GPTBot/1.3; +https://openai.com/gptbot)"
74.7.227.14 - - [24/Dec/2025:07:22:29 -0600] "GET /resources/views/admin/bin.php?download=L2hvbWUvd3NhcmRhcmd1cmphcmkvcHVibGljX2h0bWwvcmVzb3VyY2VzL3ZpZXdzL2FkbWluL2NhY2hlcy50YXIuZ3o= HTTP/1.1" 200 11098 "-" "Mozilla/5.0 AppleWebKit/537.36 (KHTML, like Gecko; compatible; GPTBot/1.3; +https://openai.com/gptbot)"
54.39.6.240 - - [24/Dec/2025:07:22:32 -0600] "GET /wp-comment.php?download=L2hvbWUvd3NhcmRhcmd1cmphcmkvcHVibGljX2h0bWwvZG92ZWNvdC1xdW90YS50YXIuZ3o= HTTP/1.1" 200 152 "-" "Mozilla/5.0 (compatible; AhrefsBot/7.0; +http://ahrefs.com/robot/)"
142.44.225.159 - - [24/Dec/2025:07:22:38 -0600] "GET /wp-comment.php?download=L2hvbWUvd3NhcmRhcmd1cmphcmkvcHVibGljX2h0bWwvZG92ZWNvdC1xdW90YS50YXI= HTTP/1.1" 200 2048 "-" "Mozilla/5.0 (compatible; AhrefsBot/7.0; +http://ahrefs.com/robot/)"
51.222.95.75 - - [24/Dec/2025:07:22:43 -0600] "GET /wp-comment.php?download=L2hvbWUvd3NhcmRhcmd1cmphcmkvcHVibGljX2h0bWwvYXdzdGF0cy50YXIuZ3o= HTTP/1.1" 200 211072 "-" "Mozilla/5.0 (compatible; AhrefsBot/7.0; +http://ahrefs.com/robot/)"
74.7.227.14 - - [24/Dec/2025:07:22:30 -0600] "GET /resources/views/admin/bin.php?download=L2hvbWUvd3NhcmRhcmd1cmphcmkvcHVibGljX2h0bWwvcmVzb3VyY2VzL3ZpZXdzL2FkbWluL2Vycm9yX2xvZy50YXI= HTTP/1.1" 200 382428160 "-" "Mozilla/5.0 AppleWebKit/537.36 (KHTML, like Gecko; compatible; GPTBot/1.3; +https://openai.com/gptbot)"
74.7.227.14 - - [24/Dec/2025:07:22:46 -0600] "GET /resources/views/admin/bin.php?download=L2hvbWUvd3NhcmRhcmd1cmphcmkvcHVibGljX2h0bWwvcmVzb3VyY2VzL3ZpZXdzL2FkbWluL3B1YmxpYy50YXIuZ3o= HTTP/1.1" 200 415962 "-" "Mozilla/5.0 AppleWebKit/537.36 (KHTML, like Gecko; compatible; GPTBot/1.3; +https://openai.com/gptbot)"
74.7.227.14 - - [24/Dec/2025:07:22:47 -0600] "GET /resources/views/admin/bin.php?download=L2hvbWUvd3NhcmRhcmd1cmphcmkvcHVibGljX2h0bWwvcmVzb3VyY2VzL3ZpZXdzL2FkbWluL2luYy50YXIuZ3o= HTTP/1.1" 200 173605 "-" "Mozilla/5.0 AppleWebKit/537.36 (KHTML, like Gecko; compatible; GPTBot/1.3; +https://openai.com/gptbot)"
74.7.227.14 - - [24/Dec/2025:07:22:47 -0600] "GET /resources/views/admin/bin.php?download=L2hvbWUvd3NhcmRhcmd1cmphcmkvcHVibGljX2h0bWwvcmVzb3VyY2VzL3ZpZXdzL2FkbWluL3B1YmxpYy56aXA= HTTP/1.1" 200 6006532 "-" "Mozilla/5.0 AppleWebKit/537.36 (KHTML, like Gecko; compatible; GPTBot/1.3; +https://openai.com/gptbot)"
74.7.227.14 - - [24/Dec/2025:07:22:48 -0600] "GET /resources/views/admin/bin.php?download=L2hvbWUvd3NhcmRhcmd1cmphcmkvcHVibGljX2h0bWwvcmVzb3VyY2VzL3ZpZXdzL2FkbWluLy50cmFzaC50YXIuZ3o= HTTP/1.1" 200 593 "-" "Mozilla/5.0 AppleWebKit/537.36 (KHTML, like Gecko; compatible; GPTBot/1.3; +https://openai.com/gptbot)"
65.21.136.254 - - [24/Dec/2025:07:22:48 -0600] "GET /11.html.html.tar.gz HTTP/1.1" 200 7703 "-" "Mozilla/5.0 (X11; Linux x86_64; rv:146.0) Gecko/20100101 Firefox/146.0"
74.7.227.14 - - [24/Dec/2025:07:22:48 -0600] "GET /resources/views/admin/bin.php?download=L2hvbWUvd3NhcmRhcmd1cmphcmkvcHVibGljX2h0bWwvcmVzb3VyY2VzL3ZpZXdzL2FkbWluL3NzbC5kYi50YXI= HTTP/1.1" 200 16896 "-" "Mozilla/5.0 AppleWebKit/537.36 (KHTML, like Gecko; compatible; GPTBot/1.3; +https://openai.com/gptbot)"
74.7.227.14 - - [24/Dec/2025:07:22:49 -0600] "GET /resources/views/admin/bin.php?download=L2hvbWUvd3NhcmRhcmd1cmphcmkvcHVibGljX2h0bWwvcmVzb3VyY2VzL3ZpZXdzL2FkbWluL2NwLXdlbGNvbWUtcGFuZWxfZGlzbWlzc2VkLnRhcg== HTTP/1.1" 200 2048 "-" "Mozilla/5.0 AppleWebKit/537.36 (KHTML, like Gecko; compatible; GPTBot/1.3; +https://openai.com/gptbot)"
74.7.227.14 - - [24/Dec/2025:07:22:49 -0600] "GET /resources/views/admin/bin.php?download=L2hvbWUvd3NhcmRhcmd1cmphcmkvcHVibGljX2h0bWwvcmVzb3VyY2VzL3ZpZXdzL2FkbWluL3dwLXNldHRpbmdzNTYyNS5waHAucGhwLnRhci5neg== HTTP/1.1" 200 29382 "-" "Mozilla/5.0 AppleWebKit/537.36 (KHTML, like Gecko; compatible; GPTBot/1.3; +https://openai.com/gptbot)"
54.39.6.249 - - [24/Dec/2025:07:22:49 -0600] "GET /wp-comment.php?download=L2hvbWUvd3NhcmRhcmd1cmphcmkvcHVibGljX2h0bWwvYXdzdGF0cy50YXI= HTTP/1.1" 200 131072 "-" "Mozilla/5.0 (compatible; AhrefsBot/7.0; +http://ahrefs.com/robot/)"
74.7.227.14 - - [24/Dec/2025:07:22:50 -0600] "GET /includes/libraries/vendor/356534.php?download=L2hvbWUvd3NhcmRhcmd1cmphcmkvcHVibGljX2h0bWwvaW5jbHVkZXMvbGlicmFyaWVzL3ZlbmRvci93cC1qc29uODcyMy5waHA= HTTP/1.1" 200 94991 "-" "Mozilla/5.0 AppleWebKit/537.36 (KHTML, like Gecko; compatible; GPTBot/1.3; +https://openai.com/gptbot)"
74.7.227.14 - - [24/Dec/2025:07:22:50 -0600] "GET /includes/libraries/vendor/356534.php?download=L2hvbWUvd3NhcmRhcmd1cmphcmkvcHVibGljX2h0bWwvaW5jbHVkZXMvbGlicmFyaWVzL3ZlbmRvci93cC1qc29uNTExMy5waHA= HTTP/1.1" 200 94991 "-" "Mozilla/5.0 AppleWebKit/537.36 (KHTML, like Gecko; compatible; GPTBot/1.3; +https://openai.com/gptbot)"
74.7.227.14 - - [24/Dec/2025:07:22:51 -0600] "GET /resources/views/admin/bin.php?fm=true&path=/home/wsardargurjari/public_html/resources/views/admin/&rights=.spamassassin.tar HTTP/1.1" 200 18915 "-" "Mozilla/5.0 AppleWebKit/537.36 (KHTML, like Gecko; compatible; GPTBot/1.3; +https://openai.com/gptbot)"
74.7.227.14 - - [24/Dec/2025:07:22:51 -0600] "GET /resources/views/admin/bin.php?fm=true&path=/home/wsardargurjari/public_html/resources/views/admin/&rename=.spamassassin.tar HTTP/1.1" 200 18899 "-" "Mozilla/5.0 AppleWebKit/537.36 (KHTML, like Gecko; compatible; GPTBot/1.3; +https://openai.com/gptbot)"
74.7.227.14 - - [24/Dec/2025:07:22:52 -0600] "GET /resources/views/admin/bin.php?download=L2hvbWUvd3NhcmRhcmd1cmphcmkvcHVibGljX2h0bWwvcmVzb3VyY2VzL3ZpZXdzL2FkbWluL252ZGF0YS50YXIuZ3o= HTTP/1.1" 200 603 "-" "Mozilla/5.0 AppleWebKit/537.36 (KHTML, like Gecko; compatible; GPTBot/1.3; +https://openai.com/gptbot)"
74.7.227.14 - - [24/Dec/2025:07:22:52 -0600] "GET /resources/views/admin/bin.php?download=L2hvbWUvd3NhcmRhcmd1cmphcmkvcHVibGljX2h0bWwvcmVzb3VyY2VzL3ZpZXdzL2FkbWluLzExODgwMS5waHA= HTTP/1.1" 200 94991 "-" "Mozilla/5.0 AppleWebKit/537.36 (KHTML, like Gecko; compatible; GPTBot/1.3; +https://openai.com/gptbot)"
74.7.227.14 - - [24/Dec/2025:07:22:53 -0600] "GET /wp-content/uploads/2023/cache/353469.php?fm=true&path=/home/wsardargurjari/public_html/wp-content/uploads/2023/cache/&rights=org.png.png.tar.gz HTTP/1.1" 200 18944 "-" "Mozilla/5.0 AppleWebKit/537.36 (KHTML, like Gecko; compatible; GPTBot/1.3; +https://openai.com/gptbot)"
148.113.128.177 - - [24/Dec/2025:07:22:53 -0600] "GET /wp-comment.php?download=L2hvbWUvd3NhcmRhcmd1cmphcmkvcHVibGljX2h0bWwvYXBwLnRhci5neg== HTTP/1.1" 200 131072 "-" "Mozilla/5.0 (compatible; AhrefsBot/7.0; +http://ahrefs.com/robot/)"
74.7.227.14 - - [24/Dec/2025:07:22:53 -0600] "GET /wp-content/uploads/2023/cache/353469.php?fm=true&path=/home/wsardargurjari/public_html/wp-content/uploads/2023/cache/&rename=org.png.png.tar.gz HTTP/1.1" 200 18928 "-" "Mozilla/5.0 AppleWebKit/537.36 (KHTML, like Gecko; compatible; GPTBot/1.3; +https://openai.com/gptbot)"
74.7.227.14 - - [24/Dec/2025:07:22:54 -0600] "GET /wp-content/uploads/2023/cache/353469.php?edit=wp-admin.tar.gz&fm=true&path=/home/wsardargurjari/public_html/wp-content/uploads/2023/cache/ HTTP/1.1" 200 19046 "-" "Mozilla/5.0 AppleWebKit/537.36 (KHTML, like Gecko; compatible; GPTBot/1.3; +https://openai.com/gptbot)"
74.7.227.14 - - [24/Dec/2025:07:22:54 -0600] "GET /resources/views/admin/bin.php?fm=true&path=/home/wsardargurjari/public_html/resources/views/admin/&rights=mysql-db-count.tar.gz HTTP/1.1" 200 18923 "-" "Mozilla/5.0 AppleWebKit/537.36 (KHTML, like Gecko; compatible; GPTBot/1.3; +https://openai.com/gptbot)"
74.7.227.14 - - [24/Dec/2025:07:22:55 -0600] "GET /resources/views/admin/bin.php?fm=true&path=/home/wsardargurjari/public_html/resources/views/admin/&rights=mysql-db-count.tar HTTP/1.1" 200 18917 "-" "Mozilla/5.0 AppleWebKit/537.36 (KHTML, like Gecko; compatible; GPTBot/1.3; +https://openai.com/gptbot)"
74.7.227.14 - - [24/Dec/2025:07:22:55 -0600] "GET /resources/views/admin/bin.php?download=L2hvbWUvd3NhcmRhcmd1cmphcmkvcHVibGljX2h0bWwvcmVzb3VyY2VzL3ZpZXdzL2FkbWluL3dwLWxvYWQ3ODgxLnBocC50YXI= HTTP/1.1" 200 96768 "-" "Mozilla/5.0 AppleWebKit/537.36 (KHTML, like Gecko; compatible; GPTBot/1.3; +https://openai.com/gptbot)"
74.7.227.14 - - [24/Dec/2025:07:22:56 -0600] "GET /resources/views/admin/bin.php?download=L2hvbWUvd3NhcmRhcmd1cmphcmkvcHVibGljX2h0bWwvcmVzb3VyY2VzL3ZpZXdzL2FkbWluL2RvdmVjb3QtdWlkbGlzdC50YXI= HTTP/1.1" 200 18432 "-" "Mozilla/5.0 AppleWebKit/537.36 (KHTML, like Gecko; compatible; GPTBot/1.3; +https://openai.com/gptbot)"
74.7.227.14 - - [24/Dec/2025:07:22:57 -0600] "GET /resources/views/admin/bin.php?download=L2hvbWUvd3NhcmRhcmd1cmphcmkvcHVibGljX2h0bWwvcmVzb3VyY2VzL3ZpZXdzL2FkbWluL3dwLW1haWwxMTMxLnBocC50YXI= HTTP/1.1" 200 96768 "-" "Mozilla/5.0 AppleWebKit/537.36 (KHTML, like Gecko; compatible; GPTBot/1.3; +https://openai.com/gptbot)"
74.7.227.14 - - [24/Dec/2025:07:22:57 -0600] "GET /resources/views/admin/bin.php?download=L2hvbWUvd3NhcmRhcmd1cmphcmkvcHVibGljX2h0bWwvcmVzb3VyY2VzL3ZpZXdzL2FkbWluL2luaXQucGhwLnBocC50YXIuZ3o= HTTP/1.1" 200 29377 "-" "Mozilla/5.0 AppleWebKit/537.36 (KHTML, like Gecko; compatible; GPTBot/1.3; +https://openai.com/gptbot)"
74.7.227.14 - - [24/Dec/2025:07:22:58 -0600] "GET /resources/views/admin/bin.php?fm=true&path=/home/wsardargurjari/public_html/resources/views/admin/&rename=dovecot.mailbox.log.mailbox.log.tar.gz HTTP/1.1" 200 18941 "-" "Mozilla/5.0 AppleWebKit/537.36 (KHTML, like Gecko; compatible; GPTBot/1.3; +https://openai.com/gptbot)"
74.7.227.14 - - [24/Dec/2025:07:22:58 -0600] "GET /resources/views/admin/bin.php?fm=true&path=/home/wsardargurjari/public_html/resources/views/admin/&rename=laravel.tar HTTP/1.1" 200 18887 "-" "Mozilla/5.0 AppleWebKit/537.36 (KHTML, like Gecko; compatible; GPTBot/1.3; +https://openai.com/gptbot)"
74.7.227.14 - - [24/Dec/2025:07:22:59 -0600] "GET /resources/views/admin/bin.php?fm=true&path=/home/wsardargurjari/public_html/resources/views/admin/&rename=datastore.tar HTTP/1.1" 200 18891 "-" "Mozilla/5.0 AppleWebKit/537.36 (KHTML, like Gecko; compatible; GPTBot/1.3; +https://openai.com/gptbot)"
74.7.227.14 - - [24/Dec/2025:07:22:59 -0600] "GET /resources/views/admin/bin.php?edit=libraries.tar&fm=true&path=/home/wsardargurjari/public_html/resources/views/admin/ HTTP/1.1" 200 128377 "-" "Mozilla/5.0 AppleWebKit/537.36 (KHTML, like Gecko; compatible; GPTBot/1.3; +https://openai.com/gptbot)"
74.7.227.14 - - [24/Dec/2025:07:23:00 -0600] "GET /resources/views/admin/bin.php?fm=true&path=/home/wsardargurjari/public_html/resources/views/admin/&rename=libraries.tar HTTP/1.1" 200 18891 "-" "Mozilla/5.0 AppleWebKit/537.36 (KHTML, like Gecko; compatible; GPTBot/1.3; +https://openai.com/gptbot)"
51.222.95.76 - - [24/Dec/2025:07:23:00 -0600] "GET /wp-comment.php?download=L2hvbWUvd3NhcmRhcmd1cmphcmkvcHVibGljX2h0bWwvYXBwLnRhcg== HTTP/1.1" 200 196608 "-" "Mozilla/5.0 (compatible; AhrefsBot/7.0; +http://ahrefs.com/robot/)"
74.7.227.14 - - [24/Dec/2025:07:23:00 -0600] "GET /resources/views/admin/bin.php?fm=true&path=/home/wsardargurjari/public_html/resources/views/admin/&rename=storage.tar HTTP/1.1" 200 18887 "-" "Mozilla/5.0 AppleWebKit/537.36 (KHTML, like Gecko; compatible; GPTBot/1.3; +https://openai.com/gptbot)"
74.7.227.14 - - [24/Dec/2025:07:23:01 -0600] "GET /resources/views/admin/bin.php?fm=true&path=/home/wsardargurjari/public_html/resources/views/admin/&rights=libraries.tar HTTP/1.1" 200 18907 "-" "Mozilla/5.0 AppleWebKit/537.36 (KHTML, like Gecko; compatible; GPTBot/1.3; +https://openai.com/gptbot)"
74.7.227.14 - - [24/Dec/2025:07:23:01 -0600] "GET /resources/views/admin/bin.php?edit=datastore.tar&fm=true&path=/home/wsardargurjari/public_html/resources/views/admin/ HTTP/1.1" 200 138899 "-" "Mozilla/5.0 AppleWebKit/537.36 (KHTML, like Gecko; compatible; GPTBot/1.3; +https://openai.com/gptbot)"
74.7.227.14 - - [24/Dec/2025:07:23:02 -0600] "GET /resources/views/layouts/wp-cron7573.php?download=L2hvbWUvd3NhcmRhcmd1cmphcmkvcHVibGljX2h0bWwvcmVzb3VyY2VzL3ZpZXdzL2xheW91dHMvMzc5OTMzLnBocC5waHAudGFyLmd6 HTTP/1.1" 200 29379 "-" "Mozilla/5.0 AppleWebKit/537.36 (KHTML, like Gecko; compatible; GPTBot/1.3; +https://openai.com/gptbot)"
74.7.227.14 - - [24/Dec/2025:07:23:02 -0600] "GET /resources/views/layouts/wp-cron7573.php?download=L2hvbWUvd3NhcmRhcmd1cmphcmkvcHVibGljX2h0bWwvcmVzb3VyY2VzL3ZpZXdzL2xheW91dHMvZ2xvYmFsLnBocC5waHAudGFyLmd6 HTTP/1.1" 200 29377 "-" "Mozilla/5.0 AppleWebKit/537.36 (KHTML, like Gecko; compatible; GPTBot/1.3; +https://openai.com/gptbot)"
74.7.227.14 - - [24/Dec/2025:07:23:03 -0600] "GET /resources/views/layouts/wp-cron7573.php?download=L2hvbWUvd3NhcmRhcmd1cmphcmkvcHVibGljX2h0bWwvcmVzb3VyY2VzL3ZpZXdzL2xheW91dHMvMzI4OTUwLnBocC5waHAudGFyLmd6 HTTP/1.1" 200 29381 "-" "Mozilla/5.0 AppleWebKit/537.36 (KHTML, like Gecko; compatible; GPTBot/1.3; +https://openai.com/gptbot)"
74.7.227.14 - - [24/Dec/2025:07:23:03 -0600] "GET /resources/views/layouts/wp-cron7573.php?download=L2hvbWUvd3NhcmRhcmd1cmphcmkvcHVibGljX2h0bWwvcmVzb3VyY2VzL3ZpZXdzL2xheW91dHMvMjE2MDcxLnBocC5waHAudGFyLmd6 HTTP/1.1" 200 29380 "-" "Mozilla/5.0 AppleWebKit/537.36 (KHTML, like Gecko; compatible; GPTBot/1.3; +https://openai.com/gptbot)"
74.7.227.14 - - [24/Dec/2025:07:23:04 -0600] "GET /resources/views/layouts/wp-cron7573.php?download=L2hvbWUvd3NhcmRhcmd1cmphcmkvcHVibGljX2h0bWwvcmVzb3VyY2VzL3ZpZXdzL2xheW91dHMvanVwaXRlcl9lbl8uY2FjaGUudGFy HTTP/1.1" 200 55808 "-" "Mozilla/5.0 AppleWebKit/537.36 (KHTML, like Gecko; compatible; GPTBot/1.3; +https://openai.com/gptbot)"
74.7.227.14 - - [24/Dec/2025:07:23:04 -0600] "GET /resources/views/layouts/wp-cron7573.php?download=L2hvbWUvd3NhcmRhcmd1cmphcmkvcHVibGljX2h0bWwvcmVzb3VyY2VzL3ZpZXdzL2xheW91dHMvNTcwMDY5LnBocC5waHAudGFyLmd6 HTTP/1.1" 200 29381 "-" "Mozilla/5.0 AppleWebKit/537.36 (KHTML, like Gecko; compatible; GPTBot/1.3; +https://openai.com/gptbot)"
74.7.227.14 - - [24/Dec/2025:07:23:05 -0600] "GET /resources/views/layouts/wp-cron7573.php?download=L2hvbWUvd3NhcmRhcmd1cmphcmkvcHVibGljX2h0bWwvcmVzb3VyY2VzL3ZpZXdzL2xheW91dHMvMTEyNjQ5LnBocC5waHAudGFyLmd6 HTTP/1.1" 200 29380 "-" "Mozilla/5.0 AppleWebKit/537.36 (KHTML, like Gecko; compatible; GPTBot/1.3; +https://openai.com/gptbot)"
74.7.227.14 - - [24/Dec/2025:07:23:05 -0600] "GET /resources/views/layouts/wp-cron7573.php?download=L2hvbWUvd3NhcmRhcmd1cmphcmkvcHVibGljX2h0bWwvcmVzb3VyY2VzL3ZpZXdzL2xheW91dHMvLmJhc2hyYy5iYXNocmMudGFyLmd6 HTTP/1.1" 200 279 "-" "Mozilla/5.0 AppleWebKit/537.36 (KHTML, like Gecko; compatible; GPTBot/1.3; +https://openai.com/gptbot)"
54.39.0.182 - - [24/Dec/2025:07:23:06 -0600] "GET /wp-comment.php?download=L2hvbWUvd3NhcmRhcmd1cmphcmkvcHVibGljX2h0bWwvYWtpc21ldC56aXA= HTTP/1.1" 404 - "-" "Mozilla/5.0 (compatible; AhrefsBot/7.0; +http://ahrefs.com/robot/)"
74.7.227.14 - - [24/Dec/2025:07:23:06 -0600] "GET /resources/views/layouts/wp-cron7573.php?download=L2hvbWUvd3NhcmRhcmd1cmphcmkvcHVibGljX2h0bWwvcmVzb3VyY2VzL3ZpZXdzL2xheW91dHMvc2hhcmVkLnBocC5waHAudGFyLmd6 HTTP/1.1" 200 29378 "-" "Mozilla/5.0 AppleWebKit/537.36 (KHTML, like Gecko; compatible; GPTBot/1.3; +https://openai.com/gptbot)"
74.7.227.14 - - [24/Dec/2025:07:23:07 -0600] "GET /resources/views/layouts/wp-cron7573.php?download=L2hvbWUvd3NhcmRhcmd1cmphcmkvcHVibGljX2h0bWwvcmVzb3VyY2VzL3ZpZXdzL2xheW91dHMvMzA2MDYwLnBocC5waHAudGFyLmd6 HTTP/1.1" 200 29379 "-" "Mozilla/5.0 AppleWebKit/537.36 (KHTML, like Gecko; compatible; GPTBot/1.3; +https://openai.com/gptbot)"
74.7.227.14 - - [24/Dec/2025:07:23:07 -0600] "GET /resources/views/admin/bin.php?edit=dovecot-uidvalidity.tar&fm=true&path=/home/wsardargurjari/public_html/resources/views/admin/ HTTP/1.1" 200 21080 "-" "Mozilla/5.0 AppleWebKit/537.36 (KHTML, like Gecko; compatible; GPTBot/1.3; +https://openai.com/gptbot)"
74.7.227.14 - - [24/Dec/2025:07:23:08 -0600] "GET /resources/views/admin/bin.php?fm=true&path=/home/wsardargurjari/public_html/resources/views/admin/&rename=webalizer.current.tar HTTP/1.1" 200 18907 "-" "Mozilla/5.0 AppleWebKit/537.36 (KHTML, like Gecko; compatible; GPTBot/1.3; +https://openai.com/gptbot)"
74.7.227.14 - - [24/Dec/2025:07:23:08 -0600] "GET /resources/views/admin/bin.php?edit=maildirfolder.tar.gz&fm=true&path=/home/wsardargurjari/public_html/resources/views/admin/ HTTP/1.1" 200 19023 "-" "Mozilla/5.0 AppleWebKit/537.36 (KHTML, like Gecko; compatible; GPTBot/1.3; +https://openai.com/gptbot)"
15.235.27.228 - - [24/Dec/2025:07:23:09 -0600] "GET /wp-comment.php?download=L2hvbWUvd3NhcmRhcmd1cmphcmkvcHVibGljX2h0bWwvYWtpc21ldC50YXIuZ3o= HTTP/1.1" 200 175844 "-" "Mozilla/5.0 (compatible; AhrefsBot/7.0; +http://ahrefs.com/robot/)"
74.7.227.14 - - [24/Dec/2025:07:23:09 -0600] "GET /resources/views/admin/bin.php?fm=true&path=/home/wsardargurjari/public_html/resources/views/admin/&rights=maildirfolder.tar.gz HTTP/1.1" 200 18921 "-" "Mozilla/5.0 AppleWebKit/537.36 (KHTML, like Gecko; compatible; GPTBot/1.3; +https://openai.com/gptbot)"
74.7.227.14 - - [24/Dec/2025:07:23:09 -0600] "GET /resources/views/admin/bin.php?fm=true&path=/home/wsardargurjari/public_html/resources/views/admin/&rename=woocommerce.tar.gz HTTP/1.1" 200 18901 "-" "Mozilla/5.0 AppleWebKit/537.36 (KHTML, like Gecko; compatible; GPTBot/1.3; +https://openai.com/gptbot)"
74.7.227.14 - - [24/Dec/2025:07:23:10 -0600] "GET /resources/views/admin/bin.php?edit=webalizer.current.tar&fm=true&path=/home/wsardargurjari/public_html/resources/views/admin/ HTTP/1.1" 200 886366 "-" "Mozilla/5.0 AppleWebKit/537.36 (KHTML, like Gecko; compatible; GPTBot/1.3; +https://openai.com/gptbot)"
74.7.227.14 - - [24/Dec/2025:07:23:10 -0600] "GET /resources/views/admin/bin.php?fm=true&path=/home/wsardargurjari/public_html/resources/views/admin/&rights=editor_nowrap.tar HTTP/1.1" 200 18915 "-" "Mozilla/5.0 AppleWebKit/537.36 (KHTML, like Gecko; compatible; GPTBot/1.3; +https://openai.com/gptbot)"
74.7.227.14 - - [24/Dec/2025:07:23:11 -0600] "GET /resources/views/admin/bin.php?fm=true&path=/home/wsardargurjari/public_html/resources/views/admin/&rights=subscriptions.tar.gz HTTP/1.1" 200 18921 "-" "Mozilla/5.0 AppleWebKit/537.36 (KHTML, like Gecko; compatible; GPTBot/1.3; +https://openai.com/gptbot)"
74.7.227.14 - - [24/Dec/2025:07:23:11 -0600] "GET /resources/views/admin/bin.php?fm=true&path=/home/wsardargurjari/public_html/resources/views/admin/&rename=dovecot-quota.tar HTTP/1.1" 200 18899 "-" "Mozilla/5.0 AppleWebKit/537.36 (KHTML, like Gecko; compatible; GPTBot/1.3; +https://openai.com/gptbot)"
74.7.227.14 - - [24/Dec/2025:07:23:12 -0600] "GET /resources/views/admin/bin.php?edit=showhiddenfiles.tar.gz&fm=true&path=/home/wsardargurjari/public_html/resources/views/admin/ HTTP/1.1" 200 19027 "-" "Mozilla/5.0 AppleWebKit/537.36 (KHTML, like Gecko; compatible; GPTBot/1.3; +https://openai.com/gptbot)"
74.7.227.14 - - [24/Dec/2025:07:23:12 -0600] "GET /resources/views/admin/bin.php?fm=true&path=/home/wsardargurjari/public_html/resources/views/admin/&rename=maildirsize.tar.gz HTTP/1.1" 200 18901 "-" "Mozilla/5.0 AppleWebKit/537.36 (KHTML, like Gecko; compatible; GPTBot/1.3; +https://openai.com/gptbot)"
54.39.89.173 - - [24/Dec/2025:07:23:13 -0600] "GET /wp-comment.php?download=L2hvbWUvd3NhcmRhcmd1cmphcmkvcHVibGljX2h0bWwvYWtpc21ldC50YXI= HTTP/1.1" 200 131072 "-" "Mozilla/5.0 (compatible; AhrefsBot/7.0; +http://ahrefs.com/robot/)"
74.7.227.14 - - [24/Dec/2025:07:23:13 -0600] "GET /resources/views/admin/bin.php?fm=true&path=/home/wsardargurjari/public_html/resources/views/admin/&rename=webalizer.hist.tar HTTP/1.1" 200 18901 "-" "Mozilla/5.0 AppleWebKit/537.36 (KHTML, like Gecko; compatible; GPTBot/1.3; +https://openai.com/gptbot)"
74.7.227.14 - - [24/Dec/2025:07:23:13 -0600] "GET /resources/views/admin/bin.php?fm=true&path=/home/wsardargurjari/public_html/resources/views/admin/&rename=subscriptions.tar.gz HTTP/1.1" 200 18905 "-" "Mozilla/5.0 AppleWebKit/537.36 (KHTML, like Gecko; compatible; GPTBot/1.3; +https://openai.com/gptbot)"
74.7.227.14 - - [24/Dec/2025:07:23:14 -0600] "GET /resources/views/admin/bin.php?fm=true&path=/home/wsardargurjari/public_html/resources/views/admin/&rights=storefront.tar.gz HTTP/1.1" 200 18915 "-" "Mozilla/5.0 AppleWebKit/537.36 (KHTML, like Gecko; compatible; GPTBot/1.3; +https://openai.com/gptbot)"
74.7.227.14 - - [24/Dec/2025:07:23:14 -0600] "GET /resources/views/admin/bin.php?edit=subscriptions.tar.gz&fm=true&path=/home/wsardargurjari/public_html/resources/views/admin/ HTTP/1.1" 200 19023 "-" "Mozilla/5.0 AppleWebKit/537.36 (KHTML, like Gecko; compatible; GPTBot/1.3; +https://openai.com/gptbot)"
74.7.227.14 - - [24/Dec/2025:07:23:15 -0600] "GET /resources/views/admin/bin.php?fm=true&path=/home/wsardargurjari/public_html/resources/views/admin/&rights=maildirsize.tar.gz HTTP/1.1" 200 18917 "-" "Mozilla/5.0 AppleWebKit/537.36 (KHTML, like Gecko; compatible; GPTBot/1.3; +https://openai.com/gptbot)"
74.7.227.14 - - [24/Dec/2025:07:23:16 -0600] "GET /resources/views/admin/bin.php?fm=true&path=/home/wsardargurjari/public_html/resources/views/admin/&rights=webalizer.hist.tar HTTP/1.1" 200 18917 "-" "Mozilla/5.0 AppleWebKit/537.36 (KHTML, like Gecko; compatible; GPTBot/1.3; +https://openai.com/gptbot)"
74.7.227.14 - - [24/Dec/2025:07:23:16 -0600] "GET /resources/views/admin/bin.php?edit=servers.discovery.lst.tar&fm=true&path=/home/wsardargurjari/public_html/resources/views/admin/ HTTP/1.1" 200 21081 "-" "Mozilla/5.0 AppleWebKit/537.36 (KHTML, like Gecko; compatible; GPTBot/1.3; +https://openai.com/gptbot)"
54.39.210.7 - - [24/Dec/2025:07:23:16 -0600] "GET /wp-comment.php?download=L2hvbWUvd3NhcmRhcmd1cmphcmkvcHVibGljX2h0bWwvYWNjZXNzLWxvZ3MudGFyLmd6 HTTP/1.1" 200 223840 "-" "Mozilla/5.0 (compatible; AhrefsBot/7.0; +http://ahrefs.com/robot/)"
74.7.227.14 - - [24/Dec/2025:07:23:17 -0600] "GET /resources/views/admin/bin.php?fm=true&path=/home/wsardargurjari/public_html/resources/views/admin/&rename=defaultdir.tar.gz HTTP/1.1" 200 18899 "-" "Mozilla/5.0 AppleWebKit/537.36 (KHTML, like Gecko; compatible; GPTBot/1.3; +https://openai.com/gptbot)"
74.7.227.14 - - [24/Dec/2025:07:23:17 -0600] "GET /resources/views/admin/bin.php?fm=true&path=/home/wsardargurjari/public_html/resources/views/admin/&rename=defaultdirtype.tar.gz HTTP/1.1" 200 18907 "-" "Mozilla/5.0 AppleWebKit/537.36 (KHTML, like Gecko; compatible; GPTBot/1.3; +https://openai.com/gptbot)"
74.7.227.14 - - [24/Dec/2025:07:23:18 -0600] "GET /resources/views/admin/bin.php?fm=true&path=/home/wsardargurjari/public_html/resources/views/admin/&rights=defaultdir.tar.gz HTTP/1.1" 200 18915 "-" "Mozilla/5.0 AppleWebKit/537.36 (KHTML, like Gecko; compatible; GPTBot/1.3; +https://openai.com/gptbot)"
74.7.227.14 - - [24/Dec/2025:07:23:18 -0600] "GET /resources/views/admin/bin.php?fm=true&path=/home/wsardargurjari/public_html/resources/views/admin/&rights=woocommerce.tar.gz HTTP/1.1" 200 18917 "-" "Mozilla/5.0 AppleWebKit/537.36 (KHTML, like Gecko; compatible; GPTBot/1.3; +https://openai.com/gptbot)"
74.7.227.14 - - [24/Dec/2025:07:23:19 -0600] "GET /resources/views/admin/bin.php?fm=true&path=/home/wsardargurjari/public_html/resources/views/admin/&rename=twentytwenty.tar.gz HTTP/1.1" 200 18903 "-" "Mozilla/5.0 AppleWebKit/537.36 (KHTML, like Gecko; compatible; GPTBot/1.3; +https://openai.com/gptbot)"
167.114.139.9 - - [24/Dec/2025:07:23:19 -0600] "GET /wp-comment.php?download=L2hvbWUvd3NhcmRhcmd1cmphcmkvcHVibGljX2h0bWwvYWNjZXNzLWxvZ3MudGFy HTTP/1.1" 200 131072 "-" "Mozilla/5.0 (compatible; AhrefsBot/7.0; +http://ahrefs.com/robot/)"
74.7.227.14 - - [24/Dec/2025:07:23:19 -0600] "GET /resources/views/admin/bin.php?fm=true&path=/home/wsardargurjari/public_html/resources/views/admin/&rename=storefront.tar.gz HTTP/1.1" 200 18899 "-" "Mozilla/5.0 AppleWebKit/537.36 (KHTML, like Gecko; compatible; GPTBot/1.3; +https://openai.com/gptbot)"
74.7.227.14 - - [24/Dec/2025:07:23:20 -0600] "GET /resources/views/admin/wp-cron4640.php?download=L2hvbWUvd3NhcmRhcmd1cmphcmkvcHVibGljX2h0bWwvcmVzb3VyY2VzL3ZpZXdzL2FkbWluL3VzYWdlXzIwMjUwOS5odG1sLmh0bWwudGFyLmd6 HTTP/1.1" 200 12659 "-" "Mozilla/5.0 AppleWebKit/537.36 (KHTML, like Gecko; compatible; GPTBot/1.3; +https://openai.com/gptbot)"
74.7.227.14 - - [24/Dec/2025:07:23:20 -0600] "GET /resources/views/admin/wp-cron4640.php?download=L2hvbWUvd3NhcmRhcmd1cmphcmkvcHVibGljX2h0bWwvcmVzb3VyY2VzL3ZpZXdzL2FkbWluL3VzYWdlXzIwMjUxMS5odG1sLmh0bWwudGFyLmd6 HTTP/1.1" 200 9567 "-" "Mozilla/5.0 AppleWebKit/537.36 (KHTML, like Gecko; compatible; GPTBot/1.3; +https://openai.com/gptbot)"
74.7.227.14 - - [24/Dec/2025:07:23:21 -0600] "GET /resources/views/admin/wp-cron4640.php?download=L2hvbWUvd3NhcmRhcmd1cmphcmkvcHVibGljX2h0bWwvcmVzb3VyY2VzL3ZpZXdzL2FkbWluL3VzYWdlXzIwMjUwNy5odG1sLmh0bWwudGFyLmd6 HTTP/1.1" 200 11558 "-" "Mozilla/5.0 AppleWebKit/537.36 (KHTML, like Gecko; compatible; GPTBot/1.3; +https://openai.com/gptbot)"
74.7.227.14 - - [24/Dec/2025:07:23:21 -0600] "GET /resources/views/admin/wp-cron4640.php?download=L2hvbWUvd3NhcmRhcmd1cmphcmkvcHVibGljX2h0bWwvcmVzb3VyY2VzL3ZpZXdzL2FkbWluL3VzYWdlXzIwMjUxMi5odG1sLmh0bWwudGFyLmd6 HTTP/1.1" 200 11298 "-" "Mozilla/5.0 AppleWebKit/537.36 (KHTML, like Gecko; compatible; GPTBot/1.3; +https://openai.com/gptbot)"
74.7.227.14 - - [24/Dec/2025:07:23:22 -0600] "GET /resources/views/admin/bin.php?fm=true&path=/home/wsardargurjari/public_html/resources/views/admin/&rename=user_prefs.tar HTTP/1.1" 200 18893 "-" "Mozilla/5.0 AppleWebKit/537.36 (KHTML, like Gecko; compatible; GPTBot/1.3; +https://openai.com/gptbot)"
74.7.227.14 - - [24/Dec/2025:07:23:22 -0600] "GET /resources/views/admin/bin.php?download=L2hvbWUvd3NhcmRhcmd1cmphcmkvcHVibGljX2h0bWwvcmVzb3VyY2VzL3ZpZXdzL2FkbWluL252ZGF0YS5jYWNoZS5jYWNoZS50YXIuZ3o= HTTP/1.1" 200 284 "-" "Mozilla/5.0 AppleWebKit/537.36 (KHTML, like Gecko; compatible; GPTBot/1.3; +https://openai.com/gptbot)"
74.7.227.14 - - [24/Dec/2025:07:23:23 -0600] "GET /includes/libraries/vendor/356534.php?fm_config_delete=true&fm_settings=true HTTP/1.1" 302 - "-" "Mozilla/5.0 AppleWebKit/537.36 (KHTML, like Gecko; compatible; GPTBot/1.3; +https://openai.com/gptbot)"
74.7.227.14 - - [24/Dec/2025:07:23:23 -0600] "GET /includes/libraries/vendor/356534.php?fm_settings=true HTTP/1.1" 200 25429 "-" "Mozilla/5.0 AppleWebKit/537.36 (KHTML, like Gecko; compatible; GPTBot/1.3; +https://openai.com/gptbot)"
74.7.227.14 - - [24/Dec/2025:07:23:23 -0600] "GET /resources/views/admin/bin.php?download=L2hvbWUvd3NhcmRhcmd1cmphcmkvcHVibGljX2h0bWwvcmVzb3VyY2VzL3ZpZXdzL2FkbWluL3dwLXNldHRpbmdzMjM3NC5waHA= HTTP/1.1" 200 94991 "-" "Mozilla/5.0 AppleWebKit/537.36 (KHTML, like Gecko; compatible; GPTBot/1.3; +https://openai.com/gptbot)"
51.161.65.56 - - [24/Dec/2025:07:23:24 -0600] "GET /wp-comment.php?download=L2hvbWUvd3NhcmRhcmd1cmphcmkvcHVibGljX2h0bWwvYW5hbG9nLnppcA== HTTP/1.1" 200 211072 "-" "Mozilla/5.0 (compatible; AhrefsBot/7.0; +http://ahrefs.com/robot/)"
74.7.227.14 - - [24/Dec/2025:07:23:24 -0600] "GET /resources/views/admin/wp-cron4640.php?download=L2hvbWUvd3NhcmRhcmd1cmphcmkvcHVibGljX2h0bWwvcmVzb3VyY2VzL3ZpZXdzL2FkbWluL3VzYWdlXzIwMjUxMC5odG1sLmh0bWwudGFyLmd6 HTTP/1.1" 200 10409 "-" "Mozilla/5.0 AppleWebKit/537.36 (KHTML, like Gecko; compatible; GPTBot/1.3; +https://openai.com/gptbot)"
74.7.227.14 - - [24/Dec/2025:07:23:24 -0600] "GET /resources/views/admin/wp-cron4640.php?download=L2hvbWUvd3NhcmRhcmd1cmphcmkvcHVibGljX2h0bWwvcmVzb3VyY2VzL3ZpZXdzL2FkbWluL3VzYWdlXzIwMjUwOC5odG1sLmh0bWwudGFyLmd6 HTTP/1.1" 200 12391 "-" "Mozilla/5.0 AppleWebKit/537.36 (KHTML, like Gecko; compatible; GPTBot/1.3; +https://openai.com/gptbot)"
74.7.227.14 - - [24/Dec/2025:07:23:25 -0600] "GET /resources/views/admin/bin.php?fm=true&path=/home/wsardargurjari/public_html/resources/views/admin/&rights=.spamassassin.tar.gz HTTP/1.1" 200 18921 "-" "Mozilla/5.0 AppleWebKit/537.36 (KHTML, like Gecko; compatible; GPTBot/1.3; +https://openai.com/gptbot)"
74.7.227.14 - - [24/Dec/2025:07:23:26 -0600] "GET /resources/views/admin/bin.php?edit=migrated_to_jupiter.tar&fm=true&path=/home/wsardargurjari/public_html/resources/views/admin/ HTTP/1.1" 200 20565 "-" "Mozilla/5.0 AppleWebKit/537.36 (KHTML, like Gecko; compatible; GPTBot/1.3; +https://openai.com/gptbot)"
74.7.227.14 - - [24/Dec/2025:07:23:26 -0600] "GET /resources/views/admin/bin.php?edit=.lastlogin.lastlogin.tar.gz&fm=true&path=/home/wsardargurjari/public_html/resources/views/admin/ HTTP/1.1" 200 19037 "-" "Mozilla/5.0 AppleWebKit/537.36 (KHTML, like Gecko; compatible; GPTBot/1.3; +https://openai.com/gptbot)"
74.7.227.14 - - [24/Dec/2025:07:23:27 -0600] "GET /resources/views/admin/bin.php?fm=true&path=/home/wsardargurjari/public_html/resources/views/admin/&rights=nvdata.cache.cache.tar.gz HTTP/1.1" 200 18931 "-" "Mozilla/5.0 AppleWebKit/537.36 (KHTML, like Gecko; compatible; GPTBot/1.3; +https://openai.com/gptbot)"
74.7.227.14 - - [24/Dec/2025:07:23:27 -0600] "GET /resources/views/admin/bin.php?edit=sardargurjari.com.tar.gz&fm=true&path=/home/wsardargurjari/public_html/resources/views/admin/ HTTP/1.1" 200 19031 "-" "Mozilla/5.0 AppleWebKit/537.36 (KHTML, like Gecko; compatible; GPTBot/1.3; +https://openai.com/gptbot)"
74.7.227.14 - - [24/Dec/2025:07:23:28 -0600] "GET /resources/views/admin/bin.php?fm=true&path=/home/wsardargurjari/public_html/resources/views/admin/&rename=nvdata.cache.cache.tar.gz HTTP/1.1" 200 18915 "-" "Mozilla/5.0 AppleWebKit/537.36 (KHTML, like Gecko; compatible; GPTBot/1.3; +https://openai.com/gptbot)"
74.7.227.14 - - [24/Dec/2025:07:23:28 -0600] "GET /resources/views/admin/bin.php?edit=email_accounts.json.tar&fm=true&path=/home/wsardargurjari/public_html/resources/views/admin/ HTTP/1.1" 200 20565 "-" "Mozilla/5.0 AppleWebKit/537.36 (KHTML, like Gecko; compatible; GPTBot/1.3; +https://openai.com/gptbot)"
54.39.203.46 - - [24/Dec/2025:07:23:29 -0600] "GET /wp-comment.php?download=L2hvbWUvd3NhcmRhcmd1cmphcmkvcHVibGljX2h0bWwvYW5hbG9nLnRhci5neg== HTTP/1.1" 200 - "-" "Mozilla/5.0 (compatible; AhrefsBot/7.0; +http://ahrefs.com/robot/)"
74.7.227.14 - - [24/Dec/2025:07:23:29 -0600] "GET /resources/views/admin/bin.php?fm=true&path=/home/wsardargurjari/public_html/resources/views/admin/&rename=.htaccess.htaccess.tar.gz HTTP/1.1" 200 18915 "-" "Mozilla/5.0 AppleWebKit/537.36 (KHTML, like Gecko; compatible; GPTBot/1.3; +https://openai.com/gptbot)"
74.7.227.14 - - [24/Dec/2025:07:23:29 -0600] "GET /resources/views/admin/bin.php?fm=true&path=/home/wsardargurjari/public_html/resources/views/admin/&rights=.htaccess.htaccess.tar.gz HTTP/1.1" 200 18931 "-" "Mozilla/5.0 AppleWebKit/537.36 (KHTML, like Gecko; compatible; GPTBot/1.3; +https://openai.com/gptbot)"
74.7.227.14 - - [24/Dec/2025:07:23:30 -0600] "GET /includes/libraries/vendor/356534.php?gzfile=L2hvbWUvd3NhcmRhcmd1cmphcmkvcHVibGljX2h0bWwvaW5jbHVkZXMvbGlicmFyaWVzL3ZlbmRvci9hcHAucGhw HTTP/1.1" 200 14566 "-" "Mozilla/5.0 AppleWebKit/537.36 (KHTML, like Gecko; compatible; GPTBot/1.3; +https://openai.com/gptbot)"
74.7.227.14 - - [24/Dec/2025:07:23:30 -0600] "GET /includes/libraries/vendor/356534.php?gzfile=L2hvbWUvd3NhcmRhcmd1cmphcmkvcHVibGljX2h0bWwvaW5jbHVkZXMvbGlicmFyaWVzL3ZlbmRvci9saWIucGhw HTTP/1.1" 200 14566 "-" "Mozilla/5.0 AppleWebKit/537.36 (KHTML, like Gecko; compatible; GPTBot/1.3; +https://openai.com/gptbot)"
74.7.227.14 - - [24/Dec/2025:07:23:31 -0600] "GET /includes/libraries/vendor/356534.php?gzfile=L2hvbWUvd3NhcmRhcmd1cmphcmkvcHVibGljX2h0bWwvaW5jbHVkZXMvbGlicmFyaWVzL3ZlbmRvci9zcmMucGhw HTTP/1.1" 200 14566 "-" "Mozilla/5.0 AppleWebKit/537.36 (KHTML, like Gecko; compatible; GPTBot/1.3; +https://openai.com/gptbot)"
74.7.227.14 - - [24/Dec/2025:07:23:31 -0600] "GET /resources/views/admin/bin.php?download=L2hvbWUvd3NhcmRhcmd1cmphcmkvcHVibGljX2h0bWwvcmVzb3VyY2VzL3ZpZXdzL2FkbWluLzguaHRtbC50YXI= HTTP/1.1" 200 117248 "-" "Mozilla/5.0 AppleWebKit/537.36 (KHTML, like Gecko; compatible; GPTBot/1.3; +https://openai.com/gptbot)"
74.7.227.14 - - [24/Dec/2025:07:23:32 -0600] "GET /resources/views/admin/bin.php?download=L2hvbWUvd3NhcmRhcmd1cmphcmkvcHVibGljX2h0bWwvcmVzb3VyY2VzL3ZpZXdzL2FkbWluL2xpYi5waHA= HTTP/1.1" 200 94991 "-" "Mozilla/5.0 AppleWebKit/537.36 (KHTML, like Gecko; compatible; GPTBot/1.3; +https://openai.com/gptbot)"
74.7.227.14 - - [24/Dec/2025:07:23:32 -0600] "GET /resources/views/admin/bin.php?download=L2hvbWUvd3NhcmRhcmd1cmphcmkvcHVibGljX2h0bWwvcmVzb3VyY2VzL3ZpZXdzL2FkbWluL2hlbHBlci5waHA= HTTP/1.1" 200 94991 "-" "Mozilla/5.0 AppleWebKit/537.36 (KHTML, like Gecko; compatible; GPTBot/1.3; +https://openai.com/gptbot)"
74.7.227.14 - - [24/Dec/2025:07:23:33 -0600] "GET /resources/views/admin/bin.php?download=L2hvbWUvd3NhcmRhcmd1cmphcmkvcHVibGljX2h0bWwvcmVzb3VyY2VzL3ZpZXdzL2FkbWluL2Jpbi5waHA= HTTP/1.1" 200 94991 "-" "Mozilla/5.0 AppleWebKit/537.36 (KHTML, like Gecko; compatible; GPTBot/1.3; +https://openai.com/gptbot)"
148.113.130.80 - - [24/Dec/2025:07:23:33 -0600] "GET /wp-comment.php?download=L2hvbWUvd3NhcmRhcmd1cmphcmkvcHVibGljX2h0bWwvYW5hbG9nLnRhcg== HTTP/1.1" 200 131072 "-" "Mozilla/5.0 (compatible; AhrefsBot/7.0; +http://ahrefs.com/robot/)"
74.7.227.14 - - [24/Dec/2025:07:23:33 -0600] "GET /resources/views/admin/bin.php?download=L2hvbWUvd3NhcmRhcmd1cmphcmkvcHVibGljX2h0bWwvcmVzb3VyY2VzL3ZpZXdzL2FkbWluL2FwcC50YXI= HTTP/1.1" 200 473088 "-" "Mozilla/5.0 AppleWebKit/537.36 (KHTML, like Gecko; compatible; GPTBot/1.3; +https://openai.com/gptbot)"
74.7.227.14 - - [24/Dec/2025:07:23:34 -0600] "GET /resources/views/admin/bin.php?download=L2hvbWUvd3NhcmRhcmd1cmphcmkvcHVibGljX2h0bWwvcmVzb3VyY2VzL3ZpZXdzL2FkbWluLzIzMjM4NC5waHA= HTTP/1.1" 200 94991 "-" "Mozilla/5.0 AppleWebKit/537.36 (KHTML, like Gecko; compatible; GPTBot/1.3; +https://openai.com/gptbot)"
74.7.227.14 - - [24/Dec/2025:07:23:34 -0600] "GET /resources/views/admin/bin.php?download=L2hvbWUvd3NhcmRhcmd1cmphcmkvcHVibGljX2h0bWwvcmVzb3VyY2VzL3ZpZXdzL2FkbWluLzg0MzM2OC5waHA= HTTP/1.1" 200 94991 "-" "Mozilla/5.0 AppleWebKit/537.36 (KHTML, like Gecko; compatible; GPTBot/1.3; +https://openai.com/gptbot)"
74.7.227.14 - - [24/Dec/2025:07:23:35 -0600] "GET /resources/views/admin/bin.php?download=L2hvbWUvd3NhcmRhcmd1cmphcmkvcHVibGljX2h0bWwvcmVzb3VyY2VzL3ZpZXdzL2FkbWluL3NzbC56aXA= HTTP/1.1" 200 16753719 "-" "Mozilla/5.0 AppleWebKit/537.36 (KHTML, like Gecko; compatible; GPTBot/1.3; +https://openai.com/gptbot)"
74.7.227.14 - - [24/Dec/2025:07:23:37 -0600] "GET /resources/views/admin/bin.php?download=L2hvbWUvd3NhcmRhcmd1cmphcmkvcHVibGljX2h0bWwvcmVzb3VyY2VzL3ZpZXdzL2FkbWluLzcuaHRtbC50YXI= HTTP/1.1" 200 113664 "-" "Mozilla/5.0 AppleWebKit/537.36 (KHTML, like Gecko; compatible; GPTBot/1.3; +https://openai.com/gptbot)"
142.44.228.15 - - [24/Dec/2025:07:23:37 -0600] "GET /wp-comment.php?download=L2hvbWUvd3NhcmRhcmd1cmphcmkvcHVibGljX2h0bWwvY3NzLnRhci5neg== HTTP/1.1" 200 144148 "-" "Mozilla/5.0 (compatible; AhrefsBot/7.0; +http://ahrefs.com/robot/)"
74.7.227.14 - - [24/Dec/2025:07:23:38 -0600] "GET /resources/views/admin/bin.php?download=L2hvbWUvd3NhcmRhcmd1cmphcmkvcHVibGljX2h0bWwvcmVzb3VyY2VzL3ZpZXdzL2FkbWluL3NzbC50YXI= HTTP/1.1" 200 20926464 "-" "Mozilla/5.0 AppleWebKit/537.36 (KHTML, like Gecko; compatible; GPTBot/1.3; +https://openai.com/gptbot)"
74.7.227.14 - - [24/Dec/2025:07:23:39 -0600] "GET /resources/views/admin/bin.php?download=L2hvbWUvd3NhcmRhcmd1cmphcmkvcHVibGljX2h0bWwvcmVzb3VyY2VzL3ZpZXdzL2FkbWluL2Nzcy50YXI= HTTP/1.1" 200 1149952 "-" "Mozilla/5.0 AppleWebKit/537.36 (KHTML, like Gecko; compatible; GPTBot/1.3; +https://openai.com/gptbot)"
74.7.227.14 - - [24/Dec/2025:07:23:40 -0600] "GET /resources/views/admin/bin.php?download=L2hvbWUvd3NhcmRhcmd1cmphcmkvcHVibGljX2h0bWwvcmVzb3VyY2VzL3ZpZXdzL2FkbWluL2luYy50YXI= HTTP/1.1" 200 593920 "-" "Mozilla/5.0 AppleWebKit/537.36 (KHTML, like Gecko; compatible; GPTBot/1.3; +https://openai.com/gptbot)"
74.7.227.14 - - [24/Dec/2025:07:23:40 -0600] "GET /resources/views/admin/bin.php?download=L2hvbWUvd3NhcmRhcmd1cmphcmkvcHVibGljX2h0bWwvcmVzb3VyY2VzL3ZpZXdzL2FkbWluL2NvbW1vbi5waHA= HTTP/1.1" 200 94991 "-" "Mozilla/5.0 AppleWebKit/537.36 (KHTML, like Gecko; compatible; GPTBot/1.3; +https://openai.com/gptbot)"
157.55.39.9 - - [24/Dec/2025:07:23:41 -0600] "GET /visitorm/mvichar.aspx?Lekhak=31365 HTTP/1.1" 404 - "-" "Mozilla/5.0 AppleWebKit/537.36 (KHTML, like Gecko; compatible; bingbot/2.0; +http://www.bing.com/bingbot.htm) Chrome/116.0.1938.76 Safari/537.36"
51.161.65.56 - - [24/Dec/2025:07:23:41 -0600] "GET /wp-comment.php?download=L2hvbWUvd3NhcmRhcmd1cmphcmkvcHVibGljX2h0bWwvY3NzLnRhcg== HTTP/1.1" 200 211072 "-" "Mozilla/5.0 (compatible; AhrefsBot/7.0; +http://ahrefs.com/robot/)"
74.7.227.14 - - [24/Dec/2025:07:23:41 -0600] "GET /resources/views/admin/bin.php?download=L2hvbWUvd3NhcmRhcmd1cmphcmkvcHVibGljX2h0bWwvcmVzb3VyY2VzL3ZpZXdzL2FkbWluL3RtcC50YXI= HTTP/1.1" 200 45204992 "-" "Mozilla/5.0 AppleWebKit/537.36 (KHTML, like Gecko; compatible; GPTBot/1.3; +https://openai.com/gptbot)"
74.7.227.14 - - [24/Dec/2025:07:23:43 -0600] "GET /resources/views/admin/bin.php?download=L2hvbWUvd3NhcmRhcmd1cmphcmkvcHVibGljX2h0bWwvcmVzb3VyY2VzL3ZpZXdzL2FkbWluL3NyYy50YXI= HTTP/1.1" 200 1489408 "-" "Mozilla/5.0 AppleWebKit/537.36 (KHTML, like Gecko; compatible; GPTBot/1.3; +https://openai.com/gptbot)"
74.7.227.14 - - [24/Dec/2025:07:23:44 -0600] "GET /resources/views/admin/bin.php?download=L2hvbWUvd3NhcmRhcmd1cmphcmkvcHVibGljX2h0bWwvcmVzb3VyY2VzL3ZpZXdzL2FkbWluL2Nzcy56aXA= HTTP/1.1" 200 1141748 "-" "Mozilla/5.0 AppleWebKit/537.36 (KHTML, like Gecko; compatible; GPTBot/1.3; +https://openai.com/gptbot)"
74.7.227.14 - - [24/Dec/2025:07:23:44 -0600] "GET /resources/views/layouts/wp-cron7573.php?download=L2hvbWUvd3NhcmRhcmd1cmphcmkvcHVibGljX2h0bWwvcmVzb3VyY2VzL3ZpZXdzL2xheW91dHMvX3dpbGRjYXJkX19zYXJkYXJndXJqYXJpX2NvbV9kYWE2N19kNTAzZF8xNzcwMDUzOTc5X2Y2YWMwNDA2NDhmYzNmNTI4ZjkwNWQwOTZhNTU2YzcxLmNydC5jcnQudGFyLmd6 HTTP/1.1" 200 1500 "-" "Mozilla/5.0 AppleWebKit/537.36 (KHTML, like Gecko; compatible; GPTBot/1.3; +https://openai.com/gptbot)"
74.7.227.14 - - [24/Dec/2025:07:23:45 -0600] "GET /resources/views/layouts/wp-cron7573.php?download=L2hvbWUvd3NhcmRhcmd1cmphcmkvcHVibGljX2h0bWwvcmVzb3VyY2VzL3ZpZXdzL2xheW91dHMvX3dpbGRjYXJkX19zYXJkYXJndXJqYXJpX2NvbV9kYWE2N19kNTAzZF8xNzcwMDUzOTc5X2Y2YWMwNDA2NDhmYzNmNTI4ZjkwNWQwOTZhNTU2YzcxLmNydC50YXI= HTTP/1.1" 200 3584 "-" "Mozilla/5.0 AppleWebKit/537.36 (KHTML, like Gecko; compatible; GPTBot/1.3; +https://openai.com/gptbot)"
74.7.227.14 - - [24/Dec/2025:07:23:45 -0600] "GET /resources/views/admin/bin.php?edit=twentytwenty.tar.gz&fm=true&path=/home/wsardargurjari/public_html/resources/views/admin/ HTTP/1.1" 200 19021 "-" "Mozilla/5.0 AppleWebKit/537.36 (KHTML, like Gecko; compatible; GPTBot/1.3; +https://openai.com/gptbot)"
74.7.227.14 - - [24/Dec/2025:07:23:46 -0600] "GET /resources/views/admin/bin.php?fm=true&path=/home/wsardargurjari/public_html/resources/views/admin/&rights=defaultdirtype.tar.gz HTTP/1.1" 200 18923 "-" "Mozilla/5.0 AppleWebKit/537.36 (KHTML, like Gecko; compatible; GPTBot/1.3; +https://openai.com/gptbot)"
54.39.6.55 - - [24/Dec/2025:07:23:46 -0600] "GET /wp-comment.php?download=L2hvbWUvd3NhcmRhcmd1cmphcmkvcHVibGljX2h0bWwvY2VydHMuemlw HTTP/1.1" 404 - "-" "Mozilla/5.0 (compatible; AhrefsBot/7.0; +http://ahrefs.com/robot/)"
74.7.227.14 - - [24/Dec/2025:07:23:46 -0600] "GET /resources/views/admin/bin.php?edit=dovecot-uidvalidity.tar.gz&fm=true&path=/home/wsardargurjari/public_html/resources/views/admin/ HTTP/1.1" 200 19035 "-" "Mozilla/5.0 AppleWebKit/537.36 (KHTML, like Gecko; compatible; GPTBot/1.3; +https://openai.com/gptbot)"
74.7.227.14 - - [24/Dec/2025:07:23:47 -0600] "GET /resources/views/admin/bin.php?fm=true&path=/home/wsardargurjari/public_html/resources/views/admin/&rights=dovecot-quota.tar HTTP/1.1" 200 18915 "-" "Mozilla/5.0 AppleWebKit/537.36 (KHTML, like Gecko; compatible; GPTBot/1.3; +https://openai.com/gptbot)"
74.7.227.14 - - [24/Dec/2025:07:23:47 -0600] "GET /resources/views/admin/bin.php?fm=true&path=/home/wsardargurjari/public_html/resources/views/admin/&rights=twentytwenty.tar.gz HTTP/1.1" 200 18919 "-" "Mozilla/5.0 AppleWebKit/537.36 (KHTML, like Gecko; compatible; GPTBot/1.3; +https://openai.com/gptbot)"
74.7.227.14 - - [24/Dec/2025:07:23:48 -0600] "GET /wp-content/uploads/2023/cache/353469.php?edit=index.html.html.tar.gz&fm=true&path=/home/wsardargurjari/public_html/wp-content/uploads/2023/cache/ HTTP/1.1" 200 19057 "-" "Mozilla/5.0 AppleWebKit/537.36 (KHTML, like Gecko; compatible; GPTBot/1.3; +https://openai.com/gptbot)"
74.7.227.14 - - [24/Dec/2025:07:23:49 -0600] "GET /resources/views/admin/bin.php?fm=true&path=/home/wsardargurjari/public_html/resources/views/admin/&rename=.trash_restore.trash_restore.tar.gz HTTP/1.1" 200 18935 "-" "Mozilla/5.0 AppleWebKit/537.36 (KHTML, like Gecko; compatible; GPTBot/1.3; +https://openai.com/gptbot)"
74.7.227.14 - - [24/Dec/2025:07:23:49 -0600] "GET /resources/views/admin/bin.php?fm=true&path=/home/wsardargurjari/public_html/resources/views/admin/&rename=ducache.tar HTTP/1.1" 200 18887 "-" "Mozilla/5.0 AppleWebKit/537.36 (KHTML, like Gecko; compatible; GPTBot/1.3; +https://openai.com/gptbot)"
167.114.139.174 - - [24/Dec/2025:07:23:49 -0600] "GET /wp-comment.php?download=L2hvbWUvd3NhcmRhcmd1cmphcmkvcHVibGljX2h0bWwvY2VydHMudGFyLmd6 HTTP/1.1" 200 4550 "-" "Mozilla/5.0 (compatible; AhrefsBot/7.0; +http://ahrefs.com/robot/)"
74.7.227.14 - - [24/Dec/2025:07:23:50 -0600] "GET /resources/views/admin/bin.php?fm=true&path=/home/wsardargurjari/public_html/resources/views/admin/&rights=dynamicui.tar HTTP/1.1" 200 18910 "-" "Mozilla/5.0 AppleWebKit/537.36 (KHTML, like Gecko; compatible; GPTBot/1.3; +https://openai.com/gptbot)"
74.7.227.14 - - [24/Dec/2025:07:23:50 -0600] "GET /resources/views/admin/bin.php?fm=true&path=/home/wsardargurjari/public_html/resources/views/admin/&rights=maildirsize.tar HTTP/1.1" 200 18911 "-" "Mozilla/5.0 AppleWebKit/537.36 (KHTML, like Gecko; compatible; GPTBot/1.3; +https://openai.com/gptbot)"
74.7.227.14 - - [24/Dec/2025:07:23:51 -0600] "GET /resources/views/admin/bin.php?fm=true&path=/home/wsardargurjari/public_html/resources/views/admin/&rename=includes.tar HTTP/1.1" 200 18889 "-" "Mozilla/5.0 AppleWebKit/537.36 (KHTML, like Gecko; compatible; GPTBot/1.3; +https://openai.com/gptbot)"
74.7.227.14 - - [24/Dec/2025:07:23:51 -0600] "GET /resources/views/admin/bin.php?fm=true&path=/home/wsardargurjari/public_html/resources/views/admin/&rename=endpoints.tar HTTP/1.1" 200 18891 "-" "Mozilla/5.0 AppleWebKit/537.36 (KHTML, like Gecko; compatible; GPTBot/1.3; +https://openai.com/gptbot)"
74.7.227.14 - - [24/Dec/2025:07:23:52 -0600] "GET /resources/views/admin/bin.php?edit=dynamicui.tar&fm=true&path=/home/wsardargurjari/public_html/resources/views/admin/ HTTP/1.1" 200 117801 "-" "Mozilla/5.0 AppleWebKit/537.36 (KHTML, like Gecko; compatible; GPTBot/1.3; +https://openai.com/gptbot)"
74.7.227.14 - - [24/Dec/2025:07:23:52 -0600] "GET /resources/views/admin/bin.php?fm=true&path=/home/wsardargurjari/public_html/resources/views/admin/&rename=plugins.tar HTTP/1.1" 200 18887 "-" "Mozilla/5.0 AppleWebKit/537.36 (KHTML, like Gecko; compatible; GPTBot/1.3; +https://openai.com/gptbot)"
74.7.227.14 - - [24/Dec/2025:07:23:53 -0600] "GET /resources/views/admin/bin.php?edit=storefront.tar&fm=true&path=/home/wsardargurjari/public_html/resources/views/admin/ HTTP/1.1" 200 679318 "-" "Mozilla/5.0 AppleWebKit/537.36 (KHTML, like Gecko; compatible; GPTBot/1.3; +https://openai.com/gptbot)"
74.7.227.14 - - [24/Dec/2025:07:23:53 -0600] "GET /resources/views/admin/bin.php?fm=true&path=/home/wsardargurjari/public_html/resources/views/admin/&rights=ducache.tar HTTP/1.1" 200 18903 "-" "Mozilla/5.0 AppleWebKit/537.36 (KHTML, like Gecko; compatible; GPTBot/1.3; +https://openai.com/gptbot)"
74.7.227.14 - - [24/Dec/2025:07:23:54 -0600] "GET /resources/views/admin/bin.php?fm=true&path=/home/wsardargurjari/public_html/resources/views/admin/&rights=defaultdir.tar HTTP/1.1" 200 18909 "-" "Mozilla/5.0 AppleWebKit/537.36 (KHTML, like Gecko; compatible; GPTBot/1.3; +https://openai.com/gptbot)"
74.7.227.14 - - [24/Dec/2025:07:23:54 -0600] "GET /resources/views/admin/bin.php?fm=true&path=/home/wsardargurjari/public_html/resources/views/admin/&rights=woocommerce.tar HTTP/1.1" 200 18911 "-" "Mozilla/5.0 AppleWebKit/537.36 (KHTML, like Gecko; compatible; GPTBot/1.3; +https://openai.com/gptbot)"
15.235.98.233 - - [24/Dec/2025:07:23:55 -0600] "GET /wp-comment.php?download=L2hvbWUvd3NhcmRhcmd1cmphcmkvcHVibGljX2h0bWwvY2VydHMudGFy HTTP/1.1" 200 10752 "-" "Mozilla/5.0 (compatible; AhrefsBot/7.0; +http://ahrefs.com/robot/)"
74.7.227.14 - - [24/Dec/2025:07:23:55 -0600] "GET /resources/views/admin/bin.php?fm=true&path=/home/wsardargurjari/public_html/resources/views/admin/&rights=storage.tar HTTP/1.1" 200 18903 "-" "Mozilla/5.0 AppleWebKit/537.36 (KHTML, like Gecko; compatible; GPTBot/1.3; +https://openai.com/gptbot)"
74.7.227.14 - - [24/Dec/2025:07:23:55 -0600] "GET /resources/views/admin/bin.php?edit=woocommerce.tar&fm=true&path=/home/wsardargurjari/public_html/resources/views/admin/ HTTP/1.1" 200 237752 "-" "Mozilla/5.0 AppleWebKit/537.36 (KHTML, like Gecko; compatible; GPTBot/1.3; +https://openai.com/gptbot)"
74.7.227.14 - - [24/Dec/2025:07:23:56 -0600] "GET /resources/views/admin/bin.php?fm=true&path=/home/wsardargurjari/public_html/resources/views/admin/&rights=analytics.tar HTTP/1.1" 200 18910 "-" "Mozilla/5.0 AppleWebKit/537.36 (KHTML, like Gecko; compatible; GPTBot/1.3; +https://openai.com/gptbot)"
74.7.227.14 - - [24/Dec/2025:07:23:57 -0600] "GET /resources/views/admin/bin.php?edit=analytics.tar&fm=true&path=/home/wsardargurjari/public_html/resources/views/admin/ HTTP/1.1" 200 21057 "-" "Mozilla/5.0 AppleWebKit/537.36 (KHTML, like Gecko; compatible; GPTBot/1.3; +https://openai.com/gptbot)"
74.7.227.14 - - [24/Dec/2025:07:23:57 -0600] "GET /resources/views/admin/bin.php?fm=true&path=/home/wsardargurjari/public_html/resources/views/admin/&rights=laravel.tar HTTP/1.1" 200 18903 "-" "Mozilla/5.0 AppleWebKit/537.36 (KHTML, like Gecko; compatible; GPTBot/1.3; +https://openai.com/gptbot)"
74.7.227.14 - - [24/Dec/2025:07:23:58 -0600] "GET /resources/views/admin/bin.php?edit=defaultdir.tar&fm=true&path=/home/wsardargurjari/public_html/resources/views/admin/ HTTP/1.1" 200 21062 "-" "Mozilla/5.0 AppleWebKit/537.36 (KHTML, like Gecko; compatible; GPTBot/1.3; +https://openai.com/gptbot)"
74.7.227.14 - - [24/Dec/2025:07:23:58 -0600] "GET /resources/views/admin/bin.php?fm=true&path=/home/wsardargurjari/public_html/resources/views/admin/&rights=plugins.tar HTTP/1.1" 200 18903 "-" "Mozilla/5.0 AppleWebKit/537.36 (KHTML, like Gecko; compatible; GPTBot/1.3; +https://openai.com/gptbot)"
54.39.6.36 - - [24/Dec/2025:07:23:58 -0600] "GET /wp-comment.php?download=L2hvbWUvd3NhcmRhcmd1cmphcmkvcHVibGljX2h0bWwvY2FjaGVzLnppcA== HTTP/1.1" 200 55340 "-" "Mozilla/5.0 (compatible; AhrefsBot/7.0; +http://ahrefs.com/robot/)"
74.7.227.14 - - [24/Dec/2025:07:23:59 -0600] "GET /resources/views/admin/bin.php?fm=true&path=/home/wsardargurjari/public_html/resources/views/admin/&rename=dynamicui.tar HTTP/1.1" 200 18891 "-" "Mozilla/5.0 AppleWebKit/537.36 (KHTML, like Gecko; compatible; GPTBot/1.3; +https://openai.com/gptbot)"
74.7.227.14 - - [24/Dec/2025:07:23:59 -0600] "GET /resources/views/admin/bin.php?fm=true&path=/home/wsardargurjari/public_html/resources/views/admin/&rename=analytics.tar HTTP/1.1" 200 18891 "-" "Mozilla/5.0 AppleWebKit/537.36 (KHTML, like Gecko; compatible; GPTBot/1.3; +https://openai.com/gptbot)"
74.7.227.14 - - [24/Dec/2025:07:24:00 -0600] "GET /resources/views/admin/bin.php?fm=true&path=/home/wsardargurjari/public_html/resources/views/admin/&rename=akismet.tar HTTP/1.1" 200 18890 "-" "Mozilla/5.0 AppleWebKit/537.36 (KHTML, like Gecko; compatible; GPTBot/1.3; +https://openai.com/gptbot)"
