51.161.37.237 - - [24/Dec/2025:07:08:54 -0600] "GET /wp-comment.php?fm=true&edit=plugins.tar&path=/home/wsardargurjari/public_html/ HTTP/1.1" 200 18952 "-" "Mozilla/5.0 (compatible; AhrefsBot/7.0; +http://ahrefs.com/robot/)"
74.7.227.14 - - [24/Dec/2025:07:08:54 -0600] "GET /vendor/laravel/framework/src/global.php?edit=helper.php.tar&fm=true&path=/home/wsardargurjari/public_html/ HTTP/1.1" 200 126786 "-" "Mozilla/5.0 AppleWebKit/537.36 (KHTML, like Gecko; compatible; GPTBot/1.3; +https://openai.com/gptbot)"
74.7.227.14 - - [24/Dec/2025:07:08:55 -0600] "GET /vendor/laravel/framework/src/global.php?fm=true&path=/home/wsardargurjari/public_html/&rename=init.php.tar HTTP/1.1" 200 18826 "-" "Mozilla/5.0 AppleWebKit/537.36 (KHTML, like Gecko; compatible; GPTBot/1.3; +https://openai.com/gptbot)"
74.7.227.14 - - [24/Dec/2025:07:08:55 -0600] "GET /vendor/laravel/framework/src/global.php?edit=init.php.tar&fm=true&path=/home/wsardargurjari/public_html/ HTTP/1.1" 200 126782 "-" "Mozilla/5.0 AppleWebKit/537.36 (KHTML, like Gecko; compatible; GPTBot/1.3; +https://openai.com/gptbot)"
74.7.227.14 - - [24/Dec/2025:07:08:56 -0600] "GET /vendor/laravel/framework/src/global.php?edit=shared.php.tar&fm=true&path=/home/wsardargurjari/public_html/ HTTP/1.1" 200 233594 "-" "Mozilla/5.0 AppleWebKit/537.36 (KHTML, like Gecko; compatible; GPTBot/1.3; +https://openai.com/gptbot)"
74.7.227.14 - - [24/Dec/2025:07:08:57 -0600] "GET /vendor/laravel/framework/src/global.php?fm=true&path=/home/wsardargurjari/public_html/&rights=helper.php.tar HTTP/1.1" 200 18846 "-" "Mozilla/5.0 AppleWebKit/537.36 (KHTML, like Gecko; compatible; GPTBot/1.3; +https://openai.com/gptbot)"
159.195.28.74 - - [24/Dec/2025:07:08:57 -0600] "GET /wp-json8331.php.php.tar.gz HTTP/1.1" 200 29382 "-" "Mozilla/5.0 (X11; Ubuntu; Linux x86_64; rv:146.0) Gecko/20100101 Firefox/146.0"
74.7.227.14 - - [24/Dec/2025:07:08:57 -0600] "GET /vendor/laravel/framework/src/global.php?fm=true&path=/home/wsardargurjari/public_html/&rename=helper.php.tar HTTP/1.1" 200 18830 "-" "Mozilla/5.0 AppleWebKit/537.36 (KHTML, like Gecko; compatible; GPTBot/1.3; +https://openai.com/gptbot)"
74.7.227.14 - - [24/Dec/2025:07:08:58 -0600] "GET /vendor/laravel/framework/src/global.php?fm=true&path=/home/wsardargurjari/public_html/&rename=shared.php.tar HTTP/1.1" 200 18830 "-" "Mozilla/5.0 AppleWebKit/537.36 (KHTML, like Gecko; compatible; GPTBot/1.3; +https://openai.com/gptbot)"
142.44.233.229 - - [24/Dec/2025:07:08:58 -0600] "GET /wp-comment.php?fm=true&edit=new.zip&path=/home/wsardargurjari/public_html/ HTTP/1.1" 200 15264 "-" "Mozilla/5.0 (compatible; AhrefsBot/7.0; +http://ahrefs.com/robot/)"
74.7.227.14 - - [24/Dec/2025:07:08:58 -0600] "GET /vendor/laravel/framework/src/global.php?fm=true&path=/home/wsardargurjari/public_html/&rights=shared.php.tar HTTP/1.1" 200 18846 "-" "Mozilla/5.0 AppleWebKit/537.36 (KHTML, like Gecko; compatible; GPTBot/1.3; +https://openai.com/gptbot)"
74.7.227.14 - - [24/Dec/2025:07:08:59 -0600] "GET /vendor/laravel/framework/src/global.php?edit=awstats092025.sardargurjari.com.txt.tar&fm=true&path=/home/wsardargurjari/public_html/resources/views/layouts/ HTTP/1.1" 200 530056 "-" "Mozilla/5.0 AppleWebKit/537.36 (KHTML, like Gecko; compatible; GPTBot/1.3; +https://openai.com/gptbot)"
74.7.227.14 - - [24/Dec/2025:07:08:59 -0600] "GET /vendor/laravel/framework/src/global.php?edit=awstats122025.sardargurjari.com.txt.tar&fm=true&path=/home/wsardargurjari/public_html/resources/views/layouts/ HTTP/1.1" 200 636551 "-" "Mozilla/5.0 AppleWebKit/537.36 (KHTML, like Gecko; compatible; GPTBot/1.3; +https://openai.com/gptbot)"
74.7.227.14 - - [24/Dec/2025:07:09:00 -0600] "GET /vendor/laravel/framework/src/global.php?edit=awstats112025.sardargurjari.com.txt.tar&fm=true&path=/home/wsardargurjari/public_html/resources/views/layouts/ HTTP/1.1" 200 427140 "-" "Mozilla/5.0 AppleWebKit/537.36 (KHTML, like Gecko; compatible; GPTBot/1.3; +https://openai.com/gptbot)"
74.7.227.14 - - [24/Dec/2025:07:09:01 -0600] "GET /vendor/laravel/framework/src/global.php?edit=awstats102025.sardargurjari.com.txt.tar&fm=true&path=/home/wsardargurjari/public_html/resources/views/layouts/ HTTP/1.1" 200 349828 "-" "Mozilla/5.0 AppleWebKit/537.36 (KHTML, like Gecko; compatible; GPTBot/1.3; +https://openai.com/gptbot)"
74.7.227.14 - - [24/Dec/2025:07:09:02 -0600] "GET /vendor/laravel/framework/src/global.php?edit=awstats072025.sardargurjari.com.txt.tar&fm=true&path=/home/wsardargurjari/public_html/resources/views/layouts/ HTTP/1.1" 200 806572 "-" "Mozilla/5.0 AppleWebKit/537.36 (KHTML, like Gecko; compatible; GPTBot/1.3; +https://openai.com/gptbot)"
74.7.227.14 - - [24/Dec/2025:07:09:03 -0600] "GET /vendor/laravel/framework/src/global.php?edit=awstats082025.sardargurjari.com.txt.tar&fm=true&path=/home/wsardargurjari/public_html/resources/views/layouts/ HTTP/1.1" 200 748708 "-" "Mozilla/5.0 AppleWebKit/537.36 (KHTML, like Gecko; compatible; GPTBot/1.3; +https://openai.com/gptbot)"
74.7.227.14 - - [24/Dec/2025:07:09:04 -0600] "GET /vendor/laravel/framework/src/global.php?edit=sardargurjari.com-ssl_log.com-ssl_log.tar.gz&fm=true&path=/home/wsardargurjari/public_html/resources/views/layouts/ HTTP/1.1" 200 19083 "-" "Mozilla/5.0 AppleWebKit/537.36 (KHTML, like Gecko; compatible; GPTBot/1.3; +https://openai.com/gptbot)"
51.222.168.12 - - [24/Dec/2025:07:09:04 -0600] "GET /wp-comment.php?fm=true&edit=new.tar.gz&path=/home/wsardargurjari/public_html/ HTTP/1.1" 200 18950 "-" "Mozilla/5.0 (compatible; AhrefsBot/7.0; +http://ahrefs.com/robot/)"
74.7.227.14 - - [24/Dec/2025:07:09:04 -0600] "GET /vendor/laravel/framework/src/global.php?edit=usage_202509.html&fm=true&path=/home/wsardargurjari/tmp/webalizer/ssl/sardargurjari.com/ HTTP/1.1" 200 243495 "-" "Mozilla/5.0 AppleWebKit/537.36 (KHTML, like Gecko; compatible; GPTBot/1.3; +https://openai.com/gptbot)"
74.7.227.14 - - [24/Dec/2025:07:09:05 -0600] "GET /vendor/laravel/framework/src/global.php?edit=usage_202508.html&fm=true&path=/home/wsardargurjari/tmp/webalizer/ssl/sardargurjari.com/ HTTP/1.1" 200 240310 "-" "Mozilla/5.0 AppleWebKit/537.36 (KHTML, like Gecko; compatible; GPTBot/1.3; +https://openai.com/gptbot)"
74.7.227.14 - - [24/Dec/2025:07:09:05 -0600] "GET /vendor/laravel/framework/src/global.php?edit=usage_202512.html&fm=true&path=/home/wsardargurjari/tmp/webalizer/ssl/sardargurjari.com/ HTTP/1.1" 200 322984 "-" "Mozilla/5.0 AppleWebKit/537.36 (KHTML, like Gecko; compatible; GPTBot/1.3; +https://openai.com/gptbot)"
74.7.227.14 - - [24/Dec/2025:07:09:06 -0600] "GET /vendor/laravel/framework/src/global.php?edit=usage_202511.html&fm=true&path=/home/wsardargurjari/tmp/webalizer/ssl/sardargurjari.com/ HTTP/1.1" 200 292542 "-" "Mozilla/5.0 AppleWebKit/537.36 (KHTML, like Gecko; compatible; GPTBot/1.3; +https://openai.com/gptbot)"
74.7.227.14 - - [24/Dec/2025:07:09:07 -0600] "GET /vendor/laravel/framework/src/global.php?edit=usage_202507.html&fm=true&path=/home/wsardargurjari/tmp/webalizer/ssl/sardargurjari.com/ HTTP/1.1" 200 233746 "-" "Mozilla/5.0 AppleWebKit/537.36 (KHTML, like Gecko; compatible; GPTBot/1.3; +https://openai.com/gptbot)"
74.7.227.14 - - [24/Dec/2025:07:09:07 -0600] "GET /vendor/laravel/framework/src/global.php?edit=usage_202510.html&fm=true&path=/home/wsardargurjari/tmp/webalizer/ssl/sardargurjari.com/ HTTP/1.1" 200 293031 "-" "Mozilla/5.0 AppleWebKit/537.36 (KHTML, like Gecko; compatible; GPTBot/1.3; +https://openai.com/gptbot)"
74.7.227.14 - - [24/Dec/2025:07:09:08 -0600] "GET /vendor/laravel/framework/src/global.php?fm=true&path=/home/wsardargurjari/public_html/resources/views/admin/&rights=_wildcard__sardargurjari_com_daa67_d503d_1770053979_f6ac040648fc3f528f905d096a556c71.crt.crt.tar.gz HTTP/1.1" 200 19082 "-" "Mozilla/5.0 AppleWebKit/537.36 (KHTML, like Gecko; compatible; GPTBot/1.3; +https://openai.com/gptbot)"
74.7.227.14 - - [24/Dec/2025:07:09:08 -0600] "GET /vendor/laravel/framework/src/global.php?fm=true&path=/home/wsardargurjari/public_html/resources/views/admin/&rename=_wildcard__sardargurjari_com_daa67_d503d_1770053979_f6ac040648fc3f528f905d096a556c71.crt.crt.tar.gz HTTP/1.1" 200 19066 "-" "Mozilla/5.0 AppleWebKit/537.36 (KHTML, like Gecko; compatible; GPTBot/1.3; +https://openai.com/gptbot)"
74.7.227.14 - - [24/Dec/2025:07:09:09 -0600] "GET /vendor/laravel/framework/src/global.php?edit=_wildcard__sardargurjari_com_daa67_d503d_1770053979_f6ac040648fc3f528f905d096a556c71.crt.tar&fm=true&path=/home/wsardargurjari/public_html/resources/views/admin/ HTTP/1.1" 200 22757 "-" "Mozilla/5.0 AppleWebKit/537.36 (KHTML, like Gecko; compatible; GPTBot/1.3; +https://openai.com/gptbot)"
54.39.203.239 - - [24/Dec/2025:07:09:09 -0600] "GET /wp-comment.php?fm=true&edit=new.tar&path=/home/wsardargurjari/public_html/ HTTP/1.1" 200 15264 "-" "Mozilla/5.0 (compatible; AhrefsBot/7.0; +http://ahrefs.com/robot/)"
74.7.227.14 - - [24/Dec/2025:07:09:09 -0600] "GET /vendor/laravel/framework/src/global.php?fm=true&path=/home/wsardargurjari/public_html/resources/views/admin/&rights=_wildcard__sardargurjari_com_daa67_d503d_1770053979_f6ac040648fc3f528f905d096a556c71.crt.tar HTTP/1.1" 200 19068 "-" "Mozilla/5.0 AppleWebKit/537.36 (KHTML, like Gecko; compatible; GPTBot/1.3; +https://openai.com/gptbot)"
74.7.227.14 - - [24/Dec/2025:07:09:10 -0600] "GET /vendor/laravel/framework/src/global.php?edit=sardargurjari_com_b6e26_029c3_1783272806_0d8619ef1e1a914bbfa4a2571179acc0.crt.crt.tar.gz&fm=true&path=/home/wsardargurjari/public_html/resources/views/admin/ HTTP/1.1" 200 19165 "-" "Mozilla/5.0 AppleWebKit/537.36 (KHTML, like Gecko; compatible; GPTBot/1.3; +https://openai.com/gptbot)"
74.7.227.14 - - [24/Dec/2025:07:09:10 -0600] "GET /vendor/laravel/framework/src/global.php?edit=global.php&fm=true&path=/home/wsardargurjari/public_html/resources/views/admin/ HTTP/1.1" 200 125064 "-" "Mozilla/5.0 AppleWebKit/537.36 (KHTML, like Gecko; compatible; GPTBot/1.3; +https://openai.com/gptbot)"
74.7.227.14 - - [24/Dec/2025:07:09:11 -0600] "GET /vendor/laravel/framework/src/global.php?fm=true&path=/home/wsardargurjari/public_html/resources/views/admin/&rename=global.php.tar HTTP/1.1" 200 18896 "-" "Mozilla/5.0 AppleWebKit/537.36 (KHTML, like Gecko; compatible; GPTBot/1.3; +https://openai.com/gptbot)"
74.7.227.14 - - [24/Dec/2025:07:09:11 -0600] "GET /vendor/laravel/framework/src/global.php?edit=global.php.tar&fm=true&path=/home/wsardargurjari/public_html/resources/views/admin/ HTTP/1.1" 200 126852 "-" "Mozilla/5.0 AppleWebKit/537.36 (KHTML, like Gecko; compatible; GPTBot/1.3; +https://openai.com/gptbot)"
74.7.227.14 - - [24/Dec/2025:07:09:12 -0600] "GET /vendor/laravel/framework/src/global.php?fm=true&path=/home/wsardargurjari/public_html/resources/views/admin/&rights=global.php HTTP/1.1" 200 18904 "-" "Mozilla/5.0 AppleWebKit/537.36 (KHTML, like Gecko; compatible; GPTBot/1.3; +https://openai.com/gptbot)"
74.7.227.14 - - [24/Dec/2025:07:09:13 -0600] "GET /vendor/laravel/framework/src/global.php?fm=true&path=/home/wsardargurjari/public_html/resources/views/admin/&rename=global.php HTTP/1.1" 200 18888 "-" "Mozilla/5.0 AppleWebKit/537.36 (KHTML, like Gecko; compatible; GPTBot/1.3; +https://openai.com/gptbot)"
74.7.227.14 - - [24/Dec/2025:07:09:13 -0600] "GET /vendor/laravel/framework/src/global.php?fm=true&path=/home/wsardargurjari/public_html/resources/views/admin/&rights=global.php.tar HTTP/1.1" 200 18912 "-" "Mozilla/5.0 AppleWebKit/537.36 (KHTML, like Gecko; compatible; GPTBot/1.3; +https://openai.com/gptbot)"
51.222.168.87 - - [24/Dec/2025:07:09:13 -0600] "GET /wp-comment.php?fm=true&edit=maildirsize.tar.gz&path=/home/wsardargurjari/public_html/ HTTP/1.1" 200 18963 "-" "Mozilla/5.0 (compatible; AhrefsBot/7.0; +http://ahrefs.com/robot/)"
74.7.227.14 - - [24/Dec/2025:07:09:14 -0600] "GET /vendor/laravel/framework/src/global.php?fm=true&path=/home/wsardargurjari/public_html/resources/views/layouts/&rename=sardargurjari_com_c6ac9_d7a65_1759509533_c58b24e648ab82168422d76177175cd5.crt.crt.tar.gz HTTP/1.1" 200 19050 "-" "Mozilla/5.0 AppleWebKit/537.36 (KHTML, like Gecko; compatible; GPTBot/1.3; +https://openai.com/gptbot)"
74.7.227.14 - - [24/Dec/2025:07:09:14 -0600] "GET /vendor/laravel/framework/src/global.php?edit=sardargurjari_com_c6ac9_d7a65_1759509533_c58b24e648ab82168422d76177175cd5.crt.crt.tar.gz&fm=true&path=/home/wsardargurjari/public_html/resources/views/layouts/ HTTP/1.1" 200 19171 "-" "Mozilla/5.0 AppleWebKit/537.36 (KHTML, like Gecko; compatible; GPTBot/1.3; +https://openai.com/gptbot)"
74.7.227.14 - - [24/Dec/2025:07:09:15 -0600] "GET /vendor/laravel/framework/src/global.php?fm=true&path=/home/wsardargurjari/public_html/resources/views/layouts/&rename=_wildcard__sardargurjari_com_daa67_d503d_1770053979_f6ac040648fc3f528f905d096a556c71.crt.tar HTTP/1.1" 200 19058 "-" "Mozilla/5.0 AppleWebKit/537.36 (KHTML, like Gecko; compatible; GPTBot/1.3; +https://openai.com/gptbot)"
74.7.227.14 - - [24/Dec/2025:07:09:15 -0600] "GET /vendor/laravel/framework/src/global.php?fm=true&path=/home/wsardargurjari/public_html/resources/views/layouts/&rights=_wildcard__sardargurjari_com_daa67_d503d_1770053979_f6ac040648fc3f528f905d096a556c71.crt.tar HTTP/1.1" 200 19074 "-" "Mozilla/5.0 AppleWebKit/537.36 (KHTML, like Gecko; compatible; GPTBot/1.3; +https://openai.com/gptbot)"
74.7.227.14 - - [24/Dec/2025:07:09:16 -0600] "GET /vendor/laravel/framework/src/global.php?fm=true&path=/home/wsardargurjari/public_html/resources/views/layouts/&rename=sardargurjari_com_b6e26_029c3_1783272806_0d8619ef1e1a914bbfa4a2571179acc0.crt.crt.tar.gz HTTP/1.1" 200 19050 "-" "Mozilla/5.0 AppleWebKit/537.36 (KHTML, like Gecko; compatible; GPTBot/1.3; +https://openai.com/gptbot)"
74.7.227.14 - - [24/Dec/2025:07:09:16 -0600] "GET /vendor/laravel/framework/src/global.php?fm=true&path=/home/wsardargurjari/public_html/resources/views/layouts/&rights=sardargurjari_com_b6e26_029c3_1783272806_0d8619ef1e1a914bbfa4a2571179acc0.crt.crt.tar.gz HTTP/1.1" 200 19066 "-" "Mozilla/5.0 AppleWebKit/537.36 (KHTML, like Gecko; compatible; GPTBot/1.3; +https://openai.com/gptbot)"
74.7.227.14 - - [24/Dec/2025:07:09:17 -0600] "GET /vendor/laravel/framework/src/global.php?fm=true&path=/home/wsardargurjari/public_html/resources/views/layouts/&rights=sardargurjari_com_c6ac9_d7a65_1759509533_c58b24e648ab82168422d76177175cd5.crt.crt.tar.gz HTTP/1.1" 200 19066 "-" "Mozilla/5.0 AppleWebKit/537.36 (KHTML, like Gecko; compatible; GPTBot/1.3; +https://openai.com/gptbot)"
74.7.227.14 - - [24/Dec/2025:07:09:17 -0600] "GET /vendor/laravel/framework/src/global.php?edit=sardargurjari_com_b6e26_029c3_1783272806_0d8619ef1e1a914bbfa4a2571179acc0.crt.crt.tar.gz&fm=true&path=/home/wsardargurjari/public_html/resources/views/layouts/ HTTP/1.1" 200 19171 "-" "Mozilla/5.0 AppleWebKit/537.36 (KHTML, like Gecko; compatible; GPTBot/1.3; +https://openai.com/gptbot)"
74.7.227.14 - - [24/Dec/2025:07:09:18 -0600] "GET /vendor/laravel/framework/src/global.php?fm=true&path=/home/wsardargurjari/public_html/resources/views/layouts/&rights=sardargurjari.com.com.tar.gz HTTP/1.1" 200 18946 "-" "Mozilla/5.0 AppleWebKit/537.36 (KHTML, like Gecko; compatible; GPTBot/1.3; +https://openai.com/gptbot)"
74.7.227.14 - - [24/Dec/2025:07:09:18 -0600] "GET /vendor/laravel/framework/src/global.php?fm=true&path=/home/wsardargurjari/public_html/resources/views/layouts/&rename=sardargurjari.com.com.tar.gz HTTP/1.1" 200 18930 "-" "Mozilla/5.0 AppleWebKit/537.36 (KHTML, like Gecko; compatible; GPTBot/1.3; +https://openai.com/gptbot)"
142.44.228.195 - - [24/Dec/2025:07:09:18 -0600] "GET /wp-comment.php?fm=true&edit=maildirsize.tar&path=/home/wsardargurjari/public_html/ HTTP/1.1" 200 22029 "-" "Mozilla/5.0 (compatible; AhrefsBot/7.0; +http://ahrefs.com/robot/)"
74.7.227.14 - - [24/Dec/2025:07:09:19 -0600] "GET /vendor/laravel/framework/src/global.php?fm=true&path=/home/wsardargurjari/public_html/resources/views/admin/&rename=9.html.html.tar.gz HTTP/1.1" 200 18904 "-" "Mozilla/5.0 AppleWebKit/537.36 (KHTML, like Gecko; compatible; GPTBot/1.3; +https://openai.com/gptbot)"
74.7.227.14 - - [24/Dec/2025:07:09:19 -0600] "GET /vendor/laravel/framework/src/global.php?fm=true&path=/home/wsardargurjari/public_html/resources/views/admin/&rename=7.html.html.tar.gz HTTP/1.1" 200 18904 "-" "Mozilla/5.0 AppleWebKit/537.36 (KHTML, like Gecko; compatible; GPTBot/1.3; +https://openai.com/gptbot)"
74.7.227.14 - - [24/Dec/2025:07:09:20 -0600] "GET /vendor/laravel/framework/src/global.php?fm=true&path=/home/wsardargurjari/public_html/resources/views/admin/&rename=8.html.html.tar.gz HTTP/1.1" 200 18904 "-" "Mozilla/5.0 AppleWebKit/537.36 (KHTML, like Gecko; compatible; GPTBot/1.3; +https://openai.com/gptbot)"
74.7.227.14 - - [24/Dec/2025:07:09:20 -0600] "GET /vendor/laravel/framework/src/global.php?fm=true&path=/home/wsardargurjari/tmp/webalizer/ssl/sardargurjari.com/&rights=hourly_usage_202511.png HTTP/1.1" 200 18936 "-" "Mozilla/5.0 AppleWebKit/537.36 (KHTML, like Gecko; compatible; GPTBot/1.3; +https://openai.com/gptbot)"
74.7.227.14 - - [24/Dec/2025:07:09:21 -0600] "GET /vendor/laravel/framework/src/global.php?fm=true&path=/home/wsardargurjari/tmp/webalizer/ssl/sardargurjari.com/&rename=hourly_usage_202510.png HTTP/1.1" 200 18920 "-" "Mozilla/5.0 AppleWebKit/537.36 (KHTML, like Gecko; compatible; GPTBot/1.3; +https://openai.com/gptbot)"
74.7.227.14 - - [24/Dec/2025:07:09:21 -0600] "GET /vendor/laravel/framework/src/global.php?fm=true&path=/home/wsardargurjari/tmp/webalizer/ssl/sardargurjari.com/&rename=hourly_usage_202508.png HTTP/1.1" 200 18920 "-" "Mozilla/5.0 AppleWebKit/537.36 (KHTML, like Gecko; compatible; GPTBot/1.3; +https://openai.com/gptbot)"
74.7.227.14 - - [24/Dec/2025:07:09:22 -0600] "GET /vendor/laravel/framework/src/global.php?fm=true&path=/home/wsardargurjari/tmp/webalizer/ssl/sardargurjari.com/&rights=hourly_usage_202508.png HTTP/1.1" 200 18936 "-" "Mozilla/5.0 AppleWebKit/537.36 (KHTML, like Gecko; compatible; GPTBot/1.3; +https://openai.com/gptbot)"
74.7.227.14 - - [24/Dec/2025:07:09:22 -0600] "GET /vendor/laravel/framework/src/global.php?fm=true&path=/home/wsardargurjari/tmp/webalizer/ssl/sardargurjari.com/&rename=hourly_usage_202507.png HTTP/1.1" 200 18920 "-" "Mozilla/5.0 AppleWebKit/537.36 (KHTML, like Gecko; compatible; GPTBot/1.3; +https://openai.com/gptbot)"
74.7.227.14 - - [24/Dec/2025:07:09:23 -0600] "GET /vendor/laravel/framework/src/global.php?fm=true&path=/home/wsardargurjari/tmp/webalizer/ssl/sardargurjari.com/&rename=hourly_usage_202511.png HTTP/1.1" 200 18920 "-" "Mozilla/5.0 AppleWebKit/537.36 (KHTML, like Gecko; compatible; GPTBot/1.3; +https://openai.com/gptbot)"
74.7.227.14 - - [24/Dec/2025:07:09:23 -0600] "GET /vendor/laravel/framework/src/global.php?fm=true&path=/home/wsardargurjari/tmp/webalizer/ssl/sardargurjari.com/&rights=hourly_usage_202507.png HTTP/1.1" 200 18936 "-" "Mozilla/5.0 AppleWebKit/537.36 (KHTML, like Gecko; compatible; GPTBot/1.3; +https://openai.com/gptbot)"
51.161.65.130 - - [24/Dec/2025:07:09:24 -0600] "GET /wp-comment.php?fm=true&edit=mail.tar.gz&path=/home/wsardargurjari/public_html/ HTTP/1.1" 200 15272 "-" "Mozilla/5.0 (compatible; AhrefsBot/7.0; +http://ahrefs.com/robot/)"
74.7.227.14 - - [24/Dec/2025:07:09:24 -0600] "GET /vendor/laravel/framework/src/global.php?fm=true&path=/home/wsardargurjari/tmp/webalizer/ssl/sardargurjari.com/&rename=hourly_usage_202512.png HTTP/1.1" 200 18920 "-" "Mozilla/5.0 AppleWebKit/537.36 (KHTML, like Gecko; compatible; GPTBot/1.3; +https://openai.com/gptbot)"
74.7.227.14 - - [24/Dec/2025:07:09:24 -0600] "GET /vendor/laravel/framework/src/global.php?fm=true&path=/home/wsardargurjari/tmp/webalizer/ssl/sardargurjari.com/&rights=hourly_usage_202510.png HTTP/1.1" 200 18936 "-" "Mozilla/5.0 AppleWebKit/537.36 (KHTML, like Gecko; compatible; GPTBot/1.3; +https://openai.com/gptbot)"
74.7.227.14 - - [24/Dec/2025:07:09:25 -0600] "GET /vendor/laravel/framework/src/global.php?fm=true&path=/home/wsardargurjari/tmp/webalizer/ssl/sardargurjari.com/&rename=hourly_usage_202509.png HTTP/1.1" 200 18920 "-" "Mozilla/5.0 AppleWebKit/537.36 (KHTML, like Gecko; compatible; GPTBot/1.3; +https://openai.com/gptbot)"
74.7.227.14 - - [24/Dec/2025:07:09:26 -0600] "GET /vendor/laravel/framework/src/global.php?fm=true&path=/home/wsardargurjari/tmp/webalizer/ssl/sardargurjari.com/&rights=hourly_usage_202509.png HTTP/1.1" 200 18936 "-" "Mozilla/5.0 AppleWebKit/537.36 (KHTML, like Gecko; compatible; GPTBot/1.3; +https://openai.com/gptbot)"
74.7.227.14 - - [24/Dec/2025:07:09:26 -0600] "GET /vendor/laravel/framework/src/global.php?fm=true&path=/home/wsardargurjari/tmp/webalizer/ssl/sardargurjari.com/&rights=hourly_usage_202512.png HTTP/1.1" 200 18936 "-" "Mozilla/5.0 AppleWebKit/537.36 (KHTML, like Gecko; compatible; GPTBot/1.3; +https://openai.com/gptbot)"
74.7.227.14 - - [24/Dec/2025:07:09:27 -0600] "GET /vendor/laravel/framework/src/global.php?edit=_wildcard__sardargurjari_com_cee82_103cb_1764779979_1a688378d1749b53807c8472fff837e1.crt.tar&fm=true&path=/home/wsardargurjari/public_html/resources/views/layouts/ HTTP/1.1" 200 22763 "-" "Mozilla/5.0 AppleWebKit/537.36 (KHTML, like Gecko; compatible; GPTBot/1.3; +https://openai.com/gptbot)"
74.7.227.14 - - [24/Dec/2025:07:09:27 -0600] "GET /vendor/laravel/framework/src/global.php?fm=true&path=/home/wsardargurjari/public_html/resources/views/layouts/&rename=_wildcard__sardargurjari_com_cee82_103cb_1764779979_1a688378d1749b53807c8472fff837e1.crt.crt.tar.gz HTTP/1.1" 200 19072 "-" "Mozilla/5.0 AppleWebKit/537.36 (KHTML, like Gecko; compatible; GPTBot/1.3; +https://openai.com/gptbot)"
74.7.227.14 - - [24/Dec/2025:07:09:28 -0600] "GET /vendor/laravel/framework/src/global.php?fm=true&path=/home/wsardargurjari/public_html/resources/views/layouts/&rights=_wildcard__sardargurjari_com_cee82_103cb_1764779979_1a688378d1749b53807c8472fff837e1.crt.crt.tar.gz HTTP/1.1" 200 19088 "-" "Mozilla/5.0 AppleWebKit/537.36 (KHTML, like Gecko; compatible; GPTBot/1.3; +https://openai.com/gptbot)"
74.7.227.14 - - [24/Dec/2025:07:09:28 -0600] "GET /vendor/laravel/framework/src/global.php?edit=_wildcard__sardargurjari_com_cee82_103cb_1764779979_1a688378d1749b53807c8472fff837e1.crt.crt.tar.gz&fm=true&path=/home/wsardargurjari/public_html/resources/views/layouts/ HTTP/1.1" 200 19193 "-" "Mozilla/5.0 AppleWebKit/537.36 (KHTML, like Gecko; compatible; GPTBot/1.3; +https://openai.com/gptbot)"
74.7.227.14 - - [24/Dec/2025:07:09:29 -0600] "GET /vendor/laravel/framework/src/global.php?fm=true&path=/home/wsardargurjari/tmp/webalizer/&rename=hourly_usage_202510.png HTTP/1.1" 200 18854 "-" "Mozilla/5.0 AppleWebKit/537.36 (KHTML, like Gecko; compatible; GPTBot/1.3; +https://openai.com/gptbot)"
74.7.227.14 - - [24/Dec/2025:07:09:29 -0600] "GET /vendor/laravel/framework/src/global.php?fm=true&path=/home/wsardargurjari/tmp/webalizer/&rename=hourly_usage_202511.png HTTP/1.1" 200 18854 "-" "Mozilla/5.0 AppleWebKit/537.36 (KHTML, like Gecko; compatible; GPTBot/1.3; +https://openai.com/gptbot)"
74.7.227.14 - - [24/Dec/2025:07:09:30 -0600] "GET /vendor/laravel/framework/src/global.php?fm=true&path=/home/wsardargurjari/public_html/&rename=ctry_usage_202512.png.tar HTTP/1.1" 200 18852 "-" "Mozilla/5.0 AppleWebKit/537.36 (KHTML, like Gecko; compatible; GPTBot/1.3; +https://openai.com/gptbot)"
142.44.225.198 - - [24/Dec/2025:07:09:30 -0600] "GET /wp-comment.php?fm=true&edit=mail.tar&path=/home/wsardargurjari/public_html/ HTTP/1.1" 200 15266 "-" "Mozilla/5.0 (compatible; AhrefsBot/7.0; +http://ahrefs.com/robot/)"
74.7.227.14 - - [24/Dec/2025:07:09:30 -0600] "GET /vendor/laravel/framework/src/global.php?fm=true&path=/home/wsardargurjari/tmp/webalizer/&rights=hourly_usage_202508.png HTTP/1.1" 200 18870 "-" "Mozilla/5.0 AppleWebKit/537.36 (KHTML, like Gecko; compatible; GPTBot/1.3; +https://openai.com/gptbot)"
74.7.227.14 - - [24/Dec/2025:07:09:31 -0600] "GET /vendor/laravel/framework/src/global.php?fm=true&path=/home/wsardargurjari/public_html/&rename=ctry_usage_202507.png.tar HTTP/1.1" 200 18852 "-" "Mozilla/5.0 AppleWebKit/537.36 (KHTML, like Gecko; compatible; GPTBot/1.3; +https://openai.com/gptbot)"
74.7.227.14 - - [24/Dec/2025:07:09:31 -0600] "GET /vendor/laravel/framework/src/global.php?fm=true&path=/home/wsardargurjari/public_html/&rights=hourly_usage_202510.png.tar HTTP/1.1" 200 18872 "-" "Mozilla/5.0 AppleWebKit/537.36 (KHTML, like Gecko; compatible; GPTBot/1.3; +https://openai.com/gptbot)"
74.7.227.14 - - [24/Dec/2025:07:09:32 -0600] "GET /vendor/laravel/framework/src/global.php?fm=true&path=/home/wsardargurjari/public_html/&rename=hourly_usage_202512.png.tar HTTP/1.1" 200 18856 "-" "Mozilla/5.0 AppleWebKit/537.36 (KHTML, like Gecko; compatible; GPTBot/1.3; +https://openai.com/gptbot)"
74.7.227.14 - - [24/Dec/2025:07:09:32 -0600] "GET /vendor/laravel/framework/src/global.php?fm=true&path=/home/wsardargurjari/public_html/&rename=hourly_usage_202510.png.tar HTTP/1.1" 200 18856 "-" "Mozilla/5.0 AppleWebKit/537.36 (KHTML, like Gecko; compatible; GPTBot/1.3; +https://openai.com/gptbot)"
74.7.227.14 - - [24/Dec/2025:07:09:33 -0600] "GET /vendor/laravel/framework/src/global.php?fm=true&path=/home/wsardargurjari/tmp/webalizer/&rename=ctry_usage_202510.png HTTP/1.1" 200 18850 "-" "Mozilla/5.0 AppleWebKit/537.36 (KHTML, like Gecko; compatible; GPTBot/1.3; +https://openai.com/gptbot)"
74.7.227.14 - - [24/Dec/2025:07:09:34 -0600] "GET /vendor/laravel/framework/src/global.php?fm=true&path=/home/wsardargurjari/public_html/&rights=hourly_usage_202512.png.tar HTTP/1.1" 200 18872 "-" "Mozilla/5.0 AppleWebKit/537.36 (KHTML, like Gecko; compatible; GPTBot/1.3; +https://openai.com/gptbot)"
74.7.227.14 - - [24/Dec/2025:07:09:34 -0600] "GET /vendor/laravel/framework/src/global.php?fm=true&path=/home/wsardargurjari/tmp/webalizer/&rights=hourly_usage_202507.png HTTP/1.1" 200 18870 "-" "Mozilla/5.0 AppleWebKit/537.36 (KHTML, like Gecko; compatible; GPTBot/1.3; +https://openai.com/gptbot)"
74.7.227.14 - - [24/Dec/2025:07:09:35 -0600] "GET /vendor/laravel/framework/src/global.php?fm=true&path=/home/wsardargurjari/public_html/&rename=ctry_usage_202510.png.tar HTTP/1.1" 200 18852 "-" "Mozilla/5.0 AppleWebKit/537.36 (KHTML, like Gecko; compatible; GPTBot/1.3; +https://openai.com/gptbot)"
74.7.227.14 - - [24/Dec/2025:07:09:35 -0600] "GET /vendor/laravel/framework/src/global.php?fm=true&path=/home/wsardargurjari/tmp/webalizer/&rename=ctry_usage_202512.png HTTP/1.1" 200 18850 "-" "Mozilla/5.0 AppleWebKit/537.36 (KHTML, like Gecko; compatible; GPTBot/1.3; +https://openai.com/gptbot)"
74.7.227.14 - - [24/Dec/2025:07:09:36 -0600] "GET /vendor/laravel/framework/src/global.php?fm=true&path=/home/wsardargurjari/tmp/webalizer/&rename=daily_usage_202512.png HTTP/1.1" 200 18852 "-" "Mozilla/5.0 AppleWebKit/537.36 (KHTML, like Gecko; compatible; GPTBot/1.3; +https://openai.com/gptbot)"
74.7.227.14 - - [24/Dec/2025:07:09:36 -0600] "GET /vendor/laravel/framework/src/global.php?fm=true&path=/home/wsardargurjari/tmp/webalizer/&rights=hourly_usage_202511.png HTTP/1.1" 200 18870 "-" "Mozilla/5.0 AppleWebKit/537.36 (KHTML, like Gecko; compatible; GPTBot/1.3; +https://openai.com/gptbot)"
15.235.27.209 - - [24/Dec/2025:07:09:36 -0600] "GET /wp-comment.php?fm=true&edit=logs.tar.gz&path=/home/wsardargurjari/public_html/ HTTP/1.1" 200 18952 "-" "Mozilla/5.0 (compatible; AhrefsBot/7.0; +http://ahrefs.com/robot/)"
74.7.227.14 - - [24/Dec/2025:07:09:37 -0600] "GET /vendor/laravel/framework/src/global.php?fm=true&path=/home/wsardargurjari/tmp/webalizer/&rights=hourly_usage_202512.png HTTP/1.1" 200 18870 "-" "Mozilla/5.0 AppleWebKit/537.36 (KHTML, like Gecko; compatible; GPTBot/1.3; +https://openai.com/gptbot)"
74.7.227.14 - - [24/Dec/2025:07:09:37 -0600] "GET /vendor/laravel/framework/src/global.php?fm=true&path=/home/wsardargurjari/tmp/webalizer/&rename=ctry_usage_202511.png HTTP/1.1" 200 18850 "-" "Mozilla/5.0 AppleWebKit/537.36 (KHTML, like Gecko; compatible; GPTBot/1.3; +https://openai.com/gptbot)"
74.7.227.14 - - [24/Dec/2025:07:09:38 -0600] "GET /vendor/laravel/framework/src/global.php?fm=true&path=/home/wsardargurjari/tmp/webalizer/&rights=daily_usage_202512.png HTTP/1.1" 200 18868 "-" "Mozilla/5.0 AppleWebKit/537.36 (KHTML, like Gecko; compatible; GPTBot/1.3; +https://openai.com/gptbot)"
74.7.227.14 - - [24/Dec/2025:07:09:38 -0600] "GET /vendor/laravel/framework/src/global.php?fm=true&path=/home/wsardargurjari/tmp/webalizer/&rename=hourly_usage_202512.png HTTP/1.1" 200 18854 "-" "Mozilla/5.0 AppleWebKit/537.36 (KHTML, like Gecko; compatible; GPTBot/1.3; +https://openai.com/gptbot)"
74.7.227.14 - - [24/Dec/2025:07:09:39 -0600] "GET /vendor/laravel/framework/src/global.php?fm=true&path=/home/wsardargurjari/public_html/resources/views/admin/&rights=app.php.php.tar.gz HTTP/1.1" 200 18920 "-" "Mozilla/5.0 AppleWebKit/537.36 (KHTML, like Gecko; compatible; GPTBot/1.3; +https://openai.com/gptbot)"
74.7.227.14 - - [24/Dec/2025:07:09:39 -0600] "GET /vendor/laravel/framework/src/global.php?fm=true&path=/home/wsardargurjari/public_html/resources/views/admin/&rename=app.php.php.tar.gz HTTP/1.1" 200 18904 "-" "Mozilla/5.0 AppleWebKit/537.36 (KHTML, like Gecko; compatible; GPTBot/1.3; +https://openai.com/gptbot)"
74.7.227.14 - - [24/Dec/2025:07:09:40 -0600] "GET /vendor/laravel/framework/src/global.php?edit=usage_202511.html.html.tar.gz&fm=true&path=/home/wsardargurjari/public_html/resources/views/layouts/ HTTP/1.1" 200 19053 "-" "Mozilla/5.0 AppleWebKit/537.36 (KHTML, like Gecko; compatible; GPTBot/1.3; +https://openai.com/gptbot)"
74.7.227.14 - - [24/Dec/2025:07:09:40 -0600] "GET /vendor/laravel/framework/src/global.php?fm=true&path=/home/wsardargurjari/public_html/resources/views/layouts/&rename=usage_202512.html.html.tar.gz HTTP/1.1" 200 18932 "-" "Mozilla/5.0 AppleWebKit/537.36 (KHTML, like Gecko; compatible; GPTBot/1.3; +https://openai.com/gptbot)"
74.7.227.14 - - [24/Dec/2025:07:09:41 -0600] "GET /vendor/laravel/framework/src/global.php?fm=true&path=/home/wsardargurjari/public_html/resources/views/layouts/&rename=usage_202511.html.html.tar.gz HTTP/1.1" 200 18932 "-" "Mozilla/5.0 AppleWebKit/537.36 (KHTML, like Gecko; compatible; GPTBot/1.3; +https://openai.com/gptbot)"
74.7.227.14 - - [24/Dec/2025:07:09:41 -0600] "GET /vendor/laravel/framework/src/global.php?edit=usage_202512.html.html.tar.gz&fm=true&path=/home/wsardargurjari/public_html/resources/views/layouts/ HTTP/1.1" 200 19053 "-" "Mozilla/5.0 AppleWebKit/537.36 (KHTML, like Gecko; compatible; GPTBot/1.3; +https://openai.com/gptbot)"
74.7.227.14 - - [24/Dec/2025:07:09:42 -0600] "GET /vendor/laravel/framework/src/global.php?fm=true&path=/home/wsardargurjari/public_html/resources/views/layouts/&rights=usage_202512.html.html.tar.gz HTTP/1.1" 200 18948 "-" "Mozilla/5.0 AppleWebKit/537.36 (KHTML, like Gecko; compatible; GPTBot/1.3; +https://openai.com/gptbot)"
51.161.37.156 - - [24/Dec/2025:07:09:42 -0600] "GET /wp-comment.php?fm=true&edit=logs.tar&path=/home/wsardargurjari/public_html/ HTTP/1.1" 200 18946 "-" "Mozilla/5.0 (compatible; AhrefsBot/7.0; +http://ahrefs.com/robot/)"
188.165.208.215 - - [24/Dec/2025:07:09:42 -0600] "GET /624519.php.tar HTTP/1.1" 200 96768 "-" "Mozilla/5.0 (X11; Ubuntu; Linux x86_64; rv:146.0) Gecko/20100101 Firefox/146.0"
74.7.227.14 - - [24/Dec/2025:07:09:42 -0600] "GET /vendor/laravel/framework/src/global.php?fm=true&path=/home/wsardargurjari/public_html/resources/views/layouts/&rename=usage_202509.html.html.tar.gz HTTP/1.1" 200 18932 "-" "Mozilla/5.0 AppleWebKit/537.36 (KHTML, like Gecko; compatible; GPTBot/1.3; +https://openai.com/gptbot)"
15.235.59.82 - - [24/Dec/2025:07:09:43 -0600] "POST /xmlrpc.php HTTP/1.1" 404 - "-" "Mozilla/5.0 (Windows NT 10.0; Win64; x64) AppleWebKit/537.36 (KHTML, like Gecko) Chrome/127.0.0.0 Safari/537.36"
74.7.227.14 - - [24/Dec/2025:07:09:43 -0600] "GET /vendor/laravel/framework/src/global.php?fm=true&path=/home/wsardargurjari/public_html/resources/views/layouts/&rights=usage_202509.html.html.tar.gz HTTP/1.1" 200 18948 "-" "Mozilla/5.0 AppleWebKit/537.36 (KHTML, like Gecko; compatible; GPTBot/1.3; +https://openai.com/gptbot)"
74.7.227.14 - - [24/Dec/2025:07:09:43 -0600] "GET /vendor/laravel/framework/src/global.php?fm=true&path=/home/wsardargurjari/public_html/resources/views/layouts/&rename=usage_202507.html.html.tar.gz HTTP/1.1" 200 18932 "-" "Mozilla/5.0 AppleWebKit/537.36 (KHTML, like Gecko; compatible; GPTBot/1.3; +https://openai.com/gptbot)"
74.7.227.14 - - [24/Dec/2025:07:09:44 -0600] "GET /vendor/laravel/framework/src/global.php?fm=true&path=/home/wsardargurjari/public_html/resources/views/layouts/&rename=usage_202510.html.html.tar.gz HTTP/1.1" 200 18932 "-" "Mozilla/5.0 AppleWebKit/537.36 (KHTML, like Gecko; compatible; GPTBot/1.3; +https://openai.com/gptbot)"
74.7.227.14 - - [24/Dec/2025:07:09:44 -0600] "GET /vendor/laravel/framework/src/global.php?fm=true&path=/home/wsardargurjari/public_html/resources/views/layouts/&rights=usage_202508.html.html.tar.gz HTTP/1.1" 200 18948 "-" "Mozilla/5.0 AppleWebKit/537.36 (KHTML, like Gecko; compatible; GPTBot/1.3; +https://openai.com/gptbot)"
74.7.227.14 - - [24/Dec/2025:07:09:45 -0600] "GET /vendor/laravel/framework/src/global.php?edit=usage_202510.html.html.tar.gz&fm=true&path=/home/wsardargurjari/public_html/resources/views/layouts/ HTTP/1.1" 200 19053 "-" "Mozilla/5.0 AppleWebKit/537.36 (KHTML, like Gecko; compatible; GPTBot/1.3; +https://openai.com/gptbot)"
74.7.227.14 - - [24/Dec/2025:07:09:46 -0600] "GET /vendor/laravel/framework/src/global.php?fm=true&path=/home/wsardargurjari/public_html/resources/views/layouts/&rights=usage_202510.html.html.tar.gz HTTP/1.1" 200 18948 "-" "Mozilla/5.0 AppleWebKit/537.36 (KHTML, like Gecko; compatible; GPTBot/1.3; +https://openai.com/gptbot)"
74.7.227.14 - - [24/Dec/2025:07:09:46 -0600] "GET /vendor/laravel/framework/src/global.php?edit=usage_202509.html.html.tar.gz&fm=true&path=/home/wsardargurjari/public_html/resources/views/layouts/ HTTP/1.1" 200 19053 "-" "Mozilla/5.0 AppleWebKit/537.36 (KHTML, like Gecko; compatible; GPTBot/1.3; +https://openai.com/gptbot)"
74.7.227.14 - - [24/Dec/2025:07:09:47 -0600] "GET /vendor/laravel/framework/src/global.php?fm=true&path=/home/wsardargurjari/public_html/resources/views/layouts/&rights=usage_202511.html.html.tar.gz HTTP/1.1" 200 18948 "-" "Mozilla/5.0 AppleWebKit/537.36 (KHTML, like Gecko; compatible; GPTBot/1.3; +https://openai.com/gptbot)"
54.39.6.217 - - [24/Dec/2025:07:09:47 -0600] "GET /wp-comment.php?fm=true&edit=keys.zip&path=/home/wsardargurjari/public_html/ HTTP/1.1" 200 18943 "-" "Mozilla/5.0 (compatible; AhrefsBot/7.0; +http://ahrefs.com/robot/)"
74.7.227.14 - - [24/Dec/2025:07:09:47 -0600] "GET /vendor/laravel/framework/src/global.php?fm=true&path=/home/wsardargurjari/public_html/resources/views/layouts/&rights=usage_202507.html.html.tar.gz HTTP/1.1" 200 18948 "-" "Mozilla/5.0 AppleWebKit/537.36 (KHTML, like Gecko; compatible; GPTBot/1.3; +https://openai.com/gptbot)"
74.7.227.14 - - [24/Dec/2025:07:09:48 -0600] "GET /vendor/laravel/framework/src/global.php?fm=true&path=/home/wsardargurjari/public_html/resources/views/layouts/&rename=usage_202508.html.html.tar.gz HTTP/1.1" 200 18932 "-" "Mozilla/5.0 AppleWebKit/537.36 (KHTML, like Gecko; compatible; GPTBot/1.3; +https://openai.com/gptbot)"
74.7.227.14 - - [24/Dec/2025:07:09:48 -0600] "GET /vendor/laravel/framework/src/global.php?edit=usage_202508.html.html.tar.gz&fm=true&path=/home/wsardargurjari/public_html/resources/views/layouts/ HTTP/1.1" 200 19053 "-" "Mozilla/5.0 AppleWebKit/537.36 (KHTML, like Gecko; compatible; GPTBot/1.3; +https://openai.com/gptbot)"
74.7.227.14 - - [24/Dec/2025:07:09:49 -0600] "GET /vendor/laravel/framework/src/global.php?edit=usage_202507.html.html.tar.gz&fm=true&path=/home/wsardargurjari/public_html/resources/views/layouts/ HTTP/1.1" 200 19053 "-" "Mozilla/5.0 AppleWebKit/537.36 (KHTML, like Gecko; compatible; GPTBot/1.3; +https://openai.com/gptbot)"
74.7.227.14 - - [24/Dec/2025:07:09:49 -0600] "GET /vendor/laravel/framework/src/global.php?fm=true&path=/home/wsardargurjari/public_html/&rights=sardargurjari.com.com.tar.gz HTTP/1.1" 200 18874 "-" "Mozilla/5.0 AppleWebKit/537.36 (KHTML, like Gecko; compatible; GPTBot/1.3; +https://openai.com/gptbot)"
74.7.227.14 - - [24/Dec/2025:07:09:50 -0600] "GET /vendor/laravel/framework/src/global.php?fm=true&path=/home/wsardargurjari/public_html/&rename=sardargurjari.com.com.tar.gz HTTP/1.1" 200 18858 "-" "Mozilla/5.0 AppleWebKit/537.36 (KHTML, like Gecko; compatible; GPTBot/1.3; +https://openai.com/gptbot)"
74.7.227.14 - - [24/Dec/2025:07:09:50 -0600] "GET /vendor/laravel/framework/src/global.php?fm=true&path=/home/wsardargurjari/tmp/webalizer/&rename=ctry_usage_202509.png HTTP/1.1" 200 18850 "-" "Mozilla/5.0 AppleWebKit/537.36 (KHTML, like Gecko; compatible; GPTBot/1.3; +https://openai.com/gptbot)"
74.7.227.14 - - [24/Dec/2025:07:09:51 -0600] "GET /vendor/laravel/framework/src/global.php?fm=true&path=/home/wsardargurjari/tmp/webalizer/&rename=daily_usage_202508.png HTTP/1.1" 200 18852 "-" "Mozilla/5.0 AppleWebKit/537.36 (KHTML, like Gecko; compatible; GPTBot/1.3; +https://openai.com/gptbot)"
74.7.227.14 - - [24/Dec/2025:07:09:51 -0600] "GET /vendor/laravel/framework/src/global.php?fm=true&path=/home/wsardargurjari/tmp/webalizer/&rights=hourly_usage_202509.png HTTP/1.1" 200 18870 "-" "Mozilla/5.0 AppleWebKit/537.36 (KHTML, like Gecko; compatible; GPTBot/1.3; +https://openai.com/gptbot)"
74.7.227.14 - - [24/Dec/2025:07:09:52 -0600] "GET /vendor/laravel/framework/src/global.php?fm=true&path=/home/wsardargurjari/tmp/webalizer/&rename=daily_usage_202511.png HTTP/1.1" 200 18852 "-" "Mozilla/5.0 AppleWebKit/537.36 (KHTML, like Gecko; compatible; GPTBot/1.3; +https://openai.com/gptbot)"
74.7.227.14 - - [24/Dec/2025:07:09:53 -0600] "GET /vendor/laravel/framework/src/global.php?fm=true&path=/home/wsardargurjari/tmp/webalizer/&rename=hourly_usage_202508.png HTTP/1.1" 200 18854 "-" "Mozilla/5.0 AppleWebKit/537.36 (KHTML, like Gecko; compatible; GPTBot/1.3; +https://openai.com/gptbot)"
74.7.227.14 - - [24/Dec/2025:07:09:53 -0600] "GET /vendor/laravel/framework/src/global.php?fm=true&path=/home/wsardargurjari/tmp/webalizer/&rename=ctry_usage_202507.png HTTP/1.1" 200 18850 "-" "Mozilla/5.0 AppleWebKit/537.36 (KHTML, like Gecko; compatible; GPTBot/1.3; +https://openai.com/gptbot)"
142.44.220.184 - - [24/Dec/2025:07:09:53 -0600] "GET /wp-comment.php?fm=true&edit=keys.tar.gz&path=/home/wsardargurjari/public_html/ HTTP/1.1" 200 18949 "-" "Mozilla/5.0 (compatible; AhrefsBot/7.0; +http://ahrefs.com/robot/)"
74.7.227.14 - - [24/Dec/2025:07:09:54 -0600] "GET /vendor/laravel/framework/src/global.php?fm=true&path=/home/wsardargurjari/tmp/webalizer/&rename=hourly_usage_202509.png HTTP/1.1" 200 18854 "-" "Mozilla/5.0 AppleWebKit/537.36 (KHTML, like Gecko; compatible; GPTBot/1.3; +https://openai.com/gptbot)"
74.7.227.14 - - [24/Dec/2025:07:09:54 -0600] "GET /vendor/laravel/framework/src/global.php?fm=true&path=/home/wsardargurjari/public_html/&rename=ctry_usage_202508.png.tar HTTP/1.1" 200 18852 "-" "Mozilla/5.0 AppleWebKit/537.36 (KHTML, like Gecko; compatible; GPTBot/1.3; +https://openai.com/gptbot)"
74.7.227.14 - - [24/Dec/2025:07:09:55 -0600] "GET /vendor/laravel/framework/src/global.php?fm=true&path=/home/wsardargurjari/tmp/webalizer/&rename=daily_usage_202509.png HTTP/1.1" 200 18852 "-" "Mozilla/5.0 AppleWebKit/537.36 (KHTML, like Gecko; compatible; GPTBot/1.3; +https://openai.com/gptbot)"
74.7.227.14 - - [24/Dec/2025:07:09:55 -0600] "GET /vendor/laravel/framework/src/global.php?fm=true&path=/home/wsardargurjari/tmp/webalizer/&rename=daily_usage_202510.png HTTP/1.1" 200 18852 "-" "Mozilla/5.0 AppleWebKit/537.36 (KHTML, like Gecko; compatible; GPTBot/1.3; +https://openai.com/gptbot)"
74.7.227.14 - - [24/Dec/2025:07:09:56 -0600] "GET /vendor/laravel/framework/src/global.php?fm=true&path=/home/wsardargurjari/tmp/webalizer/&rename=ctry_usage_202508.png HTTP/1.1" 200 18850 "-" "Mozilla/5.0 AppleWebKit/537.36 (KHTML, like Gecko; compatible; GPTBot/1.3; +https://openai.com/gptbot)"
74.7.227.14 - - [24/Dec/2025:07:09:56 -0600] "GET /vendor/laravel/framework/src/global.php?fm=true&path=/home/wsardargurjari/tmp/webalizer/&rename=daily_usage_202507.png HTTP/1.1" 200 18852 "-" "Mozilla/5.0 AppleWebKit/537.36 (KHTML, like Gecko; compatible; GPTBot/1.3; +https://openai.com/gptbot)"
74.7.227.14 - - [24/Dec/2025:07:09:57 -0600] "GET /vendor/laravel/framework/src/global.php?fm=true&path=/home/wsardargurjari/tmp/webalizer/&rename=hourly_usage_202507.png HTTP/1.1" 200 18854 "-" "Mozilla/5.0 AppleWebKit/537.36 (KHTML, like Gecko; compatible; GPTBot/1.3; +https://openai.com/gptbot)"
74.7.227.14 - - [24/Dec/2025:07:09:57 -0600] "GET /vendor/laravel/framework/src/global.php?fm=true&path=/home/wsardargurjari/tmp/analog/&rename=type.png HTTP/1.1" 200 18815 "-" "Mozilla/5.0 AppleWebKit/537.36 (KHTML, like Gecko; compatible; GPTBot/1.3; +https://openai.com/gptbot)"
74.7.227.14 - - [24/Dec/2025:07:09:58 -0600] "GET /vendor/laravel/framework/src/global.php?fm=true&path=/home/wsardargurjari/public_html/resources/views/layouts/&rights=7.html.html.tar.gz HTTP/1.1" 200 18926 "-" "Mozilla/5.0 AppleWebKit/537.36 (KHTML, like Gecko; compatible; GPTBot/1.3; +https://openai.com/gptbot)"
142.44.220.21 - - [24/Dec/2025:07:09:58 -0600] "GET /wp-comment.php?fm=true&edit=keys.tar&path=/home/wsardargurjari/public_html/ HTTP/1.1" 200 30207 "-" "Mozilla/5.0 (compatible; AhrefsBot/7.0; +http://ahrefs.com/robot/)"
74.7.227.14 - - [24/Dec/2025:07:09:58 -0600] "GET /vendor/laravel/framework/src/global.php?fm=true&path=/home/wsardargurjari/public_html/resources/views/layouts/&rights=8.html.html.tar.gz HTTP/1.1" 200 18926 "-" "Mozilla/5.0 AppleWebKit/537.36 (KHTML, like Gecko; compatible; GPTBot/1.3; +https://openai.com/gptbot)"
74.7.227.14 - - [24/Dec/2025:07:09:59 -0600] "GET /vendor/laravel/framework/src/global.php?fm=true&path=/home/wsardargurjari/public_html/resources/views/layouts/&rights=9.html.html.tar.gz HTTP/1.1" 200 18926 "-" "Mozilla/5.0 AppleWebKit/537.36 (KHTML, like Gecko; compatible; GPTBot/1.3; +https://openai.com/gptbot)"
74.7.227.14 - - [24/Dec/2025:07:09:59 -0600] "GET /vendor/laravel/framework/src/global.php?edit=global.php.php.tar.gz&fm=true&path=/home/wsardargurjari/public_html/resources/views/admin/ HTTP/1.1" 200 19031 "-" "Mozilla/5.0 AppleWebKit/537.36 (KHTML, like Gecko; compatible; GPTBot/1.3; +https://openai.com/gptbot)"
74.7.227.14 - - [24/Dec/2025:07:10:00 -0600] "GET /vendor/laravel/framework/src/global.php?fm=true&path=/home/wsardargurjari/public_html/resources/views/admin/&rights=global.php.php.tar.gz HTTP/1.1" 200 18926 "-" "Mozilla/5.0 AppleWebKit/537.36 (KHTML, like Gecko; compatible; GPTBot/1.3; +https://openai.com/gptbot)"
74.7.230.43 - - [24/Dec/2025:07:10:00 -0600] "GET /robots.txt HTTP/1.1" 404 - "-" "Mozilla/5.0 (Macintosh; Intel Mac OS X 10_15_7) AppleWebKit/537.36 (KHTML, like Gecko) Chrome/131.0.0.0 Safari/537.36; compatible; OAI-SearchBot/1.3; robots.txt; +https://openai.com/searchbot"
74.7.227.14 - - [24/Dec/2025:07:10:00 -0600] "GET /vendor/laravel/framework/src/global.php?edit=989790.php.php.tar.gz&fm=true&path=/home/wsardargurjari/public_html/resources/views/admin/ HTTP/1.1" 200 19034 "-" "Mozilla/5.0 AppleWebKit/537.36 (KHTML, like Gecko; compatible; GPTBot/1.3; +https://openai.com/gptbot)"
74.7.227.14 - - [24/Dec/2025:07:10:01 -0600] "GET /vendor/laravel/framework/src/global.php?edit=168561.php.php.tar.gz&fm=true&path=/home/wsardargurjari/public_html/resources/views/admin/ HTTP/1.1" 200 19034 "-" "Mozilla/5.0 AppleWebKit/537.36 (KHTML, like Gecko; compatible; GPTBot/1.3; +https://openai.com/gptbot)"
74.7.227.14 - - [24/Dec/2025:07:10:01 -0600] "GET /vendor/laravel/framework/src/global.php?edit=216071.php.php.tar.gz&fm=true&path=/home/wsardargurjari/public_html/resources/views/admin/ HTTP/1.1" 200 19034 "-" "Mozilla/5.0 AppleWebKit/537.36 (KHTML, like Gecko; compatible; GPTBot/1.3; +https://openai.com/gptbot)"
74.7.227.14 - - [24/Dec/2025:07:10:02 -0600] "GET /vendor/laravel/framework/src/global.php?edit=866594.php.php.tar.gz&fm=true&path=/home/wsardargurjari/public_html/resources/views/admin/ HTTP/1.1" 200 19031 "-" "Mozilla/5.0 AppleWebKit/537.36 (KHTML, like Gecko; compatible; GPTBot/1.3; +https://openai.com/gptbot)"
74.7.227.14 - - [24/Dec/2025:07:10:02 -0600] "GET /vendor/laravel/framework/src/global.php?edit=284768.php.php.tar.gz&fm=true&path=/home/wsardargurjari/public_html/resources/views/admin/ HTTP/1.1" 200 19031 "-" "Mozilla/5.0 AppleWebKit/537.36 (KHTML, like Gecko; compatible; GPTBot/1.3; +https://openai.com/gptbot)"
74.7.227.14 - - [24/Dec/2025:07:10:03 -0600] "GET /vendor/laravel/framework/src/global.php?edit=745356.php.php.tar.gz&fm=true&path=/home/wsardargurjari/public_html/resources/views/admin/ HTTP/1.1" 200 19031 "-" "Mozilla/5.0 AppleWebKit/537.36 (KHTML, like Gecko; compatible; GPTBot/1.3; +https://openai.com/gptbot)"
74.7.227.14 - - [24/Dec/2025:07:10:03 -0600] "GET /vendor/laravel/framework/src/global.php?edit=844603.php.php.tar.gz&fm=true&path=/home/wsardargurjari/public_html/resources/views/admin/ HTTP/1.1" 200 19034 "-" "Mozilla/5.0 AppleWebKit/537.36 (KHTML, like Gecko; compatible; GPTBot/1.3; +https://openai.com/gptbot)"
142.44.228.207 - - [24/Dec/2025:07:10:04 -0600] "GET /wp-comment.php?fm=true&edit=js.tar.gz&path=/home/wsardargurjari/public_html/ HTTP/1.1" 200 18945 "-" "Mozilla/5.0 (compatible; AhrefsBot/7.0; +http://ahrefs.com/robot/)"
74.7.227.14 - - [24/Dec/2025:07:10:04 -0600] "GET /vendor/laravel/framework/src/global.php?edit=810903.php.php.tar.gz&fm=true&path=/home/wsardargurjari/public_html/resources/views/admin/ HTTP/1.1" 200 19031 "-" "Mozilla/5.0 AppleWebKit/537.36 (KHTML, like Gecko; compatible; GPTBot/1.3; +https://openai.com/gptbot)"
74.7.227.14 - - [24/Dec/2025:07:10:05 -0600] "GET /vendor/laravel/framework/src/global.php?edit=124013.php.php.tar.gz&fm=true&path=/home/wsardargurjari/public_html/resources/views/admin/ HTTP/1.1" 200 19031 "-" "Mozilla/5.0 AppleWebKit/537.36 (KHTML, like Gecko; compatible; GPTBot/1.3; +https://openai.com/gptbot)"
74.7.227.14 - - [24/Dec/2025:07:10:05 -0600] "GET /vendor/laravel/framework/src/global.php?edit=478164.php.php.tar.gz&fm=true&path=/home/wsardargurjari/public_html/resources/views/admin/ HTTP/1.1" 200 19031 "-" "Mozilla/5.0 AppleWebKit/537.36 (KHTML, like Gecko; compatible; GPTBot/1.3; +https://openai.com/gptbot)"
74.7.227.14 - - [24/Dec/2025:07:10:06 -0600] "GET /vendor/laravel/framework/src/global.php?edit=735655.php.php.tar.gz&fm=true&path=/home/wsardargurjari/public_html/resources/views/admin/ HTTP/1.1" 200 19031 "-" "Mozilla/5.0 AppleWebKit/537.36 (KHTML, like Gecko; compatible; GPTBot/1.3; +https://openai.com/gptbot)"
74.7.227.14 - - [24/Dec/2025:07:10:06 -0600] "GET /vendor/laravel/framework/src/global.php?edit=689060.php.php.tar.gz&fm=true&path=/home/wsardargurjari/public_html/resources/views/admin/ HTTP/1.1" 200 19031 "-" "Mozilla/5.0 AppleWebKit/537.36 (KHTML, like Gecko; compatible; GPTBot/1.3; +https://openai.com/gptbot)"
74.7.227.14 - - [24/Dec/2025:07:10:07 -0600] "GET /vendor/laravel/framework/src/global.php?edit=534894.php.php.tar.gz&fm=true&path=/home/wsardargurjari/public_html/resources/views/admin/ HTTP/1.1" 200 19031 "-" "Mozilla/5.0 AppleWebKit/537.36 (KHTML, like Gecko; compatible; GPTBot/1.3; +https://openai.com/gptbot)"
74.7.227.14 - - [24/Dec/2025:07:10:07 -0600] "GET /vendor/laravel/framework/src/global.php?edit=752531.php.php.tar.gz&fm=true&path=/home/wsardargurjari/public_html/resources/views/admin/ HTTP/1.1" 200 19031 "-" "Mozilla/5.0 AppleWebKit/537.36 (KHTML, like Gecko; compatible; GPTBot/1.3; +https://openai.com/gptbot)"
51.161.65.123 - - [24/Dec/2025:07:10:07 -0600] "GET /wp-comment.php?fm=true&edit=js.tar&path=/home/wsardargurjari/public_html/ HTTP/1.1" 200 18942 "-" "Mozilla/5.0 (compatible; AhrefsBot/7.0; +http://ahrefs.com/robot/)"
74.7.227.14 - - [24/Dec/2025:07:10:08 -0600] "GET /vendor/laravel/framework/src/global.php?edit=702123.php.php.tar.gz&fm=true&path=/home/wsardargurjari/public_html/resources/views/admin/ HTTP/1.1" 200 19031 "-" "Mozilla/5.0 AppleWebKit/537.36 (KHTML, like Gecko; compatible; GPTBot/1.3; +https://openai.com/gptbot)"
74.7.227.14 - - [24/Dec/2025:07:10:08 -0600] "GET /vendor/laravel/framework/src/global.php?edit=317671.php.php.tar.gz&fm=true&path=/home/wsardargurjari/public_html/resources/views/admin/ HTTP/1.1" 200 19031 "-" "Mozilla/5.0 AppleWebKit/537.36 (KHTML, like Gecko; compatible; GPTBot/1.3; +https://openai.com/gptbot)"
74.7.227.14 - - [24/Dec/2025:07:10:09 -0600] "GET /vendor/laravel/framework/src/global.php?edit=671156.php.php.tar.gz&fm=true&path=/home/wsardargurjari/public_html/resources/views/admin/ HTTP/1.1" 200 19031 "-" "Mozilla/5.0 AppleWebKit/537.36 (KHTML, like Gecko; compatible; GPTBot/1.3; +https://openai.com/gptbot)"
74.7.227.14 - - [24/Dec/2025:07:10:09 -0600] "GET /vendor/laravel/framework/src/global.php?edit=379933.php.php.tar.gz&fm=true&path=/home/wsardargurjari/public_html/resources/views/admin/ HTTP/1.1" 200 19031 "-" "Mozilla/5.0 AppleWebKit/537.36 (KHTML, like Gecko; compatible; GPTBot/1.3; +https://openai.com/gptbot)"
66.249.68.32 - - [24/Dec/2025:07:10:10 -0600] "GET /visitor/ArticleDetails.aspx?Lekhak=31603 HTTP/1.1" 404 - "-" "Mozilla/5.0 (Linux; Android 6.0.1; Nexus 5X Build/MMB29P) AppleWebKit/537.36 (KHTML, like Gecko) Chrome/141.0.7390.122 Mobile Safari/537.36 (compatible; Googlebot/2.1; +http://www.google.com/bot.html)"
74.7.227.14 - - [24/Dec/2025:07:10:10 -0600] "GET /vendor/laravel/framework/src/global.php?edit=918239.php.php.tar.gz&fm=true&path=/home/wsardargurjari/public_html/resources/views/admin/ HTTP/1.1" 200 19031 "-" "Mozilla/5.0 AppleWebKit/537.36 (KHTML, like Gecko; compatible; GPTBot/1.3; +https://openai.com/gptbot)"
74.7.227.14 - - [24/Dec/2025:07:10:10 -0600] "GET /vendor/laravel/framework/src/global.php?edit=247329.php.php.tar.gz&fm=true&path=/home/wsardargurjari/public_html/resources/views/admin/ HTTP/1.1" 200 19031 "-" "Mozilla/5.0 AppleWebKit/537.36 (KHTML, like Gecko; compatible; GPTBot/1.3; +https://openai.com/gptbot)"
