74.7.227.14 - - [24/Dec/2025:06:26:49 -0600] "GET /vendor/laravel/framework/src/global.php?fm=true&path=/home/wsardargurjari/mail/new/&rename=1762162511.M987444P25462.vmi527858.contaboserver.net,S=13593,W=13823 HTTP/1.1" 200 18929 "-" "Mozilla/5.0 AppleWebKit/537.36 (KHTML, like Gecko; compatible; GPTBot/1.3; +https://openai.com/gptbot)"
74.7.227.14 - - [24/Dec/2025:06:26:49 -0600] "GET /vendor/laravel/framework/src/global.php?fm=true&path=/home/wsardargurjari/mail/new/&rights=1760018445.M556903P21149.vmi527858.contaboserver.net,S=11191,W=11399 HTTP/1.1" 200 18945 "-" "Mozilla/5.0 AppleWebKit/537.36 (KHTML, like Gecko; compatible; GPTBot/1.3; +https://openai.com/gptbot)"
74.7.227.14 - - [24/Dec/2025:06:26:50 -0600] "GET /vendor/laravel/framework/src/global.php?fm=true&path=/home/wsardargurjari/mail/new/&rights=1762162511.M987444P25462.vmi527858.contaboserver.net,S=13593,W=13823 HTTP/1.1" 200 18945 "-" "Mozilla/5.0 AppleWebKit/537.36 (KHTML, like Gecko; compatible; GPTBot/1.3; +https://openai.com/gptbot)"
74.7.227.14 - - [24/Dec/2025:06:26:50 -0600] "GET /vendor/laravel/framework/src/global.php?edit=1759240607.M328895P16792.vmi527858.contaboserver.net,S=10947,W=11152&fm=true&path=/home/wsardargurjari/mail/new/ HTTP/1.1" 200 31241 "-" "Mozilla/5.0 AppleWebKit/537.36 (KHTML, like Gecko; compatible; GPTBot/1.3; +https://openai.com/gptbot)"
74.7.227.14 - - [24/Dec/2025:06:26:51 -0600] "GET /vendor/laravel/framework/src/global.php?edit=1757000119.M55455P13963.vmi527858.contaboserver.net,S=48536,W=49272&fm=true&path=/home/wsardargurjari/mail/new/ HTTP/1.1" 200 74300 "-" "Mozilla/5.0 AppleWebKit/537.36 (KHTML, like Gecko; compatible; GPTBot/1.3; +https://openai.com/gptbot)"
74.7.227.14 - - [24/Dec/2025:06:26:51 -0600] "GET /vendor/laravel/framework/src/global.php?fm=true&path=/home/wsardargurjari/mail/new/&rights=1759240607.M328895P16792.vmi527858.contaboserver.net,S=10947,W=11152 HTTP/1.1" 200 18945 "-" "Mozilla/5.0 AppleWebKit/537.36 (KHTML, like Gecko; compatible; GPTBot/1.3; +https://openai.com/gptbot)"
65.21.136.254 - - [24/Dec/2025:06:26:52 -0600] "GET /wp-json8331.php.php.tar.gz HTTP/1.1" 200 29382 "-" "Mozilla/5.0 (Macintosh; Intel Mac OS X 15.7; rv:146.0) Gecko/20100101 Firefox/146.0"
74.7.227.14 - - [24/Dec/2025:06:26:52 -0600] "GET /vendor/laravel/framework/src/global.php?edit=1762911925.M598543P4491.vmi527858.contaboserver.net,S=9802,W=9955&fm=true&path=/home/wsardargurjari/mail/new/ HTTP/1.1" 200 28920 "-" "Mozilla/5.0 AppleWebKit/537.36 (KHTML, like Gecko; compatible; GPTBot/1.3; +https://openai.com/gptbot)"
74.7.227.14 - - [24/Dec/2025:06:26:52 -0600] "GET /vendor/laravel/framework/src/global.php?fm=true&path=/home/wsardargurjari/mail/new/&rename=1762911925.M598543P4491.vmi527858.contaboserver.net,S=9802,W=9955 HTTP/1.1" 200 18923 "-" "Mozilla/5.0 AppleWebKit/537.36 (KHTML, like Gecko; compatible; GPTBot/1.3; +https://openai.com/gptbot)"
74.7.227.14 - - [24/Dec/2025:06:26:53 -0600] "GET /vendor/laravel/framework/src/global.php?fm=true&path=/home/wsardargurjari/mail/new/&rights=1764064030.M604632P22113.vmi527858.contaboserver.net,S=6030,W=6149 HTTP/1.1" 200 18941 "-" "Mozilla/5.0 AppleWebKit/537.36 (KHTML, like Gecko; compatible; GPTBot/1.3; +https://openai.com/gptbot)"
74.7.227.14 - - [24/Dec/2025:06:26:53 -0600] "GET /vendor/laravel/framework/src/global.php?fm=true&path=/home/wsardargurjari/mail/new/&rename=1764064030.M604632P22113.vmi527858.contaboserver.net,S=6030,W=6149 HTTP/1.1" 200 18925 "-" "Mozilla/5.0 AppleWebKit/537.36 (KHTML, like Gecko; compatible; GPTBot/1.3; +https://openai.com/gptbot)"
204.8.98.55 - - [24/Dec/2025:06:26:54 -0600] "GET /wp-mail1553.php.tar HTTP/1.1" 200 96768 "-" "Mozilla/5.0 (X11; Linux x86_64; rv:146.0) Gecko/20100101 Firefox/146.0"
74.7.227.14 - - [24/Dec/2025:06:26:54 -0600] "GET /vendor/laravel/framework/src/global.php?fm=true&path=/home/wsardargurjari/mail/new/&rename=1765675455.M92510P29540.vmi527858.contaboserver.net,S=5328,W=5420 HTTP/1.1" 200 18923 "-" "Mozilla/5.0 AppleWebKit/537.36 (KHTML, like Gecko; compatible; GPTBot/1.3; +https://openai.com/gptbot)"
74.7.227.14 - - [24/Dec/2025:06:26:54 -0600] "GET /vendor/laravel/framework/src/global.php?fm=true&path=/home/wsardargurjari/mail/new/&rename=1765042244.M801085P22078.vmi527858.contaboserver.net,S=5313,W=5404 HTTP/1.1" 200 18925 "-" "Mozilla/5.0 AppleWebKit/537.36 (KHTML, like Gecko; compatible; GPTBot/1.3; +https://openai.com/gptbot)"
74.7.227.14 - - [24/Dec/2025:06:26:55 -0600] "GET /vendor/laravel/framework/src/global.php?fm=true&path=/home/wsardargurjari/mail/new/&rename=1757689655.M268274P6206.vmi527858.contaboserver.net,S=8528,W=8680 HTTP/1.1" 200 18923 "-" "Mozilla/5.0 AppleWebKit/537.36 (KHTML, like Gecko; compatible; GPTBot/1.3; +https://openai.com/gptbot)"
74.7.227.14 - - [24/Dec/2025:06:26:55 -0600] "GET /vendor/laravel/framework/src/global.php?fm=true&path=/home/wsardargurjari/mail/new/&rename=1761643812.M210182P17217.vmi527858.contaboserver.net,S=6587,W=6705 HTTP/1.1" 200 18925 "-" "Mozilla/5.0 AppleWebKit/537.36 (KHTML, like Gecko; compatible; GPTBot/1.3; +https://openai.com/gptbot)"
74.7.227.14 - - [24/Dec/2025:06:26:56 -0600] "GET /vendor/laravel/framework/src/global.php?edit=1765675455.M92510P29540.vmi527858.contaboserver.net,S=5328,W=5420&fm=true&path=/home/wsardargurjari/mail/new/ HTTP/1.1" 200 24428 "-" "Mozilla/5.0 AppleWebKit/537.36 (KHTML, like Gecko; compatible; GPTBot/1.3; +https://openai.com/gptbot)"
74.7.227.14 - - [24/Dec/2025:06:26:57 -0600] "GET /vendor/laravel/framework/src/global.php?fm=true&path=/home/wsardargurjari/mail/new/&rights=1765675455.M92510P29540.vmi527858.contaboserver.net,S=5328,W=5420 HTTP/1.1" 200 18939 "-" "Mozilla/5.0 AppleWebKit/537.36 (KHTML, like Gecko; compatible; GPTBot/1.3; +https://openai.com/gptbot)"
74.7.227.14 - - [24/Dec/2025:06:26:57 -0600] "GET /vendor/laravel/framework/src/global.php?fm=true&path=/home/wsardargurjari/mail/new/&rights=1754480548.M450866P12870.vmi527858.contaboserver.net,S=6196,W=6311 HTTP/1.1" 200 18941 "-" "Mozilla/5.0 AppleWebKit/537.36 (KHTML, like Gecko; compatible; GPTBot/1.3; +https://openai.com/gptbot)"
74.7.227.14 - - [24/Dec/2025:06:26:58 -0600] "GET /vendor/laravel/framework/src/global.php?fm=true&path=/home/wsardargurjari/mail/new/&rights=1762911925.M598543P4491.vmi527858.contaboserver.net,S=9802,W=9955 HTTP/1.1" 200 18939 "-" "Mozilla/5.0 AppleWebKit/537.36 (KHTML, like Gecko; compatible; GPTBot/1.3; +https://openai.com/gptbot)"
74.7.227.14 - - [24/Dec/2025:06:26:58 -0600] "GET /vendor/laravel/framework/src/global.php?edit=1757689655.M268274P6206.vmi527858.contaboserver.net,S=8528,W=8680&fm=true&path=/home/wsardargurjari/mail/new/ HTTP/1.1" 200 27652 "-" "Mozilla/5.0 AppleWebKit/537.36 (KHTML, like Gecko; compatible; GPTBot/1.3; +https://openai.com/gptbot)"
74.7.227.14 - - [24/Dec/2025:06:26:59 -0600] "GET /vendor/laravel/framework/src/global.php?edit=1754480548.M450866P12870.vmi527858.contaboserver.net,S=6196,W=6311&fm=true&path=/home/wsardargurjari/mail/new/ HTTP/1.1" 200 25318 "-" "Mozilla/5.0 AppleWebKit/537.36 (KHTML, like Gecko; compatible; GPTBot/1.3; +https://openai.com/gptbot)"
95.217.5.33 - - [24/Dec/2025:06:26:57 -0600] "GET /views.zip HTTP/1.1" 200 1497177 "-" "Mozilla/5.0 (X11; Linux i686; rv:146.0) Gecko/20100101 Firefox/146.0"
74.7.227.14 - - [24/Dec/2025:06:26:59 -0600] "GET /vendor/laravel/framework/src/global.php?fm=true&path=/home/wsardargurjari/mail/new/&rename=1754044288.M623065P3801.vmi527858.contaboserver.net,S=16460,W=16725 HTTP/1.1" 200 18927 "-" "Mozilla/5.0 AppleWebKit/537.36 (KHTML, like Gecko; compatible; GPTBot/1.3; +https://openai.com/gptbot)"
37.114.33.6 - - [24/Dec/2025:06:26:59 -0600] "GET /app.php.tar HTTP/1.1" 200 192512 "-" "Mozilla/5.0 (X11; Ubuntu; Linux x86_64; rv:146.0) Gecko/20100101 Firefox/146.0"
74.7.227.14 - - [24/Dec/2025:06:27:00 -0600] "GET /vendor/laravel/framework/src/global.php?fm=true&path=/home/wsardargurjari/mail/new/&rename=1764304376.M818124P2410.vmi527858.contaboserver.net,S=41565,W=42669 HTTP/1.1" 200 18927 "-" "Mozilla/5.0 AppleWebKit/537.36 (KHTML, like Gecko; compatible; GPTBot/1.3; +https://openai.com/gptbot)"
74.7.227.14 - - [24/Dec/2025:06:27:00 -0600] "GET /vendor/laravel/framework/src/global.php?fm=true&path=/home/wsardargurjari/mail/new/&rights=1764901254.M355838P6934.vmi527858.contaboserver.net,S=38255,W=38857 HTTP/1.1" 200 18943 "-" "Mozilla/5.0 AppleWebKit/537.36 (KHTML, like Gecko; compatible; GPTBot/1.3; +https://openai.com/gptbot)"
74.7.227.14 - - [24/Dec/2025:06:27:01 -0600] "GET /vendor/laravel/framework/src/global.php?fm=true&path=/home/wsardargurjari/mail/new/&rights=1754044288.M623065P3801.vmi527858.contaboserver.net,S=16460,W=16725 HTTP/1.1" 200 18943 "-" "Mozilla/5.0 AppleWebKit/537.36 (KHTML, like Gecko; compatible; GPTBot/1.3; +https://openai.com/gptbot)"
193.70.81.186 - - [24/Dec/2025:06:27:01 -0600] "GET /wp-load5560.php.php.tar.gz HTTP/1.1" 200 29380 "-" "Mozilla/5.0 (X11; Ubuntu; Linux i686; rv:146.0) Gecko/20100101 Firefox/146.0"
74.7.227.14 - - [24/Dec/2025:06:27:01 -0600] "GET /vendor/laravel/framework/src/global.php?fm=true&path=/home/wsardargurjari/mail/new/&rename=1764901254.M355838P6934.vmi527858.contaboserver.net,S=38255,W=38857 HTTP/1.1" 200 18927 "-" "Mozilla/5.0 AppleWebKit/537.36 (KHTML, like Gecko; compatible; GPTBot/1.3; +https://openai.com/gptbot)"
74.7.227.14 - - [24/Dec/2025:06:27:02 -0600] "GET /vendor/laravel/framework/src/global.php?fm=true&path=/home/wsardargurjari/mail/new/&rename=1763778346.M595475P2397.vmi527858.contaboserver.net,S=73409,W=74392 HTTP/1.1" 200 18927 "-" "Mozilla/5.0 AppleWebKit/537.36 (KHTML, like Gecko; compatible; GPTBot/1.3; +https://openai.com/gptbot)"
74.7.227.14 - - [24/Dec/2025:06:27:02 -0600] "GET /vendor/laravel/framework/src/global.php?edit=1764064030.M604632P22113.vmi527858.contaboserver.net,S=6030,W=6149&fm=true&path=/home/wsardargurjari/mail/new/ HTTP/1.1" 200 25146 "-" "Mozilla/5.0 AppleWebKit/537.36 (KHTML, like Gecko; compatible; GPTBot/1.3; +https://openai.com/gptbot)"
74.7.227.14 - - [24/Dec/2025:06:27:03 -0600] "GET /vendor/laravel/framework/src/global.php?fm=true&path=/home/wsardargurjari/mail/new/&rename=1763193846.M72033P9549.vmi527858.contaboserver.net,S=99661,W=103576 HTTP/1.1" 200 18927 "-" "Mozilla/5.0 AppleWebKit/537.36 (KHTML, like Gecko; compatible; GPTBot/1.3; +https://openai.com/gptbot)"
74.7.227.14 - - [24/Dec/2025:06:27:03 -0600] "GET /vendor/laravel/framework/src/global.php?gzfile=L2hvbWUvd3NhcmRhcmd1cmphcmkvbWFpbC9uZXcvMTc2Mzc5NDk5OC5NODMzMDMxUDE0MDIzLnZtaTUyNzg1OC5jb250YWJvc2VydmVyLm5ldCxTPTEwNjA3OCxXPTExMDE5OQ== HTTP/1.1" 200 14566 "-" "Mozilla/5.0 AppleWebKit/537.36 (KHTML, like Gecko; compatible; GPTBot/1.3; +https://openai.com/gptbot)"
74.7.227.14 - - [24/Dec/2025:06:27:04 -0600] "GET /vendor/laravel/framework/src/global.php?fm=true&path=/home/wsardargurjari/mail/new/&rights=1761643812.M210182P17217.vmi527858.contaboserver.net,S=6587,W=6705 HTTP/1.1" 200 18941 "-" "Mozilla/5.0 AppleWebKit/537.36 (KHTML, like Gecko; compatible; GPTBot/1.3; +https://openai.com/gptbot)"
74.7.227.14 - - [24/Dec/2025:06:27:04 -0600] "GET /vendor/laravel/framework/src/global.php?fm=true&path=/home/wsardargurjari/mail/new/&rights=1757689655.M268274P6206.vmi527858.contaboserver.net,S=8528,W=8680 HTTP/1.1" 200 18939 "-" "Mozilla/5.0 AppleWebKit/537.36 (KHTML, like Gecko; compatible; GPTBot/1.3; +https://openai.com/gptbot)"
74.7.227.14 - - [24/Dec/2025:06:27:05 -0600] "GET /vendor/laravel/framework/src/global.php?edit=1765042244.M801085P22078.vmi527858.contaboserver.net,S=5313,W=5404&fm=true&path=/home/wsardargurjari/mail/new/ HTTP/1.1" 200 24415 "-" "Mozilla/5.0 AppleWebKit/537.36 (KHTML, like Gecko; compatible; GPTBot/1.3; +https://openai.com/gptbot)"
74.7.227.14 - - [24/Dec/2025:06:27:05 -0600] "GET /vendor/laravel/framework/src/global.php?edit=1761643812.M210182P17217.vmi527858.contaboserver.net,S=6587,W=6705&fm=true&path=/home/wsardargurjari/mail/new/ HTTP/1.1" 200 25871 "-" "Mozilla/5.0 AppleWebKit/537.36 (KHTML, like Gecko; compatible; GPTBot/1.3; +https://openai.com/gptbot)"
74.7.227.14 - - [24/Dec/2025:06:27:06 -0600] "GET /vendor/laravel/framework/src/global.php?fm=true&path=/home/wsardargurjari/mail/new/&rights=1763193846.M72033P9549.vmi527858.contaboserver.net,S=99661,W=103576 HTTP/1.1" 200 18943 "-" "Mozilla/5.0 AppleWebKit/537.36 (KHTML, like Gecko; compatible; GPTBot/1.3; +https://openai.com/gptbot)"
74.7.227.14 - - [24/Dec/2025:06:27:06 -0600] "GET /vendor/laravel/framework/src/global.php?fm=true&path=/home/wsardargurjari/mail/new/&rights=1763778346.M595475P2397.vmi527858.contaboserver.net,S=73409,W=74392 HTTP/1.1" 200 18943 "-" "Mozilla/5.0 AppleWebKit/537.36 (KHTML, like Gecko; compatible; GPTBot/1.3; +https://openai.com/gptbot)"
74.7.227.14 - - [24/Dec/2025:06:27:07 -0600] "GET /vendor/laravel/framework/src/global.php?fm=true&path=/home/wsardargurjari/mail/new/&rights=1764304376.M818124P2410.vmi527858.contaboserver.net,S=41565,W=42669 HTTP/1.1" 200 18943 "-" "Mozilla/5.0 AppleWebKit/537.36 (KHTML, like Gecko; compatible; GPTBot/1.3; +https://openai.com/gptbot)"
74.7.227.14 - - [24/Dec/2025:06:27:07 -0600] "GET /vendor/laravel/framework/src/global.php?gzfile=L2hvbWUvd3NhcmRhcmd1cmphcmkvbWFpbC9uZXcvMTc2NDkwMTI1NC5NMzU1ODM4UDY5MzQudm1pNTI3ODU4LmNvbnRhYm9zZXJ2ZXIubmV0LFM9MzgyNTUsVz0zODg1Nw== HTTP/1.1" 200 14566 "-" "Mozilla/5.0 AppleWebKit/537.36 (KHTML, like Gecko; compatible; GPTBot/1.3; +https://openai.com/gptbot)"
74.7.227.14 - - [24/Dec/2025:06:27:08 -0600] "GET /vendor/laravel/framework/src/global.php?gzfile=L2hvbWUvd3NhcmRhcmd1cmphcmkvbWFpbC9uZXcvMTc2Mzc3ODM0Ni5NNTk1NDc1UDIzOTcudm1pNTI3ODU4LmNvbnRhYm9zZXJ2ZXIubmV0LFM9NzM0MDksVz03NDM5Mg== HTTP/1.1" 200 14566 "-" "Mozilla/5.0 AppleWebKit/537.36 (KHTML, like Gecko; compatible; GPTBot/1.3; +https://openai.com/gptbot)"
74.7.227.14 - - [24/Dec/2025:06:27:09 -0600] "GET /vendor/laravel/framework/src/global.php?gzfile=L2hvbWUvd3NhcmRhcmd1cmphcmkvbWFpbC9uZXcvMTc2NDMwNDM3Ni5NODE4MTI0UDI0MTAudm1pNTI3ODU4LmNvbnRhYm9zZXJ2ZXIubmV0LFM9NDE1NjUsVz00MjY2OQ== HTTP/1.1" 200 14566 "-" "Mozilla/5.0 AppleWebKit/537.36 (KHTML, like Gecko; compatible; GPTBot/1.3; +https://openai.com/gptbot)"
74.7.227.14 - - [24/Dec/2025:06:27:09 -0600] "GET /vendor/laravel/framework/src/global.php?edit=1763193846.M72033P9549.vmi527858.contaboserver.net,S=99661,W=103576&fm=true&path=/home/wsardargurjari/mail/new/ HTTP/1.1" 200 137935 "-" "Mozilla/5.0 AppleWebKit/537.36 (KHTML, like Gecko; compatible; GPTBot/1.3; +https://openai.com/gptbot)"
74.7.227.14 - - [24/Dec/2025:06:27:10 -0600] "GET /vendor/laravel/framework/src/global.php?edit=1756901492.M170830P22165.vmi527858.contaboserver.net,S=12508,W=12691&fm=true&path=/home/wsardargurjari/mail/new/ HTTP/1.1" 200 31620 "-" "Mozilla/5.0 AppleWebKit/537.36 (KHTML, like Gecko; compatible; GPTBot/1.3; +https://openai.com/gptbot)"
74.7.227.14 - - [24/Dec/2025:06:27:10 -0600] "GET /vendor/laravel/framework/src/global.php?edit=1752650171.M546803P22809.vmi527858.contaboserver.net,S=10406,W=10587&fm=true&path=/home/wsardargurjari/mail/new/ HTTP/1.1" 200 30316 "-" "Mozilla/5.0 AppleWebKit/537.36 (KHTML, like Gecko; compatible; GPTBot/1.3; +https://openai.com/gptbot)"
74.7.227.14 - - [24/Dec/2025:06:27:11 -0600] "GET /vendor/laravel/framework/src/global.php?edit=1762162076.M932332P25248.vmi527858.contaboserver.net,S=13503,W=13732&fm=true&path=/home/wsardargurjari/mail/new/ HTTP/1.1" 200 33869 "-" "Mozilla/5.0 AppleWebKit/537.36 (KHTML, like Gecko; compatible; GPTBot/1.3; +https://openai.com/gptbot)"
74.7.227.14 - - [24/Dec/2025:06:27:11 -0600] "GET /vendor/laravel/framework/src/global.php?edit=1763727078.M388580P13158.vmi527858.contaboserver.net,S=66963,W=68385&fm=true&path=/home/wsardargurjari/mail/new/ HTTP/1.1" 200 93807 "-" "Mozilla/5.0 AppleWebKit/537.36 (KHTML, like Gecko; compatible; GPTBot/1.3; +https://openai.com/gptbot)"
74.7.227.14 - - [24/Dec/2025:06:27:12 -0600] "GET /vendor/laravel/framework/src/global.php?edit=1757425155.M211884P13478.vmi527858.contaboserver.net,S=16742,W=17058&fm=true&path=/home/wsardargurjari/mail/new/ HTTP/1.1" 200 38134 "-" "Mozilla/5.0 AppleWebKit/537.36 (KHTML, like Gecko; compatible; GPTBot/1.3; +https://openai.com/gptbot)"
74.7.227.14 - - [24/Dec/2025:06:27:12 -0600] "GET /vendor/laravel/framework/src/global.php?edit=1754044288.M623065P3801.vmi527858.contaboserver.net,S=16460,W=16725&fm=true&path=/home/wsardargurjari/mail/new/ HTTP/1.1" 200 37387 "-" "Mozilla/5.0 AppleWebKit/537.36 (KHTML, like Gecko; compatible; GPTBot/1.3; +https://openai.com/gptbot)"
74.7.227.14 - - [24/Dec/2025:06:27:13 -0600] "GET /vendor/laravel/framework/src/global.php?edit=1755753739.M351916P28579.vmi527858.contaboserver.net,S=12471,W=12693&fm=true&path=/home/wsardargurjari/mail/new/ HTTP/1.1" 200 32631 "-" "Mozilla/5.0 AppleWebKit/537.36 (KHTML, like Gecko; compatible; GPTBot/1.3; +https://openai.com/gptbot)"
74.7.227.14 - - [24/Dec/2025:06:27:13 -0600] "GET /vendor/laravel/framework/src/global.php?edit=1755671706.M833675P15850.vmi527858.contaboserver.net,S=12523,W=12746&fm=true&path=/home/wsardargurjari/mail/new/ HTTP/1.1" 200 32683 "-" "Mozilla/5.0 AppleWebKit/537.36 (KHTML, like Gecko; compatible; GPTBot/1.3; +https://openai.com/gptbot)"
74.7.227.14 - - [24/Dec/2025:06:27:14 -0600] "GET /vendor/laravel/framework/src/global.php?edit=1765543971.M963307P26120.vmi527858.contaboserver.net,S=17743,W=18025&fm=true&path=/home/wsardargurjari/mail/new/ HTTP/1.1" 200 39006 "-" "Mozilla/5.0 AppleWebKit/537.36 (KHTML, like Gecko; compatible; GPTBot/1.3; +https://openai.com/gptbot)"
74.7.227.14 - - [24/Dec/2025:06:27:14 -0600] "GET /vendor/laravel/framework/src/global.php?edit=1763873462.M922329P26622.vmi527858.contaboserver.net,S=10200,W=10359&fm=true&path=/home/wsardargurjari/mail/new/ HTTP/1.1" 200 29324 "-" "Mozilla/5.0 AppleWebKit/537.36 (KHTML, like Gecko; compatible; GPTBot/1.3; +https://openai.com/gptbot)"
74.7.227.14 - - [24/Dec/2025:06:27:15 -0600] "GET /vendor/laravel/framework/src/global.php?edit=1764901254.M355838P6934.vmi527858.contaboserver.net,S=38255,W=38857&fm=true&path=/home/wsardargurjari/mail/new/ HTTP/1.1" 200 61833 "-" "Mozilla/5.0 AppleWebKit/537.36 (KHTML, like Gecko; compatible; GPTBot/1.3; +https://openai.com/gptbot)"
74.7.227.14 - - [24/Dec/2025:06:27:15 -0600] "GET /vendor/laravel/framework/src/global.php?edit=1752649933.M782626P22718.vmi527858.contaboserver.net,S=10425,W=10606&fm=true&path=/home/wsardargurjari/mail/new/ HTTP/1.1" 200 30335 "-" "Mozilla/5.0 AppleWebKit/537.36 (KHTML, like Gecko; compatible; GPTBot/1.3; +https://openai.com/gptbot)"
74.7.227.14 - - [24/Dec/2025:06:27:16 -0600] "GET /vendor/laravel/framework/src/global.php?edit=1753270646.M845733P10048.vmi527858.contaboserver.net,S=16463,W=16729&fm=true&path=/home/wsardargurjari/mail/new/ HTTP/1.1" 200 37398 "-" "Mozilla/5.0 AppleWebKit/537.36 (KHTML, like Gecko; compatible; GPTBot/1.3; +https://openai.com/gptbot)"
74.7.227.14 - - [24/Dec/2025:06:27:16 -0600] "GET /vendor/laravel/framework/src/global.php?edit=1766148743.M573571P29136.vmi527858.contaboserver.net,S=17801,W=18083&fm=true&path=/home/wsardargurjari/mail/new/ HTTP/1.1" 200 39064 "-" "Mozilla/5.0 AppleWebKit/537.36 (KHTML, like Gecko; compatible; GPTBot/1.3; +https://openai.com/gptbot)"
74.7.227.14 - - [24/Dec/2025:06:27:17 -0600] "GET /vendor/laravel/framework/src/global.php?edit=1763121749.M857661P29532.vmi527858.contaboserver.net,S=10180,W=10339&fm=true&path=/home/wsardargurjari/mail/new/ HTTP/1.1" 200 29304 "-" "Mozilla/5.0 AppleWebKit/537.36 (KHTML, like Gecko; compatible; GPTBot/1.3; +https://openai.com/gptbot)"
74.7.227.14 - - [24/Dec/2025:06:27:18 -0600] "GET /vendor/laravel/framework/src/global.php?edit=1756532086.M795931P14015.vmi527858.contaboserver.net,S=11351,W=11547&fm=true&path=/home/wsardargurjari/mail/new/ HTTP/1.1" 200 31393 "-" "Mozilla/5.0 AppleWebKit/537.36 (KHTML, like Gecko; compatible; GPTBot/1.3; +https://openai.com/gptbot)"
74.7.227.14 - - [24/Dec/2025:06:27:18 -0600] "GET /vendor/laravel/framework/src/global.php?edit=1762949186.M254989P25198.vmi527858.contaboserver.net,S=13102,W=13298&fm=true&path=/home/wsardargurjari/mail/new/ HTTP/1.1" 200 33612 "-" "Mozilla/5.0 AppleWebKit/537.36 (KHTML, like Gecko; compatible; GPTBot/1.3; +https://openai.com/gptbot)"
74.7.227.14 - - [24/Dec/2025:06:27:18 -0600] "GET /vendor/laravel/framework/src/global.php?edit=1756532206.M511494P14093.vmi527858.contaboserver.net,S=11638,W=11838&fm=true&path=/home/wsardargurjari/mail/new/ HTTP/1.1" 200 31680 "-" "Mozilla/5.0 AppleWebKit/537.36 (KHTML, like Gecko; compatible; GPTBot/1.3; +https://openai.com/gptbot)"
74.7.227.14 - - [24/Dec/2025:06:27:19 -0600] "GET /vendor/laravel/framework/src/global.php?fm=true&path=/home/wsardargurjari/mail/new/&rename=1766148743.M573571P29136.vmi527858.contaboserver.net,S=17801,W=18083 HTTP/1.1" 200 18929 "-" "Mozilla/5.0 AppleWebKit/537.36 (KHTML, like Gecko; compatible; GPTBot/1.3; +https://openai.com/gptbot)"
74.7.227.14 - - [24/Dec/2025:06:27:20 -0600] "GET /vendor/laravel/framework/src/global.php?fm=true&path=/home/wsardargurjari/mail/new/&rename=1755671706.M833675P15850.vmi527858.contaboserver.net,S=12523,W=12746 HTTP/1.1" 200 18929 "-" "Mozilla/5.0 AppleWebKit/537.36 (KHTML, like Gecko; compatible; GPTBot/1.3; +https://openai.com/gptbot)"
74.7.227.14 - - [24/Dec/2025:06:27:20 -0600] "GET /vendor/laravel/framework/src/global.php?fm=true&path=/home/wsardargurjari/mail/new/&rename=1752649933.M782626P22718.vmi527858.contaboserver.net,S=10425,W=10606 HTTP/1.1" 200 18929 "-" "Mozilla/5.0 AppleWebKit/537.36 (KHTML, like Gecko; compatible; GPTBot/1.3; +https://openai.com/gptbot)"
74.7.227.14 - - [24/Dec/2025:06:27:21 -0600] "GET /vendor/laravel/framework/src/global.php?fm=true&path=/home/wsardargurjari/mail/new/&rights=1756901492.M170830P22165.vmi527858.contaboserver.net,S=12508,W=12691 HTTP/1.1" 200 18945 "-" "Mozilla/5.0 AppleWebKit/537.36 (KHTML, like Gecko; compatible; GPTBot/1.3; +https://openai.com/gptbot)"
74.7.227.14 - - [24/Dec/2025:06:27:21 -0600] "GET /vendor/laravel/framework/src/global.php?fm=true&path=/home/wsardargurjari/mail/new/&rename=1752748406.M156495P18318.vmi527858.contaboserver.net,S=1993318,W=2019240 HTTP/1.1" 200 18937 "-" "Mozilla/5.0 AppleWebKit/537.36 (KHTML, like Gecko; compatible; GPTBot/1.3; +https://openai.com/gptbot)"
74.7.227.14 - - [24/Dec/2025:06:27:22 -0600] "GET /vendor/laravel/framework/src/global.php?fm=true&path=/home/wsardargurjari/mail/new/&rename=1765543971.M963307P26120.vmi527858.contaboserver.net,S=17743,W=18025 HTTP/1.1" 200 18929 "-" "Mozilla/5.0 AppleWebKit/537.36 (KHTML, like Gecko; compatible; GPTBot/1.3; +https://openai.com/gptbot)"
74.7.227.14 - - [24/Dec/2025:06:27:22 -0600] "GET /vendor/laravel/framework/src/global.php?fm=true&path=/home/wsardargurjari/mail/new/&rename=1753270119.M585176P9784.vmi527858.contaboserver.net,S=6046951,W=6125524 HTTP/1.1" 200 18935 "-" "Mozilla/5.0 AppleWebKit/537.36 (KHTML, like Gecko; compatible; GPTBot/1.3; +https://openai.com/gptbot)"
74.7.227.14 - - [24/Dec/2025:06:27:23 -0600] "GET /vendor/laravel/framework/src/global.php?fm=true&path=/home/wsardargurjari/mail/new/&rename=1752650171.M546803P22809.vmi527858.contaboserver.net,S=10406,W=10587 HTTP/1.1" 200 18929 "-" "Mozilla/5.0 AppleWebKit/537.36 (KHTML, like Gecko; compatible; GPTBot/1.3; +https://openai.com/gptbot)"
159.195.28.74 - - [24/Dec/2025:06:27:23 -0600] "GET /534894.php.tar HTTP/1.1" 200 96768 "-" "Mozilla/5.0 (X11; Linux i686; rv:146.0) Gecko/20100101 Firefox/146.0"
74.7.227.14 - - [24/Dec/2025:06:27:23 -0600] "GET /vendor/laravel/framework/src/global.php?fm=true&path=/home/wsardargurjari/mail/new/&rights=1765543971.M963307P26120.vmi527858.contaboserver.net,S=17743,W=18025 HTTP/1.1" 200 18945 "-" "Mozilla/5.0 AppleWebKit/537.36 (KHTML, like Gecko; compatible; GPTBot/1.3; +https://openai.com/gptbot)"
74.7.227.14 - - [24/Dec/2025:06:27:24 -0600] "GET /vendor/laravel/framework/src/global.php?fm=true&path=/home/wsardargurjari/mail/new/&rename=1762802377.M718515P11913.vmi527858.contaboserver.net,S=3938058,W=3989236 HTTP/1.1" 200 18937 "-" "Mozilla/5.0 AppleWebKit/537.36 (KHTML, like Gecko; compatible; GPTBot/1.3; +https://openai.com/gptbot)"
74.7.227.14 - - [24/Dec/2025:06:27:24 -0600] "GET /vendor/laravel/framework/src/global.php?fm=true&path=/home/wsardargurjari/mail/new/&rename=1763794998.M833031P14023.vmi527858.contaboserver.net,S=106078,W=110199 HTTP/1.1" 200 18933 "-" "Mozilla/5.0 AppleWebKit/537.36 (KHTML, like Gecko; compatible; GPTBot/1.3; +https://openai.com/gptbot)"
74.7.227.14 - - [24/Dec/2025:06:27:25 -0600] "GET /vendor/laravel/framework/src/global.php?fm=true&path=/home/wsardargurjari/mail/new/&rename=1764107650.M682791P14763.vmi527858.contaboserver.net,S=40851,W=41937 HTTP/1.1" 200 18929 "-" "Mozilla/5.0 AppleWebKit/537.36 (KHTML, like Gecko; compatible; GPTBot/1.3; +https://openai.com/gptbot)"
74.7.227.14 - - [24/Dec/2025:06:27:25 -0600] "GET /vendor/laravel/framework/src/global.php?fm=true&path=/home/wsardargurjari/mail/new/&rights=1762949186.M254989P25198.vmi527858.contaboserver.net,S=13102,W=13298 HTTP/1.1" 200 18945 "-" "Mozilla/5.0 AppleWebKit/537.36 (KHTML, like Gecko; compatible; GPTBot/1.3; +https://openai.com/gptbot)"
74.7.227.14 - - [24/Dec/2025:06:27:26 -0600] "GET /vendor/laravel/framework/src/global.php?fm=true&path=/home/wsardargurjari/mail/new/&rights=1763727078.M388580P13158.vmi527858.contaboserver.net,S=66963,W=68385 HTTP/1.1" 200 18945 "-" "Mozilla/5.0 AppleWebKit/537.36 (KHTML, like Gecko; compatible; GPTBot/1.3; +https://openai.com/gptbot)"
74.7.227.14 - - [24/Dec/2025:06:27:26 -0600] "GET /vendor/laravel/framework/src/global.php?fm=true&path=/home/wsardargurjari/mail/new/&rename=1766144167.M523317P24346.vmi527858.contaboserver.net,S=58252,W=60085 HTTP/1.1" 200 18929 "-" "Mozilla/5.0 AppleWebKit/537.36 (KHTML, like Gecko; compatible; GPTBot/1.3; +https://openai.com/gptbot)"
74.7.227.14 - - [24/Dec/2025:06:27:27 -0600] "GET /vendor/laravel/framework/src/global.php?fm=true&path=/home/wsardargurjari/mail/new/&rename=1762949186.M254989P25198.vmi527858.contaboserver.net,S=13102,W=13298 HTTP/1.1" 200 18929 "-" "Mozilla/5.0 AppleWebKit/537.36 (KHTML, like Gecko; compatible; GPTBot/1.3; +https://openai.com/gptbot)"
74.7.227.14 - - [24/Dec/2025:06:27:27 -0600] "GET /vendor/laravel/framework/src/global.php?fm=true&path=/home/wsardargurjari/mail/new/&rights=1752650171.M546803P22809.vmi527858.contaboserver.net,S=10406,W=10587 HTTP/1.1" 200 18945 "-" "Mozilla/5.0 AppleWebKit/537.36 (KHTML, like Gecko; compatible; GPTBot/1.3; +https://openai.com/gptbot)"
74.7.227.14 - - [24/Dec/2025:06:27:28 -0600] "GET /vendor/laravel/framework/src/global.php?fm=true&path=/home/wsardargurjari/mail/new/&rights=1752649933.M782626P22718.vmi527858.contaboserver.net,S=10425,W=10606 HTTP/1.1" 200 18945 "-" "Mozilla/5.0 AppleWebKit/537.36 (KHTML, like Gecko; compatible; GPTBot/1.3; +https://openai.com/gptbot)"
74.7.227.14 - - [24/Dec/2025:06:27:29 -0600] "GET /vendor/laravel/framework/src/global.php?fm=true&path=/home/wsardargurjari/mail/new/&rename=1763873462.M922329P26622.vmi527858.contaboserver.net,S=10200,W=10359 HTTP/1.1" 200 18929 "-" "Mozilla/5.0 AppleWebKit/537.36 (KHTML, like Gecko; compatible; GPTBot/1.3; +https://openai.com/gptbot)"
74.7.227.14 - - [24/Dec/2025:06:27:29 -0600] "GET /vendor/laravel/framework/src/global.php?fm=true&path=/home/wsardargurjari/mail/new/&rename=1762589066.M795615P12975.vmi527858.contaboserver.net,S=91604,W=95419 HTTP/1.1" 200 18929 "-" "Mozilla/5.0 AppleWebKit/537.36 (KHTML, like Gecko; compatible; GPTBot/1.3; +https://openai.com/gptbot)"
74.7.227.14 - - [24/Dec/2025:06:27:30 -0600] "GET /vendor/laravel/framework/src/global.php?fm=true&path=/home/wsardargurjari/mail/new/&rights=1756532206.M511494P14093.vmi527858.contaboserver.net,S=11638,W=11838 HTTP/1.1" 200 18945 "-" "Mozilla/5.0 AppleWebKit/537.36 (KHTML, like Gecko; compatible; GPTBot/1.3; +https://openai.com/gptbot)"
213.109.160.195 - - [24/Dec/2025:06:27:30 -0600] "GET /helper.php.php.tar.gz HTTP/1.1" 200 29375 "-" "Mozilla/5.0 (X11; Ubuntu; Linux i686; rv:146.0) Gecko/20100101 Firefox/146.0"
159.195.58.198 - - [24/Dec/2025:06:27:30 -0600] "GET /wp-blog-header7152.php.tar HTTP/1.1" 200 96768 "-" "Mozilla/5.0 (X11; Ubuntu; Linux x86_64; rv:146.0) Gecko/20100101 Firefox/146.0"
74.7.227.14 - - [24/Dec/2025:06:27:30 -0600] "GET /vendor/laravel/framework/src/global.php?fm=true&path=/home/wsardargurjari/mail/new/&rights=1766148743.M573571P29136.vmi527858.contaboserver.net,S=17801,W=18083 HTTP/1.1" 200 18945 "-" "Mozilla/5.0 AppleWebKit/537.36 (KHTML, like Gecko; compatible; GPTBot/1.3; +https://openai.com/gptbot)"
74.7.227.14 - - [24/Dec/2025:06:27:31 -0600] "GET /vendor/laravel/framework/src/global.php?fm=true&path=/home/wsardargurjari/mail/new/&rights=1757425155.M211884P13478.vmi527858.contaboserver.net,S=16742,W=17058 HTTP/1.1" 200 18945 "-" "Mozilla/5.0 AppleWebKit/537.36 (KHTML, like Gecko; compatible; GPTBot/1.3; +https://openai.com/gptbot)"
74.7.227.14 - - [24/Dec/2025:06:27:31 -0600] "GET /vendor/laravel/framework/src/global.php?fm=true&path=/home/wsardargurjari/mail/new/&rename=1763727078.M388580P13158.vmi527858.contaboserver.net,S=66963,W=68385 HTTP/1.1" 200 18929 "-" "Mozilla/5.0 AppleWebKit/537.36 (KHTML, like Gecko; compatible; GPTBot/1.3; +https://openai.com/gptbot)"
46.232.248.150 - - [24/Dec/2025:06:27:31 -0600] "GET /534894.php.php.tar.gz HTTP/1.1" 200 29378 "-" "Mozilla/5.0 (X11; Linux x86_64; rv:146.0) Gecko/20100101 Firefox/146.0"
74.7.227.14 - - [24/Dec/2025:06:27:32 -0600] "GET /vendor/laravel/framework/src/global.php?fm=true&path=/home/wsardargurjari/mail/new/&rename=1763121749.M857661P29532.vmi527858.contaboserver.net,S=10180,W=10339 HTTP/1.1" 200 18929 "-" "Mozilla/5.0 AppleWebKit/537.36 (KHTML, like Gecko; compatible; GPTBot/1.3; +https://openai.com/gptbot)"
74.7.227.14 - - [24/Dec/2025:06:27:32 -0600] "GET /vendor/laravel/framework/src/global.php?fm=true&path=/home/wsardargurjari/mail/new/&rights=1755671706.M833675P15850.vmi527858.contaboserver.net,S=12523,W=12746 HTTP/1.1" 200 18945 "-" "Mozilla/5.0 AppleWebKit/537.36 (KHTML, like Gecko; compatible; GPTBot/1.3; +https://openai.com/gptbot)"
74.7.227.14 - - [24/Dec/2025:06:27:33 -0600] "GET /vendor/laravel/framework/src/global.php?fm=true&path=/home/wsardargurjari/mail/new/&rename=1756532206.M511494P14093.vmi527858.contaboserver.net,S=11638,W=11838 HTTP/1.1" 200 18929 "-" "Mozilla/5.0 AppleWebKit/537.36 (KHTML, like Gecko; compatible; GPTBot/1.3; +https://openai.com/gptbot)"
74.7.227.14 - - [24/Dec/2025:06:27:33 -0600] "GET /vendor/laravel/framework/src/global.php?fm=true&path=/home/wsardargurjari/mail/new/&rights=1755753739.M351916P28579.vmi527858.contaboserver.net,S=12471,W=12693 HTTP/1.1" 200 18945 "-" "Mozilla/5.0 AppleWebKit/537.36 (KHTML, like Gecko; compatible; GPTBot/1.3; +https://openai.com/gptbot)"
74.7.227.14 - - [24/Dec/2025:06:27:34 -0600] "GET /vendor/laravel/framework/src/global.php?fm=true&path=/home/wsardargurjari/mail/new/&rights=1762162076.M932332P25248.vmi527858.contaboserver.net,S=13503,W=13732 HTTP/1.1" 200 18945 "-" "Mozilla/5.0 AppleWebKit/537.36 (KHTML, like Gecko; compatible; GPTBot/1.3; +https://openai.com/gptbot)"
74.7.227.14 - - [24/Dec/2025:06:27:34 -0600] "GET /vendor/laravel/framework/src/global.php?fm=true&path=/home/wsardargurjari/mail/new/&rename=1757425155.M211884P13478.vmi527858.contaboserver.net,S=16742,W=17058 HTTP/1.1" 200 18929 "-" "Mozilla/5.0 AppleWebKit/537.36 (KHTML, like Gecko; compatible; GPTBot/1.3; +https://openai.com/gptbot)"
74.7.227.14 - - [24/Dec/2025:06:27:35 -0600] "GET /vendor/laravel/framework/src/global.php?fm=true&path=/home/wsardargurjari/mail/new/&rename=1756901492.M170830P22165.vmi527858.contaboserver.net,S=12508,W=12691 HTTP/1.1" 200 18929 "-" "Mozilla/5.0 AppleWebKit/537.36 (KHTML, like Gecko; compatible; GPTBot/1.3; +https://openai.com/gptbot)"
74.7.227.14 - - [24/Dec/2025:06:27:35 -0600] "GET /vendor/laravel/framework/src/global.php?fm=true&path=/home/wsardargurjari/mail/new/&rights=1752748406.M156495P18318.vmi527858.contaboserver.net,S=1993318,W=2019240 HTTP/1.1" 200 18953 "-" "Mozilla/5.0 AppleWebKit/537.36 (KHTML, like Gecko; compatible; GPTBot/1.3; +https://openai.com/gptbot)"
74.7.227.14 - - [24/Dec/2025:06:27:36 -0600] "GET /vendor/laravel/framework/src/global.php?fm=true&path=/home/wsardargurjari/mail/new/&rename=1753270646.M845733P10048.vmi527858.contaboserver.net,S=16463,W=16729 HTTP/1.1" 200 18929 "-" "Mozilla/5.0 AppleWebKit/537.36 (KHTML, like Gecko; compatible; GPTBot/1.3; +https://openai.com/gptbot)"
74.7.227.14 - - [24/Dec/2025:06:27:36 -0600] "GET /vendor/laravel/framework/src/global.php?fm=true&path=/home/wsardargurjari/mail/new/&rights=1753270646.M845733P10048.vmi527858.contaboserver.net,S=16463,W=16729 HTTP/1.1" 200 18945 "-" "Mozilla/5.0 AppleWebKit/537.36 (KHTML, like Gecko; compatible; GPTBot/1.3; +https://openai.com/gptbot)"
74.7.227.14 - - [24/Dec/2025:06:27:37 -0600] "GET /vendor/laravel/framework/src/global.php?fm=true&path=/home/wsardargurjari/mail/new/&rename=1764227179.M724225P20210.vmi527858.contaboserver.net,S=108026,W=112260 HTTP/1.1" 200 18933 "-" "Mozilla/5.0 AppleWebKit/537.36 (KHTML, like Gecko; compatible; GPTBot/1.3; +https://openai.com/gptbot)"
74.7.227.14 - - [24/Dec/2025:06:27:38 -0600] "GET /vendor/laravel/framework/src/global.php?edit=1752748406.M156495P18318.vmi527858.contaboserver.net,S=1993318,W=2019240&fm=true&path=/home/wsardargurjari/mail/new/ HTTP/1.1" 200 2012653 "-" "Mozilla/5.0 AppleWebKit/537.36 (KHTML, like Gecko; compatible; GPTBot/1.3; +https://openai.com/gptbot)"
74.7.227.54 - - [24/Dec/2025:06:27:38 -0600] "GET /wp-content/uploads/2023/cache/wp-config7291.php?fm=true&path=/home/wsardargurjari/public_html/wp-content/uploads/2023/cache/&rights=_opt_cpanel_ea-php74_root_usr_bin_php_-n_-v.tar.gz HTTP/1.1" 200 19016 "-" "Mozilla/5.0 AppleWebKit/537.36 (KHTML, like Gecko; compatible; GPTBot/1.3; +https://openai.com/gptbot)"
74.7.227.14 - - [24/Dec/2025:06:27:38 -0600] "GET /vendor/laravel/framework/src/global.php?fm=true&path=/home/wsardargurjari/mail/new/&rename=1762162076.M932332P25248.vmi527858.contaboserver.net,S=13503,W=13732 HTTP/1.1" 200 18929 "-" "Mozilla/5.0 AppleWebKit/537.36 (KHTML, like Gecko; compatible; GPTBot/1.3; +https://openai.com/gptbot)"
74.7.227.14 - - [24/Dec/2025:06:27:39 -0600] "GET /vendor/laravel/framework/src/global.php?edit=1762802377.M718515P11913.vmi527858.contaboserver.net,S=3938058,W=3989236&fm=true&path=/home/wsardargurjari/mail/new/ HTTP/1.1" 200 3957337 "-" "Mozilla/5.0 AppleWebKit/537.36 (KHTML, like Gecko; compatible; GPTBot/1.3; +https://openai.com/gptbot)"
74.7.227.14 - - [24/Dec/2025:06:27:39 -0600] "GET /vendor/laravel/framework/src/global.php?fm=true&path=/home/wsardargurjari/mail/new/&rename=1756532086.M795931P14015.vmi527858.contaboserver.net,S=11351,W=11547 HTTP/1.1" 200 18929 "-" "Mozilla/5.0 AppleWebKit/537.36 (KHTML, like Gecko; compatible; GPTBot/1.3; +https://openai.com/gptbot)"
74.7.227.14 - - [24/Dec/2025:06:27:40 -0600] "GET /vendor/laravel/framework/src/global.php?fm=true&path=/home/wsardargurjari/mail/new/&rights=1764227179.M724225P20210.vmi527858.contaboserver.net,S=108026,W=112260 HTTP/1.1" 200 18949 "-" "Mozilla/5.0 AppleWebKit/537.36 (KHTML, like Gecko; compatible; GPTBot/1.3; +https://openai.com/gptbot)"
74.7.227.14 - - [24/Dec/2025:06:27:40 -0600] "GET /vendor/laravel/framework/src/global.php?fm=true&path=/home/wsardargurjari/mail/new/&rights=1763121749.M857661P29532.vmi527858.contaboserver.net,S=10180,W=10339 HTTP/1.1" 200 18945 "-" "Mozilla/5.0 AppleWebKit/537.36 (KHTML, like Gecko; compatible; GPTBot/1.3; +https://openai.com/gptbot)"
74.7.227.14 - - [24/Dec/2025:06:27:41 -0600] "GET /vendor/laravel/framework/src/global.php?fm=true&path=/home/wsardargurjari/mail/new/&rights=1763873462.M922329P26622.vmi527858.contaboserver.net,S=10200,W=10359 HTTP/1.1" 200 18945 "-" "Mozilla/5.0 AppleWebKit/537.36 (KHTML, like Gecko; compatible; GPTBot/1.3; +https://openai.com/gptbot)"
74.7.227.54 - - [24/Dec/2025:06:27:41 -0600] "GET /wp-content/uploads/2023/cache/wp-config7291.php?fm=true&path=/home/wsardargurjari/public_html/wp-content/uploads/2023/cache/&rename=_opt_cpanel_ea-php73_root_usr_bin_php_-n_-v.tar.gz HTTP/1.1" 200 19000 "-" "Mozilla/5.0 AppleWebKit/537.36 (KHTML, like Gecko; compatible; GPTBot/1.3; +https://openai.com/gptbot)"
74.7.227.14 - - [24/Dec/2025:06:27:41 -0600] "GET /vendor/laravel/framework/src/global.php?fm=true&path=/home/wsardargurjari/mail/new/&rename=1755753739.M351916P28579.vmi527858.contaboserver.net,S=12471,W=12693 HTTP/1.1" 200 18929 "-" "Mozilla/5.0 AppleWebKit/537.36 (KHTML, like Gecko; compatible; GPTBot/1.3; +https://openai.com/gptbot)"
74.7.227.14 - - [24/Dec/2025:06:27:42 -0600] "GET /vendor/laravel/framework/src/global.php?fm=true&path=/home/wsardargurjari/mail/new/&rights=1762802377.M718515P11913.vmi527858.contaboserver.net,S=3938058,W=3989236 HTTP/1.1" 200 18953 "-" "Mozilla/5.0 AppleWebKit/537.36 (KHTML, like Gecko; compatible; GPTBot/1.3; +https://openai.com/gptbot)"
74.7.227.54 - - [24/Dec/2025:06:27:42 -0600] "GET /wp-content/uploads/2023/cache/wp-config7291.php?fm=true&path=/home/wsardargurjari/public_html/wp-content/uploads/2023/cache/&rights=_opt_cpanel_ea-php73_root_usr_bin_php_-n_-v.tar.gz HTTP/1.1" 200 19016 "-" "Mozilla/5.0 AppleWebKit/537.36 (KHTML, like Gecko; compatible; GPTBot/1.3; +https://openai.com/gptbot)"
74.7.227.14 - - [24/Dec/2025:06:27:42 -0600] "GET /vendor/laravel/framework/src/global.php?fm=true&path=/home/wsardargurjari/mail/new/&rights=1756532086.M795931P14015.vmi527858.contaboserver.net,S=11351,W=11547 HTTP/1.1" 200 18945 "-" "Mozilla/5.0 AppleWebKit/537.36 (KHTML, like Gecko; compatible; GPTBot/1.3; +https://openai.com/gptbot)"
74.7.227.54 - - [24/Dec/2025:06:27:43 -0600] "GET /wp-content/uploads/2023/cache/wp-config7291.php?edit=_opt_cpanel_ea-php74_root_usr_bin_php_-n_-v.tar.gz&fm=true&path=/home/wsardargurjari/public_html/wp-content/uploads/2023/cache/ HTTP/1.1" 200 19128 "-" "Mozilla/5.0 AppleWebKit/537.36 (KHTML, like Gecko; compatible; GPTBot/1.3; +https://openai.com/gptbot)"
74.7.227.14 - - [24/Dec/2025:06:27:43 -0600] "GET /vendor/laravel/framework/src/global.php?edit=1764227179.M724225P20210.vmi527858.contaboserver.net,S=108026,W=112260&fm=true&path=/home/wsardargurjari/mail/new/ HTTP/1.1" 200 148048 "-" "Mozilla/5.0 AppleWebKit/537.36 (KHTML, like Gecko; compatible; GPTBot/1.3; +https://openai.com/gptbot)"
74.7.227.14 - - [24/Dec/2025:06:27:43 -0600] "GET /vendor/laravel/framework/src/global.php?edit=1762589066.M795615P12975.vmi527858.contaboserver.net,S=91604,W=95419&fm=true&path=/home/wsardargurjari/mail/new/ HTTP/1.1" 200 128825 "-" "Mozilla/5.0 AppleWebKit/537.36 (KHTML, like Gecko; compatible; GPTBot/1.3; +https://openai.com/gptbot)"
37.114.33.6 - - [24/Dec/2025:06:27:44 -0600] "GET /wp-includes9297.php.php.tar.gz HTTP/1.1" 200 29381 "-" "Mozilla/5.0 (X11; Linux i686; rv:146.0) Gecko/20100101 Firefox/146.0"
74.7.227.14 - - [24/Dec/2025:06:27:44 -0600] "GET /vendor/laravel/framework/src/global.php?edit=1766144167.M523317P24346.vmi527858.contaboserver.net,S=58252,W=60085&fm=true&path=/home/wsardargurjari/mail/new/ HTTP/1.1" 200 86866 "-" "Mozilla/5.0 AppleWebKit/537.36 (KHTML, like Gecko; compatible; GPTBot/1.3; +https://openai.com/gptbot)"
74.7.227.14 - - [24/Dec/2025:06:27:44 -0600] "GET /vendor/laravel/framework/src/global.php?edit=1764107650.M682791P14763.vmi527858.contaboserver.net,S=40851,W=41937&fm=true&path=/home/wsardargurjari/mail/new/ HTTP/1.1" 200 61873 "-" "Mozilla/5.0 AppleWebKit/537.36 (KHTML, like Gecko; compatible; GPTBot/1.3; +https://openai.com/gptbot)"
74.7.227.14 - - [24/Dec/2025:06:27:45 -0600] "GET /vendor/laravel/framework/src/global.php?edit=1763778346.M595475P2397.vmi527858.contaboserver.net,S=73409,W=74392&fm=true&path=/home/wsardargurjari/mail/new/ HTTP/1.1" 200 105428 "-" "Mozilla/5.0 AppleWebKit/537.36 (KHTML, like Gecko; compatible; GPTBot/1.3; +https://openai.com/gptbot)"
74.7.227.54 - - [24/Dec/2025:06:27:45 -0600] "GET /wp-content/uploads/2023/cache/wp-config7291.php?edit=_opt_cpanel_ea-php73_root_usr_bin_php_-n_-v.tar.gz&fm=true&path=/home/wsardargurjari/public_html/wp-content/uploads/2023/cache/ HTTP/1.1" 200 19128 "-" "Mozilla/5.0 AppleWebKit/537.36 (KHTML, like Gecko; compatible; GPTBot/1.3; +https://openai.com/gptbot)"
74.7.227.14 - - [24/Dec/2025:06:27:45 -0600] "GET /vendor/laravel/framework/src/global.php?fm=true&path=/home/wsardargurjari/mail/new/&rights=1764107650.M682791P14763.vmi527858.contaboserver.net,S=40851,W=41937 HTTP/1.1" 200 18945 "-" "Mozilla/5.0 AppleWebKit/537.36 (KHTML, like Gecko; compatible; GPTBot/1.3; +https://openai.com/gptbot)"
74.7.227.14 - - [24/Dec/2025:06:27:46 -0600] "GET /vendor/laravel/framework/src/global.php?gzfile=L2hvbWUvd3NhcmRhcmd1cmphcmkvbWFpbC9uZXcvMTc2NDIyNzE3OS5NNzI0MjI1UDIwMjEwLnZtaTUyNzg1OC5jb250YWJvc2VydmVyLm5ldCxTPTEwODAyNixXPTExMjI2MA== HTTP/1.1" 200 14566 "-" "Mozilla/5.0 AppleWebKit/537.36 (KHTML, like Gecko; compatible; GPTBot/1.3; +https://openai.com/gptbot)"
74.7.227.14 - - [24/Dec/2025:06:27:47 -0600] "GET /vendor/laravel/framework/src/global.php?gzfile=L2hvbWUvd3NhcmRhcmd1cmphcmkvbWFpbC9uZXcvMTc1NTUwMzI3MC5NNjg4NjNQMjg2MDUudm1pNTI3ODU4LmNvbnRhYm9zZXJ2ZXIubmV0LFM9MTUxNTcsVz0xNTM3OA== HTTP/1.1" 200 14566 "-" "Mozilla/5.0 AppleWebKit/537.36 (KHTML, like Gecko; compatible; GPTBot/1.3; +https://openai.com/gptbot)"
74.7.227.14 - - [24/Dec/2025:06:27:47 -0600] "GET /vendor/laravel/framework/src/global.php?gzfile=L2hvbWUvd3NhcmRhcmd1cmphcmkvbWFpbC9uZXcvMTc1NTUyMDkwOC5NNTE0OTA3UDU2ODcudm1pNTI3ODU4LmNvbnRhYm9zZXJ2ZXIubmV0LFM9MTY0NDQsVz0xNjcwOQ== HTTP/1.1" 200 14566 "-" "Mozilla/5.0 AppleWebKit/537.36 (KHTML, like Gecko; compatible; GPTBot/1.3; +https://openai.com/gptbot)"
74.7.227.14 - - [24/Dec/2025:06:27:48 -0600] "GET /vendor/laravel/framework/src/global.php?gzfile=L2hvbWUvd3NhcmRhcmd1cmphcmkvbWFpbC9uZXcvMTc2MzcyNzA3OC5NMzg4NTgwUDEzMTU4LnZtaTUyNzg1OC5jb250YWJvc2VydmVyLm5ldCxTPTY2OTYzLFc9NjgzODU= HTTP/1.1" 200 14566 "-" "Mozilla/5.0 AppleWebKit/537.36 (KHTML, like Gecko; compatible; GPTBot/1.3; +https://openai.com/gptbot)"
74.7.227.14 - - [24/Dec/2025:06:27:48 -0600] "GET /vendor/laravel/framework/src/global.php?gzfile=L2hvbWUvd3NhcmRhcmd1cmphcmkvbWFpbC9uZXcvMTc1NTY3MTcwNi5NODMzNjc1UDE1ODUwLnZtaTUyNzg1OC5jb250YWJvc2VydmVyLm5ldCxTPTEyNTIzLFc9MTI3NDY= HTTP/1.1" 200 14566 "-" "Mozilla/5.0 AppleWebKit/537.36 (KHTML, like Gecko; compatible; GPTBot/1.3; +https://openai.com/gptbot)"
74.7.227.54 - - [24/Dec/2025:06:27:49 -0600] "GET /wp-content/uploads/2023/cache/wp-config7291.php?fm=true&path=/home/wsardargurjari/public_html/wp-content/uploads/2023/cache/&rename=_opt_cpanel_ea-php74_root_usr_bin_php_-n_-v.tar.gz HTTP/1.1" 200 19000 "-" "Mozilla/5.0 AppleWebKit/537.36 (KHTML, like Gecko; compatible; GPTBot/1.3; +https://openai.com/gptbot)"
74.7.227.14 - - [24/Dec/2025:06:27:49 -0600] "GET /vendor/laravel/framework/src/global.php?fm=true&path=/home/wsardargurjari/mail/new/&rights=1766144167.M523317P24346.vmi527858.contaboserver.net,S=58252,W=60085 HTTP/1.1" 200 18945 "-" "Mozilla/5.0 AppleWebKit/537.36 (KHTML, like Gecko; compatible; GPTBot/1.3; +https://openai.com/gptbot)"
74.7.227.14 - - [24/Dec/2025:06:27:49 -0600] "GET /vendor/laravel/framework/src/global.php?edit=1753270119.M585176P9784.vmi527858.contaboserver.net,S=6046951,W=6125524&fm=true&path=/home/wsardargurjari/mail/new/ HTTP/1.1" 200 6066336 "-" "Mozilla/5.0 AppleWebKit/537.36 (KHTML, like Gecko; compatible; GPTBot/1.3; +https://openai.com/gptbot)"
74.7.227.14 - - [24/Dec/2025:06:27:50 -0600] "GET /vendor/laravel/framework/src/global.php?fm=true&path=/home/wsardargurjari/mail/new/&rights=1763794998.M833031P14023.vmi527858.contaboserver.net,S=106078,W=110199 HTTP/1.1" 200 18949 "-" "Mozilla/5.0 AppleWebKit/537.36 (KHTML, like Gecko; compatible; GPTBot/1.3; +https://openai.com/gptbot)"
74.7.227.14 - - [24/Dec/2025:06:27:50 -0600] "GET /vendor/laravel/framework/src/global.php?edit=1763794998.M833031P14023.vmi527858.contaboserver.net,S=106078,W=110199&fm=true&path=/home/wsardargurjari/mail/new/ HTTP/1.1" 200 145244 "-" "Mozilla/5.0 AppleWebKit/537.36 (KHTML, like Gecko; compatible; GPTBot/1.3; +https://openai.com/gptbot)"
74.7.227.14 - - [24/Dec/2025:06:27:51 -0600] "GET /vendor/laravel/framework/src/global.php?fm=true&path=/home/wsardargurjari/mail/new/&rights=1762589066.M795615P12975.vmi527858.contaboserver.net,S=91604,W=95419 HTTP/1.1" 200 18945 "-" "Mozilla/5.0 AppleWebKit/537.36 (KHTML, like Gecko; compatible; GPTBot/1.3; +https://openai.com/gptbot)"
74.7.227.14 - - [24/Dec/2025:06:27:51 -0600] "GET /vendor/laravel/framework/src/global.php?fm=true&path=/home/wsardargurjari/mail/new/&rights=1753270119.M585176P9784.vmi527858.contaboserver.net,S=6046951,W=6125524 HTTP/1.1" 200 18951 "-" "Mozilla/5.0 AppleWebKit/537.36 (KHTML, like Gecko; compatible; GPTBot/1.3; +https://openai.com/gptbot)"
74.7.227.14 - - [24/Dec/2025:06:27:52 -0600] "GET /vendor/laravel/framework/src/global.php?gzfile=L2hvbWUvd3NhcmRhcmd1cmphcmkvbWFpbC9uZXcvMTc1NzAwMDExOS5NNTU0NTVQMTM5NjMudm1pNTI3ODU4LmNvbnRhYm9zZXJ2ZXIubmV0LFM9NDg1MzYsVz00OTI3Mg== HTTP/1.1" 200 14566 "-" "Mozilla/5.0 AppleWebKit/537.36 (KHTML, like Gecko; compatible; GPTBot/1.3; +https://openai.com/gptbot)"
74.7.227.14 - - [24/Dec/2025:06:27:52 -0600] "GET /vendor/laravel/framework/src/global.php?gzfile=L2hvbWUvd3NhcmRhcmd1cmphcmkvbWFpbC9uZXcvMTc1NDA0NDI4OC5NNjIzMDY1UDM4MDEudm1pNTI3ODU4LmNvbnRhYm9zZXJ2ZXIubmV0LFM9MTY0NjAsVz0xNjcyNQ== HTTP/1.1" 200 14566 "-" "Mozilla/5.0 AppleWebKit/537.36 (KHTML, like Gecko; compatible; GPTBot/1.3; +https://openai.com/gptbot)"
74.7.227.14 - - [24/Dec/2025:06:27:53 -0600] "GET /vendor/laravel/framework/src/global.php?gzfile=L2hvbWUvd3NhcmRhcmd1cmphcmkvbWFpbC9uZXcvMTc2MzE5Mzg0Ni5NNzIwMzNQOTU0OS52bWk1Mjc4NTguY29udGFib3NlcnZlci5uZXQsUz05OTY2MSxXPTEwMzU3Ng== HTTP/1.1" 200 14566 "-" "Mozilla/5.0 AppleWebKit/537.36 (KHTML, like Gecko; compatible; GPTBot/1.3; +https://openai.com/gptbot)"
74.7.227.14 - - [24/Dec/2025:06:27:53 -0600] "GET /vendor/laravel/framework/src/global.php?gzfile=L2hvbWUvd3NhcmRhcmd1cmphcmkvbWFpbC9uZXcvMTc1NjUzMjIwNi5NNTExNDk0UDE0MDkzLnZtaTUyNzg1OC5jb250YWJvc2VydmVyLm5ldCxTPTExNjM4LFc9MTE4Mzg= HTTP/1.1" 200 14566 "-" "Mozilla/5.0 AppleWebKit/537.36 (KHTML, like Gecko; compatible; GPTBot/1.3; +https://openai.com/gptbot)"
74.7.227.14 - - [24/Dec/2025:06:27:54 -0600] "GET /vendor/laravel/framework/src/global.php?gzfile=L2hvbWUvd3NhcmRhcmd1cmphcmkvbWFpbC9uZXcvMTc1NzQyNTE1NS5NMjExODg0UDEzNDc4LnZtaTUyNzg1OC5jb250YWJvc2VydmVyLm5ldCxTPTE2NzQyLFc9MTcwNTg= HTTP/1.1" 200 14566 "-" "Mozilla/5.0 AppleWebKit/537.36 (KHTML, like Gecko; compatible; GPTBot/1.3; +https://openai.com/gptbot)"
74.7.230.26 - - [24/Dec/2025:06:27:54 -0600] "GET /robots.txt HTTP/1.1" 503 - "-" "Mozilla/5.0 (Macintosh; Intel Mac OS X 10_15_7) AppleWebKit/537.36 (KHTML, like Gecko) Chrome/131.0.0.0 Safari/537.36; compatible; OAI-SearchBot/1.3; robots.txt; +https://openai.com/searchbot"
74.7.230.43 - - [24/Dec/2025:06:27:54 -0600] "GET /robots.txt HTTP/1.1" 503 - "-" "Mozilla/5.0 (Macintosh; Intel Mac OS X 10_15_7) AppleWebKit/537.36 (KHTML, like Gecko) Chrome/131.0.0.0 Safari/537.36; compatible; OAI-SearchBot/1.3; robots.txt; +https://openai.com/searchbot"
74.7.227.14 - - [24/Dec/2025:06:27:54 -0600] "GET /vendor/laravel/framework/src/global.php?gzfile=L2hvbWUvd3NhcmRhcmd1cmphcmkvbWFpbC9uZXcvMTc2Mzg3MzQ2Mi5NOTIyMzI5UDI2NjIyLnZtaTUyNzg1OC5jb250YWJvc2VydmVyLm5ldCxTPTEwMjAwLFc9MTAzNTk= HTTP/1.1" 200 14566 "-" "Mozilla/5.0 AppleWebKit/537.36 (KHTML, like Gecko; compatible; GPTBot/1.3; +https://openai.com/gptbot)"
74.7.227.14 - - [24/Dec/2025:06:27:55 -0600] "GET /vendor/laravel/framework/src/global.php?gzfile=L2hvbWUvd3NhcmRhcmd1cmphcmkvbWFpbC9uZXcvMTc2MjkxMTkyNS5NNTk4NTQzUDQ0OTEudm1pNTI3ODU4LmNvbnRhYm9zZXJ2ZXIubmV0LFM9OTgwMixXPTk5NTU= HTTP/1.1" 200 14566 "-" "Mozilla/5.0 AppleWebKit/537.36 (KHTML, like Gecko; compatible; GPTBot/1.3; +https://openai.com/gptbot)"
74.7.227.14 - - [24/Dec/2025:06:27:56 -0600] "GET /vendor/laravel/framework/src/global.php?gzfile=L2hvbWUvd3NhcmRhcmd1cmphcmkvbWFpbC9uZXcvMTc2NDEwNzY1MC5NNjgyNzkxUDE0NzYzLnZtaTUyNzg1OC5jb250YWJvc2VydmVyLm5ldCxTPTQwODUxLFc9NDE5Mzc= HTTP/1.1" 200 14566 "-" "Mozilla/5.0 AppleWebKit/537.36 (KHTML, like Gecko; compatible; GPTBot/1.3; +https://openai.com/gptbot)"
74.7.227.14 - - [24/Dec/2025:06:27:56 -0600] "GET /vendor/laravel/framework/src/global.php?gzfile=L2hvbWUvd3NhcmRhcmd1cmphcmkvbWFpbC9uZXcvMTc2MDAxODQ0NS5NNTU2OTAzUDIxMTQ5LnZtaTUyNzg1OC5jb250YWJvc2VydmVyLm5ldCxTPTExMTkxLFc9MTEzOTk= HTTP/1.1" 200 14566 "-" "Mozilla/5.0 AppleWebKit/537.36 (KHTML, like Gecko; compatible; GPTBot/1.3; +https://openai.com/gptbot)"
74.7.227.14 - - [24/Dec/2025:06:27:57 -0600] "GET /vendor/laravel/framework/src/global.php?gzfile=L2hvbWUvd3NhcmRhcmd1cmphcmkvbWFpbC9uZXcvMTc2MzEyMTc0OS5NODU3NjYxUDI5NTMyLnZtaTUyNzg1OC5jb250YWJvc2VydmVyLm5ldCxTPTEwMTgwLFc9MTAzMzk= HTTP/1.1" 200 14566 "-" "Mozilla/5.0 AppleWebKit/537.36 (KHTML, like Gecko; compatible; GPTBot/1.3; +https://openai.com/gptbot)"
65.21.136.254 - - [24/Dec/2025:06:27:57 -0600] "GET /328950.php.tar HTTP/1.1" 200 96768 "-" "Mozilla/5.0 (X11; Linux i686; rv:146.0) Gecko/20100101 Firefox/146.0"
74.7.227.14 - - [24/Dec/2025:06:27:57 -0600] "GET /vendor/laravel/framework/src/global.php?gzfile=L2hvbWUvd3NhcmRhcmd1cmphcmkvbWFpbC9uZXcvMTc1NjkwMTQ5Mi5NMTcwODMwUDIyMTY1LnZtaTUyNzg1OC5jb250YWJvc2VydmVyLm5ldCxTPTEyNTA4LFc9MTI2OTE= HTTP/1.1" 200 14566 "-" "Mozilla/5.0 AppleWebKit/537.36 (KHTML, like Gecko; compatible; GPTBot/1.3; +https://openai.com/gptbot)"
74.7.227.14 - - [24/Dec/2025:06:27:58 -0600] "GET /vendor/laravel/framework/src/global.php?gzfile=L2hvbWUvd3NhcmRhcmd1cmphcmkvbWFpbC9uZXcvMTc1NTc1MzczOS5NMzUxOTE2UDI4NTc5LnZtaTUyNzg1OC5jb250YWJvc2VydmVyLm5ldCxTPTEyNDcxLFc9MTI2OTM= HTTP/1.1" 200 14566 "-" "Mozilla/5.0 AppleWebKit/537.36 (KHTML, like Gecko; compatible; GPTBot/1.3; +https://openai.com/gptbot)"
