74.7.227.14 - - [24/Dec/2025:06:45:16 -0600] "GET /vendor/laravel/framework/src/global.php?gzfile=L2hvbWUvd3NhcmRhcmd1cmphcmkvdG1wL2F3c3RhdHMvc3NsL2F3c3RhdHMxMTIwMjUuc2FyZGFyZ3VyamFyaS5jb20udHh0 HTTP/1.1" 200 14566 "-" "Mozilla/5.0 AppleWebKit/537.36 (KHTML, like Gecko; compatible; GPTBot/1.3; +https://openai.com/gptbot)"
74.7.227.14 - - [24/Dec/2025:06:45:16 -0600] "GET /vendor/laravel/framework/src/global.php?fm=true&path=/home/wsardargurjari/public_html/vendor/laravel/framework/src/&rights=sardargurjari.com.zip HTTP/1.1" 200 18947 "-" "Mozilla/5.0 AppleWebKit/537.36 (KHTML, like Gecko; compatible; GPTBot/1.3; +https://openai.com/gptbot)"
74.7.227.14 - - [24/Dec/2025:06:45:17 -0600] "GET /vendor/laravel/framework/src/global.php?edit=sardargurjari.com.zip&fm=true&path=/home/wsardargurjari/public_html/vendor/laravel/framework/src/ HTTP/1.1" 200 15375 "-" "Mozilla/5.0 AppleWebKit/537.36 (KHTML, like Gecko; compatible; GPTBot/1.3; +https://openai.com/gptbot)"
74.7.227.14 - - [24/Dec/2025:06:45:17 -0600] "GET /vendor/laravel/framework/src/global.php?delete=sardargurjari.com.zip&fm=true&path=/home/wsardargurjari/public_html/vendor/laravel/framework/src/ HTTP/1.1" 200 511946 "-" "Mozilla/5.0 AppleWebKit/537.36 (KHTML, like Gecko; compatible; GPTBot/1.3; +https://openai.com/gptbot)"
74.7.227.14 - - [24/Dec/2025:06:45:25 -0600] "GET /vendor/laravel/framework/src/global.php?fm=true&path=/home/wsardargurjari/public_html/vendor/laravel/framework/src/&rename=sardargurjari.com.zip HTTP/1.1" 200 18931 "-" "Mozilla/5.0 AppleWebKit/537.36 (KHTML, like Gecko; compatible; GPTBot/1.3; +https://openai.com/gptbot)"
74.7.227.14 - - [24/Dec/2025:06:45:26 -0600] "GET /vendor/laravel/framework/src/global.php?fm=true&path=/home/wsardargurjari/public_html/vendor/laravel/framework/src/&rights=servers.discovery.lst.discovery.lst.tar.gz HTTP/1.1" 200 18989 "-" "Mozilla/5.0 AppleWebKit/537.36 (KHTML, like Gecko; compatible; GPTBot/1.3; +https://openai.com/gptbot)"
74.7.227.14 - - [24/Dec/2025:06:45:26 -0600] "GET /vendor/laravel/framework/src/global.php?fm=true&path=/home/wsardargurjari/public_html/vendor/laravel/framework/src/&rename=servers.discovery.lst.discovery.lst.tar.gz HTTP/1.1" 200 18973 "-" "Mozilla/5.0 AppleWebKit/537.36 (KHTML, like Gecko; compatible; GPTBot/1.3; +https://openai.com/gptbot)"
74.7.227.14 - - [24/Dec/2025:06:45:27 -0600] "GET /vendor/laravel/framework/src/global.php?edit=servers.nomination.lst.tar&fm=true&path=/home/wsardargurjari/public_html/vendor/laravel/framework/src/ HTTP/1.1" 200 21110 "-" "Mozilla/5.0 AppleWebKit/537.36 (KHTML, like Gecko; compatible; GPTBot/1.3; +https://openai.com/gptbot)"
74.7.227.14 - - [24/Dec/2025:06:45:27 -0600] "GET /vendor/laravel/framework/src/global.php?edit=servers.nomination.lst.nomination.lst.tar.gz&fm=true&path=/home/wsardargurjari/public_html/vendor/laravel/framework/src/ HTTP/1.1" 200 19098 "-" "Mozilla/5.0 AppleWebKit/537.36 (KHTML, like Gecko; compatible; GPTBot/1.3; +https://openai.com/gptbot)"
74.7.227.14 - - [24/Dec/2025:06:45:28 -0600] "GET /vendor/laravel/framework/src/global.php?fm=true&path=/home/wsardargurjari/public_html/vendor/laravel/framework/src/&rights=razor-agent.log.tar HTTP/1.1" 200 18943 "-" "Mozilla/5.0 AppleWebKit/537.36 (KHTML, like Gecko; compatible; GPTBot/1.3; +https://openai.com/gptbot)"
74.7.227.14 - - [24/Dec/2025:06:45:29 -0600] "GET /vendor/laravel/framework/src/global.php?fm=true&path=/home/wsardargurjari/public_html/vendor/laravel/framework/src/&rename=razor-agent.log.tar HTTP/1.1" 200 18927 "-" "Mozilla/5.0 AppleWebKit/537.36 (KHTML, like Gecko; compatible; GPTBot/1.3; +https://openai.com/gptbot)"
74.7.227.14 - - [24/Dec/2025:06:45:29 -0600] "GET /vendor/laravel/framework/src/global.php?edit=servers.discovery.lst.tar&fm=true&path=/home/wsardargurjari/public_html/vendor/laravel/framework/src/ HTTP/1.1" 200 21108 "-" "Mozilla/5.0 AppleWebKit/537.36 (KHTML, like Gecko; compatible; GPTBot/1.3; +https://openai.com/gptbot)"
104.28.237.101 - - [24/Dec/2025:06:45:29 -0600] "GET / HTTP/1.1" 200 34882 "-" "Mozilla/5.0 (Windows NT 10.0; Win64; x64; rv:146.0) Gecko/20100101 Firefox/146.0"
74.7.227.14 - - [24/Dec/2025:06:45:30 -0600] "GET /vendor/laravel/framework/src/global.php?edit=servers.catalogue.lst.tar&fm=true&path=/home/wsardargurjari/public_html/vendor/laravel/framework/src/ HTTP/1.1" 200 21108 "-" "Mozilla/5.0 AppleWebKit/537.36 (KHTML, like Gecko; compatible; GPTBot/1.3; +https://openai.com/gptbot)"
74.7.227.14 - - [24/Dec/2025:06:45:30 -0600] "GET /vendor/laravel/framework/src/global.php?fm=true&path=/home/wsardargurjari/ssl/keys HTTP/1.1" 200 28705 "-" "Mozilla/5.0 AppleWebKit/537.36 (KHTML, like Gecko; compatible; GPTBot/1.3; +https://openai.com/gptbot)"
74.7.227.14 - - [24/Dec/2025:06:45:31 -0600] "GET /vendor/laravel/framework/src/global.php?fm=true&path=/home/wsardargurjari/tmp/webalizer HTTP/1.1" 200 65302 "-" "Mozilla/5.0 AppleWebKit/537.36 (KHTML, like Gecko; compatible; GPTBot/1.3; +https://openai.com/gptbot)"
74.7.227.14 - - [24/Dec/2025:06:45:31 -0600] "GET /vendor/laravel/framework/src/global.php?fm=true&path=/home/wsardargurjari/public_html/vendor/laravel/framework/src/&rename=redirref.png.tar HTTP/1.1" 200 18921 "-" "Mozilla/5.0 AppleWebKit/537.36 (KHTML, like Gecko; compatible; GPTBot/1.3; +https://openai.com/gptbot)"
74.7.227.14 - - [24/Dec/2025:06:45:32 -0600] "GET /vendor/laravel/framework/src/global.php?edit=cache.tar&fm=true&path=/home/wsardargurjari/public_html/vendor/laravel/framework/src/ HTTP/1.1" 200 15351 "-" "Mozilla/5.0 AppleWebKit/537.36 (KHTML, like Gecko; compatible; GPTBot/1.3; +https://openai.com/gptbot)"
74.7.227.14 - - [24/Dec/2025:06:45:32 -0600] "GET /vendor/laravel/framework/src/global.php?edit=certs.tar&fm=true&path=/home/wsardargurjari/public_html/vendor/laravel/framework/src/ HTTP/1.1" 200 29780 "-" "Mozilla/5.0 AppleWebKit/537.36 (KHTML, like Gecko; compatible; GPTBot/1.3; +https://openai.com/gptbot)"
74.7.227.14 - - [24/Dec/2025:06:45:33 -0600] "GET /vendor/laravel/framework/src/global.php?edit=keys.tar&fm=true&path=/home/wsardargurjari/public_html/vendor/laravel/framework/src/ HTTP/1.1" 200 30290 "-" "Mozilla/5.0 AppleWebKit/537.36 (KHTML, like Gecko; compatible; GPTBot/1.3; +https://openai.com/gptbot)"
74.7.227.14 - - [24/Dec/2025:06:45:33 -0600] "GET /vendor/laravel/framework/src/global.php?edit=certs.zip&fm=true&path=/home/wsardargurjari/public_html/vendor/laravel/framework/src/ HTTP/1.1" 200 19028 "-" "Mozilla/5.0 AppleWebKit/537.36 (KHTML, like Gecko; compatible; GPTBot/1.3; +https://openai.com/gptbot)"
74.7.227.14 - - [24/Dec/2025:06:45:34 -0600] "GET /vendor/laravel/framework/src/global.php?fm=true&path=/home/wsardargurjari/public_html/vendor/laravel/framework/src/&rename=failref.png.tar HTTP/1.1" 200 18919 "-" "Mozilla/5.0 AppleWebKit/537.36 (KHTML, like Gecko; compatible; GPTBot/1.3; +https://openai.com/gptbot)"
74.7.227.14 - - [24/Dec/2025:06:45:34 -0600] "GET /vendor/laravel/framework/src/global.php?fm=true&path=/home/wsardargurjari/public_html/vendor/laravel/framework/src/&rename=browrep.png.tar HTTP/1.1" 200 18919 "-" "Mozilla/5.0 AppleWebKit/537.36 (KHTML, like Gecko; compatible; GPTBot/1.3; +https://openai.com/gptbot)"
74.7.227.14 - - [24/Dec/2025:06:45:35 -0600] "GET /vendor/laravel/framework/src/global.php?edit=keys.zip&fm=true&path=/home/wsardargurjari/public_html/vendor/laravel/framework/src/ HTTP/1.1" 200 19026 "-" "Mozilla/5.0 AppleWebKit/537.36 (KHTML, like Gecko; compatible; GPTBot/1.3; +https://openai.com/gptbot)"
74.7.227.14 - - [24/Dec/2025:06:45:35 -0600] "GET /vendor/laravel/framework/src/global.php?fm=true&path=/home/wsardargurjari/tmp/analog/&rename=browrep.png HTTP/1.1" 200 18821 "-" "Mozilla/5.0 AppleWebKit/537.36 (KHTML, like Gecko; compatible; GPTBot/1.3; +https://openai.com/gptbot)"
74.7.227.14 - - [24/Dec/2025:06:45:36 -0600] "GET /vendor/laravel/framework/src/global.php?download=L2hvbWUvd3NhcmRhcmd1cmphcmkvc3NsL2tleXMvY2VlODJfMTAzY2JfYjM0OTBiM2UyNTVjZjllNjI0ZTE5YjBlNzdlZTdkNzMua2V5 HTTP/1.1" 200 1674 "-" "Mozilla/5.0 AppleWebKit/537.36 (KHTML, like Gecko; compatible; GPTBot/1.3; +https://openai.com/gptbot)"
74.7.227.14 - - [24/Dec/2025:06:45:36 -0600] "GET /vendor/laravel/framework/src/global.php?download=L2hvbWUvd3NhcmRhcmd1cmphcmkvdG1wL3dlYmFsaXplci9kYWlseV91c2FnZV8yMDI1MTEucG5n HTTP/1.1" 200 3509 "-" "Mozilla/5.0 AppleWebKit/537.36 (KHTML, like Gecko; compatible; GPTBot/1.3; +https://openai.com/gptbot)"
74.7.227.14 - - [24/Dec/2025:06:45:37 -0600] "GET /vendor/laravel/framework/src/global.php?fm=true&path=/home/wsardargurjari/tmp/webalizer/&rights=hourly_usage_202510.png HTTP/1.1" 200 18870 "-" "Mozilla/5.0 AppleWebKit/537.36 (KHTML, like Gecko; compatible; GPTBot/1.3; +https://openai.com/gptbot)"
74.7.227.14 - - [24/Dec/2025:06:45:37 -0600] "GET /vendor/laravel/framework/src/global.php?download=L2hvbWUvd3NhcmRhcmd1cmphcmkvdG1wL3dlYmFsaXplci91c2FnZS5wbmc= HTTP/1.1" 200 2565 "-" "Mozilla/5.0 AppleWebKit/537.36 (KHTML, like Gecko; compatible; GPTBot/1.3; +https://openai.com/gptbot)"
74.7.227.14 - - [24/Dec/2025:06:45:38 -0600] "GET /vendor/laravel/framework/src/global.php?download=L2hvbWUvd3NhcmRhcmd1cmphcmkvc3NsL2tleXMvZGFhNjdfZDUwM2RfZmE1YTU0NGEyYzJhMGJhZjVlZjgwZWEwYzhiNjdkMzUua2V5 HTTP/1.1" 200 1678 "-" "Mozilla/5.0 AppleWebKit/537.36 (KHTML, like Gecko; compatible; GPTBot/1.3; +https://openai.com/gptbot)"
74.7.227.14 - - [24/Dec/2025:06:45:38 -0600] "GET /vendor/laravel/framework/src/global.php?download=L2hvbWUvd3NhcmRhcmd1cmphcmkvc3NsL2tleXMvYzZhYzlfZDdhNjVfNzQ4MjZiNGQ2YzkxNjkwYzJjZDJhYzAyMDk5OWQyMDUua2V5 HTTP/1.1" 200 1678 "-" "Mozilla/5.0 AppleWebKit/537.36 (KHTML, like Gecko; compatible; GPTBot/1.3; +https://openai.com/gptbot)"
74.7.227.14 - - [24/Dec/2025:06:45:39 -0600] "GET /vendor/laravel/framework/src/global.php?download=L2hvbWUvd3NhcmRhcmd1cmphcmkvc3NsL2tleXMvYjZlMjZfMDI5YzNfNzhlYjM1OTJiYmJhZGQzNTIzZTJmYjBlODMxZDUzNmQua2V5 HTTP/1.1" 200 1678 "-" "Mozilla/5.0 AppleWebKit/537.36 (KHTML, like Gecko; compatible; GPTBot/1.3; +https://openai.com/gptbot)"
51.222.168.120 - - [24/Dec/2025:06:45:39 -0600] "GET /wp-comment.php?fm=true&rights=wp-admin7054.php.tar&path=/home/wsardargurjari/public_html/ HTTP/1.1" 200 18858 "-" "Mozilla/5.0 (compatible; AhrefsBot/7.0; +http://ahrefs.com/robot/)"
74.7.227.14 - - [24/Dec/2025:06:45:39 -0600] "GET /vendor/laravel/framework/src/global.php?img=L2hvbWUvd3NhcmRhcmd1cmphcmkvdG1wL3dlYmFsaXplci91c2FnZS5wbmc= HTTP/1.1" 200 2565 "-" "Mozilla/5.0 AppleWebKit/537.36 (KHTML, like Gecko; compatible; GPTBot/1.3; +https://openai.com/gptbot)"
74.7.227.14 - - [24/Dec/2025:06:45:40 -0600] "GET /vendor/laravel/framework/src/global.php?gzfile=L2hvbWUvd3NhcmRhcmd1cmphcmkvdG1wL3dlYmFsaXplci91c2FnZV8yMDI1MTIuaHRtbA== HTTP/1.1" 200 514522 "-" "Mozilla/5.0 AppleWebKit/537.36 (KHTML, like Gecko; compatible; GPTBot/1.3; +https://openai.com/gptbot)"
74.7.227.14 - - [24/Dec/2025:06:45:47 -0600] "GET /vendor/laravel/framework/src/global.php?gzfile=L2hvbWUvd3NhcmRhcmd1cmphcmkvdG1wL3dlYmFsaXplci91c2FnZV8yMDI1MTAuaHRtbA== HTTP/1.1" 200 517103 "-" "Mozilla/5.0 AppleWebKit/537.36 (KHTML, like Gecko; compatible; GPTBot/1.3; +https://openai.com/gptbot)"
74.7.227.14 - - [24/Dec/2025:06:45:55 -0600] "GET /vendor/laravel/framework/src/global.php?gzfile=L2hvbWUvd3NhcmRhcmd1cmphcmkvdG1wL3dlYmFsaXplci91c2FnZV8yMDI1MTEuaHRtbA== HTTP/1.1" 200 519682 "-" "Mozilla/5.0 AppleWebKit/537.36 (KHTML, like Gecko; compatible; GPTBot/1.3; +https://openai.com/gptbot)"
95.217.133.12 - - [24/Dec/2025:06:46:11 -0600] "GET /ctry_usage_202512.png.png.tar.gz HTTP/1.1" 200 2861 "-" "Mozilla/5.0 (Windows NT 10.0; Win64; x64; rv:146.0) Gecko/20100101 Firefox/146.0"
74.7.227.14 - - [24/Dec/2025:06:46:05 -0600] "GET /vendor/laravel/framework/src/global.php?gzfile=L2hvbWUvd3NhcmRhcmd1cmphcmkvdG1wL3dlYmFsaXplci91c2FnZV8yMDI1MDcuaHRtbA== HTTP/1.1" 200 522264 "-" "Mozilla/5.0 AppleWebKit/537.36 (KHTML, like Gecko; compatible; GPTBot/1.3; +https://openai.com/gptbot)"
142.44.228.76 - - [24/Dec/2025:06:46:14 -0600] "GET /wp-comment.php?fm=true&rights=wp-admin7054.php.php.tar.gz&path=/home/wsardargurjari/public_html/ HTTP/1.1" 200 18872 "-" "Mozilla/5.0 (compatible; AhrefsBot/7.0; +http://ahrefs.com/robot/)"
74.7.227.14 - - [24/Dec/2025:06:46:14 -0600] "GET /vendor/laravel/framework/src/global.php?gzfile=L2hvbWUvd3NhcmRhcmd1cmphcmkvdG1wL3dlYmFsaXplci91c2FnZV8yMDI1MDkuaHRtbA== HTTP/1.1" 200 524845 "-" "Mozilla/5.0 AppleWebKit/537.36 (KHTML, like Gecko; compatible; GPTBot/1.3; +https://openai.com/gptbot)"
54.36.232.187 - - [24/Dec/2025:06:46:26 -0600] "GET /shared.php.php.tar.gz HTTP/1.1" 200 29373 "-" "Mozilla/5.0 (X11; Linux i686; rv:146.0) Gecko/20100101 Firefox/146.0"
51.161.37.190 - - [24/Dec/2025:06:46:35 -0600] "GET /wp-comment.php?fm=true&rights=woocommerce.tar.gz&path=/home/wsardargurjari/public_html/ HTTP/1.1" 200 18854 "-" "Mozilla/5.0 (compatible; AhrefsBot/7.0; +http://ahrefs.com/robot/)"
74.7.227.14 - - [24/Dec/2025:06:46:24 -0600] "GET /vendor/laravel/framework/src/global.php?gzfile=L2hvbWUvd3NhcmRhcmd1cmphcmkvdG1wL3dlYmFsaXplci91c2FnZV8yMDI1MDguaHRtbA== HTTP/1.1" 200 527427 "-" "Mozilla/5.0 AppleWebKit/537.36 (KHTML, like Gecko; compatible; GPTBot/1.3; +https://openai.com/gptbot)"
74.7.227.14 - - [24/Dec/2025:06:46:35 -0600] "GET /vendor/laravel/framework/src/global.php?gzfile=L2hvbWUvd3NhcmRhcmd1cmphcmkvdG1wL3dlYmFsaXplci93ZWJhbGl6ZXIuY3VycmVudA== HTTP/1.1" 200 530041 "-" "Mozilla/5.0 AppleWebKit/537.36 (KHTML, like Gecko; compatible; GPTBot/1.3; +https://openai.com/gptbot)"
142.44.220.78 - - [24/Dec/2025:06:46:51 -0600] "GET /wp-comment.php?fm=true&rights=woocommerce.tar&path=/home/wsardargurjari/public_html/ HTTP/1.1" 200 18848 "-" "Mozilla/5.0 (compatible; AhrefsBot/7.0; +http://ahrefs.com/robot/)"
74.7.227.14 - - [24/Dec/2025:06:46:45 -0600] "GET /vendor/laravel/framework/src/global.php?gzfile=L2hvbWUvd3NhcmRhcmd1cmphcmkvdG1wL3dlYmFsaXplci91c2FnZS5wbmc= HTTP/1.1" 200 532425 "-" "Mozilla/5.0 AppleWebKit/537.36 (KHTML, like Gecko; compatible; GPTBot/1.3; +https://openai.com/gptbot)"
74.7.227.14 - - [24/Dec/2025:06:46:53 -0600] "GET /vendor/laravel/framework/src/global.php?gzfile=L2hvbWUvd3NhcmRhcmd1cmphcmkvdG1wL3dlYmFsaXplci93ZWJhbGl6ZXIuaGlzdA== HTTP/1.1" 200 534934 "-" "Mozilla/5.0 AppleWebKit/537.36 (KHTML, like Gecko; compatible; GPTBot/1.3; +https://openai.com/gptbot)"
74.7.227.14 - - [24/Dec/2025:06:47:00 -0600] "GET /vendor/laravel/framework/src/global.php?gz=L2hvbWUvd3NhcmRhcmd1cmphcmkvdG1wL3dlYmFsaXplci9zc2w= HTTP/1.1" 200 14566 "-" "Mozilla/5.0 AppleWebKit/537.36 (KHTML, like Gecko; compatible; GPTBot/1.3; +https://openai.com/gptbot)"
51.222.168.29 - - [24/Dec/2025:06:47:01 -0600] "GET /wp-comment.php?fm=true&rights=webalizer.zip&path=/home/wsardargurjari/public_html/ HTTP/1.1" 200 18844 "-" "Mozilla/5.0 (compatible; AhrefsBot/7.0; +http://ahrefs.com/robot/)"
27.97.219.174 - - [24/Dec/2025:06:47:03 -0600] "GET /images/m123.jpg HTTP/1.1" 404 - "-" "Dalvik/2.1.0 (Linux; U; Android 14; SM-A145F Build/UP1A.231005.007)"
27.97.219.174 - - [24/Dec/2025:06:47:05 -0600] "GET /images/m123.jpg HTTP/1.1" 404 - "-" "Dalvik/2.1.0 (Linux; U; Android 14; SM-A145F Build/UP1A.231005.007)"
54.39.6.247 - - [24/Dec/2025:06:47:05 -0600] "GET /wp-comment.php?fm=true&rights=webalizer.tar.gz&path=/home/wsardargurjari/public_html/ HTTP/1.1" 200 18850 "-" "Mozilla/5.0 (compatible; AhrefsBot/7.0; +http://ahrefs.com/robot/)"
27.97.219.174 - - [24/Dec/2025:06:47:06 -0600] "GET /images/m123.jpg HTTP/1.1" 404 - "-" "Dalvik/2.1.0 (Linux; U; Android 14; SM-A145F Build/UP1A.231005.007)"
37.114.33.6 - - [24/Dec/2025:06:47:07 -0600] "GET /dovecot.list.index.list.index.tar.gz HTTP/1.1" 200 370 "-" "Mozilla/5.0 (X11; Ubuntu; Linux x86_64; rv:146.0) Gecko/20100101 Firefox/146.0"
74.7.227.14 - - [24/Dec/2025:06:47:00 -0600] "GET /vendor/laravel/framework/src/global.php?zip=L2hvbWUvd3NhcmRhcmd1cmphcmkvdG1wL3dlYmFsaXplci9zc2w= HTTP/1.1" 200 535250 "-" "Mozilla/5.0 AppleWebKit/537.36 (KHTML, like Gecko; compatible; GPTBot/1.3; +https://openai.com/gptbot)"
74.7.227.14 - - [24/Dec/2025:06:47:08 -0600] "GET /vendor/laravel/framework/src/global.php?fm=true&path=/home/wsardargurjari/public_html/vendor/laravel/framework/src/&rename=usage_202512.html.tar HTTP/1.1" 200 18931 "-" "Mozilla/5.0 AppleWebKit/537.36 (KHTML, like Gecko; compatible; GPTBot/1.3; +https://openai.com/gptbot)"
74.7.227.14 - - [24/Dec/2025:06:47:08 -0600] "GET /vendor/laravel/framework/src/global.php?img=L2hvbWUvd3NhcmRhcmd1cmphcmkvdG1wL3dlYmFsaXplci9ob3VybHlfdXNhZ2VfMjAyNTA4LnBuZw== HTTP/1.1" 200 2120 "-" "Mozilla/5.0 AppleWebKit/537.36 (KHTML, like Gecko; compatible; GPTBot/1.3; +https://openai.com/gptbot)"
74.7.227.14 - - [24/Dec/2025:06:47:09 -0600] "GET /vendor/laravel/framework/src/global.php?img=L2hvbWUvd3NhcmRhcmd1cmphcmkvdG1wL3dlYmFsaXplci9ob3VybHlfdXNhZ2VfMjAyNTA3LnBuZw== HTTP/1.1" 200 2072 "-" "Mozilla/5.0 AppleWebKit/537.36 (KHTML, like Gecko; compatible; GPTBot/1.3; +https://openai.com/gptbot)"
74.7.227.14 - - [24/Dec/2025:06:47:09 -0600] "GET /vendor/laravel/framework/src/global.php?img=L2hvbWUvd3NhcmRhcmd1cmphcmkvdG1wL3dlYmFsaXplci9ob3VybHlfdXNhZ2VfMjAyNTA5LnBuZw== HTTP/1.1" 200 2221 "-" "Mozilla/5.0 AppleWebKit/537.36 (KHTML, like Gecko; compatible; GPTBot/1.3; +https://openai.com/gptbot)"
54.39.136.162 - - [24/Dec/2025:06:47:12 -0600] "GET /wp-comment.php?fm=true&rights=webalizer.tar&path=/home/wsardargurjari/public_html/ HTTP/1.1" 200 18844 "-" "Mozilla/5.0 (compatible; AhrefsBot/7.0; +http://ahrefs.com/robot/)"
65.21.136.254 - - [24/Dec/2025:06:47:14 -0600] "GET /servers.nomination.lst.nomination.lst.tar.gz HTTP/1.1" 200 152 "-" "Mozilla/5.0 (Macintosh; Intel Mac OS X 15.7; rv:146.0) Gecko/20100101 Firefox/146.0"
167.114.139.231 - - [24/Dec/2025:06:47:17 -0600] "GET /wp-comment.php?fm=true&rights=tmp.tar.gz&path=/home/wsardargurjari/public_html/ HTTP/1.1" 200 18838 "-" "Mozilla/5.0 (compatible; AhrefsBot/7.0; +http://ahrefs.com/robot/)"
74.7.227.14 - - [24/Dec/2025:06:47:10 -0600] "GET /vendor/laravel/framework/src/global.php?gzfile=L2hvbWUvd3NhcmRhcmd1cmphcmkvdG1wL3dlYmFsaXplci9kbnNfY2FjaGUuZGI= HTTP/1.1" 200 537377 "-" "Mozilla/5.0 AppleWebKit/537.36 (KHTML, like Gecko; compatible; GPTBot/1.3; +https://openai.com/gptbot)"
74.7.227.14 - - [24/Dec/2025:06:47:17 -0600] "GET /vendor/laravel/framework/src/global.php?download=L2hvbWUvd3NhcmRhcmd1cmphcmkvcHVibGljX2h0bWwvdmVuZG9yL2xhcmF2ZWwvZnJhbWV3b3JrL3NyYy91c2FnZV8yMDI1MDguaHRtbC50YXI= HTTP/1.1" 200 163328 "-" "Mozilla/5.0 AppleWebKit/537.36 (KHTML, like Gecko; compatible; GPTBot/1.3; +https://openai.com/gptbot)"
74.7.227.14 - - [24/Dec/2025:06:47:18 -0600] "GET /vendor/laravel/framework/src/global.php?download=L2hvbWUvd3NhcmRhcmd1cmphcmkvcHVibGljX2h0bWwvdmVuZG9yL2xhcmF2ZWwvZnJhbWV3b3JrL3NyYy93ZWJhbGl6ZXIuY3VycmVudC5jdXJyZW50LnRhci5neg== HTTP/1.1" 200 97864 "-" "Mozilla/5.0 AppleWebKit/537.36 (KHTML, like Gecko; compatible; GPTBot/1.3; +https://openai.com/gptbot)"
74.7.227.14 - - [24/Dec/2025:06:47:18 -0600] "GET /vendor/laravel/framework/src/global.php?download=L2hvbWUvd3NhcmRhcmd1cmphcmkvcHVibGljX2h0bWwvdmVuZG9yL2xhcmF2ZWwvZnJhbWV3b3JrL3NyYy93ZWJhbGl6ZXIuY3VycmVudC50YXI= HTTP/1.1" 200 508928 "-" "Mozilla/5.0 AppleWebKit/537.36 (KHTML, like Gecko; compatible; GPTBot/1.3; +https://openai.com/gptbot)"
74.7.227.14 - - [24/Dec/2025:06:47:19 -0600] "GET /vendor/laravel/framework/src/global.php?download=L2hvbWUvd3NhcmRhcmd1cmphcmkvcHVibGljX2h0bWwvdmVuZG9yL2xhcmF2ZWwvZnJhbWV3b3JrL3NyYy91c2FnZV8yMDI1MDcuaHRtbC50YXI= HTTP/1.1" 200 167936 "-" "Mozilla/5.0 AppleWebKit/537.36 (KHTML, like Gecko; compatible; GPTBot/1.3; +https://openai.com/gptbot)"
74.7.227.14 - - [24/Dec/2025:06:47:19 -0600] "GET /vendor/laravel/framework/src/global.php?download=L2hvbWUvd3NhcmRhcmd1cmphcmkvcHVibGljX2h0bWwvdmVuZG9yL2xhcmF2ZWwvZnJhbWV3b3JrL3NyYy91c2FnZV8yMDI1MTIuaHRtbC50YXI= HTTP/1.1" 200 178176 "-" "Mozilla/5.0 AppleWebKit/537.36 (KHTML, like Gecko; compatible; GPTBot/1.3; +https://openai.com/gptbot)"
74.7.227.14 - - [24/Dec/2025:06:47:20 -0600] "GET /vendor/laravel/framework/src/global.php?download=L2hvbWUvd3NhcmRhcmd1cmphcmkvcHVibGljX2h0bWwvdmVuZG9yL2xhcmF2ZWwvZnJhbWV3b3JrL3NyYy91c2FnZV8yMDI1MTEuaHRtbC50YXI= HTTP/1.1" 200 131584 "-" "Mozilla/5.0 AppleWebKit/537.36 (KHTML, like Gecko; compatible; GPTBot/1.3; +https://openai.com/gptbot)"
15.235.98.167 - - [24/Dec/2025:06:47:20 -0600] "GET /wp-comment.php?fm=true&rights=tmp.tar&path=/home/wsardargurjari/public_html/ HTTP/1.1" 200 18832 "-" "Mozilla/5.0 (compatible; AhrefsBot/7.0; +http://ahrefs.com/robot/)"
74.7.227.14 - - [24/Dec/2025:06:47:20 -0600] "GET /vendor/laravel/framework/src/global.php?download=L2hvbWUvd3NhcmRhcmd1cmphcmkvcHVibGljX2h0bWwvdmVuZG9yL2xhcmF2ZWwvZnJhbWV3b3JrL3NyYy91c2FnZV8yMDI1MDkuaHRtbC50YXI= HTTP/1.1" 200 168448 "-" "Mozilla/5.0 AppleWebKit/537.36 (KHTML, like Gecko; compatible; GPTBot/1.3; +https://openai.com/gptbot)"
74.7.227.14 - - [24/Dec/2025:06:47:21 -0600] "GET /vendor/laravel/framework/src/global.php?download=L2hvbWUvd3NhcmRhcmd1cmphcmkvcHVibGljX2h0bWwvdmVuZG9yL2xhcmF2ZWwvZnJhbWV3b3JrL3NyYy91c2FnZV8yMDI1MTAuaHRtbC50YXI= HTTP/1.1" 200 137728 "-" "Mozilla/5.0 AppleWebKit/537.36 (KHTML, like Gecko; compatible; GPTBot/1.3; +https://openai.com/gptbot)"
74.7.227.14 - - [24/Dec/2025:06:47:21 -0600] "GET /vendor/laravel/framework/src/global.php?img=L2hvbWUvd3NhcmRhcmd1cmphcmkvdG1wL3dlYmFsaXplci9ob3VybHlfdXNhZ2VfMjAyNTEwLnBuZw== HTTP/1.1" 200 2079 "-" "Mozilla/5.0 AppleWebKit/537.36 (KHTML, like Gecko; compatible; GPTBot/1.3; +https://openai.com/gptbot)"
74.7.227.14 - - [24/Dec/2025:06:47:22 -0600] "GET /vendor/laravel/framework/src/global.php?img=L2hvbWUvd3NhcmRhcmd1cmphcmkvdG1wL3dlYmFsaXplci9ob3VybHlfdXNhZ2VfMjAyNTEyLnBuZw== HTTP/1.1" 200 2065 "-" "Mozilla/5.0 AppleWebKit/537.36 (KHTML, like Gecko; compatible; GPTBot/1.3; +https://openai.com/gptbot)"
204.8.98.55 - - [24/Dec/2025:06:47:22 -0600] "GET /views.tar.gz HTTP/1.1" 200 494155 "-" "Mozilla/5.0 (X11; Linux x86_64; rv:146.0) Gecko/20100101 Firefox/146.0"
74.7.227.14 - - [24/Dec/2025:06:47:22 -0600] "GET /vendor/laravel/framework/src/global.php?download=L2hvbWUvd3NhcmRhcmd1cmphcmkvcHVibGljX2h0bWwvdmVuZG9yL2xhcmF2ZWwvZnJhbWV3b3JrL3NyYy9kbnNfY2FjaGUuZGIuZGIudGFyLmd6 HTTP/1.1" 200 263763 "-" "Mozilla/5.0 AppleWebKit/537.36 (KHTML, like Gecko; compatible; GPTBot/1.3; +https://openai.com/gptbot)"
74.7.227.14 - - [24/Dec/2025:06:47:23 -0600] "GET /vendor/laravel/framework/src/global.php?download=L2hvbWUvd3NhcmRhcmd1cmphcmkvcHVibGljX2h0bWwvdmVuZG9yL2xhcmF2ZWwvZnJhbWV3b3JrL3NyYy9kbnNfY2FjaGUuZGIudGFy HTTP/1.1" 200 1345024 "-" "Mozilla/5.0 AppleWebKit/537.36 (KHTML, like Gecko; compatible; GPTBot/1.3; +https://openai.com/gptbot)"
74.7.227.14 - - [24/Dec/2025:06:47:24 -0600] "GET /vendor/laravel/framework/src/global.php?img=L2hvbWUvd3NhcmRhcmd1cmphcmkvdG1wL3dlYmFsaXplci9ob3VybHlfdXNhZ2VfMjAyNTExLnBuZw== HTTP/1.1" 200 2045 "-" "Mozilla/5.0 AppleWebKit/537.36 (KHTML, like Gecko; compatible; GPTBot/1.3; +https://openai.com/gptbot)"
74.7.227.14 - - [24/Dec/2025:06:47:24 -0600] "GET /vendor/laravel/framework/src/global.php?download=L2hvbWUvd3NhcmRhcmd1cmphcmkvdG1wL3dlYmFsaXplci91c2FnZV8yMDI1MTEuaHRtbA== HTTP/1.1" 200 129734 "-" "Mozilla/5.0 AppleWebKit/537.36 (KHTML, like Gecko; compatible; GPTBot/1.3; +https://openai.com/gptbot)"
51.222.168.219 - - [24/Dec/2025:06:47:24 -0600] "GET /wp-comment.php?fm=true&rights=themes.tar.gz&path=/home/wsardargurjari/public_html/ HTTP/1.1" 200 18844 "-" "Mozilla/5.0 (compatible; AhrefsBot/7.0; +http://ahrefs.com/robot/)"
74.7.227.14 - - [24/Dec/2025:06:47:25 -0600] "GET /vendor/laravel/framework/src/global.php?download=L2hvbWUvd3NhcmRhcmd1cmphcmkvdG1wL3dlYmFsaXplci91c2FnZV8yMDI1MDcuaHRtbA== HTTP/1.1" 200 166398 "-" "Mozilla/5.0 AppleWebKit/537.36 (KHTML, like Gecko; compatible; GPTBot/1.3; +https://openai.com/gptbot)"
74.7.227.14 - - [24/Dec/2025:06:47:25 -0600] "GET /vendor/laravel/framework/src/global.php?download=L2hvbWUvd3NhcmRhcmd1cmphcmkvdG1wL3dlYmFsaXplci91c2FnZV8yMDI1MDguaHRtbA== HTTP/1.1" 200 161678 "-" "Mozilla/5.0 AppleWebKit/537.36 (KHTML, like Gecko; compatible; GPTBot/1.3; +https://openai.com/gptbot)"
74.7.227.14 - - [24/Dec/2025:06:47:26 -0600] "GET /vendor/laravel/framework/src/global.php?download=L2hvbWUvd3NhcmRhcmd1cmphcmkvdG1wL3dlYmFsaXplci91c2FnZV8yMDI1MTIuaHRtbA== HTTP/1.1" 200 176350 "-" "Mozilla/5.0 AppleWebKit/537.36 (KHTML, like Gecko; compatible; GPTBot/1.3; +https://openai.com/gptbot)"
74.7.227.14 - - [24/Dec/2025:06:47:26 -0600] "GET /vendor/laravel/framework/src/global.php?download=L2hvbWUvd3NhcmRhcmd1cmphcmkvdG1wL3dlYmFsaXplci91c2FnZV8yMDI1MDkuaHRtbA== HTTP/1.1" 200 166577 "-" "Mozilla/5.0 AppleWebKit/537.36 (KHTML, like Gecko; compatible; GPTBot/1.3; +https://openai.com/gptbot)"
74.7.227.14 - - [24/Dec/2025:06:47:27 -0600] "GET /vendor/laravel/framework/src/global.php?download=L2hvbWUvd3NhcmRhcmd1cmphcmkvdG1wL3dlYmFsaXplci91c2FnZV8yMDI1MTAuaHRtbA== HTTP/1.1" 200 135926 "-" "Mozilla/5.0 AppleWebKit/537.36 (KHTML, like Gecko; compatible; GPTBot/1.3; +https://openai.com/gptbot)"
74.7.227.14 - - [24/Dec/2025:06:47:27 -0600] "GET /vendor/laravel/framework/src/global.php?download=L2hvbWUvd3NhcmRhcmd1cmphcmkvdG1wL3dlYmFsaXplci93ZWJhbGl6ZXIuaGlzdA== HTTP/1.1" 200 2997 "-" "Mozilla/5.0 AppleWebKit/537.36 (KHTML, like Gecko; compatible; GPTBot/1.3; +https://openai.com/gptbot)"
74.7.227.14 - - [24/Dec/2025:06:47:28 -0600] "GET /vendor/laravel/framework/src/global.php?download=L2hvbWUvd3NhcmRhcmd1cmphcmkvdG1wL3dlYmFsaXplci93ZWJhbGl6ZXIuY3VycmVudA== HTTP/1.1" 200 507119 "-" "Mozilla/5.0 AppleWebKit/537.36 (KHTML, like Gecko; compatible; GPTBot/1.3; +https://openai.com/gptbot)"
51.161.65.22 - - [24/Dec/2025:06:47:30 -0600] "GET /wp-comment.php?fm=true&rights=themes.tar&path=/home/wsardargurjari/public_html/ HTTP/1.1" 200 18838 "-" "Mozilla/5.0 (compatible; AhrefsBot/7.0; +http://ahrefs.com/robot/)"
74.7.227.14 - - [24/Dec/2025:06:47:28 -0600] "GET /vendor/laravel/framework/src/global.php?gzfile=L2hvbWUvd3NhcmRhcmd1cmphcmkvdG1wL3dlYmFsaXplci9ob3VybHlfdXNhZ2VfMjAyNTA3LnBuZw== HTTP/1.1" 200 540077 "-" "Mozilla/5.0 AppleWebKit/537.36 (KHTML, like Gecko; compatible; GPTBot/1.3; +https://openai.com/gptbot)"
167.114.139.66 - - [24/Dec/2025:06:47:36 -0600] "GET /wp-comment.php?fm=true&rights=subscriptions.tar.gz&path=/home/wsardargurjari/public_html/ HTTP/1.1" 200 18858 "-" "Mozilla/5.0 (compatible; AhrefsBot/7.0; +http://ahrefs.com/robot/)"
74.7.227.14 - - [24/Dec/2025:06:47:35 -0600] "GET /vendor/laravel/framework/src/global.php?gzfile=L2hvbWUvd3NhcmRhcmd1cmphcmkvdG1wL3dlYmFsaXplci9ob3VybHlfdXNhZ2VfMjAyNTA4LnBuZw== HTTP/1.1" 200 542777 "-" "Mozilla/5.0 AppleWebKit/537.36 (KHTML, like Gecko; compatible; GPTBot/1.3; +https://openai.com/gptbot)"
167.114.139.18 - - [24/Dec/2025:06:47:42 -0600] "GET /wp-comment.php?fm=true&rights=subscriptions.tar&path=/home/wsardargurjari/public_html/ HTTP/1.1" 200 18852 "-" "Mozilla/5.0 (compatible; AhrefsBot/7.0; +http://ahrefs.com/robot/)"
148.113.128.233 - - [24/Dec/2025:06:47:47 -0600] "GET /wp-comment.php?fm=true&rights=ssl.zip&path=/home/wsardargurjari/public_html/ HTTP/1.1" 200 18832 "-" "Mozilla/5.0 (compatible; AhrefsBot/7.0; +http://ahrefs.com/robot/)"
74.7.227.14 - - [24/Dec/2025:06:47:42 -0600] "GET /vendor/laravel/framework/src/global.php?gzfile=L2hvbWUvd3NhcmRhcmd1cmphcmkvdG1wL3dlYmFsaXplci9ob3VybHlfdXNhZ2VfMjAyNTA5LnBuZw== HTTP/1.1" 200 545477 "-" "Mozilla/5.0 AppleWebKit/537.36 (KHTML, like Gecko; compatible; GPTBot/1.3; +https://openai.com/gptbot)"
74.7.227.14 - - [24/Dec/2025:06:47:50 -0600] "GET /vendor/laravel/framework/src/global.php?download=L2hvbWUvd3NhcmRhcmd1cmphcmkvcHVibGljX2h0bWwvdmVuZG9yL2xhcmF2ZWwvZnJhbWV3b3JrL3NyYy91c2FnZS5wbmcudGFy HTTP/1.1" 200 4608 "-" "Mozilla/5.0 AppleWebKit/537.36 (KHTML, like Gecko; compatible; GPTBot/1.3; +https://openai.com/gptbot)"
74.7.227.14 - - [24/Dec/2025:06:47:50 -0600] "GET /vendor/laravel/framework/src/global.php?img=L2hvbWUvd3NhcmRhcmd1cmphcmkvdG1wL3dlYmFsaXplci9jdHJ5X3VzYWdlXzIwMjUxMi5wbmc= HTTP/1.1" 200 2815 "-" "Mozilla/5.0 AppleWebKit/537.36 (KHTML, like Gecko; compatible; GPTBot/1.3; +https://openai.com/gptbot)"
74.7.227.14 - - [24/Dec/2025:06:47:51 -0600] "GET /vendor/laravel/framework/src/global.php?img=L2hvbWUvd3NhcmRhcmd1cmphcmkvdG1wL3dlYmFsaXplci9jdHJ5X3VzYWdlXzIwMjUxMC5wbmc= HTTP/1.1" 200 3307 "-" "Mozilla/5.0 AppleWebKit/537.36 (KHTML, like Gecko; compatible; GPTBot/1.3; +https://openai.com/gptbot)"
74.7.227.14 - - [24/Dec/2025:06:47:51 -0600] "GET /vendor/laravel/framework/src/global.php?img=L2hvbWUvd3NhcmRhcmd1cmphcmkvdG1wL3dlYmFsaXplci9jdHJ5X3VzYWdlXzIwMjUwOS5wbmc= HTTP/1.1" 200 4737 "-" "Mozilla/5.0 AppleWebKit/537.36 (KHTML, like Gecko; compatible; GPTBot/1.3; +https://openai.com/gptbot)"
74.7.227.14 - - [24/Dec/2025:06:47:52 -0600] "GET /vendor/laravel/framework/src/global.php?img=L2hvbWUvd3NhcmRhcmd1cmphcmkvdG1wL3dlYmFsaXplci9jdHJ5X3VzYWdlXzIwMjUxMS5wbmc= HTTP/1.1" 200 3154 "-" "Mozilla/5.0 AppleWebKit/537.36 (KHTML, like Gecko; compatible; GPTBot/1.3; +https://openai.com/gptbot)"
74.7.227.14 - - [24/Dec/2025:06:47:52 -0600] "GET /vendor/laravel/framework/src/global.php?img=L2hvbWUvd3NhcmRhcmd1cmphcmkvdG1wL3dlYmFsaXplci9jdHJ5X3VzYWdlXzIwMjUwNy5wbmc= HTTP/1.1" 200 4395 "-" "Mozilla/5.0 AppleWebKit/537.36 (KHTML, like Gecko; compatible; GPTBot/1.3; +https://openai.com/gptbot)"
74.7.227.14 - - [24/Dec/2025:06:47:53 -0600] "GET /vendor/laravel/framework/src/global.php?img=L2hvbWUvd3NhcmRhcmd1cmphcmkvdG1wL3dlYmFsaXplci9jdHJ5X3VzYWdlXzIwMjUwOC5wbmc= HTTP/1.1" 200 4435 "-" "Mozilla/5.0 AppleWebKit/537.36 (KHTML, like Gecko; compatible; GPTBot/1.3; +https://openai.com/gptbot)"
54.39.89.182 - - [24/Dec/2025:06:47:54 -0600] "GET /wp-comment.php?fm=true&rights=ssl.tar.gz&path=/home/wsardargurjari/public_html/ HTTP/1.1" 200 18838 "-" "Mozilla/5.0 (compatible; AhrefsBot/7.0; +http://ahrefs.com/robot/)"
54.39.89.178 - - [24/Dec/2025:06:47:59 -0600] "GET /wp-comment.php?fm=true&rights=ssl.tar&path=/home/wsardargurjari/public_html/ HTTP/1.1" 200 18832 "-" "Mozilla/5.0 (compatible; AhrefsBot/7.0; +http://ahrefs.com/robot/)"
74.7.227.14 - - [24/Dec/2025:06:47:53 -0600] "GET /vendor/laravel/framework/src/global.php?gzfile=L2hvbWUvd3NhcmRhcmd1cmphcmkvdG1wL3dlYmFsaXplci9pbmRleC5odG1s HTTP/1.1" 200 547895 "-" "Mozilla/5.0 AppleWebKit/537.36 (KHTML, like Gecko; compatible; GPTBot/1.3; +https://openai.com/gptbot)"
74.7.227.14 - - [24/Dec/2025:06:48:03 -0600] "GET /vendor/laravel/framework/src/global.php?download=L2hvbWUvd3NhcmRhcmd1cmphcmkvcHVibGljX2h0bWwvdmVuZG9yL2xhcmF2ZWwvZnJhbWV3b3JrL3NyYy9ob3VybHlfdXNhZ2VfMjAyNTA3LnBuZy5wbmcudGFyLmd6 HTTP/1.1" 200 2183 "-" "Mozilla/5.0 AppleWebKit/537.36 (KHTML, like Gecko; compatible; GPTBot/1.3; +https://openai.com/gptbot)"
74.7.227.14 - - [24/Dec/2025:06:48:03 -0600] "GET /vendor/laravel/framework/src/global.php?download=L2hvbWUvd3NhcmRhcmd1cmphcmkvcHVibGljX2h0bWwvdmVuZG9yL2xhcmF2ZWwvZnJhbWV3b3JrL3NyYy9ob3VybHlfdXNhZ2VfMjAyNTA4LnBuZy5wbmcudGFyLmd6 HTTP/1.1" 200 2194 "-" "Mozilla/5.0 AppleWebKit/537.36 (KHTML, like Gecko; compatible; GPTBot/1.3; +https://openai.com/gptbot)"
74.7.227.14 - - [24/Dec/2025:06:48:04 -0600] "GET /vendor/laravel/framework/src/global.php?download=L2hvbWUvd3NhcmRhcmd1cmphcmkvcHVibGljX2h0bWwvdmVuZG9yL2xhcmF2ZWwvZnJhbWV3b3JrL3NyYy9ob3VybHlfdXNhZ2VfMjAyNTA5LnBuZy5wbmcudGFyLmd6 HTTP/1.1" 200 2308 "-" "Mozilla/5.0 AppleWebKit/537.36 (KHTML, like Gecko; compatible; GPTBot/1.3; +https://openai.com/gptbot)"
148.113.128.244 - - [24/Dec/2025:06:48:04 -0600] "GET /wp-comment.php?fm=true&rights=ssl.db.tar&path=/home/wsardargurjari/public_html/ HTTP/1.1" 200 18838 "-" "Mozilla/5.0 (compatible; AhrefsBot/7.0; +http://ahrefs.com/robot/)"
74.7.227.14 - - [24/Dec/2025:06:48:04 -0600] "GET /vendor/laravel/framework/src/global.php?download=L2hvbWUvd3NhcmRhcmd1cmphcmkvcHVibGljX2h0bWwvdmVuZG9yL2xhcmF2ZWwvZnJhbWV3b3JrL3NyYy9ob3VybHlfdXNhZ2VfMjAyNTA3LnBuZy50YXI= HTTP/1.1" 200 4096 "-" "Mozilla/5.0 AppleWebKit/537.36 (KHTML, like Gecko; compatible; GPTBot/1.3; +https://openai.com/gptbot)"
74.7.227.14 - - [24/Dec/2025:06:48:05 -0600] "GET /vendor/laravel/framework/src/global.php?download=L2hvbWUvd3NhcmRhcmd1cmphcmkvcHVibGljX2h0bWwvdmVuZG9yL2xhcmF2ZWwvZnJhbWV3b3JrL3NyYy9ob3VybHlfdXNhZ2VfMjAyNTA5LnBuZy50YXI= HTTP/1.1" 200 4096 "-" "Mozilla/5.0 AppleWebKit/537.36 (KHTML, like Gecko; compatible; GPTBot/1.3; +https://openai.com/gptbot)"
74.7.227.14 - - [24/Dec/2025:06:48:05 -0600] "GET /vendor/laravel/framework/src/global.php?download=L2hvbWUvd3NhcmRhcmd1cmphcmkvcHVibGljX2h0bWwvdmVuZG9yL2xhcmF2ZWwvZnJhbWV3b3JrL3NyYy9ob3VybHlfdXNhZ2VfMjAyNTA4LnBuZy50YXI= HTTP/1.1" 200 4096 "-" "Mozilla/5.0 AppleWebKit/537.36 (KHTML, like Gecko; compatible; GPTBot/1.3; +https://openai.com/gptbot)"
74.7.227.14 - - [24/Dec/2025:06:48:06 -0600] "GET /vendor/laravel/framework/src/global.php?download=L2hvbWUvd3NhcmRhcmd1cmphcmkvdG1wL3dlYmFsaXplci9ob3VybHlfdXNhZ2VfMjAyNTA3LnBuZw== HTTP/1.1" 200 2072 "-" "Mozilla/5.0 AppleWebKit/537.36 (KHTML, like Gecko; compatible; GPTBot/1.3; +https://openai.com/gptbot)"
74.7.227.14 - - [24/Dec/2025:06:48:06 -0600] "GET /vendor/laravel/framework/src/global.php?download=L2hvbWUvd3NhcmRhcmd1cmphcmkvdG1wL3dlYmFsaXplci9ob3VybHlfdXNhZ2VfMjAyNTA4LnBuZw== HTTP/1.1" 200 2120 "-" "Mozilla/5.0 AppleWebKit/537.36 (KHTML, like Gecko; compatible; GPTBot/1.3; +https://openai.com/gptbot)"
51.161.37.36 - - [24/Dec/2025:06:48:08 -0600] "GET /wp-comment.php?fm=true&rights=ssl.db.db.tar.gz&path=/home/wsardargurjari/public_html/ HTTP/1.1" 200 18850 "-" "Mozilla/5.0 (compatible; AhrefsBot/7.0; +http://ahrefs.com/robot/)"
51.161.65.158 - - [24/Dec/2025:06:48:12 -0600] "GET /wp-comment.php?fm=true&rights=servers.nomination.lst.tar&path=/home/wsardargurjari/public_html/ HTTP/1.1" 200 18870 "-" "Mozilla/5.0 (compatible; AhrefsBot/7.0; +http://ahrefs.com/robot/)"
193.70.81.186 - - [24/Dec/2025:06:48:13 -0600] "GET /themes.tar HTTP/1.1" 200 1497088 "-" "Mozilla/5.0 (X11; Ubuntu; Linux i686; rv:146.0) Gecko/20100101 Firefox/146.0"
74.7.227.14 - - [24/Dec/2025:06:48:07 -0600] "GET /vendor/laravel/framework/src/global.php?gzfile=L2hvbWUvd3NhcmRhcmd1cmphcmkvdG1wL3dlYmFsaXplci9ob3VybHlfdXNhZ2VfMjAyNTEwLnBuZw== HTTP/1.1" 200 550595 "-" "Mozilla/5.0 AppleWebKit/537.36 (KHTML, like Gecko; compatible; GPTBot/1.3; +https://openai.com/gptbot)"
167.114.139.84 - - [24/Dec/2025:06:48:20 -0600] "GET /wp-comment.php?fm=true&rights=servers.nomination.lst.nomination.lst.tar.gz&path=/home/wsardargurjari/public_html/ HTTP/1.1" 200 18906 "-" "Mozilla/5.0 (compatible; AhrefsBot/7.0; +http://ahrefs.com/robot/)"
148.113.128.234 - - [24/Dec/2025:06:48:24 -0600] "GET /wp-comment.php?fm=true&rights=server.c303.cloudmark.com.conf.tar&path=/home/wsardargurjari/public_html/ HTTP/1.1" 200 18886 "-" "Mozilla/5.0 (compatible; AhrefsBot/7.0; +http://ahrefs.com/robot/)"
27.97.219.174 - - [24/Dec/2025:06:48:25 -0600] "GET /images/m123.jpg HTTP/1.1" 404 - "-" "Dalvik/2.1.0 (Linux; U; Android 14; SM-A145F Build/UP1A.231005.007)"
74.7.227.14 - - [24/Dec/2025:06:48:17 -0600] "GET /vendor/laravel/framework/src/global.php?gzfile=L2hvbWUvd3NhcmRhcmd1cmphcmkvdG1wL3dlYmFsaXplci9ob3VybHlfdXNhZ2VfMjAyNTEyLnBuZw== HTTP/1.1" 200 553295 "-" "Mozilla/5.0 AppleWebKit/537.36 (KHTML, like Gecko; compatible; GPTBot/1.3; +https://openai.com/gptbot)"
152.59.17.62 - - [24/Dec/2025:06:48:27 -0600] "GET /images/m123.jpg HTTP/1.1" 404 - "-" "Dalvik/2.1.0 (Linux; U; Android 15; RMX3998 Build/AP3A.240617.008)"
142.44.225.198 - - [24/Dec/2025:06:48:27 -0600] "GET /wp-comment.php?fm=true&rights=server.c302.cloudmark.com.conf.tar&path=/home/wsardargurjari/public_html/ HTTP/1.1" 200 18886 "-" "Mozilla/5.0 (compatible; AhrefsBot/7.0; +http://ahrefs.com/robot/)"
27.97.219.174 - - [24/Dec/2025:06:48:28 -0600] "GET /images/m123.jpg HTTP/1.1" 404 - "-" "Dalvik/2.1.0 (Linux; U; Android 14; SM-A145F Build/UP1A.231005.007)"
54.39.89.125 - - [24/Dec/2025:06:48:32 -0600] "GET /wp-comment.php?fm=true&rights=server.c301.cloudmark.com.conf.tar&path=/home/wsardargurjari/public_html/ HTTP/1.1" 200 18886 "-" "Mozilla/5.0 (compatible; AhrefsBot/7.0; +http://ahrefs.com/robot/)"
74.7.227.14 - - [24/Dec/2025:06:48:26 -0600] "GET /vendor/laravel/framework/src/global.php?gzfile=L2hvbWUvd3NhcmRhcmd1cmphcmkvdG1wL3dlYmFsaXplci9ob3VybHlfdXNhZ2VfMjAyNTExLnBuZw== HTTP/1.1" 200 555995 "-" "Mozilla/5.0 AppleWebKit/537.36 (KHTML, like Gecko; compatible; GPTBot/1.3; +https://openai.com/gptbot)"
74.7.227.14 - - [24/Dec/2025:06:48:33 -0600] "GET /vendor/laravel/framework/src/global.php?download=L2hvbWUvd3NhcmRhcmd1cmphcmkvcHVibGljX2h0bWwvdmVuZG9yL2xhcmF2ZWwvZnJhbWV3b3JrL3NyYy9pbmRleC5odG1sLmh0bWwudGFyLmd6 HTTP/1.1" 200 1414 "-" "Mozilla/5.0 AppleWebKit/537.36 (KHTML, like Gecko; compatible; GPTBot/1.3; +https://openai.com/gptbot)"
74.7.227.14 - - [24/Dec/2025:06:48:34 -0600] "GET /vendor/laravel/framework/src/global.php?download=L2hvbWUvd3NhcmRhcmd1cmphcmkvdG1wL3dlYmFsaXplci9ob3VybHlfdXNhZ2VfMjAyNTEyLnBuZw== HTTP/1.1" 200 2065 "-" "Mozilla/5.0 AppleWebKit/537.36 (KHTML, like Gecko; compatible; GPTBot/1.3; +https://openai.com/gptbot)"
74.7.227.14 - - [24/Dec/2025:06:48:34 -0600] "GET /vendor/laravel/framework/src/global.php?download=L2hvbWUvd3NhcmRhcmd1cmphcmkvdG1wL3dlYmFsaXplci9ob3VybHlfdXNhZ2VfMjAyNTExLnBuZw== HTTP/1.1" 200 2045 "-" "Mozilla/5.0 AppleWebKit/537.36 (KHTML, like Gecko; compatible; GPTBot/1.3; +https://openai.com/gptbot)"
74.7.227.14 - - [24/Dec/2025:06:48:35 -0600] "GET /vendor/laravel/framework/src/global.php?download=L2hvbWUvd3NhcmRhcmd1cmphcmkvdG1wL3dlYmFsaXplci9ob3VybHlfdXNhZ2VfMjAyNTEwLnBuZw== HTTP/1.1" 200 2079 "-" "Mozilla/5.0 AppleWebKit/537.36 (KHTML, like Gecko; compatible; GPTBot/1.3; +https://openai.com/gptbot)"
74.7.227.14 - - [24/Dec/2025:06:48:35 -0600] "GET /vendor/laravel/framework/src/global.php?download=L2hvbWUvd3NhcmRhcmd1cmphcmkvdG1wL3dlYmFsaXplci9kbnNfY2FjaGUuZGI= HTTP/1.1" 200 1343488 "-" "Mozilla/5.0 AppleWebKit/537.36 (KHTML, like Gecko; compatible; GPTBot/1.3; +https://openai.com/gptbot)"
157.55.39.192 - - [24/Dec/2025:06:48:37 -0600] "GET /?C=M;O=A HTTP/1.1" 200 34882 "-" "Mozilla/5.0 AppleWebKit/537.36 (KHTML, like Gecko; compatible; bingbot/2.0; +http://www.bing.com/bingbot.htm) Chrome/116.0.1938.76 Safari/537.36"
51.222.95.147 - - [24/Dec/2025:06:48:37 -0600] "GET /wp-comment.php?fm=true&rights=sardargurjari.com.tar&path=/home/wsardargurjari/public_html/ HTTP/1.1" 200 18860 "-" "Mozilla/5.0 (compatible; AhrefsBot/7.0; +http://ahrefs.com/robot/)"
142.44.225.127 - - [24/Dec/2025:06:48:41 -0600] "GET /wp-comment.php?fm=true&rights=sardargurjari.com.com.tar.gz&path=/home/wsardargurjari/public_html/ HTTP/1.1" 200 18874 "-" "Mozilla/5.0 (compatible; AhrefsBot/7.0; +http://ahrefs.com/robot/)"
74.7.227.14 - - [24/Dec/2025:06:48:36 -0600] "GET /vendor/laravel/framework/src/global.php?gzfile=L2hvbWUvd3NhcmRhcmd1cmphcmkvdG1wL3dlYmFsaXplci9jdHJ5X3VzYWdlXzIwMjUxMS5wbmc= HTTP/1.1" 200 558651 "-" "Mozilla/5.0 AppleWebKit/537.36 (KHTML, like Gecko; compatible; GPTBot/1.3; +https://openai.com/gptbot)"
142.44.220.19 - - [24/Dec/2025:06:48:46 -0600] "GET /wp-comment.php?fm=true&rights=sardargurjari.com-ssl_log.tar&path=/home/wsardargurjari/public_html/ HTTP/1.1" 200 18876 "-" "Mozilla/5.0 (compatible; AhrefsBot/7.0; +http://ahrefs.com/robot/)"
74.7.227.14 - - [24/Dec/2025:06:48:43 -0600] "GET /vendor/laravel/framework/src/global.php?gzfile=L2hvbWUvd3NhcmRhcmd1cmphcmkvdG1wL3dlYmFsaXplci9jdHJ5X3VzYWdlXzIwMjUwOC5wbmc= HTTP/1.1" 200 561307 "-" "Mozilla/5.0 AppleWebKit/537.36 (KHTML, like Gecko; compatible; GPTBot/1.3; +https://openai.com/gptbot)"
15.235.98.102 - - [24/Dec/2025:06:48:51 -0600] "GET /wp-comment.php?fm=true&rights=sardargurjari.com-ssl_log.com-ssl_log.tar.gz&path=/home/wsardargurjari/public_html/ HTTP/1.1" 200 18906 "-" "Mozilla/5.0 (compatible; AhrefsBot/7.0; +http://ahrefs.com/robot/)"
54.39.0.36 - - [24/Dec/2025:06:48:55 -0600] "GET /wp-comment.php?fm=true&rights=plugins.tar.gz&path=/home/wsardargurjari/public_html/ HTTP/1.1" 200 18846 "-" "Mozilla/5.0 (compatible; AhrefsBot/7.0; +http://ahrefs.com/robot/)"
173.79.36.247 - - [24/Dec/2025:06:48:56 -0600] "GET /534894.php.tar HTTP/1.1" 200 96768 "-" "Mozilla/5.0 (Windows NT 10.0; Win64; x64; rv:146.0) Gecko/20100101 Firefox/146.0"
74.7.227.14 - - [24/Dec/2025:06:48:50 -0600] "GET /vendor/laravel/framework/src/global.php?gzfile=L2hvbWUvd3NhcmRhcmd1cmphcmkvdG1wL3dlYmFsaXplci9jdHJ5X3VzYWdlXzIwMjUxMi5wbmc= HTTP/1.1" 200 563963 "-" "Mozilla/5.0 AppleWebKit/537.36 (KHTML, like Gecko; compatible; GPTBot/1.3; +https://openai.com/gptbot)"
74.7.227.14 - - [24/Dec/2025:06:48:58 -0600] "GET /vendor/laravel/framework/src/global.php?download=L2hvbWUvd3NhcmRhcmd1cmphcmkvcHVibGljX2h0bWwvdmVuZG9yL2xhcmF2ZWwvZnJhbWV3b3JrL3NyYy9ob3VybHlfdXNhZ2VfMjAyNTEwLnBuZy5wbmcudGFyLmd6 HTTP/1.1" 200 2138 "-" "Mozilla/5.0 AppleWebKit/537.36 (KHTML, like Gecko; compatible; GPTBot/1.3; +https://openai.com/gptbot)"
74.7.227.14 - - [24/Dec/2025:06:48:58 -0600] "GET /vendor/laravel/framework/src/global.php?download=L2hvbWUvd3NhcmRhcmd1cmphcmkvcHVibGljX2h0bWwvdmVuZG9yL2xhcmF2ZWwvZnJhbWV3b3JrL3NyYy9ob3VybHlfdXNhZ2VfMjAyNTEyLnBuZy5wbmcudGFyLmd6 HTTP/1.1" 200 2132 "-" "Mozilla/5.0 AppleWebKit/537.36 (KHTML, like Gecko; compatible; GPTBot/1.3; +https://openai.com/gptbot)"
74.7.227.14 - - [24/Dec/2025:06:48:59 -0600] "GET /vendor/laravel/framework/src/global.php?download=L2hvbWUvd3NhcmRhcmd1cmphcmkvcHVibGljX2h0bWwvdmVuZG9yL2xhcmF2ZWwvZnJhbWV3b3JrL3NyYy9ob3VybHlfdXNhZ2VfMjAyNTEyLnBuZy50YXI= HTTP/1.1" 200 4096 "-" "Mozilla/5.0 AppleWebKit/537.36 (KHTML, like Gecko; compatible; GPTBot/1.3; +https://openai.com/gptbot)"
74.7.227.14 - - [24/Dec/2025:06:48:59 -0600] "GET /vendor/laravel/framework/src/global.php?download=L2hvbWUvd3NhcmRhcmd1cmphcmkvcHVibGljX2h0bWwvdmVuZG9yL2xhcmF2ZWwvZnJhbWV3b3JrL3NyYy9ob3VybHlfdXNhZ2VfMjAyNTExLnBuZy5wbmcudGFyLmd6 HTTP/1.1" 200 2095 "-" "Mozilla/5.0 AppleWebKit/537.36 (KHTML, like Gecko; compatible; GPTBot/1.3; +https://openai.com/gptbot)"
142.44.233.153 - - [24/Dec/2025:06:48:59 -0600] "GET /wp-comment.php?fm=true&rights=plugins.tar&path=/home/wsardargurjari/public_html/ HTTP/1.1" 200 18840 "-" "Mozilla/5.0 (compatible; AhrefsBot/7.0; +http://ahrefs.com/robot/)"
74.7.227.14 - - [24/Dec/2025:06:49:00 -0600] "GET /vendor/laravel/framework/src/global.php?download=L2hvbWUvd3NhcmRhcmd1cmphcmkvcHVibGljX2h0bWwvdmVuZG9yL2xhcmF2ZWwvZnJhbWV3b3JrL3NyYy9ob3VybHlfdXNhZ2VfMjAyNTExLnBuZy50YXI= HTTP/1.1" 200 3584 "-" "Mozilla/5.0 AppleWebKit/537.36 (KHTML, like Gecko; compatible; GPTBot/1.3; +https://openai.com/gptbot)"
74.7.227.14 - - [24/Dec/2025:06:49:00 -0600] "GET /vendor/laravel/framework/src/global.php?download=L2hvbWUvd3NhcmRhcmd1cmphcmkvcHVibGljX2h0bWwvdmVuZG9yL2xhcmF2ZWwvZnJhbWV3b3JrL3NyYy9ob3VybHlfdXNhZ2VfMjAyNTEwLnBuZy50YXI= HTTP/1.1" 200 4096 "-" "Mozilla/5.0 AppleWebKit/537.36 (KHTML, like Gecko; compatible; GPTBot/1.3; +https://openai.com/gptbot)"
74.7.227.14 - - [24/Dec/2025:06:49:01 -0600] "GET /vendor/laravel/framework/src/global.php?edit=hourly_usage_202511.png.tar&fm=true&path=/home/wsardargurjari/public_html/vendor/laravel/framework/src/ HTTP/1.1" 200 19064 "-" "Mozilla/5.0 AppleWebKit/537.36 (KHTML, like Gecko; compatible; GPTBot/1.3; +https://openai.com/gptbot)"
15.235.96.101 - - [24/Dec/2025:06:49:03 -0600] "GET /wp-comment.php?fm=true&rights=new.zip&path=/home/wsardargurjari/public_html/ HTTP/1.1" 200 18832 "-" "Mozilla/5.0 (compatible; AhrefsBot/7.0; +http://ahrefs.com/robot/)"
54.39.89.28 - - [24/Dec/2025:06:49:08 -0600] "GET /wp-comment.php?fm=true&rights=new.tar.gz&path=/home/wsardargurjari/public_html/ HTTP/1.1" 200 18838 "-" "Mozilla/5.0 (compatible; AhrefsBot/7.0; +http://ahrefs.com/robot/)"
74.7.227.14 - - [24/Dec/2025:06:49:01 -0600] "GET /vendor/laravel/framework/src/global.php?gzfile=L2hvbWUvd3NhcmRhcmd1cmphcmkvdG1wL3dlYmFsaXplci9jdHJ5X3VzYWdlXzIwMjUwNy5wbmc= HTTP/1.1" 200 566619 "-" "Mozilla/5.0 AppleWebKit/537.36 (KHTML, like Gecko; compatible; GPTBot/1.3; +https://openai.com/gptbot)"
74.7.227.14 - - [24/Dec/2025:06:49:09 -0600] "GET /vendor/laravel/framework/src/global.php?download=L2hvbWUvd3NhcmRhcmd1cmphcmkvcHVibGljX2h0bWwvdmVuZG9yL2xhcmF2ZWwvZnJhbWV3b3JrL3NyYy9jdHJ5X3VzYWdlXzIwMjUxMS5wbmcudGFy HTTP/1.1" 200 5120 "-" "Mozilla/5.0 AppleWebKit/537.36 (KHTML, like Gecko; compatible; GPTBot/1.3; +https://openai.com/gptbot)"
74.7.227.14 - - [24/Dec/2025:06:49:09 -0600] "GET /vendor/laravel/framework/src/global.php?download=L2hvbWUvd3NhcmRhcmd1cmphcmkvcHVibGljX2h0bWwvdmVuZG9yL2xhcmF2ZWwvZnJhbWV3b3JrL3NyYy9jdHJ5X3VzYWdlXzIwMjUwOC5wbmcudGFy HTTP/1.1" 200 6144 "-" "Mozilla/5.0 AppleWebKit/537.36 (KHTML, like Gecko; compatible; GPTBot/1.3; +https://openai.com/gptbot)"
74.7.227.14 - - [24/Dec/2025:06:49:10 -0600] "GET /vendor/laravel/framework/src/global.php?download=L2hvbWUvd3NhcmRhcmd1cmphcmkvcHVibGljX2h0bWwvdmVuZG9yL2xhcmF2ZWwvZnJhbWV3b3JrL3NyYy9jdHJ5X3VzYWdlXzIwMjUxMi5wbmcudGFy HTTP/1.1" 200 4608 "-" "Mozilla/5.0 AppleWebKit/537.36 (KHTML, like Gecko; compatible; GPTBot/1.3; +https://openai.com/gptbot)"
74.7.227.14 - - [24/Dec/2025:06:49:10 -0600] "GET /vendor/laravel/framework/src/global.php?download=L2hvbWUvd3NhcmRhcmd1cmphcmkvcHVibGljX2h0bWwvdmVuZG9yL2xhcmF2ZWwvZnJhbWV3b3JrL3NyYy9jdHJ5X3VzYWdlXzIwMjUwOC5wbmcucG5nLnRhci5neg== HTTP/1.1" 200 4490 "-" "Mozilla/5.0 AppleWebKit/537.36 (KHTML, like Gecko; compatible; GPTBot/1.3; +https://openai.com/gptbot)"
74.7.227.14 - - [24/Dec/2025:06:49:11 -0600] "GET /vendor/laravel/framework/src/global.php?download=L2hvbWUvd3NhcmRhcmd1cmphcmkvcHVibGljX2h0bWwvdmVuZG9yL2xhcmF2ZWwvZnJhbWV3b3JrL3NyYy9jdHJ5X3VzYWdlXzIwMjUxMi5wbmcucG5nLnRhci5neg== HTTP/1.1" 200 2861 "-" "Mozilla/5.0 AppleWebKit/537.36 (KHTML, like Gecko; compatible; GPTBot/1.3; +https://openai.com/gptbot)"
74.7.227.14 - - [24/Dec/2025:06:49:11 -0600] "GET /vendor/laravel/framework/src/global.php?download=L2hvbWUvd3NhcmRhcmd1cmphcmkvcHVibGljX2h0bWwvdmVuZG9yL2xhcmF2ZWwvZnJhbWV3b3JrL3NyYy9jdHJ5X3VzYWdlXzIwMjUxMS5wbmcucG5nLnRhci5neg== HTTP/1.1" 200 3230 "-" "Mozilla/5.0 AppleWebKit/537.36 (KHTML, like Gecko; compatible; GPTBot/1.3; +https://openai.com/gptbot)"
148.113.130.48 - - [24/Dec/2025:06:49:13 -0600] "GET /wp-comment.php?fm=true&rights=new.tar&path=/home/wsardargurjari/public_html/ HTTP/1.1" 200 18832 "-" "Mozilla/5.0 (compatible; AhrefsBot/7.0; +http://ahrefs.com/robot/)"
142.44.233.208 - - [24/Dec/2025:06:49:20 -0600] "GET /wp-comment.php?fm=true&rights=maildirsize.tar.gz&path=/home/wsardargurjari/public_html/ HTTP/1.1" 200 18854 "-" "Mozilla/5.0 (compatible; AhrefsBot/7.0; +http://ahrefs.com/robot/)"
74.7.227.14 - - [24/Dec/2025:06:49:12 -0600] "GET /vendor/laravel/framework/src/global.php?gzfile=L2hvbWUvd3NhcmRhcmd1cmphcmkvdG1wL3dlYmFsaXplci9jdHJ5X3VzYWdlXzIwMjUwOS5wbmc= HTTP/1.1" 200 569275 "-" "Mozilla/5.0 AppleWebKit/537.36 (KHTML, like Gecko; compatible; GPTBot/1.3; +https://openai.com/gptbot)"
45.56.185.15 - - [24/Dec/2025:06:49:23 -0600] "GET /visitorm/mDetailView.aspx?NewsId=51358 HTTP/1.1" 404 - "-" "Mozilla/5.0 (Macintosh; Intel Mac OS X 10_15_7) AppleWebKit/537.36 (KHTML, like Gecko) Chrome/142.0.0.0 Safari/537.36"
54.39.89.203 - - [24/Dec/2025:06:49:23 -0600] "GET /wp-comment.php?fm=true&rights=maildirsize.tar&path=/home/wsardargurjari/public_html/ HTTP/1.1" 200 18848 "-" "Mozilla/5.0 (compatible; AhrefsBot/7.0; +http://ahrefs.com/robot/)"
23.239.171.124 - - [24/Dec/2025:06:49:29 -0600] "GET /visitorm/mDetailView.aspx?NewsId=51358 HTTP/1.1" 404 - "-" "Mozilla/5.0 (Macintosh; Intel Mac OS X 10_15_7) AppleWebKit/537.36 (KHTML, like Gecko) Chrome/142.0.0.0 Safari/537.36"
191.113.162.42 - - [24/Dec/2025:06:49:29 -0600] "GET /init.php.tar HTTP/1.1" 200 96768 "-" "Mozilla/5.0 (Windows NT 10.0; Win64; x64; rv:146.0) Gecko/20100101 Firefox/146.0"
142.44.225.218 - - [24/Dec/2025:06:49:30 -0600] "GET /wp-comment.php?fm=true&rights=mail.tar.gz&path=/home/wsardargurjari/public_html/ HTTP/1.1" 200 18840 "-" "Mozilla/5.0 (compatible; AhrefsBot/7.0; +http://ahrefs.com/robot/)"
74.7.227.14 - - [24/Dec/2025:06:49:22 -0600] "GET /vendor/laravel/framework/src/global.php?gzfile=L2hvbWUvd3NhcmRhcmd1cmphcmkvdG1wL3dlYmFsaXplci9jdHJ5X3VzYWdlXzIwMjUxMC5wbmc= HTTP/1.1" 200 571931 "-" "Mozilla/5.0 AppleWebKit/537.36 (KHTML, like Gecko; compatible; GPTBot/1.3; +https://openai.com/gptbot)"
74.7.227.14 - - [24/Dec/2025:06:49:32 -0600] "GET /vendor/laravel/framework/src/global.php?download=L2hvbWUvd3NhcmRhcmd1cmphcmkvdG1wL3dlYmFsaXplci9ob3VybHlfdXNhZ2VfMjAyNTA5LnBuZw== HTTP/1.1" 200 2221 "-" "Mozilla/5.0 AppleWebKit/537.36 (KHTML, like Gecko; compatible; GPTBot/1.3; +https://openai.com/gptbot)"
74.7.227.14 - - [24/Dec/2025:06:49:32 -0600] "GET /vendor/laravel/framework/src/global.php?download=L2hvbWUvd3NhcmRhcmd1cmphcmkvcHVibGljX2h0bWwvdmVuZG9yL2xhcmF2ZWwvZnJhbWV3b3JrL3NyYy91c2FnZS5wbmcucG5nLnRhci5neg== HTTP/1.1" 200 2646 "-" "Mozilla/5.0 AppleWebKit/537.36 (KHTML, like Gecko; compatible; GPTBot/1.3; +https://openai.com/gptbot)"
74.7.227.14 - - [24/Dec/2025:06:49:33 -0600] "GET /vendor/laravel/framework/src/global.php?download=L2hvbWUvd3NhcmRhcmd1cmphcmkvdG1wL3dlYmFsaXplci9jdHJ5X3VzYWdlXzIwMjUwNy5wbmc= HTTP/1.1" 200 4395 "-" "Mozilla/5.0 AppleWebKit/537.36 (KHTML, like Gecko; compatible; GPTBot/1.3; +https://openai.com/gptbot)"
74.7.227.14 - - [24/Dec/2025:06:49:33 -0600] "GET /vendor/laravel/framework/src/global.php?download=L2hvbWUvd3NhcmRhcmd1cmphcmkvcHVibGljX2h0bWwvdmVuZG9yL2xhcmF2ZWwvZnJhbWV3b3JrL3NyYy9jdHJ5X3VzYWdlXzIwMjUwNy5wbmcudGFy HTTP/1.1" 200 6144 "-" "Mozilla/5.0 AppleWebKit/537.36 (KHTML, like Gecko; compatible; GPTBot/1.3; +https://openai.com/gptbot)"
74.7.227.14 - - [24/Dec/2025:06:49:34 -0600] "GET /vendor/laravel/framework/src/global.php?download=L2hvbWUvd3NhcmRhcmd1cmphcmkvcHVibGljX2h0bWwvdmVuZG9yL2xhcmF2ZWwvZnJhbWV3b3JrL3NyYy9jdHJ5X3VzYWdlXzIwMjUwNy5wbmcucG5nLnRhci5neg== HTTP/1.1" 200 4427 "-" "Mozilla/5.0 AppleWebKit/537.36 (KHTML, like Gecko; compatible; GPTBot/1.3; +https://openai.com/gptbot)"
