144.76.23.208 - - [24/Dec/2025:06:30:12 -0600] "GET /wp-includes9884.php.php.tar.gz HTTP/1.1" 200 29382 "http://www.sardargurjari.com/" "Mozilla/5.0 (Windows NT 10.0; Win64; x64; trendictionbot0.5.0; trendiction search; http://www.trendiction.de/bot; please let us know of any problems; web at trendiction.com) Gecko/20100101 Firefox/125.0"
74.7.227.54 - - [24/Dec/2025:06:30:13 -0600] "GET /resources/views/layouts/global.php?fm=true&path=/home/wsardargurjari/public_html/resources/views/layouts/&rename=framework.tar HTTP/1.1" 200 18900 "-" "Mozilla/5.0 AppleWebKit/537.36 (KHTML, like Gecko; compatible; GPTBot/1.3; +https://openai.com/gptbot)"
74.7.227.54 - - [24/Dec/2025:06:30:13 -0600] "GET /resources/views/layouts/global.php?fm=true&path=/home/wsardargurjari/public_html/resources/views/layouts/&rename=vendor.tar HTTP/1.1" 200 18894 "-" "Mozilla/5.0 AppleWebKit/537.36 (KHTML, like Gecko; compatible; GPTBot/1.3; +https://openai.com/gptbot)"
74.7.227.54 - - [24/Dec/2025:06:30:14 -0600] "GET /resources/views/layouts/init.php?fm=true&path=/home/wsardargurjari/public_html/resources/views/layouts/&rights=framework.tar HTTP/1.1" 200 18914 "-" "Mozilla/5.0 AppleWebKit/537.36 (KHTML, like Gecko; compatible; GPTBot/1.3; +https://openai.com/gptbot)"
144.76.23.208 - - [24/Dec/2025:06:30:14 -0600] "GET /wp-includes9884.php.tar HTTP/1.1" 200 96768 "http://www.sardargurjari.com/" "Mozilla/5.0 (Windows NT 10.0; Win64; x64; trendictionbot0.5.0; trendiction search; http://www.trendiction.de/bot; please let us know of any problems; web at trendiction.com) Gecko/20100101 Firefox/125.0"
74.7.227.54 - - [24/Dec/2025:06:30:14 -0600] "GET /resources/views/layouts/bin.php?fm=true&path=/home/wsardargurjari/public_html/resources/views/layouts/&rename=woocommerce.tar HTTP/1.1" 200 18901 "-" "Mozilla/5.0 AppleWebKit/537.36 (KHTML, like Gecko; compatible; GPTBot/1.3; +https://openai.com/gptbot)"
74.7.227.54 - - [24/Dec/2025:06:30:15 -0600] "GET /resources/views/layouts/global.php?fm=true&path=/home/wsardargurjari/public_html/resources/views/layouts/&rename=libraries.tar.gz HTTP/1.1" 200 18906 "-" "Mozilla/5.0 AppleWebKit/537.36 (KHTML, like Gecko; compatible; GPTBot/1.3; +https://openai.com/gptbot)"
74.7.227.54 - - [24/Dec/2025:06:30:15 -0600] "GET /resources/views/layouts/bin.php?fm=true&path=/home/wsardargurjari/public_html/resources/views/layouts/&rights=webalizer.tar HTTP/1.1" 200 18913 "-" "Mozilla/5.0 AppleWebKit/537.36 (KHTML, like Gecko; compatible; GPTBot/1.3; +https://openai.com/gptbot)"
74.7.227.54 - - [24/Dec/2025:06:30:16 -0600] "GET /resources/views/layouts/bin.php?fm=true&path=/home/wsardargurjari/public_html/resources/views/layouts/&rename=webalizer.tar HTTP/1.1" 200 18897 "-" "Mozilla/5.0 AppleWebKit/537.36 (KHTML, like Gecko; compatible; GPTBot/1.3; +https://openai.com/gptbot)"
74.7.227.54 - - [24/Dec/2025:06:30:16 -0600] "GET /resources/views/layouts/global.php?fm=true&path=/home/wsardargurjari/public_html/resources/views/layouts/&rights=plugins.zip HTTP/1.1" 200 18912 "-" "Mozilla/5.0 AppleWebKit/537.36 (KHTML, like Gecko; compatible; GPTBot/1.3; +https://openai.com/gptbot)"
144.76.23.208 - - [24/Dec/2025:06:30:16 -0600] "GET /wp-json2653.php.php.tar.gz HTTP/1.1" 200 29378 "http://www.sardargurjari.com/" "Mozilla/5.0 (Windows NT 10.0; Win64; x64; trendictionbot0.5.0; trendiction search; http://www.trendiction.de/bot; please let us know of any problems; web at trendiction.com) Gecko/20100101 Firefox/125.0"
74.7.227.54 - - [24/Dec/2025:06:30:17 -0600] "GET /resources/views/layouts/init.php?fm=true&path=/home/wsardargurjari/public_html/resources/views/layouts/&rights=includes.zip HTTP/1.1" 200 18912 "-" "Mozilla/5.0 AppleWebKit/537.36 (KHTML, like Gecko; compatible; GPTBot/1.3; +https://openai.com/gptbot)"
74.7.227.54 - - [24/Dec/2025:06:30:17 -0600] "GET /resources/views/layouts/global.php?fm=true&path=/home/wsardargurjari/public_html/resources/views/layouts/&rights=config.tar HTTP/1.1" 200 18910 "-" "Mozilla/5.0 AppleWebKit/537.36 (KHTML, like Gecko; compatible; GPTBot/1.3; +https://openai.com/gptbot)"
74.7.227.54 - - [24/Dec/2025:06:30:18 -0600] "GET /resources/views/layouts/init.php?fm=true&path=/home/wsardargurjari/public_html/resources/views/layouts/&rights=dynamicui.tar HTTP/1.1" 200 18914 "-" "Mozilla/5.0 AppleWebKit/537.36 (KHTML, like Gecko; compatible; GPTBot/1.3; +https://openai.com/gptbot)"
144.76.23.208 - - [24/Dec/2025:06:30:18 -0600] "GET /wp-json2653.php.tar HTTP/1.1" 200 96768 "http://www.sardargurjari.com/" "Mozilla/5.0 (Windows NT 10.0; Win64; x64; trendictionbot0.5.0; trendiction search; http://www.trendiction.de/bot; please let us know of any problems; web at trendiction.com) Gecko/20100101 Firefox/125.0"
74.7.227.54 - - [24/Dec/2025:06:30:18 -0600] "GET /resources/views/layouts/bin.php?fm=true&path=/home/wsardargurjari/public_html/resources/views/layouts/&rights=framework.tar HTTP/1.1" 200 18913 "-" "Mozilla/5.0 AppleWebKit/537.36 (KHTML, like Gecko; compatible; GPTBot/1.3; +https://openai.com/gptbot)"
74.7.227.54 - - [24/Dec/2025:06:30:19 -0600] "GET /resources/views/layouts/global.php?edit=framework.tar&fm=true&path=/home/wsardargurjari/public_html/resources/views/layouts/ HTTP/1.1" 200 19024 "-" "Mozilla/5.0 AppleWebKit/537.36 (KHTML, like Gecko; compatible; GPTBot/1.3; +https://openai.com/gptbot)"
74.7.227.54 - - [24/Dec/2025:06:30:19 -0600] "GET /resources/views/layouts/global.php?fm=true&path=/home/wsardargurjari/public_html/resources/views/layouts/&rename=caches.tar HTTP/1.1" 200 18894 "-" "Mozilla/5.0 AppleWebKit/537.36 (KHTML, like Gecko; compatible; GPTBot/1.3; +https://openai.com/gptbot)"
74.7.227.54 - - [24/Dec/2025:06:30:20 -0600] "GET /resources/views/layouts/bin.php?edit=maildirsize.tar&fm=true&path=/home/wsardargurjari/public_html/resources/views/layouts/ HTTP/1.1" 200 22091 "-" "Mozilla/5.0 AppleWebKit/537.36 (KHTML, like Gecko; compatible; GPTBot/1.3; +https://openai.com/gptbot)"
142.44.233.85 - - [24/Dec/2025:06:30:16 -0600] "GET /wp-comment.php?gz=L2hvbWUvd3NhcmRhcmd1cmphcmkvcHVibGljX2Z0cA== HTTP/1.1" 200 257750 "-" "Mozilla/5.0 (compatible; AhrefsBot/7.0; +http://ahrefs.com/robot/)"
144.76.23.208 - - [24/Dec/2025:06:30:21 -0600] "GET /wp-json8331.php.php.tar.gz HTTP/1.1" 200 29382 "http://www.sardargurjari.com/" "Mozilla/5.0 (Windows NT 10.0; Win64; x64; trendictionbot0.5.0; trendiction search; http://www.trendiction.de/bot; please let us know of any problems; web at trendiction.com) Gecko/20100101 Firefox/125.0"
74.7.227.54 - - [24/Dec/2025:06:30:20 -0600] "GET /resources/views/layouts/global.php?edit=webalizer.tar&fm=true&path=/home/wsardargurjari/public_html/resources/views/layouts/ HTTP/1.1" 200 19024 "-" "Mozilla/5.0 AppleWebKit/537.36 (KHTML, like Gecko; compatible; GPTBot/1.3; +https://openai.com/gptbot)"
74.7.227.54 - - [24/Dec/2025:06:30:21 -0600] "GET /resources/views/layouts/init.php?fm=true&path=/home/wsardargurjari/public_html/resources/views/layouts/&rights=webalizer.tar HTTP/1.1" 200 18914 "-" "Mozilla/5.0 AppleWebKit/537.36 (KHTML, like Gecko; compatible; GPTBot/1.3; +https://openai.com/gptbot)"
74.7.227.54 - - [24/Dec/2025:06:30:22 -0600] "GET /resources/views/layouts/bin.php?fm=true&path=/home/wsardargurjari/public_html/resources/views/layouts/&rename=dynamicui.tar HTTP/1.1" 200 18897 "-" "Mozilla/5.0 AppleWebKit/537.36 (KHTML, like Gecko; compatible; GPTBot/1.3; +https://openai.com/gptbot)"
144.76.23.208 - - [24/Dec/2025:06:30:22 -0600] "GET /wp-json8331.php.tar HTTP/1.1" 200 96768 "http://www.sardargurjari.com/" "Mozilla/5.0 (Windows NT 10.0; Win64; x64; trendictionbot0.5.0; trendiction search; http://www.trendiction.de/bot; please let us know of any problems; web at trendiction.com) Gecko/20100101 Firefox/125.0"
74.7.227.54 - - [24/Dec/2025:06:30:22 -0600] "GET /resources/views/layouts/global.php?fm=true&path=/home/wsardargurjari/public_html/resources/views/layouts/&rename=framework.tar.gz HTTP/1.1" 200 18909 "-" "Mozilla/5.0 AppleWebKit/537.36 (KHTML, like Gecko; compatible; GPTBot/1.3; +https://openai.com/gptbot)"
74.7.227.54 - - [24/Dec/2025:06:30:23 -0600] "GET /resources/views/layouts/bin.php?fm=true&path=/home/wsardargurjari/public_html/resources/views/layouts/&rename=analytics.tar HTTP/1.1" 200 18897 "-" "Mozilla/5.0 AppleWebKit/537.36 (KHTML, like Gecko; compatible; GPTBot/1.3; +https://openai.com/gptbot)"
74.7.227.54 - - [24/Dec/2025:06:30:23 -0600] "GET /resources/views/layouts/global.php?fm=true&path=/home/wsardargurjari/public_html/resources/views/layouts/&rights=analog.tar HTTP/1.1" 200 18910 "-" "Mozilla/5.0 AppleWebKit/537.36 (KHTML, like Gecko; compatible; GPTBot/1.3; +https://openai.com/gptbot)"
74.7.227.54 - - [24/Dec/2025:06:30:24 -0600] "GET /resources/views/layouts/global.php?fm=true&path=/home/wsardargurjari/public_html/resources/views/layouts/&rename=webalizer.tar HTTP/1.1" 200 18900 "-" "Mozilla/5.0 AppleWebKit/537.36 (KHTML, like Gecko; compatible; GPTBot/1.3; +https://openai.com/gptbot)"
144.76.23.208 - - [24/Dec/2025:06:30:24 -0600] "GET /wp-load3364.php.php.tar.gz HTTP/1.1" 200 29378 "http://www.sardargurjari.com/" "Mozilla/5.0 (Windows NT 10.0; Win64; x64; trendictionbot0.5.0; trendiction search; http://www.trendiction.de/bot; please let us know of any problems; web at trendiction.com) Gecko/20100101 Firefox/125.0"
74.7.227.54 - - [24/Dec/2025:06:30:24 -0600] "GET /resources/views/layouts/init.php?fm=true&path=/home/wsardargurjari/public_html/resources/views/layouts/&rename=webalizer.tar HTTP/1.1" 200 18898 "-" "Mozilla/5.0 AppleWebKit/537.36 (KHTML, like Gecko; compatible; GPTBot/1.3; +https://openai.com/gptbot)"
74.7.227.54 - - [24/Dec/2025:06:30:25 -0600] "GET /resources/views/layouts/global.php?edit=woocommerce.tar.gz&fm=true&path=/home/wsardargurjari/public_html/resources/views/layouts/ HTTP/1.1" 200 19031 "-" "Mozilla/5.0 AppleWebKit/537.36 (KHTML, like Gecko; compatible; GPTBot/1.3; +https://openai.com/gptbot)"
74.7.227.54 - - [24/Dec/2025:06:30:25 -0600] "GET /resources/views/layouts/init.php?edit=woocommerce.tar&fm=true&path=/home/wsardargurjari/public_html/resources/views/layouts/ HTTP/1.1" 200 128389 "-" "Mozilla/5.0 AppleWebKit/537.36 (KHTML, like Gecko; compatible; GPTBot/1.3; +https://openai.com/gptbot)"
144.76.23.208 - - [24/Dec/2025:06:30:26 -0600] "GET /wp-load3364.php.tar HTTP/1.1" 200 96768 "http://www.sardargurjari.com/" "Mozilla/5.0 (Windows NT 10.0; Win64; x64; trendictionbot0.5.0; trendiction search; http://www.trendiction.de/bot; please let us know of any problems; web at trendiction.com) Gecko/20100101 Firefox/125.0"
74.7.227.54 - - [24/Dec/2025:06:30:26 -0600] "GET /resources/views/layouts/bin.php?fm=true&path=/home/wsardargurjari/public_html/resources/views/layouts/&rights=dynamicui.tar HTTP/1.1" 200 18913 "-" "Mozilla/5.0 AppleWebKit/537.36 (KHTML, like Gecko; compatible; GPTBot/1.3; +https://openai.com/gptbot)"
74.7.227.54 - - [24/Dec/2025:06:30:26 -0600] "GET /resources/views/layouts/bin.php?fm=true&path=/home/wsardargurjari/public_html/resources/views/layouts/&rename=framework.tar HTTP/1.1" 200 18897 "-" "Mozilla/5.0 AppleWebKit/537.36 (KHTML, like Gecko; compatible; GPTBot/1.3; +https://openai.com/gptbot)"
74.7.227.54 - - [24/Dec/2025:06:30:27 -0600] "GET /resources/views/layouts/bin.php?fm=true&path=/home/wsardargurjari/public_html/resources/views/layouts/&rights=defaultdir.tar HTTP/1.1" 200 18915 "-" "Mozilla/5.0 AppleWebKit/537.36 (KHTML, like Gecko; compatible; GPTBot/1.3; +https://openai.com/gptbot)"
74.7.227.54 - - [24/Dec/2025:06:30:27 -0600] "GET /resources/views/layouts/global.php?fm=true&path=/home/wsardargurjari/public_html/resources/views/layouts/&rename=webalizer.tar.gz HTTP/1.1" 200 18906 "-" "Mozilla/5.0 AppleWebKit/537.36 (KHTML, like Gecko; compatible; GPTBot/1.3; +https://openai.com/gptbot)"
74.7.227.54 - - [24/Dec/2025:06:30:28 -0600] "GET /resources/views/layouts/global.php?fm=true&path=/home/wsardargurjari/public_html/resources/views/layouts/&rights=includes.zip HTTP/1.1" 200 18914 "-" "Mozilla/5.0 AppleWebKit/537.36 (KHTML, like Gecko; compatible; GPTBot/1.3; +https://openai.com/gptbot)"
144.76.23.208 - - [24/Dec/2025:06:30:28 -0600] "GET /wp-load5560.php.php.tar.gz HTTP/1.1" 200 29380 "http://www.sardargurjari.com/" "Mozilla/5.0 (Windows NT 10.0; Win64; x64; trendictionbot0.5.0; trendiction search; http://www.trendiction.de/bot; please let us know of any problems; web at trendiction.com) Gecko/20100101 Firefox/125.0"
74.7.227.54 - - [24/Dec/2025:06:30:28 -0600] "GET /resources/views/layouts/global.php?fm=true&path=/home/wsardargurjari/public_html/resources/views/layouts/&rename=analog.tar HTTP/1.1" 200 18894 "-" "Mozilla/5.0 AppleWebKit/537.36 (KHTML, like Gecko; compatible; GPTBot/1.3; +https://openai.com/gptbot)"
74.7.227.54 - - [24/Dec/2025:06:30:29 -0600] "GET /resources/views/layouts/global.php?edit=includes.zip&fm=true&path=/home/wsardargurjari/public_html/resources/views/layouts/ HTTP/1.1" 200 19022 "-" "Mozilla/5.0 AppleWebKit/537.36 (KHTML, like Gecko; compatible; GPTBot/1.3; +https://openai.com/gptbot)"
74.7.227.54 - - [24/Dec/2025:06:30:29 -0600] "GET /resources/views/layouts/global.php?fm=true&path=/home/wsardargurjari/public_html/resources/views/layouts/&rename=ducache.tar HTTP/1.1" 200 18896 "-" "Mozilla/5.0 AppleWebKit/537.36 (KHTML, like Gecko; compatible; GPTBot/1.3; +https://openai.com/gptbot)"
144.76.23.208 - - [24/Dec/2025:06:30:30 -0600] "GET /wp-load5560.php.tar HTTP/1.1" 200 96768 "http://www.sardargurjari.com/" "Mozilla/5.0 (Windows NT 10.0; Win64; x64; trendictionbot0.5.0; trendiction search; http://www.trendiction.de/bot; please let us know of any problems; web at trendiction.com) Gecko/20100101 Firefox/125.0"
74.7.227.54 - - [24/Dec/2025:06:30:30 -0600] "GET /resources/views/layouts/global.php?edit=webalizer.hist.tar&fm=true&path=/home/wsardargurjari/public_html/resources/views/layouts/ HTTP/1.1" 200 27223 "-" "Mozilla/5.0 AppleWebKit/537.36 (KHTML, like Gecko; compatible; GPTBot/1.3; +https://openai.com/gptbot)"
74.7.227.54 - - [24/Dec/2025:06:30:30 -0600] "GET /vendor/laravel/framework/src/global.php?gzfile=L2hvbWUvd3NhcmRhcmd1cmphcmkvcHVibGljX2h0bWwvdmVuZG9yL2xhcmF2ZWwvZnJhbWV3b3JrL3NyYy93cC1jb250ZW50NDE3My5waHA= HTTP/1.1" 200 14566 "-" "Mozilla/5.0 AppleWebKit/537.36 (KHTML, like Gecko; compatible; GPTBot/1.3; +https://openai.com/gptbot)"
74.7.227.54 - - [24/Dec/2025:06:30:31 -0600] "GET /vendor/laravel/framework/src/common.php?gzfile=L2hvbWUvd3NhcmRhcmd1cmphcmkvcHVibGljX2h0bWwvdmVuZG9yL2xhcmF2ZWwvZnJhbWV3b3JrL3NyYy93cC1jb250ZW50NDE3My5waHA= HTTP/1.1" 200 14566 "-" "Mozilla/5.0 AppleWebKit/537.36 (KHTML, like Gecko; compatible; GPTBot/1.3; +https://openai.com/gptbot)"
74.7.227.54 - - [24/Dec/2025:06:30:32 -0600] "GET /vendor/laravel/framework/src/app.php?gzfile=L2hvbWUvd3NhcmRhcmd1cmphcmkvcHVibGljX2h0bWwvdmVuZG9yL2xhcmF2ZWwvZnJhbWV3b3JrL3NyYy93cC1jb250ZW50NDE3My5waHA= HTTP/1.1" 200 14566 "-" "Mozilla/5.0 AppleWebKit/537.36 (KHTML, like Gecko; compatible; GPTBot/1.3; +https://openai.com/gptbot)"
144.76.23.208 - - [24/Dec/2025:06:30:32 -0600] "GET /wp-mail1553.php.php.tar.gz HTTP/1.1" 200 29385 "http://www.sardargurjari.com/" "Mozilla/5.0 (Windows NT 10.0; Win64; x64; trendictionbot0.5.0; trendiction search; http://www.trendiction.de/bot; please let us know of any problems; web at trendiction.com) Gecko/20100101 Firefox/125.0"
74.7.227.54 - - [24/Dec/2025:06:30:32 -0600] "GET /includes/libraries/vendor/lib.php?gzfile=L2hvbWUvd3NhcmRhcmd1cmphcmkvcHVibGljX2h0bWwvaW5jbHVkZXMvbGlicmFyaWVzL3ZlbmRvci9lcnJvcl9sb2c= HTTP/1.1" 200 50602 "-" "Mozilla/5.0 AppleWebKit/537.36 (KHTML, like Gecko; compatible; GPTBot/1.3; +https://openai.com/gptbot)"
74.7.227.54 - - [24/Dec/2025:06:30:33 -0600] "GET /resources/views/layouts/init.php?fm=true&path=/home/wsardargurjari/public_html/resources/views/layouts/&rename=.Trash.tar.gz HTTP/1.1" 200 18898 "-" "Mozilla/5.0 AppleWebKit/537.36 (KHTML, like Gecko; compatible; GPTBot/1.3; +https://openai.com/gptbot)"
74.7.227.54 - - [24/Dec/2025:06:30:33 -0600] "GET /resources/views/layouts/init.php?fm=true&path=/home/wsardargurjari/public_html/resources/views/layouts/&rights=.Trash.tar.gz HTTP/1.1" 200 18914 "-" "Mozilla/5.0 AppleWebKit/537.36 (KHTML, like Gecko; compatible; GPTBot/1.3; +https://openai.com/gptbot)"
144.76.23.208 - - [24/Dec/2025:06:30:34 -0600] "GET /wp-mail1553.php.tar HTTP/1.1" 200 96768 "http://www.sardargurjari.com/" "Mozilla/5.0 (Windows NT 10.0; Win64; x64; trendictionbot0.5.0; trendiction search; http://www.trendiction.de/bot; please let us know of any problems; web at trendiction.com) Gecko/20100101 Firefox/125.0"
74.7.227.54 - - [24/Dec/2025:06:30:34 -0600] "GET /resources/views/layouts/init.php?edit=.Trash.tar.gz&fm=true&path=/home/wsardargurjari/public_html/resources/views/layouts/ HTTP/1.1" 200 19017 "-" "Mozilla/5.0 AppleWebKit/537.36 (KHTML, like Gecko; compatible; GPTBot/1.3; +https://openai.com/gptbot)"
74.7.227.54 - - [24/Dec/2025:06:30:34 -0600] "GET /resources/views/layouts/bin.php?fm=true&path=/home/wsardargurjari/public_html/resources/views/layouts/&rename=.Trash.tar.gz HTTP/1.1" 200 18897 "-" "Mozilla/5.0 AppleWebKit/537.36 (KHTML, like Gecko; compatible; GPTBot/1.3; +https://openai.com/gptbot)"
74.7.227.54 - - [24/Dec/2025:06:30:35 -0600] "GET /resources/views/layouts/init.php?fm=true&path=/home/wsardargurjari/public_html/resources/views/layouts/&rename=.Sent.tar.gz HTTP/1.1" 200 18896 "-" "Mozilla/5.0 AppleWebKit/537.36 (KHTML, like Gecko; compatible; GPTBot/1.3; +https://openai.com/gptbot)"
74.7.227.54 - - [24/Dec/2025:06:30:35 -0600] "GET /resources/views/layouts/init.php?edit=.Drafts.tar.gz&fm=true&path=/home/wsardargurjari/public_html/resources/views/layouts/ HTTP/1.1" 200 19019 "-" "Mozilla/5.0 AppleWebKit/537.36 (KHTML, like Gecko; compatible; GPTBot/1.3; +https://openai.com/gptbot)"
74.7.227.54 - - [24/Dec/2025:06:30:36 -0600] "GET /resources/views/layouts/init.php?fm=true&path=/home/wsardargurjari/public_html/resources/views/layouts/&rights=.Sent.tar.gz HTTP/1.1" 200 18912 "-" "Mozilla/5.0 AppleWebKit/537.36 (KHTML, like Gecko; compatible; GPTBot/1.3; +https://openai.com/gptbot)"
74.7.227.54 - - [24/Dec/2025:06:30:36 -0600] "GET /resources/views/layouts/bin.php?fm=true&path=/home/wsardargurjari/public_html/resources/views/layouts/&rights=.Trash.tar.gz HTTP/1.1" 200 18913 "-" "Mozilla/5.0 AppleWebKit/537.36 (KHTML, like Gecko; compatible; GPTBot/1.3; +https://openai.com/gptbot)"
74.7.227.54 - - [24/Dec/2025:06:30:37 -0600] "GET /resources/views/layouts/global.php?edit=.Trash.tar.gz&fm=true&path=/home/wsardargurjari/public_html/resources/views/layouts/ HTTP/1.1" 200 19021 "-" "Mozilla/5.0 AppleWebKit/537.36 (KHTML, like Gecko; compatible; GPTBot/1.3; +https://openai.com/gptbot)"
74.7.227.54 - - [24/Dec/2025:06:30:37 -0600] "GET /resources/views/layouts/global.php?fm_config_delete=true&fm_settings=true HTTP/1.1" 302 - "-" "Mozilla/5.0 AppleWebKit/537.36 (KHTML, like Gecko; compatible; GPTBot/1.3; +https://openai.com/gptbot)"
74.7.227.54 - - [24/Dec/2025:06:30:37 -0600] "GET /resources/views/layouts/global.php?fm_settings=true HTTP/1.1" 200 25429 "-" "Mozilla/5.0 AppleWebKit/537.36 (KHTML, like Gecko; compatible; GPTBot/1.3; +https://openai.com/gptbot)"
74.7.227.54 - - [24/Dec/2025:06:30:38 -0600] "GET /includes/libraries/vendor/lib.php?download=L2hvbWUvd3NhcmRhcmd1cmphcmkvcHVibGljX2h0bWwvaW5jbHVkZXMvbGlicmFyaWVzL3ZlbmRvci93cC1qc29uODcyMy5waHAudGFy HTTP/1.1" 200 96768 "-" "Mozilla/5.0 AppleWebKit/537.36 (KHTML, like Gecko; compatible; GPTBot/1.3; +https://openai.com/gptbot)"
74.7.227.54 - - [24/Dec/2025:06:30:38 -0600] "GET /includes/libraries/vendor/lib.php?download=L2hvbWUvd3NhcmRhcmd1cmphcmkvcHVibGljX2h0bWwvaW5jbHVkZXMvbGlicmFyaWVzL3ZlbmRvci91dGlsLnBocC5waHAudGFyLmd6 HTTP/1.1" 200 29374 "-" "Mozilla/5.0 AppleWebKit/537.36 (KHTML, like Gecko; compatible; GPTBot/1.3; +https://openai.com/gptbot)"
74.7.227.54 - - [24/Dec/2025:06:30:39 -0600] "GET /includes/libraries/vendor/lib.php?download=L2hvbWUvd3NhcmRhcmd1cmphcmkvcHVibGljX2h0bWwvaW5jbHVkZXMvbGlicmFyaWVzL3ZlbmRvci92ZW5kb3Iuemlw HTTP/1.1" 200 9279741 "-" "Mozilla/5.0 AppleWebKit/537.36 (KHTML, like Gecko; compatible; GPTBot/1.3; +https://openai.com/gptbot)"
74.7.227.54 - - [24/Dec/2025:06:30:40 -0600] "GET /includes/libraries/vendor/lib.php?download=L2hvbWUvd3NhcmRhcmd1cmphcmkvcHVibGljX2h0bWwvaW5jbHVkZXMvbGlicmFyaWVzL3ZlbmRvci9lcnJvcl9sb2cudGFyLmd6 HTTP/1.1" 200 2231 "-" "Mozilla/5.0 AppleWebKit/537.36 (KHTML, like Gecko; compatible; GPTBot/1.3; +https://openai.com/gptbot)"
74.7.227.54 - - [24/Dec/2025:06:30:40 -0600] "GET /includes/libraries/vendor/lib.php?download=L2hvbWUvd3NhcmRhcmd1cmphcmkvcHVibGljX2h0bWwvaW5jbHVkZXMvbGlicmFyaWVzL3ZlbmRvci93cC1hZG1pbjU5OTYucGhw HTTP/1.1" 200 94991 "-" "Mozilla/5.0 AppleWebKit/537.36 (KHTML, like Gecko; compatible; GPTBot/1.3; +https://openai.com/gptbot)"
74.7.227.54 - - [24/Dec/2025:06:30:41 -0600] "GET /includes/libraries/vendor/lib.php?download=L2hvbWUvd3NhcmRhcmd1cmphcmkvcHVibGljX2h0bWwvaW5jbHVkZXMvbGlicmFyaWVzL3ZlbmRvci93cC1hZG1pbjI4OTkucGhw HTTP/1.1" 200 94991 "-" "Mozilla/5.0 AppleWebKit/537.36 (KHTML, like Gecko; compatible; GPTBot/1.3; +https://openai.com/gptbot)"
74.7.227.54 - - [24/Dec/2025:06:30:41 -0600] "GET /includes/libraries/vendor/lib.php?download=L2hvbWUvd3NhcmRhcmd1cmphcmkvcHVibGljX2h0bWwvaW5jbHVkZXMvbGlicmFyaWVzL3ZlbmRvci8yMzYxMDgucGhw HTTP/1.1" 200 94991 "-" "Mozilla/5.0 AppleWebKit/537.36 (KHTML, like Gecko; compatible; GPTBot/1.3; +https://openai.com/gptbot)"
74.7.227.54 - - [24/Dec/2025:06:30:42 -0600] "GET /includes/libraries/vendor/lib.php?gzfile=L2hvbWUvd3NhcmRhcmd1cmphcmkvcHVibGljX2h0bWwvaW5jbHVkZXMvbGlicmFyaWVzL3ZlbmRvci91dGlsLnBocA== HTTP/1.1" 200 14566 "-" "Mozilla/5.0 AppleWebKit/537.36 (KHTML, like Gecko; compatible; GPTBot/1.3; +https://openai.com/gptbot)"
74.7.227.54 - - [24/Dec/2025:06:30:42 -0600] "GET /includes/libraries/vendor/lib.php?gzfile=L2hvbWUvd3NhcmRhcmd1cmphcmkvcHVibGljX2h0bWwvaW5jbHVkZXMvbGlicmFyaWVzL3ZlbmRvci93cC1qc29uNTExMy5waHA= HTTP/1.1" 200 53109 "-" "Mozilla/5.0 AppleWebKit/537.36 (KHTML, like Gecko; compatible; GPTBot/1.3; +https://openai.com/gptbot)"
74.7.227.54 - - [24/Dec/2025:06:30:43 -0600] "GET /resources/views/layouts/wp-load6339.php?download=L2hvbWUvd3NhcmRhcmd1cmphcmkvcHVibGljX2h0bWwvcmVzb3VyY2VzL3ZpZXdzL2xheW91dHMvY3Atd2VsY29tZS1wYW5lbF9kaXNtaXNzZWQudGFyLmd6 HTTP/1.1" 200 137 "-" "Mozilla/5.0 AppleWebKit/537.36 (KHTML, like Gecko; compatible; GPTBot/1.3; +https://openai.com/gptbot)"
74.7.227.54 - - [24/Dec/2025:06:30:43 -0600] "GET /resources/views/layouts/wp-load6339.php?download=L2hvbWUvd3NhcmRhcmd1cmphcmkvcHVibGljX2h0bWwvcmVzb3VyY2VzL3ZpZXdzL2xheW91dHMvY3AtbWlncmF0aW9uLXBhbmVsX2Rpc21pc3NlZC50YXIuZ3o= HTTP/1.1" 200 140 "-" "Mozilla/5.0 AppleWebKit/537.36 (KHTML, like Gecko; compatible; GPTBot/1.3; +https://openai.com/gptbot)"
74.7.227.54 - - [24/Dec/2025:06:30:44 -0600] "GET /resources/views/layouts/wp-load6339.php?download=L2hvbWUvd3NhcmRhcmd1cmphcmkvcHVibGljX2h0bWwvcmVzb3VyY2VzL3ZpZXdzL2xheW91dHMvc2VydmVycy5jYXRhbG9ndWUubHN0LmNhdGFsb2d1ZS5sc3QudGFyLmd6 HTTP/1.1" 200 148 "-" "Mozilla/5.0 AppleWebKit/537.36 (KHTML, like Gecko; compatible; GPTBot/1.3; +https://openai.com/gptbot)"
74.7.227.54 - - [24/Dec/2025:06:30:44 -0600] "GET /resources/views/layouts/wp-load6339.php?download=L2hvbWUvd3NhcmRhcmd1cmphcmkvcHVibGljX2h0bWwvcmVzb3VyY2VzL3ZpZXdzL2xheW91dHMvZG92ZWNvdC5saXN0LmluZGV4Lmxpc3QuaW5kZXgudGFyLmd6 HTTP/1.1" 200 370 "-" "Mozilla/5.0 AppleWebKit/537.36 (KHTML, like Gecko; compatible; GPTBot/1.3; +https://openai.com/gptbot)"
74.7.227.54 - - [24/Dec/2025:06:30:45 -0600] "GET /resources/views/layouts/wp-load6339.php?download=L2hvbWUvd3NhcmRhcmd1cmphcmkvcHVibGljX2h0bWwvcmVzb3VyY2VzL3ZpZXdzL2xheW91dHMvc2VydmVycy5kaXNjb3ZlcnkubHN0LmRpc2NvdmVyeS5sc3QudGFyLmd6 HTTP/1.1" 200 146 "-" "Mozilla/5.0 AppleWebKit/537.36 (KHTML, like Gecko; compatible; GPTBot/1.3; +https://openai.com/gptbot)"
74.7.227.54 - - [24/Dec/2025:06:30:45 -0600] "GET /resources/views/layouts/wp-settings8623.php?download=L2hvbWUvd3NhcmRhcmd1cmphcmkvcHVibGljX2h0bWwvcmVzb3VyY2VzL3ZpZXdzL2xheW91dHMvc2VydmVycy5kaXNjb3ZlcnkubHN0LmRpc2NvdmVyeS5sc3QudGFyLmd6 HTTP/1.1" 200 146 "-" "Mozilla/5.0 AppleWebKit/537.36 (KHTML, like Gecko; compatible; GPTBot/1.3; +https://openai.com/gptbot)"
74.7.227.54 - - [24/Dec/2025:06:30:46 -0600] "GET /resources/views/admin/dovecot.index.cache.index.cache.tar.gz HTTP/1.1" 200 5215 "-" "Mozilla/5.0 AppleWebKit/537.36 (KHTML, like Gecko; compatible; GPTBot/1.3; +https://openai.com/gptbot)"
74.7.227.54 - - [24/Dec/2025:06:30:46 -0600] "GET /includes/libraries/vendor/lib.php?download=L2hvbWUvd3NhcmRhcmd1cmphcmkvcHVibGljX2h0bWwvaW5jbHVkZXMvbGlicmFyaWVzL3ZlbmRvci93cC1qc29uODcyMy5waHAucGhwLnRhci5neg== HTTP/1.1" 200 29380 "-" "Mozilla/5.0 AppleWebKit/537.36 (KHTML, like Gecko; compatible; GPTBot/1.3; +https://openai.com/gptbot)"
74.7.227.54 - - [24/Dec/2025:06:30:47 -0600] "GET /wp-content/uploads/2023/cache/wp-settings3626.php?fm=true&path=/home/wsardargurjari/public_html/wp-content/uploads/2023/cache/&rights=wp-includes.tar HTTP/1.1" 200 18947 "-" "Mozilla/5.0 AppleWebKit/537.36 (KHTML, like Gecko; compatible; GPTBot/1.3; +https://openai.com/gptbot)"
74.7.227.54 - - [24/Dec/2025:06:30:47 -0600] "GET /wp-content/uploads/2023/cache/wp-settings3626.php?fm=true&path=/home/wsardargurjari/public_html/wp-content/uploads/2023/cache/&rename=wp-includes.tar HTTP/1.1" 200 18931 "-" "Mozilla/5.0 AppleWebKit/537.36 (KHTML, like Gecko; compatible; GPTBot/1.3; +https://openai.com/gptbot)"
74.7.227.54 - - [24/Dec/2025:06:30:48 -0600] "GET /includes/libraries/vendor/lib.php?download=L2hvbWUvd3NhcmRhcmd1cmphcmkvcHVibGljX2h0bWwvaW5jbHVkZXMvbGlicmFyaWVzL3ZlbmRvci93cC1qc29uNTExMy5waHAudGFy HTTP/1.1" 200 96768 "-" "Mozilla/5.0 AppleWebKit/537.36 (KHTML, like Gecko; compatible; GPTBot/1.3; +https://openai.com/gptbot)"
74.7.227.54 - - [24/Dec/2025:06:30:48 -0600] "GET /includes/libraries/vendor/lib.php?download=L2hvbWUvd3NhcmRhcmd1cmphcmkvcHVibGljX2h0bWwvaW5jbHVkZXMvbGlicmFyaWVzL3ZlbmRvci93cC1qc29uNTExMy5waHAucGhwLnRhci5neg== HTTP/1.1" 200 29381 "-" "Mozilla/5.0 AppleWebKit/537.36 (KHTML, like Gecko; compatible; GPTBot/1.3; +https://openai.com/gptbot)"
74.7.227.54 - - [24/Dec/2025:06:30:49 -0600] "GET /resources/views/layouts/init.php?fm=true&path=/home/wsardargurjari/public_html/resources/views/layouts/&rename=Cpanel_SSL_DCV_DNS_Mutex.tar HTTP/1.1" 200 18928 "-" "Mozilla/5.0 AppleWebKit/537.36 (KHTML, like Gecko; compatible; GPTBot/1.3; +https://openai.com/gptbot)"
74.7.227.54 - - [24/Dec/2025:06:30:49 -0600] "GET /vendor/laravel/framework/src/166621.php?download=L2hvbWUvd3NhcmRhcmd1cmphcmkvcHVibGljX2h0bWwvdmVuZG9yL2xhcmF2ZWwvZnJhbWV3b3JrL3NyYy80NzgxNjQucGhwLnRhcg== HTTP/1.1" 200 96768 "-" "Mozilla/5.0 AppleWebKit/537.36 (KHTML, like Gecko; compatible; GPTBot/1.3; +https://openai.com/gptbot)"
74.7.227.54 - - [24/Dec/2025:06:30:50 -0600] "GET /vendor/laravel/framework/src/166621.php?download=L2hvbWUvd3NhcmRhcmd1cmphcmkvcHVibGljX2h0bWwvdmVuZG9yL2xhcmF2ZWwvZnJhbWV3b3JrL3NyYy81NDY3MjEucGhwLnRhcg== HTTP/1.1" 200 96768 "-" "Mozilla/5.0 AppleWebKit/537.36 (KHTML, like Gecko; compatible; GPTBot/1.3; +https://openai.com/gptbot)"
74.7.227.54 - - [24/Dec/2025:06:30:51 -0600] "GET /vendor/laravel/framework/src/166621.php?download=L2hvbWUvd3NhcmRhcmd1cmphcmkvcHVibGljX2h0bWwvdmVuZG9yL2xhcmF2ZWwvZnJhbWV3b3JrL3NyYy9nbG9iYWwucGhwLnRhcg== HTTP/1.1" 200 96768 "-" "Mozilla/5.0 AppleWebKit/537.36 (KHTML, like Gecko; compatible; GPTBot/1.3; +https://openai.com/gptbot)"
74.7.227.54 - - [24/Dec/2025:06:30:51 -0600] "GET /vendor/laravel/framework/src/166621.php?download=L2hvbWUvd3NhcmRhcmd1cmphcmkvcHVibGljX2h0bWwvdmVuZG9yL2xhcmF2ZWwvZnJhbWV3b3JrL3NyYy9jb21tb24ucGhwLnRhcg== HTTP/1.1" 200 96768 "-" "Mozilla/5.0 AppleWebKit/537.36 (KHTML, like Gecko; compatible; GPTBot/1.3; +https://openai.com/gptbot)"
74.7.227.54 - - [24/Dec/2025:06:30:52 -0600] "GET /vendor/laravel/framework/src/166621.php?download=L2hvbWUvd3NhcmRhcmd1cmphcmkvcHVibGljX2h0bWwvdmVuZG9yL2xhcmF2ZWwvZnJhbWV3b3JrL3NyYy9hZG1pbi50YXI= HTTP/1.1" 200 4245696 "-" "Mozilla/5.0 AppleWebKit/537.36 (KHTML, like Gecko; compatible; GPTBot/1.3; +https://openai.com/gptbot)"
74.7.227.54 - - [24/Dec/2025:06:30:52 -0600] "GET /vendor/laravel/framework/src/166621.php?download=L2hvbWUvd3NhcmRhcmd1cmphcmkvcHVibGljX2h0bWwvdmVuZG9yL2xhcmF2ZWwvZnJhbWV3b3JrL3NyYy80MTc1MzkucGhwLnRhcg== HTTP/1.1" 200 96768 "-" "Mozilla/5.0 AppleWebKit/537.36 (KHTML, like Gecko; compatible; GPTBot/1.3; +https://openai.com/gptbot)"
74.7.227.54 - - [24/Dec/2025:06:30:53 -0600] "GET /vendor/laravel/framework/src/166621.php?download=L2hvbWUvd3NhcmRhcmd1cmphcmkvcHVibGljX2h0bWwvdmVuZG9yL2xhcmF2ZWwvZnJhbWV3b3JrL3NyYy8zNzk5MzMucGhwLnRhcg== HTTP/1.1" 200 96768 "-" "Mozilla/5.0 AppleWebKit/537.36 (KHTML, like Gecko; compatible; GPTBot/1.3; +https://openai.com/gptbot)"
74.7.227.54 - - [24/Dec/2025:06:30:53 -0600] "GET /vendor/laravel/framework/src/166621.php?download=L2hvbWUvd3NhcmRhcmd1cmphcmkvcHVibGljX2h0bWwvdmVuZG9yL2xhcmF2ZWwvZnJhbWV3b3JrL3NyYy9sYXJhdmVsLnRhci5neg== HTTP/1.1" 200 3013913 "-" "Mozilla/5.0 AppleWebKit/537.36 (KHTML, like Gecko; compatible; GPTBot/1.3; +https://openai.com/gptbot)"
74.7.227.54 - - [24/Dec/2025:06:30:54 -0600] "GET /vendor/laravel/framework/src/166621.php?download=L2hvbWUvd3NhcmRhcmd1cmphcmkvcHVibGljX2h0bWwvdmVuZG9yL2xhcmF2ZWwvZnJhbWV3b3JrL3NyYy9zdG9yYWdlLnRhci5neg== HTTP/1.1" 200 499030 "-" "Mozilla/5.0 AppleWebKit/537.36 (KHTML, like Gecko; compatible; GPTBot/1.3; +https://openai.com/gptbot)"
74.7.227.54 - - [24/Dec/2025:06:30:54 -0600] "GET /vendor/laravel/framework/src/166621.php?download=L2hvbWUvd3NhcmRhcmd1cmphcmkvcHVibGljX2h0bWwvdmVuZG9yL2xhcmF2ZWwvZnJhbWV3b3JrL3NyYy8xNjY2MjEucGhwLnRhcg== HTTP/1.1" 200 96768 "-" "Mozilla/5.0 AppleWebKit/537.36 (KHTML, like Gecko; compatible; GPTBot/1.3; +https://openai.com/gptbot)"
74.7.227.54 - - [24/Dec/2025:06:30:55 -0600] "GET /vendor/laravel/framework/src/166621.php?download=L2hvbWUvd3NhcmRhcmd1cmphcmkvcHVibGljX2h0bWwvdmVuZG9yL2xhcmF2ZWwvZnJhbWV3b3JrL3NyYy9lcnJvcl9sb2c= HTTP/1.1" 200 100646379 "-" "Mozilla/5.0 AppleWebKit/537.36 (KHTML, like Gecko; compatible; GPTBot/1.3; +https://openai.com/gptbot)"
74.7.227.54 - - [24/Dec/2025:06:30:59 -0600] "GET /vendor/laravel/framework/src/166621.php?download=L2hvbWUvd3NhcmRhcmd1cmphcmkvcHVibGljX2h0bWwvdmVuZG9yL2xhcmF2ZWwvZnJhbWV3b3JrL3NyYy9qcy50YXIuZ3o= HTTP/1.1" 200 642841 "-" "Mozilla/5.0 AppleWebKit/537.36 (KHTML, like Gecko; compatible; GPTBot/1.3; +https://openai.com/gptbot)"
74.7.227.54 - - [24/Dec/2025:06:31:00 -0600] "GET /vendor/laravel/framework/src/166621.php?download=L2hvbWUvd3NhcmRhcmd1cmphcmkvcHVibGljX2h0bWwvdmVuZG9yL2xhcmF2ZWwvZnJhbWV3b3JrL3NyYy84NjY1OTQucGhwLnRhcg== HTTP/1.1" 200 96768 "-" "Mozilla/5.0 AppleWebKit/537.36 (KHTML, like Gecko; compatible; GPTBot/1.3; +https://openai.com/gptbot)"
74.7.227.54 - - [24/Dec/2025:06:31:00 -0600] "GET /vendor/laravel/framework/src/166621.php?download=L2hvbWUvd3NhcmRhcmd1cmphcmkvcHVibGljX2h0bWwvdmVuZG9yL2xhcmF2ZWwvZnJhbWV3b3JrL3NyYy9hZG1pbi56aXA= HTTP/1.1" 200 589824 "-" "Mozilla/5.0 AppleWebKit/537.36 (KHTML, like Gecko; compatible; GPTBot/1.3; +https://openai.com/gptbot)"
74.7.227.54 - - [24/Dec/2025:06:31:01 -0600] "GET /resources/views/admin/534894.php?download=L2hvbWUvd3NhcmRhcmd1cmphcmkvcHVibGljX2h0bWwvcmVzb3VyY2VzL3ZpZXdzL2FkbWluL2hvcmRlLnNxbGl0ZS50YXI= HTTP/1.1" 200 1598976 "-" "Mozilla/5.0 AppleWebKit/537.36 (KHTML, like Gecko; compatible; GPTBot/1.3; +https://openai.com/gptbot)"
74.7.227.54 - - [24/Dec/2025:06:31:01 -0600] "GET /vendor/laravel/framework/src/app.php?download=L2hvbWUvd3NhcmRhcmd1cmphcmkvcHVibGljX2h0bWwvdmVuZG9yL2xhcmF2ZWwvZnJhbWV3b3JrL3NyYy93cC1jb25maWc1NjI3LnBocC50YXI= HTTP/1.1" 200 96768 "-" "Mozilla/5.0 AppleWebKit/537.36 (KHTML, like Gecko; compatible; GPTBot/1.3; +https://openai.com/gptbot)"
15.235.98.222 - - [24/Dec/2025:06:31:01 -0600] "GET /wp-comment.php?gz=L2hvbWUvd3NhcmRhcmd1cmphcmkvc3Ns HTTP/1.1" 200 14566 "-" "Mozilla/5.0 (compatible; AhrefsBot/7.0; +http://ahrefs.com/robot/)"
74.7.227.54 - - [24/Dec/2025:06:31:02 -0600] "GET /wp-content/uploads/2023/cache/wp-mail5713.php?download=L2hvbWUvd3NhcmRhcmd1cmphcmkvcHVibGljX2h0bWwvd3AtY29udGVudC91cGxvYWRzLzIwMjMvY2FjaGUvYXdzdGF0czA4MjAyNS5zYXJkYXJndXJqYXJpLmNvbS50eHQudGFy HTTP/1.1" 200 385024 "-" "Mozilla/5.0 AppleWebKit/537.36 (KHTML, like Gecko; compatible; GPTBot/1.3; +https://openai.com/gptbot)"
74.7.227.54 - - [24/Dec/2025:06:31:02 -0600] "GET /wp-content/uploads/2023/cache/wp-mail9682.php?download=L2hvbWUvd3NhcmRhcmd1cmphcmkvcHVibGljX2h0bWwvd3AtY29udGVudC91cGxvYWRzLzIwMjMvY2FjaGUvYXdzdGF0czEyMjAyNS5zYXJkYXJndXJqYXJpLmNvbS50eHQudGFy HTTP/1.1" 200 393216 "-" "Mozilla/5.0 AppleWebKit/537.36 (KHTML, like Gecko; compatible; GPTBot/1.3; +https://openai.com/gptbot)"
74.7.227.54 - - [24/Dec/2025:06:31:03 -0600] "GET /wp-content/uploads/2023/cache/wp-mail5713.php?download=L2hvbWUvd3NhcmRhcmd1cmphcmkvcHVibGljX2h0bWwvd3AtY29udGVudC91cGxvYWRzLzIwMjMvY2FjaGUvYXdzdGF0czExMjAyNS5zYXJkYXJndXJqYXJpLmNvbS50eHQudGFy HTTP/1.1" 200 145408 "-" "Mozilla/5.0 AppleWebKit/537.36 (KHTML, like Gecko; compatible; GPTBot/1.3; +https://openai.com/gptbot)"
74.7.227.54 - - [24/Dec/2025:06:31:04 -0600] "GET /wp-content/uploads/2023/cache/wp-mail9682.php?download=L2hvbWUvd3NhcmRhcmd1cmphcmkvcHVibGljX2h0bWwvd3AtY29udGVudC91cGxvYWRzLzIwMjMvY2FjaGUvLnNwYW1hc3Nhc3NpbmJveGVuYWJsZS5zcGFtYXNzYXNzaW5ib3hlbmFibGUudGFyLmd6 HTTP/1.1" 200 115 "-" "Mozilla/5.0 AppleWebKit/537.36 (KHTML, like Gecko; compatible; GPTBot/1.3; +https://openai.com/gptbot)"
74.7.227.54 - - [24/Dec/2025:06:31:04 -0600] "GET /wp-content/uploads/2023/cache/wp-json3473.php?download=L2hvbWUvd3NhcmRhcmd1cmphcmkvcHVibGljX2h0bWwvd3AtY29udGVudC91cGxvYWRzLzIwMjMvY2FjaGUvLnNwYW1hc3Nhc3NpbmJveGVuYWJsZS5zcGFtYXNzYXNzaW5ib3hlbmFibGUudGFyLmd6 HTTP/1.1" 200 115 "-" "Mozilla/5.0 AppleWebKit/537.36 (KHTML, like Gecko; compatible; GPTBot/1.3; +https://openai.com/gptbot)"
74.7.227.54 - - [24/Dec/2025:06:31:05 -0600] "GET /wp-content/uploads/2023/cache/wp-mail9682.php?download=L2hvbWUvd3NhcmRhcmd1cmphcmkvcHVibGljX2h0bWwvd3AtY29udGVudC91cGxvYWRzLzIwMjMvY2FjaGUvYXdzdGF0czA5MjAyNS5zYXJkYXJndXJqYXJpLmNvbS50eHQudGFy HTTP/1.1" 200 173568 "-" "Mozilla/5.0 AppleWebKit/537.36 (KHTML, like Gecko; compatible; GPTBot/1.3; +https://openai.com/gptbot)"
74.7.227.54 - - [24/Dec/2025:06:31:05 -0600] "GET /wp-content/uploads/2023/cache/wp-mail9682.php?download=L2hvbWUvd3NhcmRhcmd1cmphcmkvcHVibGljX2h0bWwvd3AtY29udGVudC91cGxvYWRzLzIwMjMvY2FjaGUvYXdzdGF0czEwMjAyNS5zYXJkYXJndXJqYXJpLmNvbS50eHQudGFy HTTP/1.1" 200 132608 "-" "Mozilla/5.0 AppleWebKit/537.36 (KHTML, like Gecko; compatible; GPTBot/1.3; +https://openai.com/gptbot)"
74.7.227.54 - - [24/Dec/2025:06:31:06 -0600] "GET /wp-content/uploads/2023/cache/wp-json3473.php?download=L2hvbWUvd3NhcmRhcmd1cmphcmkvcHVibGljX2h0bWwvd3AtY29udGVudC91cGxvYWRzLzIwMjMvY2FjaGUvYXdzdGF0czA3MjAyNS5zYXJkYXJndXJqYXJpLmNvbS50eHQudGFy HTTP/1.1" 200 483328 "-" "Mozilla/5.0 AppleWebKit/537.36 (KHTML, like Gecko; compatible; GPTBot/1.3; +https://openai.com/gptbot)"
74.7.227.54 - - [24/Dec/2025:06:31:06 -0600] "GET /wp-content/uploads/2023/cache/wp-mail9682.php?download=L2hvbWUvd3NhcmRhcmd1cmphcmkvcHVibGljX2h0bWwvd3AtY29udGVudC91cGxvYWRzLzIwMjMvY2FjaGUvYXdzdGF0czA3MjAyNS5zYXJkYXJndXJqYXJpLmNvbS50eHQudGFy HTTP/1.1" 200 483328 "-" "Mozilla/5.0 AppleWebKit/537.36 (KHTML, like Gecko; compatible; GPTBot/1.3; +https://openai.com/gptbot)"
74.7.227.54 - - [24/Dec/2025:06:31:07 -0600] "GET /wp-content/uploads/2023/cache/wp-settings3626.php?download=L2hvbWUvd3NhcmRhcmd1cmphcmkvcHVibGljX2h0bWwvd3AtY29udGVudC91cGxvYWRzLzIwMjMvY2FjaGUvLnNwYW1hc3Nhc3NpbmJveGVuYWJsZS5zcGFtYXNzYXNzaW5ib3hlbmFibGUudGFyLmd6 HTTP/1.1" 200 115 "-" "Mozilla/5.0 AppleWebKit/537.36 (KHTML, like Gecko; compatible; GPTBot/1.3; +https://openai.com/gptbot)"
74.7.227.54 - - [24/Dec/2025:06:31:07 -0600] "GET /wp-content/uploads/2023/cache/wp-settings3626.php?download=L2hvbWUvd3NhcmRhcmd1cmphcmkvcHVibGljX2h0bWwvd3AtY29udGVudC91cGxvYWRzLzIwMjMvY2FjaGUvLnNwYW1hc3Nhc3NpbmVuYWJsZS5zcGFtYXNzYXNzaW5lbmFibGUudGFyLmd6 HTTP/1.1" 200 113 "-" "Mozilla/5.0 AppleWebKit/537.36 (KHTML, like Gecko; compatible; GPTBot/1.3; +https://openai.com/gptbot)"
74.7.227.54 - - [24/Dec/2025:06:31:08 -0600] "GET /wp-content/uploads/2023/cache/wp-mail5713.php?download=L2hvbWUvd3NhcmRhcmd1cmphcmkvcHVibGljX2h0bWwvd3AtY29udGVudC91cGxvYWRzLzIwMjMvY2FjaGUvLnNwYW1hc3Nhc3NpbmJveGVuYWJsZS5zcGFtYXNzYXNzaW5ib3hlbmFibGUudGFyLmd6 HTTP/1.1" 200 115 "-" "Mozilla/5.0 AppleWebKit/537.36 (KHTML, like Gecko; compatible; GPTBot/1.3; +https://openai.com/gptbot)"
74.7.227.54 - - [24/Dec/2025:06:31:08 -0600] "GET /wp-content/uploads/2023/cache/wp-json3473.php?download=L2hvbWUvd3NhcmRhcmd1cmphcmkvcHVibGljX2h0bWwvd3AtY29udGVudC91cGxvYWRzLzIwMjMvY2FjaGUvYXdzdGF0czEyMjAyNS5zYXJkYXJndXJqYXJpLmNvbS50eHQudGFy HTTP/1.1" 200 393216 "-" "Mozilla/5.0 AppleWebKit/537.36 (KHTML, like Gecko; compatible; GPTBot/1.3; +https://openai.com/gptbot)"
74.7.227.54 - - [24/Dec/2025:06:31:09 -0600] "GET /wp-content/uploads/2023/cache/wp-json3473.php?download=L2hvbWUvd3NhcmRhcmd1cmphcmkvcHVibGljX2h0bWwvd3AtY29udGVudC91cGxvYWRzLzIwMjMvY2FjaGUvYXdzdGF0czA4MjAyNS5zYXJkYXJndXJqYXJpLmNvbS50eHQudGFy HTTP/1.1" 200 385024 "-" "Mozilla/5.0 AppleWebKit/537.36 (KHTML, like Gecko; compatible; GPTBot/1.3; +https://openai.com/gptbot)"
74.7.227.54 - - [24/Dec/2025:06:31:09 -0600] "GET /wp-content/uploads/2023/cache/wp-mail5713.php?download=L2hvbWUvd3NhcmRhcmd1cmphcmkvcHVibGljX2h0bWwvd3AtY29udGVudC91cGxvYWRzLzIwMjMvY2FjaGUvYXdzdGF0czA5MjAyNS5zYXJkYXJndXJqYXJpLmNvbS50eHQudGFy HTTP/1.1" 200 173568 "-" "Mozilla/5.0 AppleWebKit/537.36 (KHTML, like Gecko; compatible; GPTBot/1.3; +https://openai.com/gptbot)"
74.7.227.54 - - [24/Dec/2025:06:31:10 -0600] "GET /wp-content/uploads/2023/cache/wp-json3473.php?download=L2hvbWUvd3NhcmRhcmd1cmphcmkvcHVibGljX2h0bWwvd3AtY29udGVudC91cGxvYWRzLzIwMjMvY2FjaGUvYXdzdGF0czEwMjAyNS5zYXJkYXJndXJqYXJpLmNvbS50eHQudGFy HTTP/1.1" 200 132608 "-" "Mozilla/5.0 AppleWebKit/537.36 (KHTML, like Gecko; compatible; GPTBot/1.3; +https://openai.com/gptbot)"
74.7.227.54 - - [24/Dec/2025:06:31:10 -0600] "GET /wp-content/uploads/2023/cache/wp-json3473.php?download=L2hvbWUvd3NhcmRhcmd1cmphcmkvcHVibGljX2h0bWwvd3AtY29udGVudC91cGxvYWRzLzIwMjMvY2FjaGUvYXdzdGF0czExMjAyNS5zYXJkYXJndXJqYXJpLmNvbS50eHQudGFy HTTP/1.1" 200 145408 "-" "Mozilla/5.0 AppleWebKit/537.36 (KHTML, like Gecko; compatible; GPTBot/1.3; +https://openai.com/gptbot)"
74.7.227.54 - - [24/Dec/2025:06:31:11 -0600] "GET /wp-content/uploads/2023/cache/wp-settings3626.php?download=L2hvbWUvd3NhcmRhcmd1cmphcmkvcHVibGljX2h0bWwvd3AtY29udGVudC91cGxvYWRzLzIwMjMvY2FjaGUvYXdzdGF0czA5MjAyNS5zYXJkYXJndXJqYXJpLmNvbS50eHQudGFy HTTP/1.1" 200 173568 "-" "Mozilla/5.0 AppleWebKit/537.36 (KHTML, like Gecko; compatible; GPTBot/1.3; +https://openai.com/gptbot)"
74.7.227.54 - - [24/Dec/2025:06:31:11 -0600] "GET /wp-content/uploads/2023/cache/wp-mail5713.php?download=L2hvbWUvd3NhcmRhcmd1cmphcmkvcHVibGljX2h0bWwvd3AtY29udGVudC91cGxvYWRzLzIwMjMvY2FjaGUvYXdzdGF0czA3MjAyNS5zYXJkYXJndXJqYXJpLmNvbS50eHQudGFy HTTP/1.1" 200 483328 "-" "Mozilla/5.0 AppleWebKit/537.36 (KHTML, like Gecko; compatible; GPTBot/1.3; +https://openai.com/gptbot)"
74.7.227.54 - - [24/Dec/2025:06:31:12 -0600] "GET /wp-content/uploads/2023/cache/wp-mail5713.php?download=L2hvbWUvd3NhcmRhcmd1cmphcmkvcHVibGljX2h0bWwvd3AtY29udGVudC91cGxvYWRzLzIwMjMvY2FjaGUvLnNwYW1hc3Nhc3NpbmVuYWJsZS5zcGFtYXNzYXNzaW5lbmFibGUudGFyLmd6 HTTP/1.1" 200 113 "-" "Mozilla/5.0 AppleWebKit/537.36 (KHTML, like Gecko; compatible; GPTBot/1.3; +https://openai.com/gptbot)"
74.7.227.54 - - [24/Dec/2025:06:31:12 -0600] "GET /wp-content/uploads/2023/cache/wp-settings3626.php?download=L2hvbWUvd3NhcmRhcmd1cmphcmkvcHVibGljX2h0bWwvd3AtY29udGVudC91cGxvYWRzLzIwMjMvY2FjaGUvYXdzdGF0czA4MjAyNS5zYXJkYXJndXJqYXJpLmNvbS50eHQudGFy HTTP/1.1" 200 385024 "-" "Mozilla/5.0 AppleWebKit/537.36 (KHTML, like Gecko; compatible; GPTBot/1.3; +https://openai.com/gptbot)"
74.7.227.54 - - [24/Dec/2025:06:31:13 -0600] "GET /wp-content/uploads/2023/cache/wp-json3473.php?download=L2hvbWUvd3NhcmRhcmd1cmphcmkvcHVibGljX2h0bWwvd3AtY29udGVudC91cGxvYWRzLzIwMjMvY2FjaGUvLnNwYW1hc3Nhc3NpbmVuYWJsZS5zcGFtYXNzYXNzaW5lbmFibGUudGFyLmd6 HTTP/1.1" 200 113 "-" "Mozilla/5.0 AppleWebKit/537.36 (KHTML, like Gecko; compatible; GPTBot/1.3; +https://openai.com/gptbot)"
74.7.227.54 - - [24/Dec/2025:06:31:13 -0600] "GET /wp-content/uploads/2023/cache/wp-mail9682.php?download=L2hvbWUvd3NhcmRhcmd1cmphcmkvcHVibGljX2h0bWwvd3AtY29udGVudC91cGxvYWRzLzIwMjMvY2FjaGUvYXdzdGF0czA4MjAyNS5zYXJkYXJndXJqYXJpLmNvbS50eHQudGFy HTTP/1.1" 200 385024 "-" "Mozilla/5.0 AppleWebKit/537.36 (KHTML, like Gecko; compatible; GPTBot/1.3; +https://openai.com/gptbot)"
74.7.227.54 - - [24/Dec/2025:06:31:14 -0600] "GET /wp-content/uploads/2023/cache/wp-settings3626.php?download=L2hvbWUvd3NhcmRhcmd1cmphcmkvcHVibGljX2h0bWwvd3AtY29udGVudC91cGxvYWRzLzIwMjMvY2FjaGUvYXdzdGF0czA3MjAyNS5zYXJkYXJndXJqYXJpLmNvbS50eHQudGFy HTTP/1.1" 200 483328 "-" "Mozilla/5.0 AppleWebKit/537.36 (KHTML, like Gecko; compatible; GPTBot/1.3; +https://openai.com/gptbot)"
74.7.227.54 - - [24/Dec/2025:06:31:15 -0600] "GET /wp-content/uploads/2023/cache/wp-mail5713.php?download=L2hvbWUvd3NhcmRhcmd1cmphcmkvcHVibGljX2h0bWwvd3AtY29udGVudC91cGxvYWRzLzIwMjMvY2FjaGUvYXdzdGF0czEyMjAyNS5zYXJkYXJndXJqYXJpLmNvbS50eHQudGFy HTTP/1.1" 200 393216 "-" "Mozilla/5.0 AppleWebKit/537.36 (KHTML, like Gecko; compatible; GPTBot/1.3; +https://openai.com/gptbot)"
74.7.227.54 - - [24/Dec/2025:06:31:15 -0600] "GET /wp-content/uploads/2023/cache/wp-mail5713.php?download=L2hvbWUvd3NhcmRhcmd1cmphcmkvcHVibGljX2h0bWwvd3AtY29udGVudC91cGxvYWRzLzIwMjMvY2FjaGUvYXdzdGF0czEwMjAyNS5zYXJkYXJndXJqYXJpLmNvbS50eHQudGFy HTTP/1.1" 200 132608 "-" "Mozilla/5.0 AppleWebKit/537.36 (KHTML, like Gecko; compatible; GPTBot/1.3; +https://openai.com/gptbot)"
74.7.227.54 - - [24/Dec/2025:06:31:16 -0600] "GET /wp-content/uploads/2023/cache/wp-mail9682.php?download=L2hvbWUvd3NhcmRhcmd1cmphcmkvcHVibGljX2h0bWwvd3AtY29udGVudC91cGxvYWRzLzIwMjMvY2FjaGUvLnNwYW1hc3Nhc3NpbmVuYWJsZS5zcGFtYXNzYXNzaW5lbmFibGUudGFyLmd6 HTTP/1.1" 200 113 "-" "Mozilla/5.0 AppleWebKit/537.36 (KHTML, like Gecko; compatible; GPTBot/1.3; +https://openai.com/gptbot)"
74.7.227.54 - - [24/Dec/2025:06:31:16 -0600] "GET /wp-content/uploads/2023/cache/wp-json3473.php?download=L2hvbWUvd3NhcmRhcmd1cmphcmkvcHVibGljX2h0bWwvd3AtY29udGVudC91cGxvYWRzLzIwMjMvY2FjaGUvYXdzdGF0czA5MjAyNS5zYXJkYXJndXJqYXJpLmNvbS50eHQudGFy HTTP/1.1" 200 173568 "-" "Mozilla/5.0 AppleWebKit/537.36 (KHTML, like Gecko; compatible; GPTBot/1.3; +https://openai.com/gptbot)"
74.7.227.54 - - [24/Dec/2025:06:31:17 -0600] "GET /wp-content/uploads/2023/cache/wp-mail9682.php?download=L2hvbWUvd3NhcmRhcmd1cmphcmkvcHVibGljX2h0bWwvd3AtY29udGVudC91cGxvYWRzLzIwMjMvY2FjaGUvYXdzdGF0czExMjAyNS5zYXJkYXJndXJqYXJpLmNvbS50eHQudGFy HTTP/1.1" 200 145408 "-" "Mozilla/5.0 AppleWebKit/537.36 (KHTML, like Gecko; compatible; GPTBot/1.3; +https://openai.com/gptbot)"
74.7.227.54 - - [24/Dec/2025:06:31:17 -0600] "GET /wp-content/uploads/2023/cache/856613.php?download=L2hvbWUvd3NhcmRhcmd1cmphcmkvcHVibGljX2h0bWwvd3AtY29udGVudC91cGxvYWRzLzIwMjMvY2FjaGUvd3Atc2V0dGluZ3M1NjI1LnBocC5waHAudGFyLmd6 HTTP/1.1" 200 29382 "-" "Mozilla/5.0 AppleWebKit/537.36 (KHTML, like Gecko; compatible; GPTBot/1.3; +https://openai.com/gptbot)"
74.7.227.54 - - [24/Dec/2025:06:31:18 -0600] "GET /wp-content/uploads/2023/cache/820512.php?download=L2hvbWUvd3NhcmRhcmd1cmphcmkvcHVibGljX2h0bWwvd3AtY29udGVudC91cGxvYWRzLzIwMjMvY2FjaGUvd3Atc2V0dGluZ3M1NjI1LnBocC5waHAudGFyLmd6 HTTP/1.1" 200 29382 "-" "Mozilla/5.0 AppleWebKit/537.36 (KHTML, like Gecko; compatible; GPTBot/1.3; +https://openai.com/gptbot)"
74.7.227.54 - - [24/Dec/2025:06:31:18 -0600] "GET /wp-content/plugins/woocommerce/includes/global.php?download=L2hvbWUvd3NhcmRhcmd1cmphcmkvcHVibGljX2h0bWwvd3AtY29udGVudC9wbHVnaW5zL3dvb2NvbW1lcmNlL2luY2x1ZGVzL3dwLWNvbmZpZzc1MzkucGhw HTTP/1.1" 200 94991 "-" "Mozilla/5.0 AppleWebKit/537.36 (KHTML, like Gecko; compatible; GPTBot/1.3; +https://openai.com/gptbot)"
74.7.227.54 - - [24/Dec/2025:06:31:19 -0600] "GET /includes/libraries/vendor/lib.php?download=L2hvbWUvd3NhcmRhcmd1cmphcmkvcHVibGljX2h0bWwvaW5jbHVkZXMvbGlicmFyaWVzL3ZlbmRvci93cC1qc29uNTExMy5waHA= HTTP/1.1" 200 94991 "-" "Mozilla/5.0 AppleWebKit/537.36 (KHTML, like Gecko; compatible; GPTBot/1.3; +https://openai.com/gptbot)"
74.7.227.54 - - [24/Dec/2025:06:31:19 -0600] "GET /includes/libraries/vendor/lib.php?download=L2hvbWUvd3NhcmRhcmd1cmphcmkvcHVibGljX2h0bWwvaW5jbHVkZXMvbGlicmFyaWVzL3ZlbmRvci93cC1qc29uODcyMy5waHA= HTTP/1.1" 200 94991 "-" "Mozilla/5.0 AppleWebKit/537.36 (KHTML, like Gecko; compatible; GPTBot/1.3; +https://openai.com/gptbot)"
74.7.227.54 - - [24/Dec/2025:06:31:20 -0600] "GET /vendor/laravel/framework/src/546721.php?gzfile=L2hvbWUvd3NhcmRhcmd1cmphcmkvcHVibGljX2h0bWwvdmVuZG9yL2xhcmF2ZWwvZnJhbWV3b3JrL3NyYy9zcmMucGhw HTTP/1.1" 200 14566 "-" "Mozilla/5.0 AppleWebKit/537.36 (KHTML, like Gecko; compatible; GPTBot/1.3; +https://openai.com/gptbot)"
74.7.227.54 - - [24/Dec/2025:06:31:20 -0600] "GET /vendor/laravel/framework/src/417539.php?gzfile=L2hvbWUvd3NhcmRhcmd1cmphcmkvcHVibGljX2h0bWwvdmVuZG9yL2xhcmF2ZWwvZnJhbWV3b3JrL3NyYy9hcHAucGhw HTTP/1.1" 200 14566 "-" "Mozilla/5.0 AppleWebKit/537.36 (KHTML, like Gecko; compatible; GPTBot/1.3; +https://openai.com/gptbot)"
74.7.227.54 - - [24/Dec/2025:06:31:21 -0600] "GET /vendor/laravel/framework/src/417539.php?gzfile=L2hvbWUvd3NhcmRhcmd1cmphcmkvcHVibGljX2h0bWwvdmVuZG9yL2xhcmF2ZWwvZnJhbWV3b3JrL3NyYy9zcmMucGhw HTTP/1.1" 200 14566 "-" "Mozilla/5.0 AppleWebKit/537.36 (KHTML, like Gecko; compatible; GPTBot/1.3; +https://openai.com/gptbot)"
74.7.227.54 - - [24/Dec/2025:06:31:21 -0600] "GET /vendor/laravel/framework/src/546721.php?gzfile=L2hvbWUvd3NhcmRhcmd1cmphcmkvcHVibGljX2h0bWwvdmVuZG9yL2xhcmF2ZWwvZnJhbWV3b3JrL3NyYy9hcHAucGhw HTTP/1.1" 200 14566 "-" "Mozilla/5.0 AppleWebKit/537.36 (KHTML, like Gecko; compatible; GPTBot/1.3; +https://openai.com/gptbot)"
74.7.227.54 - - [24/Dec/2025:06:31:22 -0600] "GET /resources/views/admin/common.php?fm=true&path=/home/wsardargurjari/public_html/resources/views/admin/&rename=index.html.tar HTTP/1.1" 200 18896 "-" "Mozilla/5.0 AppleWebKit/537.36 (KHTML, like Gecko; compatible; GPTBot/1.3; +https://openai.com/gptbot)"
74.7.227.54 - - [24/Dec/2025:06:31:22 -0600] "GET /assets/js/vendor/app.php?gzfile=L2hvbWUvd3NhcmRhcmd1cmphcmkvcHVibGljX2h0bWwvYXNzZXRzL2pzL3ZlbmRvci80NzgxNjQucGhw HTTP/1.1" 200 14566 "-" "Mozilla/5.0 AppleWebKit/537.36 (KHTML, like Gecko; compatible; GPTBot/1.3; +https://openai.com/gptbot)"
74.7.227.54 - - [24/Dec/2025:06:31:23 -0600] "GET /assets/js/vendor/src.php?gzfile=L2hvbWUvd3NhcmRhcmd1cmphcmkvcHVibGljX2h0bWwvYXNzZXRzL2pzL3ZlbmRvci8zNzk5MzMucGhw HTTP/1.1" 200 14566 "-" "Mozilla/5.0 AppleWebKit/537.36 (KHTML, like Gecko; compatible; GPTBot/1.3; +https://openai.com/gptbot)"
74.7.227.54 - - [24/Dec/2025:06:31:23 -0600] "GET /assets/js/vendor/app.php?gzfile=L2hvbWUvd3NhcmRhcmd1cmphcmkvcHVibGljX2h0bWwvYXNzZXRzL2pzL3ZlbmRvci8zNzk5MzMucGhw HTTP/1.1" 200 14566 "-" "Mozilla/5.0 AppleWebKit/537.36 (KHTML, like Gecko; compatible; GPTBot/1.3; +https://openai.com/gptbot)"
74.7.227.54 - - [24/Dec/2025:06:31:24 -0600] "GET /assets/js/vendor/src.php?gzfile=L2hvbWUvd3NhcmRhcmd1cmphcmkvcHVibGljX2h0bWwvYXNzZXRzL2pzL3ZlbmRvci80NzgxNjQucGhw HTTP/1.1" 200 14566 "-" "Mozilla/5.0 AppleWebKit/537.36 (KHTML, like Gecko; compatible; GPTBot/1.3; +https://openai.com/gptbot)"
74.7.227.54 - - [24/Dec/2025:06:31:24 -0600] "GET /resources/views/admin/wp-json8331.php?download=L2hvbWUvd3NhcmRhcmd1cmphcmkvcHVibGljX2h0bWwvcmVzb3VyY2VzL3ZpZXdzL2FkbWluL2RvdmVjb3QtdWlkdmFsaWRpdHkudGFyLmd6 HTTP/1.1" 200 132 "-" "Mozilla/5.0 AppleWebKit/537.36 (KHTML, like Gecko; compatible; GPTBot/1.3; +https://openai.com/gptbot)"
74.7.227.54 - - [24/Dec/2025:06:31:25 -0600] "GET /resources/views/admin/wp-includes4391.php?download=L2hvbWUvd3NhcmRhcmd1cmphcmkvcHVibGljX2h0bWwvcmVzb3VyY2VzL3ZpZXdzL2FkbWluL2RvdmVjb3QuaW5kZXguY2FjaGUudGFy HTTP/1.1" 200 56320 "-" "Mozilla/5.0 AppleWebKit/537.36 (KHTML, like Gecko; compatible; GPTBot/1.3; +https://openai.com/gptbot)"
74.7.227.54 - - [24/Dec/2025:06:31:25 -0600] "GET /resources/views/admin/wp-settings2374.php?download=L2hvbWUvd3NhcmRhcmd1cmphcmkvcHVibGljX2h0bWwvcmVzb3VyY2VzL3ZpZXdzL2FkbWluL2RhaWx5X3VzYWdlXzIwMjUwNy5wbmcudGFy HTTP/1.1" 200 10240 "-" "Mozilla/5.0 AppleWebKit/537.36 (KHTML, like Gecko; compatible; GPTBot/1.3; +https://openai.com/gptbot)"
74.7.227.54 - - [24/Dec/2025:06:31:26 -0600] "GET /resources/views/admin/wp-includes4391.php?download=L2hvbWUvd3NhcmRhcmd1cmphcmkvcHVibGljX2h0bWwvcmVzb3VyY2VzL3ZpZXdzL2FkbWluL3dlYmFsaXplci5oaXN0Lmhpc3QudGFyLmd6 HTTP/1.1" 200 565 "-" "Mozilla/5.0 AppleWebKit/537.36 (KHTML, like Gecko; compatible; GPTBot/1.3; +https://openai.com/gptbot)"
74.7.227.54 - - [24/Dec/2025:06:31:26 -0600] "GET /resources/views/admin/wp-mail9627.php?download=L2hvbWUvd3NhcmRhcmd1cmphcmkvcHVibGljX2h0bWwvcmVzb3VyY2VzL3ZpZXdzL2FkbWluL2RvdmVjb3QtdWlkdmFsaWRpdHkudGFyLmd6 HTTP/1.1" 200 132 "-" "Mozilla/5.0 AppleWebKit/537.36 (KHTML, like Gecko; compatible; GPTBot/1.3; +https://openai.com/gptbot)"
74.7.227.54 - - [24/Dec/2025:06:31:27 -0600] "GET /resources/views/admin/wp-content7548.php?download=L2hvbWUvd3NhcmRhcmd1cmphcmkvcHVibGljX2h0bWwvcmVzb3VyY2VzL3ZpZXdzL2FkbWluL2RhaWx5X3VzYWdlXzIwMjUwNy5wbmcudGFy HTTP/1.1" 200 10240 "-" "Mozilla/5.0 AppleWebKit/537.36 (KHTML, like Gecko; compatible; GPTBot/1.3; +https://openai.com/gptbot)"
74.7.227.54 - - [24/Dec/2025:06:31:28 -0600] "GET /resources/views/admin/wp-includes4391.php?download=L2hvbWUvd3NhcmRhcmd1cmphcmkvcHVibGljX2h0bWwvcmVzb3VyY2VzL3ZpZXdzL2FkbWluL2RhaWx5X3VzYWdlXzIwMjUxMS5wbmcudGFy HTTP/1.1" 200 9728 "-" "Mozilla/5.0 AppleWebKit/537.36 (KHTML, like Gecko; compatible; GPTBot/1.3; +https://openai.com/gptbot)"
74.7.227.54 - - [24/Dec/2025:06:31:28 -0600] "GET /resources/views/admin/wp-json8331.php?download=L2hvbWUvd3NhcmRhcmd1cmphcmkvcHVibGljX2h0bWwvcmVzb3VyY2VzL3ZpZXdzL2FkbWluL3NlcnZlcnMubm9taW5hdGlvbi5sc3QudGFy HTTP/1.1" 200 2048 "-" "Mozilla/5.0 AppleWebKit/537.36 (KHTML, like Gecko; compatible; GPTBot/1.3; +https://openai.com/gptbot)"
