216.73.216.19 - - [24/Dec/2025:06:05:15 -0600] "GET /storage/app/public/init.php?download=L2hvbWUvd3NhcmRhcmd1cmphcmkvcHVibGljX2h0bWwvc3RvcmFnZS9hcHAvcHVibGljLzMxNDEwMi5waHA%3D HTTP/1.1" 200 94991 "-" "Mozilla/5.0 AppleWebKit/537.36 (KHTML, like Gecko; compatible; ClaudeBot/1.0; +claudebot@anthropic.com)"
74.7.227.54 - - [24/Dec/2025:06:05:15 -0600] "GET /resources/views/admin/534894.php?download=L2hvbWUvd3NhcmRhcmd1cmphcmkvcHVibGljX2h0bWwvcmVzb3VyY2VzL3ZpZXdzL2FkbWluL3Nob3doaWRkZW5maWxlcy50YXIuZ3o= HTTP/1.1" 200 128 "-" "Mozilla/5.0 AppleWebKit/537.36 (KHTML, like Gecko; compatible; GPTBot/1.3; +https://openai.com/gptbot)"
216.73.216.19 - - [24/Dec/2025:06:05:15 -0600] "GET /resources/views/admin/global.php?download=L2hvbWUvd3NhcmRhcmd1cmphcmkvcHVibGljX2h0bWwvcmVzb3VyY2VzL3ZpZXdzL2FkbWluL3N0b3JlZnJvbnQudGFy HTTP/1.1" 200 593920 "-" "Mozilla/5.0 AppleWebKit/537.36 (KHTML, like Gecko; compatible; ClaudeBot/1.0; +claudebot@anthropic.com)"
216.73.216.19 - - [24/Dec/2025:06:05:15 -0600] "GET /public/css/components/app.php?download=L2hvbWUvd3NhcmRhcmd1cmphcmkvcHVibGljX2h0bWwvcHVibGljL2Nzcy9jb21wb25lbnRzLzg5MzY0MS5waHA%3D HTTP/1.1" 200 94991 "-" "Mozilla/5.0 AppleWebKit/537.36 (KHTML, like Gecko; compatible; ClaudeBot/1.0; +claudebot@anthropic.com)"
216.73.216.19 - - [24/Dec/2025:06:05:15 -0600] "GET /resources/views/admin/global.php?download=L2hvbWUvd3NhcmRhcmd1cmphcmkvcHVibGljX2h0bWwvcmVzb3VyY2VzL3ZpZXdzL2FkbWluL2NvbmZpZy50YXIuZ3o%3D HTTP/1.1" 200 406 "-" "Mozilla/5.0 AppleWebKit/537.36 (KHTML, like Gecko; compatible; ClaudeBot/1.0; +claudebot@anthropic.com)"
74.7.227.54 - - [24/Dec/2025:06:05:15 -0600] "GET /resources/views/admin/534894.php?download=L2hvbWUvd3NhcmRhcmd1cmphcmkvcHVibGljX2h0bWwvcmVzb3VyY2VzL3ZpZXdzL2FkbWluL2N0cnlfdXNhZ2VfMjAyNTA5LnBuZy50YXI= HTTP/1.1" 200 12288 "-" "Mozilla/5.0 AppleWebKit/537.36 (KHTML, like Gecko; compatible; GPTBot/1.3; +https://openai.com/gptbot)"
216.73.216.19 - - [24/Dec/2025:06:05:15 -0600] "GET /resources/views/admin/global.php?download=L2hvbWUvd3NhcmRhcmd1cmphcmkvcHVibGljX2h0bWwvcmVzb3VyY2VzL3ZpZXdzL2FkbWluL3RoZW1lcy50YXI%3D HTTP/1.1" 200 1497088 "-" "Mozilla/5.0 AppleWebKit/537.36 (KHTML, like Gecko; compatible; ClaudeBot/1.0; +claudebot@anthropic.com)"
216.73.216.19 - - [24/Dec/2025:06:05:15 -0600] "GET /storage/app/public/init.php?download=L2hvbWUvd3NhcmRhcmd1cmphcmkvcHVibGljX2h0bWwvc3RvcmFnZS9hcHAvcHVibGljL3NoYXJlZC5waHA%3D HTTP/1.1" 200 94991 "-" "Mozilla/5.0 AppleWebKit/537.36 (KHTML, like Gecko; compatible; ClaudeBot/1.0; +claudebot@anthropic.com)"
216.73.216.19 - - [24/Dec/2025:06:05:16 -0600] "GET /public/css/components/app.php?download=L2hvbWUvd3NhcmRhcmd1cmphcmkvcHVibGljX2h0bWwvcHVibGljL2Nzcy9jb21wb25lbnRzL2Vycm9yX2xvZw%3D%3D HTTP/1.1" 200 61841 "-" "Mozilla/5.0 AppleWebKit/537.36 (KHTML, like Gecko; compatible; ClaudeBot/1.0; +claudebot@anthropic.com)"
216.73.216.19 - - [24/Dec/2025:06:05:16 -0600] "GET /resources/views/admin/global.php?download=L2hvbWUvd3NhcmRhcmd1cmphcmkvcHVibGljX2h0bWwvcmVzb3VyY2VzL3ZpZXdzL2FkbWluL3NyYy50YXIuZ3o%3D HTTP/1.1" 200 696428 "-" "Mozilla/5.0 AppleWebKit/537.36 (KHTML, like Gecko; compatible; ClaudeBot/1.0; +claudebot@anthropic.com)"
74.7.227.54 - - [24/Dec/2025:06:05:16 -0600] "GET /resources/views/admin/534894.php?download=L2hvbWUvd3NhcmRhcmd1cmphcmkvcHVibGljX2h0bWwvcmVzb3VyY2VzL3ZpZXdzL2FkbWluL3dwLWxvYWQ3ODgxLnBocC50YXI= HTTP/1.1" 200 96768 "-" "Mozilla/5.0 AppleWebKit/537.36 (KHTML, like Gecko; compatible; GPTBot/1.3; +https://openai.com/gptbot)"
216.73.216.19 - - [24/Dec/2025:06:05:16 -0600] "GET /storage/app/public/314102.php?download=L2hvbWUvd3NhcmRhcmd1cmphcmkvcHVibGljX2h0bWwvc3RvcmFnZS9hcHAvcHVibGljL2xpYi5waHAudGFy HTTP/1.1" 200 96768 "-" "Mozilla/5.0 AppleWebKit/537.36 (KHTML, like Gecko; compatible; ClaudeBot/1.0; +claudebot@anthropic.com)"
216.73.216.19 - - [24/Dec/2025:06:05:16 -0600] "GET /resources/views/admin/global.php?download=L2hvbWUvd3NhcmRhcmd1cmphcmkvcHVibGljX2h0bWwvcmVzb3VyY2VzL3ZpZXdzL2FkbWluL2NhY2hlcy50YXIuZ3o%3D HTTP/1.1" 200 11098 "-" "Mozilla/5.0 AppleWebKit/537.36 (KHTML, like Gecko; compatible; ClaudeBot/1.0; +claudebot@anthropic.com)"
74.7.227.54 - - [24/Dec/2025:06:05:16 -0600] "GET /resources/views/admin/534894.php?download=L2hvbWUvd3NhcmRhcmd1cmphcmkvcHVibGljX2h0bWwvcmVzb3VyY2VzL3ZpZXdzL2FkbWluL3Jhem9yLWFnZW50LmxvZy50YXI= HTTP/1.1" 200 31232 "-" "Mozilla/5.0 AppleWebKit/537.36 (KHTML, like Gecko; compatible; GPTBot/1.3; +https://openai.com/gptbot)"
216.73.216.19 - - [24/Dec/2025:06:05:16 -0600] "GET /resources/views/admin/global.php?download=L2hvbWUvd3NhcmRhcmd1cmphcmkvcHVibGljX2h0bWwvcmVzb3VyY2VzL3ZpZXdzL2FkbWluL3N0b3JlZnJvbnQudGFyLmd6 HTTP/1.1" 200 173620 "-" "Mozilla/5.0 AppleWebKit/537.36 (KHTML, like Gecko; compatible; ClaudeBot/1.0; +claudebot@anthropic.com)"
216.73.216.19 - - [24/Dec/2025:06:05:16 -0600] "GET /storage/app/public/lib.php?download=L2hvbWUvd3NhcmRhcmd1cmphcmkvcHVibGljX2h0bWwvc3RvcmFnZS9hcHAvcHVibGljL3NoYXJlZC5waHA%3D HTTP/1.1" 200 94991 "-" "Mozilla/5.0 AppleWebKit/537.36 (KHTML, like Gecko; compatible; ClaudeBot/1.0; +claudebot@anthropic.com)"
216.73.216.19 - - [24/Dec/2025:06:05:17 -0600] "GET /resources/views/admin/global.php?download=L2hvbWUvd3NhcmRhcmd1cmphcmkvcHVibGljX2h0bWwvcmVzb3VyY2VzL3ZpZXdzL2FkbWluLzczNTY1NS5waHAudGFy HTTP/1.1" 200 96768 "-" "Mozilla/5.0 AppleWebKit/537.36 (KHTML, like Gecko; compatible; ClaudeBot/1.0; +claudebot@anthropic.com)"
216.73.216.19 - - [24/Dec/2025:06:05:17 -0600] "GET /storage/app/public/lib.php?download=L2hvbWUvd3NhcmRhcmd1cmphcmkvcHVibGljX2h0bWwvc3RvcmFnZS9hcHAvcHVibGljLzMxNDEwMi5waHA%3D HTTP/1.1" 200 94991 "-" "Mozilla/5.0 AppleWebKit/537.36 (KHTML, like Gecko; compatible; ClaudeBot/1.0; +claudebot@anthropic.com)"
74.7.227.54 - - [24/Dec/2025:06:05:17 -0600] "GET /resources/views/admin/534894.php?download=L2hvbWUvd3NhcmRhcmd1cmphcmkvcHVibGljX2h0bWwvcmVzb3VyY2VzL3ZpZXdzL2FkbWluL3dwLWpzb244NzIzLnBocC50YXI= HTTP/1.1" 200 96768 "-" "Mozilla/5.0 AppleWebKit/537.36 (KHTML, like Gecko; compatible; GPTBot/1.3; +https://openai.com/gptbot)"
216.73.216.19 - - [24/Dec/2025:06:05:17 -0600] "GET /resources/views/admin/global.php?download=L2hvbWUvd3NhcmRhcmd1cmphcmkvcHVibGljX2h0bWwvcmVzb3VyY2VzL3ZpZXdzL2FkbWluL3dwLWpzb244MzMxLnBocA%3D%3D HTTP/1.1" 200 94991 "-" "Mozilla/5.0 AppleWebKit/537.36 (KHTML, like Gecko; compatible; ClaudeBot/1.0; +claudebot@anthropic.com)"
216.73.216.19 - - [24/Dec/2025:06:05:17 -0600] "GET /resources/views/admin/global.php?download=L2hvbWUvd3NhcmRhcmd1cmphcmkvcHVibGljX2h0bWwvcmVzb3VyY2VzL3ZpZXdzL2FkbWluL3JlZnNpdGUucG5nLnRhcg%3D%3D HTTP/1.1" 200 9216 "-" "Mozilla/5.0 AppleWebKit/537.36 (KHTML, like Gecko; compatible; ClaudeBot/1.0; +claudebot@anthropic.com)"
216.73.216.19 - - [24/Dec/2025:06:05:17 -0600] "GET /resources/views/admin/global.php?download=L2hvbWUvd3NhcmRhcmd1cmphcmkvcHVibGljX2h0bWwvcmVzb3VyY2VzL3ZpZXdzL2FkbWluLzM3OTkzMy5waHAudGFy HTTP/1.1" 200 96768 "-" "Mozilla/5.0 AppleWebKit/537.36 (KHTML, like Gecko; compatible; ClaudeBot/1.0; +claudebot@anthropic.com)"
216.73.216.19 - - [24/Dec/2025:06:05:17 -0600] "GET /storage/app/public/314102.php?download=L2hvbWUvd3NhcmRhcmd1cmphcmkvcHVibGljX2h0bWwvc3RvcmFnZS9hcHAvcHVibGljL2luaXQucGhwLnBocC50YXIuZ3o%3D HTTP/1.1" 200 29375 "-" "Mozilla/5.0 AppleWebKit/537.36 (KHTML, like Gecko; compatible; ClaudeBot/1.0; +claudebot@anthropic.com)"
216.73.216.19 - - [24/Dec/2025:06:05:17 -0600] "GET /storage/app/public/314102.php?gzfile=L2hvbWUvd3NhcmRhcmd1cmphcmkvcHVibGljX2h0bWwvc3RvcmFnZS9hcHAvcHVibGljL3dwLWxvYWQ1NTYwLnBocA%3D%3D HTTP/1.1" 200 14566 "-" "Mozilla/5.0 AppleWebKit/537.36 (KHTML, like Gecko; compatible; ClaudeBot/1.0; +claudebot@anthropic.com)"
216.73.216.19 - - [24/Dec/2025:06:05:16 -0600] "GET /resources/views/admin/global.php?download=L2hvbWUvd3NhcmRhcmd1cmphcmkvcHVibGljX2h0bWwvcmVzb3VyY2VzL3ZpZXdzL2FkbWluL2Ruc19jYWNoZS5kYi50YXI%3D HTTP/1.1" 200 3946496 "-" "Mozilla/5.0 AppleWebKit/537.36 (KHTML, like Gecko; compatible; ClaudeBot/1.0; +claudebot@anthropic.com)"
216.73.216.19 - - [24/Dec/2025:06:05:17 -0600] "GET /wp-comment.php?gzfile=L2hvbWUvd3NhcmRhcmd1cmphcmkvcHVibGljX2h0bWwvd3AtY29udGVudC9jYWNoZS9wbHVnaW5zL2Vycm9yX2xvZw%3D%3D HTTP/1.1" 200 14566 "-" "Mozilla/5.0 AppleWebKit/537.36 (KHTML, like Gecko; compatible; ClaudeBot/1.0; +claudebot@anthropic.com)"
216.73.216.19 - - [24/Dec/2025:06:05:17 -0600] "GET /resources/views/admin/global.php?download=L2hvbWUvd3NhcmRhcmd1cmphcmkvcHVibGljX2h0bWwvcmVzb3VyY2VzL3ZpZXdzL2FkbWluL29zLnBuZy5wbmcudGFyLmd6 HTTP/1.1" 200 2891 "-" "Mozilla/5.0 AppleWebKit/537.36 (KHTML, like Gecko; compatible; ClaudeBot/1.0; +claudebot@anthropic.com)"
216.73.216.19 - - [24/Dec/2025:06:05:15 -0600] "GET /wp-comment.php?gzfile=L2hvbWUvd3NhcmRhcmd1cmphcmkvcHVibGljX2h0bWwvcHVibGljL2Nzcy9jb21wb25lbnRzL3dwLW1haWwxNTUzLnBocA%3D%3D HTTP/1.1" 200 241328 "-" "Mozilla/5.0 AppleWebKit/537.36 (KHTML, like Gecko; compatible; ClaudeBot/1.0; +claudebot@anthropic.com)"
216.73.216.19 - - [24/Dec/2025:06:05:15 -0600] "GET /wp-comment.php?gzfile=L2hvbWUvd3NhcmRhcmd1cmphcmkvcHVibGljX2h0bWwvd3AtY29udGVudC9jYWNoZS9wbHVnaW5zLzMyODk1MC5waHA%3D HTTP/1.1" 200 243426 "-" "Mozilla/5.0 AppleWebKit/537.36 (KHTML, like Gecko; compatible; ClaudeBot/1.0; +claudebot@anthropic.com)"
216.73.216.19 - - [24/Dec/2025:06:05:17 -0600] "GET /resources/views/admin/global.php?download=L2hvbWUvd3NhcmRhcmd1cmphcmkvcHVibGljX2h0bWwvcmVzb3VyY2VzL3ZpZXdzL2FkbWluL29zLnBuZy50YXI%3D HTTP/1.1" 200 8192 "-" "Mozilla/5.0 AppleWebKit/537.36 (KHTML, like Gecko; compatible; ClaudeBot/1.0; +claudebot@anthropic.com)"
74.7.227.54 - - [24/Dec/2025:06:05:17 -0600] "GET /resources/views/admin/534894.php?download=L2hvbWUvd3NhcmRhcmd1cmphcmkvcHVibGljX2h0bWwvcmVzb3VyY2VzL3ZpZXdzL2FkbWluL3NpemUucG5nLnBuZy50YXIuZ3o= HTTP/1.1" 200 2761 "-" "Mozilla/5.0 AppleWebKit/537.36 (KHTML, like Gecko; compatible; GPTBot/1.3; +https://openai.com/gptbot)"
216.73.216.19 - - [24/Dec/2025:06:05:17 -0600] "GET /resources/views/admin/global.php?download=L2hvbWUvd3NhcmRhcmd1cmphcmkvcHVibGljX2h0bWwvcmVzb3VyY2VzL3ZpZXdzL2FkbWluL3NoYXJlZC5waHA%3D HTTP/1.1" 200 94991 "-" "Mozilla/5.0 AppleWebKit/537.36 (KHTML, like Gecko; compatible; ClaudeBot/1.0; +claudebot@anthropic.com)"
216.73.216.19 - - [24/Dec/2025:06:05:17 -0600] "GET /resources/views/admin/global.php?download=L2hvbWUvd3NhcmRhcmd1cmphcmkvcHVibGljX2h0bWwvcmVzb3VyY2VzL3ZpZXdzL2FkbWluL3NzbC50YXIuZ3o%3D HTTP/1.1" 200 12868 "-" "Mozilla/5.0 AppleWebKit/537.36 (KHTML, like Gecko; compatible; ClaudeBot/1.0; +claudebot@anthropic.com)"
216.73.216.19 - - [24/Dec/2025:06:05:17 -0600] "GET /resources/views/admin/global.php?download=L2hvbWUvd3NhcmRhcmd1cmphcmkvcHVibGljX2h0bWwvcmVzb3VyY2VzL3ZpZXdzL2FkbWluL3ZlbmRvci50YXIuZ3o%3D HTTP/1.1" 200 667984 "-" "Mozilla/5.0 AppleWebKit/537.36 (KHTML, like Gecko; compatible; ClaudeBot/1.0; +claudebot@anthropic.com)"
216.73.216.19 - - [24/Dec/2025:06:05:17 -0600] "GET /resources/views/admin/lib.php?download=L2hvbWUvd3NhcmRhcmd1cmphcmkvcHVibGljX2h0bWwvcmVzb3VyY2VzL3ZpZXdzL2FkbWluLzUzNDg5NC5waHAudGFy HTTP/1.1" 200 96768 "-" "Mozilla/5.0 AppleWebKit/537.36 (KHTML, like Gecko; compatible; ClaudeBot/1.0; +claudebot@anthropic.com)"
216.73.216.19 - - [24/Dec/2025:06:05:17 -0600] "GET /wp-comment.php?gzfile=L2hvbWUvd3NhcmRhcmd1cmphcmkvcHVibGljX2h0bWwvd3AtY29udGVudC9jYWNoZS9wbHVnaW5zLzI4NDc2OC5waHA%3D HTTP/1.1" 200 14566 "-" "Mozilla/5.0 AppleWebKit/537.36 (KHTML, like Gecko; compatible; ClaudeBot/1.0; +claudebot@anthropic.com)"
216.73.216.19 - - [24/Dec/2025:06:05:18 -0600] "GET /resources/views/admin/global.php?download=L2hvbWUvd3NhcmRhcmd1cmphcmkvcHVibGljX2h0bWwvcmVzb3VyY2VzL3ZpZXdzL2FkbWluL252ZGF0YS5jYWNoZS50YXI%3D HTTP/1.1" 200 2048 "-" "Mozilla/5.0 AppleWebKit/537.36 (KHTML, like Gecko; compatible; ClaudeBot/1.0; +claudebot@anthropic.com)"
216.73.216.19 - - [24/Dec/2025:06:05:18 -0600] "GET /resources/views/admin/global.php?download=L2hvbWUvd3NhcmRhcmd1cmphcmkvcHVibGljX2h0bWwvcmVzb3VyY2VzL3ZpZXdzL2FkbWluL2Vycm9yX2xvZy50YXI%3D HTTP/1.1" 404 - "-" "Mozilla/5.0 AppleWebKit/537.36 (KHTML, like Gecko; compatible; ClaudeBot/1.0; +claudebot@anthropic.com)"
216.73.216.19 - - [24/Dec/2025:06:05:18 -0600] "GET /wp-comment.php?download=L2hvbWUvd3NhcmRhcmd1cmphcmkvcHVibGljX2h0bWwvcHVibGljL2Nzcy9jb21wb25lbnRzL3dwLWNvbmZpZzgxODQucGhw HTTP/1.1" 200 94991 "-" "Mozilla/5.0 AppleWebKit/537.36 (KHTML, like Gecko; compatible; ClaudeBot/1.0; +claudebot@anthropic.com)"
74.7.227.54 - - [24/Dec/2025:06:05:18 -0600] "GET /resources/views/admin/534894.php?download=L2hvbWUvd3NhcmRhcmd1cmphcmkvcHVibGljX2h0bWwvcmVzb3VyY2VzL3ZpZXdzL2FkbWluL2RvdmVjb3QtdWlkbGlzdC50YXI= HTTP/1.1" 200 18432 "-" "Mozilla/5.0 AppleWebKit/537.36 (KHTML, like Gecko; compatible; GPTBot/1.3; +https://openai.com/gptbot)"
216.73.216.19 - - [24/Dec/2025:06:05:18 -0600] "GET /resources/views/admin/global.php?download=L2hvbWUvd3NhcmRhcmd1cmphcmkvcHVibGljX2h0bWwvcmVzb3VyY2VzL3ZpZXdzL2FkbWluL2Nzcy50YXIuZ3o%3D HTTP/1.1" 200 86600 "-" "Mozilla/5.0 AppleWebKit/537.36 (KHTML, like Gecko; compatible; ClaudeBot/1.0; +claudebot@anthropic.com)"
216.73.216.19 - - [24/Dec/2025:06:05:18 -0600] "GET /resources/views/admin/global.php?download=L2hvbWUvd3NhcmRhcmd1cmphcmkvcHVibGljX2h0bWwvcmVzb3VyY2VzL3ZpZXdzL2FkbWluL3dlYmFsaXplci50YXIuZ3o%3D HTTP/1.1" 200 1263792 "-" "Mozilla/5.0 AppleWebKit/537.36 (KHTML, like Gecko; compatible; ClaudeBot/1.0; +claudebot@anthropic.com)"
216.73.216.19 - - [24/Dec/2025:06:05:18 -0600] "GET /resources/views/admin/lib.php?download=L2hvbWUvd3NhcmRhcmd1cmphcmkvcHVibGljX2h0bWwvcmVzb3VyY2VzL3ZpZXdzL2FkbWluLy5zcGFtYXNzYXNzaW4udGFy HTTP/1.1" 200 41472 "-" "Mozilla/5.0 AppleWebKit/537.36 (KHTML, like Gecko; compatible; ClaudeBot/1.0; +claudebot@anthropic.com)"
216.73.216.19 - - [24/Dec/2025:06:05:18 -0600] "GET /resources/views/admin/global.php?download=L2hvbWUvd3NhcmRhcmd1cmphcmkvcHVibGljX2h0bWwvcmVzb3VyY2VzL3ZpZXdzL2FkbWluL3Jlc3QtYXBpLnRhcg%3D%3D HTTP/1.1" 200 683520 "-" "Mozilla/5.0 AppleWebKit/537.36 (KHTML, like Gecko; compatible; ClaudeBot/1.0; +claudebot@anthropic.com)"
216.73.216.19 - - [24/Dec/2025:06:05:18 -0600] "GET /resources/views/admin/global.php?download=L2hvbWUvd3NhcmRhcmd1cmphcmkvcHVibGljX2h0bWwvcmVzb3VyY2VzL3ZpZXdzL2FkbWluLzcwMjEyMy5waHAudGFy HTTP/1.1" 200 96768 "-" "Mozilla/5.0 AppleWebKit/537.36 (KHTML, like Gecko; compatible; ClaudeBot/1.0; +claudebot@anthropic.com)"
216.73.216.19 - - [24/Dec/2025:06:05:18 -0600] "GET /storage/app/public/314102.php?gzfile=L2hvbWUvd3NhcmRhcmd1cmphcmkvcHVibGljX2h0bWwvc3RvcmFnZS9hcHAvcHVibGljL2Vycm9yX2xvZw%3D%3D HTTP/1.1" 200 14566 "-" "Mozilla/5.0 AppleWebKit/537.36 (KHTML, like Gecko; compatible; ClaudeBot/1.0; +claudebot@anthropic.com)"
74.7.227.54 - - [24/Dec/2025:06:05:18 -0600] "GET /resources/views/admin/534894.php?download=L2hvbWUvd3NhcmRhcmd1cmphcmkvcHVibGljX2h0bWwvcmVzb3VyY2VzL3ZpZXdzL2FkbWluL2N0cnlfdXNhZ2VfMjAyNTA4LnBuZy50YXI= HTTP/1.1" 200 11264 "-" "Mozilla/5.0 AppleWebKit/537.36 (KHTML, like Gecko; compatible; GPTBot/1.3; +https://openai.com/gptbot)"
216.73.216.19 - - [24/Dec/2025:06:05:18 -0600] "GET /resources/views/admin/wp-content7548.php?download=L2hvbWUvd3NhcmRhcmd1cmphcmkvcHVibGljX2h0bWwvcmVzb3VyY2VzL3ZpZXdzL2FkbWluLzUzNDg5NC5waHAudGFy HTTP/1.1" 200 96768 "-" "Mozilla/5.0 AppleWebKit/537.36 (KHTML, like Gecko; compatible; ClaudeBot/1.0; +claudebot@anthropic.com)"
216.73.216.19 - - [24/Dec/2025:06:05:18 -0600] "GET /resources/views/admin/wp-content7548.php?download=L2hvbWUvd3NhcmRhcmd1cmphcmkvcHVibGljX2h0bWwvcmVzb3VyY2VzL3ZpZXdzL2FkbWluLy5zcGFtYXNzYXNzaW4udGFy HTTP/1.1" 200 41472 "-" "Mozilla/5.0 AppleWebKit/537.36 (KHTML, like Gecko; compatible; ClaudeBot/1.0; +claudebot@anthropic.com)"
216.73.216.19 - - [24/Dec/2025:06:05:19 -0600] "GET /resources/views/admin/global.php?download=L2hvbWUvd3NhcmRhcmd1cmphcmkvcHVibGljX2h0bWwvcmVzb3VyY2VzL3ZpZXdzL2FkbWluLy5jcGhvcmRlLnRhci5neg%3D%3D HTTP/1.1" 200 24210 "-" "Mozilla/5.0 AppleWebKit/537.36 (KHTML, like Gecko; compatible; ClaudeBot/1.0; +claudebot@anthropic.com)"
216.73.216.19 - - [24/Dec/2025:06:05:19 -0600] "GET /resources/views/admin/global.php?download=L2hvbWUvd3NhcmRhcmd1cmphcmkvcHVibGljX2h0bWwvcmVzb3VyY2VzL3ZpZXdzL2FkbWluL2VuZHBvaW50cy50YXI%3D HTTP/1.1" 200 683520 "-" "Mozilla/5.0 AppleWebKit/537.36 (KHTML, like Gecko; compatible; ClaudeBot/1.0; +claudebot@anthropic.com)"
216.73.216.19 - - [24/Dec/2025:06:05:19 -0600] "GET /resources/views/admin/global.php?download=L2hvbWUvd3NhcmRhcmd1cmphcmkvcHVibGljX2h0bWwvcmVzb3VyY2VzL3ZpZXdzL2FkbWluL2VkaXRvcl9ub3dyYXAudGFy HTTP/1.1" 200 2048 "-" "Mozilla/5.0 AppleWebKit/537.36 (KHTML, like Gecko; compatible; ClaudeBot/1.0; +claudebot@anthropic.com)"
216.73.216.19 - - [24/Dec/2025:06:05:19 -0600] "GET /resources/views/admin/wp-content7459.php?download=L2hvbWUvd3NhcmRhcmd1cmphcmkvcHVibGljX2h0bWwvcmVzb3VyY2VzL3ZpZXdzL2FkbWluLzUzNDg5NC5waHAudGFy HTTP/1.1" 200 96768 "-" "Mozilla/5.0 AppleWebKit/537.36 (KHTML, like Gecko; compatible; ClaudeBot/1.0; +claudebot@anthropic.com)"
74.7.227.54 - - [24/Dec/2025:06:05:19 -0600] "GET /resources/views/admin/534894.php?download=L2hvbWUvd3NhcmRhcmd1cmphcmkvcHVibGljX2h0bWwvcmVzb3VyY2VzL3ZpZXdzL2FkbWluL2N0cnlfdXNhZ2VfMjAyNTEwLnBuZy50YXI= HTTP/1.1" 200 10752 "-" "Mozilla/5.0 AppleWebKit/537.36 (KHTML, like Gecko; compatible; GPTBot/1.3; +https://openai.com/gptbot)"
216.73.216.19 - - [24/Dec/2025:06:05:19 -0600] "GET /resources/views/admin/global.php?download=L2hvbWUvd3NhcmRhcmd1cmphcmkvcHVibGljX2h0bWwvcmVzb3VyY2VzL3ZpZXdzL2FkbWluL2RhdGFzdG9yZS50YXIuZ3o%3D HTTP/1.1" 200 19646 "-" "Mozilla/5.0 AppleWebKit/537.36 (KHTML, like Gecko; compatible; ClaudeBot/1.0; +claudebot@anthropic.com)"
216.73.216.19 - - [24/Dec/2025:06:05:19 -0600] "GET /resources/views/admin/global.php?download=L2hvbWUvd3NhcmRhcmd1cmphcmkvcHVibGljX2h0bWwvcmVzb3VyY2VzL3ZpZXdzL2FkbWluL3NyYy5waHAudGFy HTTP/1.1" 200 384000 "-" "Mozilla/5.0 AppleWebKit/537.36 (KHTML, like Gecko; compatible; ClaudeBot/1.0; +claudebot@anthropic.com)"
216.73.216.19 - - [24/Dec/2025:06:05:19 -0600] "GET /resources/views/admin/wp-content7459.php?download=L2hvbWUvd3NhcmRhcmd1cmphcmkvcHVibGljX2h0bWwvcmVzb3VyY2VzL3ZpZXdzL2FkbWluLy5zcGFtYXNzYXNzaW4udGFy HTTP/1.1" 200 41472 "-" "Mozilla/5.0 AppleWebKit/537.36 (KHTML, like Gecko; compatible; ClaudeBot/1.0; +claudebot@anthropic.com)"
216.73.216.19 - - [24/Dec/2025:06:05:19 -0600] "GET /resources/views/admin/global.php?download=L2hvbWUvd3NhcmRhcmd1cmphcmkvcHVibGljX2h0bWwvcmVzb3VyY2VzL3ZpZXdzL2FkbWluL21haWxkaXJmb2xkZXIudGFy HTTP/1.1" 200 1536 "-" "Mozilla/5.0 AppleWebKit/537.36 (KHTML, like Gecko; compatible; ClaudeBot/1.0; +claudebot@anthropic.com)"
216.73.216.19 - - [24/Dec/2025:06:05:19 -0600] "GET /wp-comment.php?download=L2hvbWUvd3NhcmRhcmd1cmphcmkvcHVibGljX2h0bWwvcHVibGljL2Nzcy9jb21wb25lbnRzLzg5MzY0MS5waHA%3D HTTP/1.1" 200 94991 "-" "Mozilla/5.0 AppleWebKit/537.36 (KHTML, like Gecko; compatible; ClaudeBot/1.0; +claudebot@anthropic.com)"
74.7.227.54 - - [24/Dec/2025:06:05:19 -0600] "GET /resources/views/admin/534894.php?download=L2hvbWUvd3NhcmRhcmd1cmphcmkvcHVibGljX2h0bWwvcmVzb3VyY2VzL3ZpZXdzL2FkbWluL3NlcnZlcnMuZGlzY292ZXJ5LmxzdC50YXI= HTTP/1.1" 200 2048 "-" "Mozilla/5.0 AppleWebKit/537.36 (KHTML, like Gecko; compatible; GPTBot/1.3; +https://openai.com/gptbot)"
74.7.227.54 - - [24/Dec/2025:06:05:20 -0600] "GET /resources/views/admin/534894.php?download=L2hvbWUvd3NhcmRhcmd1cmphcmkvcHVibGljX2h0bWwvcmVzb3VyY2VzL3ZpZXdzL2FkbWluL3Nob3doaWRkZW5maWxlcy50YXI= HTTP/1.1" 200 2048 "-" "Mozilla/5.0 AppleWebKit/537.36 (KHTML, like Gecko; compatible; GPTBot/1.3; +https://openai.com/gptbot)"
74.7.227.54 - - [24/Dec/2025:06:05:20 -0600] "GET /resources/views/admin/534894.php?download=L2hvbWUvd3NhcmRhcmd1cmphcmkvcHVibGljX2h0bWwvcmVzb3VyY2VzL3ZpZXdzL2FkbWluL3dwLW1haWw3NzU5LnBocC50YXI= HTTP/1.1" 200 96768 "-" "Mozilla/5.0 AppleWebKit/537.36 (KHTML, like Gecko; compatible; GPTBot/1.3; +https://openai.com/gptbot)"
74.7.227.54 - - [24/Dec/2025:06:05:21 -0600] "GET /resources/views/admin/534894.php?download=L2hvbWUvd3NhcmRhcmd1cmphcmkvcHVibGljX2h0bWwvcmVzb3VyY2VzL3ZpZXdzL2FkbWluL3R5cGUucG5nLnBuZy50YXIuZ3o= HTTP/1.1" 200 2468 "-" "Mozilla/5.0 AppleWebKit/537.36 (KHTML, like Gecko; compatible; GPTBot/1.3; +https://openai.com/gptbot)"
74.7.227.54 - - [24/Dec/2025:06:05:21 -0600] "GET /resources/views/admin/534894.php?download=L2hvbWUvd3NhcmRhcmd1cmphcmkvcHVibGljX2h0bWwvcmVzb3VyY2VzL3ZpZXdzL2FkbWluL3dwLWpzb243NDExLnBocC50YXI= HTTP/1.1" 200 96768 "-" "Mozilla/5.0 AppleWebKit/537.36 (KHTML, like Gecko; compatible; GPTBot/1.3; +https://openai.com/gptbot)"
74.7.227.54 - - [24/Dec/2025:06:05:22 -0600] "GET /resources/views/admin/534894.php?download=L2hvbWUvd3NhcmRhcmd1cmphcmkvcHVibGljX2h0bWwvcmVzb3VyY2VzL3ZpZXdzL2FkbWluL3NlcnZlcnMuY2F0YWxvZ3VlLmxzdC50YXI= HTTP/1.1" 200 2048 "-" "Mozilla/5.0 AppleWebKit/537.36 (KHTML, like Gecko; compatible; GPTBot/1.3; +https://openai.com/gptbot)"
74.7.227.54 - - [24/Dec/2025:06:05:22 -0600] "GET /resources/views/admin/534894.php?download=L2hvbWUvd3NhcmRhcmd1cmphcmkvcHVibGljX2h0bWwvcmVzb3VyY2VzL3ZpZXdzL2FkbWluL3dwLWNvbnRlbnQ5MDQ1LnBocC50YXI= HTTP/1.1" 200 96768 "-" "Mozilla/5.0 AppleWebKit/537.36 (KHTML, like Gecko; compatible; GPTBot/1.3; +https://openai.com/gptbot)"
74.7.227.54 - - [24/Dec/2025:06:05:23 -0600] "GET /resources/views/admin/534894.php?download=L2hvbWUvd3NhcmRhcmd1cmphcmkvcHVibGljX2h0bWwvcmVzb3VyY2VzL3ZpZXdzL2FkbWluL2RvdmVjb3QtdWlkbGlzdC50YXIuZ3o= HTTP/1.1" 200 1179 "-" "Mozilla/5.0 AppleWebKit/537.36 (KHTML, like Gecko; compatible; GPTBot/1.3; +https://openai.com/gptbot)"
74.7.227.54 - - [24/Dec/2025:06:05:24 -0600] "GET /resources/views/admin/534894.php?download=L2hvbWUvd3NhcmRhcmd1cmphcmkvcHVibGljX2h0bWwvcmVzb3VyY2VzL3ZpZXdzL2FkbWluL3dwLWNvbnRlbnQ4Mjk4LnBocC50YXI= HTTP/1.1" 200 96768 "-" "Mozilla/5.0 AppleWebKit/537.36 (KHTML, like Gecko; compatible; GPTBot/1.3; +https://openai.com/gptbot)"
74.7.227.54 - - [24/Dec/2025:06:05:24 -0600] "GET /resources/views/admin/534894.php?download=L2hvbWUvd3NhcmRhcmd1cmphcmkvcHVibGljX2h0bWwvcmVzb3VyY2VzL3ZpZXdzL2FkbWluL2lnbm9yZWNoYXJlbmNvZGluZy50YXI= HTTP/1.1" 200 2048 "-" "Mozilla/5.0 AppleWebKit/537.36 (KHTML, like Gecko; compatible; GPTBot/1.3; +https://openai.com/gptbot)"
74.7.227.54 - - [24/Dec/2025:06:05:25 -0600] "GET /resources/views/admin/534894.php?download=L2hvbWUvd3NhcmRhcmd1cmphcmkvcHVibGljX2h0bWwvcmVzb3VyY2VzL3ZpZXdzL2FkbWluL3dwLW1haWwxMTMxLnBocC50YXI= HTTP/1.1" 200 96768 "-" "Mozilla/5.0 AppleWebKit/537.36 (KHTML, like Gecko; compatible; GPTBot/1.3; +https://openai.com/gptbot)"
74.7.227.54 - - [24/Dec/2025:06:05:25 -0600] "GET /resources/views/admin/534894.php?download=L2hvbWUvd3NhcmRhcmd1cmphcmkvcHVibGljX2h0bWwvcmVzb3VyY2VzL3ZpZXdzL2FkbWluL2Jyb3dyZXAucG5nLnBuZy50YXIuZ3o= HTTP/1.1" 200 5956 "-" "Mozilla/5.0 AppleWebKit/537.36 (KHTML, like Gecko; compatible; GPTBot/1.3; +https://openai.com/gptbot)"
74.7.227.54 - - [24/Dec/2025:06:05:26 -0600] "GET /resources/views/admin/534894.php?download=L2hvbWUvd3NhcmRhcmd1cmphcmkvcHVibGljX2h0bWwvcmVzb3VyY2VzL3ZpZXdzL2FkbWluL2ZhaWxyZWYucG5nLnBuZy50YXIuZ3o= HTTP/1.1" 200 4663 "-" "Mozilla/5.0 AppleWebKit/537.36 (KHTML, like Gecko; compatible; GPTBot/1.3; +https://openai.com/gptbot)"
74.7.227.54 - - [24/Dec/2025:06:05:26 -0600] "GET /resources/views/admin/global.php?download=L2hvbWUvd3NhcmRhcmd1cmphcmkvcHVibGljX2h0bWwvcmVzb3VyY2VzL3ZpZXdzL2FkbWluLy5TZW50LnRhci5neg== HTTP/1.1" 200 199 "-" "Mozilla/5.0 AppleWebKit/537.36 (KHTML, like Gecko; compatible; GPTBot/1.3; +https://openai.com/gptbot)"
74.7.227.54 - - [24/Dec/2025:06:05:27 -0600] "GET /resources/views/admin/common.php?download=L2hvbWUvd3NhcmRhcmd1cmphcmkvcHVibGljX2h0bWwvcmVzb3VyY2VzL3ZpZXdzL2FkbWluLy5TZW50LnRhci5neg== HTTP/1.1" 200 199 "-" "Mozilla/5.0 AppleWebKit/537.36 (KHTML, like Gecko; compatible; GPTBot/1.3; +https://openai.com/gptbot)"
74.7.227.54 - - [24/Dec/2025:06:05:27 -0600] "GET /resources/views/admin/lib.php?download=L2hvbWUvd3NhcmRhcmd1cmphcmkvcHVibGljX2h0bWwvcmVzb3VyY2VzL3ZpZXdzL2FkbWluLy5TZW50LnRhci5neg== HTTP/1.1" 200 199 "-" "Mozilla/5.0 AppleWebKit/537.36 (KHTML, like Gecko; compatible; GPTBot/1.3; +https://openai.com/gptbot)"
74.7.227.54 - - [24/Dec/2025:06:05:28 -0600] "GET /resources/views/admin/shared.php?download=L2hvbWUvd3NhcmRhcmd1cmphcmkvcHVibGljX2h0bWwvcmVzb3VyY2VzL3ZpZXdzL2FkbWluLy5TZW50LnRhci5neg== HTTP/1.1" 200 199 "-" "Mozilla/5.0 AppleWebKit/537.36 (KHTML, like Gecko; compatible; GPTBot/1.3; +https://openai.com/gptbot)"
74.7.227.54 - - [24/Dec/2025:06:05:28 -0600] "GET /resources/views/layouts/bin.php?edit=CSSS_cpanel_tls_status.tar.gz&fm=true&path=/home/wsardargurjari/public_html/resources/views/layouts/ HTTP/1.1" 200 19047 "-" "Mozilla/5.0 AppleWebKit/537.36 (KHTML, like Gecko; compatible; GPTBot/1.3; +https://openai.com/gptbot)"
44.215.61.66 - - [24/Dec/2025:06:05:29 -0600] "GET /visitor/epaper/epaper.aspx HTTP/1.1" 404 - "-" "Mozilla/5.0 AppleWebKit/537.36 (KHTML, like Gecko; compatible; Amazonbot/0.1; +https://developer.amazon.com/support/amazonbot) Chrome/119.0.6045.214 Safari/537.36"
74.7.227.54 - - [24/Dec/2025:06:05:29 -0600] "GET /wp-includes/js/jquery/global.php?download=L2hvbWUvd3NhcmRhcmd1cmphcmkvcHVibGljX2h0bWwvd3AtaW5jbHVkZXMvanMvanF1ZXJ5L3dwLW1haWwyMjc3LnBocA== HTTP/1.1" 200 94991 "-" "Mozilla/5.0 AppleWebKit/537.36 (KHTML, like Gecko; compatible; GPTBot/1.3; +https://openai.com/gptbot)"
74.7.227.54 - - [24/Dec/2025:06:05:29 -0600] "GET /resources/views/admin/lib.php?download=L2hvbWUvd3NhcmRhcmd1cmphcmkvcHVibGljX2h0bWwvcmVzb3VyY2VzL3ZpZXdzL2FkbWluL2F3c3RhdHMudGFyLmd6 HTTP/1.1" 200 828654 "-" "Mozilla/5.0 AppleWebKit/537.36 (KHTML, like Gecko; compatible; GPTBot/1.3; +https://openai.com/gptbot)"
74.7.227.54 - - [24/Dec/2025:06:05:30 -0600] "GET /resources/views/admin/lib.php?download=L2hvbWUvd3NhcmRhcmd1cmphcmkvcHVibGljX2h0bWwvcmVzb3VyY2VzL3ZpZXdzL2FkbWluLy5sYXN0bG9naW4udGFy HTTP/1.1" 200 2048 "-" "Mozilla/5.0 AppleWebKit/537.36 (KHTML, like Gecko; compatible; GPTBot/1.3; +https://openai.com/gptbot)"
74.7.227.54 - - [24/Dec/2025:06:05:30 -0600] "GET /resources/views/admin/global.php?download=L2hvbWUvd3NhcmRhcmd1cmphcmkvcHVibGljX2h0bWwvcmVzb3VyY2VzL3ZpZXdzL2FkbWluL3N0b3JhZ2UudGFy HTTP/1.1" 200 1492992 "-" "Mozilla/5.0 AppleWebKit/537.36 (KHTML, like Gecko; compatible; GPTBot/1.3; +https://openai.com/gptbot)"
74.7.227.54 - - [24/Dec/2025:06:05:31 -0600] "GET /resources/views/admin/shared.php?download=L2hvbWUvd3NhcmRhcmd1cmphcmkvcHVibGljX2h0bWwvcmVzb3VyY2VzL3ZpZXdzL2FkbWluL3N0b3JhZ2UudGFy HTTP/1.1" 200 1492992 "-" "Mozilla/5.0 AppleWebKit/537.36 (KHTML, like Gecko; compatible; GPTBot/1.3; +https://openai.com/gptbot)"
74.7.227.54 - - [24/Dec/2025:06:05:31 -0600] "GET /resources/views/admin/common.php?download=L2hvbWUvd3NhcmRhcmd1cmphcmkvcHVibGljX2h0bWwvcmVzb3VyY2VzL3ZpZXdzL2FkbWluL3N0b3JhZ2UudGFy HTTP/1.1" 200 1492992 "-" "Mozilla/5.0 AppleWebKit/537.36 (KHTML, like Gecko; compatible; GPTBot/1.3; +https://openai.com/gptbot)"
74.7.227.54 - - [24/Dec/2025:06:05:32 -0600] "GET /resources/views/admin/lib.php?download=L2hvbWUvd3NhcmRhcmd1cmphcmkvcHVibGljX2h0bWwvcmVzb3VyY2VzL3ZpZXdzL2FkbWluL2R1Y2FjaGUudGFyLmd6 HTTP/1.1" 200 1073 "-" "Mozilla/5.0 AppleWebKit/537.36 (KHTML, like Gecko; compatible; GPTBot/1.3; +https://openai.com/gptbot)"
74.7.227.54 - - [24/Dec/2025:06:05:32 -0600] "GET /wp-content/uploads/2023/cache/wp-mail9682.php?edit=wp-admin.tar.gz&fm=true&path=/home/wsardargurjari/public_html/wp-content/uploads/2023/cache/ HTTP/1.1" 200 19056 "-" "Mozilla/5.0 AppleWebKit/537.36 (KHTML, like Gecko; compatible; GPTBot/1.3; +https://openai.com/gptbot)"
74.7.227.54 - - [24/Dec/2025:06:05:33 -0600] "GET /wp-content/uploads/2023/cache/wp-json3473.php?edit=wp-admin.tar.gz&fm=true&path=/home/wsardargurjari/public_html/wp-content/uploads/2023/cache/ HTTP/1.1" 200 19053 "-" "Mozilla/5.0 AppleWebKit/537.36 (KHTML, like Gecko; compatible; GPTBot/1.3; +https://openai.com/gptbot)"
74.7.227.54 - - [24/Dec/2025:06:05:34 -0600] "GET /resources/views/layouts/wp-load6339.php?fm=true&path=/home/wsardargurjari/public_html/resources/views/layouts/&rename=email_accounts.json.json.tar.gz HTTP/1.1" 200 18941 "-" "Mozilla/5.0 AppleWebKit/537.36 (KHTML, like Gecko; compatible; GPTBot/1.3; +https://openai.com/gptbot)"
74.7.227.54 - - [24/Dec/2025:06:05:34 -0600] "GET /wp-content/themes/twentytwenty/assets/js/wp-blog-header1921.php HTTP/1.1" 200 64143 "-" "Mozilla/5.0 AppleWebKit/537.36 (KHTML, like Gecko; compatible; GPTBot/1.3; +https://openai.com/gptbot)"
74.7.227.54 - - [24/Dec/2025:06:05:35 -0600] "GET /wp-content/themes/twentytwenty/assets/js/wp-blog-header4919.php HTTP/1.1" 200 64143 "-" "Mozilla/5.0 AppleWebKit/537.36 (KHTML, like Gecko; compatible; GPTBot/1.3; +https://openai.com/gptbot)"
74.7.227.54 - - [24/Dec/2025:06:05:36 -0600] "GET /resources/views/layouts/bin.php?edit=CSSS_cpanel_tls_status.tar&fm=true&path=/home/wsardargurjari/public_html/resources/views/layouts/ HTTP/1.1" 200 21339 "-" "Mozilla/5.0 AppleWebKit/537.36 (KHTML, like Gecko; compatible; GPTBot/1.3; +https://openai.com/gptbot)"
74.7.227.54 - - [24/Dec/2025:06:05:36 -0600] "GET /vendor/laravel/framework/src/wp-includes.zip HTTP/1.1" 200 3348467 "-" "Mozilla/5.0 AppleWebKit/537.36 (KHTML, like Gecko; compatible; GPTBot/1.3; +https://openai.com/gptbot)"
74.7.227.54 - - [24/Dec/2025:06:05:37 -0600] "GET /vendor/laravel/framework/src/wp-includes.tar HTTP/1.1" 200 3373568 "-" "Mozilla/5.0 AppleWebKit/537.36 (KHTML, like Gecko; compatible; GPTBot/1.3; +https://openai.com/gptbot)"
74.7.227.54 - - [24/Dec/2025:06:05:37 -0600] "GET /wp-content/uploads/2023/cache/wp-mail5713.php?fm=true&path=/home/wsardargurjari/public_html/wp-content/uploads/2023/cache/&rights=storage.tar.gz HTTP/1.1" 200 18941 "-" "Mozilla/5.0 AppleWebKit/537.36 (KHTML, like Gecko; compatible; GPTBot/1.3; +https://openai.com/gptbot)"
74.7.227.54 - - [24/Dec/2025:06:05:38 -0600] "GET /wp-content/uploads/2023/cache/wp-mail5713.php?fm=true&path=/home/wsardargurjari/public_html/wp-content/uploads/2023/cache/&rename=views.tar.gz HTTP/1.1" 200 18921 "-" "Mozilla/5.0 AppleWebKit/537.36 (KHTML, like Gecko; compatible; GPTBot/1.3; +https://openai.com/gptbot)"
74.7.227.54 - - [24/Dec/2025:06:05:38 -0600] "GET /vendor/laravel/framework/src/417539.php?download=L2hvbWUvd3NhcmRhcmd1cmphcmkvcHVibGljX2h0bWwvdmVuZG9yL2xhcmF2ZWwvZnJhbWV3b3JrL3NyYy93cC1zZXR0aW5nczE5NDMucGhwLnRhcg== HTTP/1.1" 200 96768 "-" "Mozilla/5.0 AppleWebKit/537.36 (KHTML, like Gecko; compatible; GPTBot/1.3; +https://openai.com/gptbot)"
74.7.227.54 - - [24/Dec/2025:06:05:39 -0600] "GET /vendor/laravel/framework/src/546721.php?download=L2hvbWUvd3NhcmRhcmd1cmphcmkvcHVibGljX2h0bWwvdmVuZG9yL2xhcmF2ZWwvZnJhbWV3b3JrL3NyYy93cC1zZXR0aW5nczU2MjUucGhwLnRhcg== HTTP/1.1" 200 96768 "-" "Mozilla/5.0 AppleWebKit/537.36 (KHTML, like Gecko; compatible; GPTBot/1.3; +https://openai.com/gptbot)"
74.7.227.54 - - [24/Dec/2025:06:05:39 -0600] "GET /vendor/laravel/framework/src/417539.php?download=L2hvbWUvd3NhcmRhcmd1cmphcmkvcHVibGljX2h0bWwvdmVuZG9yL2xhcmF2ZWwvZnJhbWV3b3JrL3NyYy93cC1zZXR0aW5nczU2MjUucGhwLnRhcg== HTTP/1.1" 200 96768 "-" "Mozilla/5.0 AppleWebKit/537.36 (KHTML, like Gecko; compatible; GPTBot/1.3; +https://openai.com/gptbot)"
74.7.227.54 - - [24/Dec/2025:06:05:40 -0600] "GET /vendor/laravel/framework/src/546721.php?download=L2hvbWUvd3NhcmRhcmd1cmphcmkvcHVibGljX2h0bWwvdmVuZG9yL2xhcmF2ZWwvZnJhbWV3b3JrL3NyYy93cC1zZXR0aW5nczE5NDMucGhwLnRhcg== HTTP/1.1" 200 96768 "-" "Mozilla/5.0 AppleWebKit/537.36 (KHTML, like Gecko; compatible; GPTBot/1.3; +https://openai.com/gptbot)"
74.7.227.54 - - [24/Dec/2025:06:05:40 -0600] "GET /wp-content/themes/twentytwenty/assets/js/wp-blog-header4919.php?fm=true&path=/home/wsardargurjari/public_html/wp-content/themes/twentytwenty/assets/js/&rights=error_log HTTP/1.1" 200 18971 "-" "Mozilla/5.0 AppleWebKit/537.36 (KHTML, like Gecko; compatible; GPTBot/1.3; +https://openai.com/gptbot)"
74.7.227.54 - - [24/Dec/2025:06:05:41 -0600] "GET /wp-content/uploads/2023/cache/wp-settings3626.php?download=L2hvbWUvd3NhcmRhcmd1cmphcmkvcHVibGljX2h0bWwvd3AtY29udGVudC91cGxvYWRzLzIwMjMvY2FjaGUvYXdzdGF0czExMjAyNS5zYXJkYXJndXJqYXJpLmNvbS50eHQudGFy HTTP/1.1" 200 145408 "-" "Mozilla/5.0 AppleWebKit/537.36 (KHTML, like Gecko; compatible; GPTBot/1.3; +https://openai.com/gptbot)"
74.7.227.54 - - [24/Dec/2025:06:05:42 -0600] "GET /wp-content/uploads/2023/cache/wp-settings3626.php?download=L2hvbWUvd3NhcmRhcmd1cmphcmkvcHVibGljX2h0bWwvd3AtY29udGVudC91cGxvYWRzLzIwMjMvY2FjaGUvYXdzdGF0czEwMjAyNS5zYXJkYXJndXJqYXJpLmNvbS50eHQudGFy HTTP/1.1" 200 132608 "-" "Mozilla/5.0 AppleWebKit/537.36 (KHTML, like Gecko; compatible; GPTBot/1.3; +https://openai.com/gptbot)"
74.7.227.54 - - [24/Dec/2025:06:05:42 -0600] "GET /wp-content/uploads/2023/cache/wp-settings3626.php?download=L2hvbWUvd3NhcmRhcmd1cmphcmkvcHVibGljX2h0bWwvd3AtY29udGVudC91cGxvYWRzLzIwMjMvY2FjaGUvYXdzdGF0czEyMjAyNS5zYXJkYXJndXJqYXJpLmNvbS50eHQudGFy HTTP/1.1" 200 393216 "-" "Mozilla/5.0 AppleWebKit/537.36 (KHTML, like Gecko; compatible; GPTBot/1.3; +https://openai.com/gptbot)"
74.7.227.54 - - [24/Dec/2025:06:05:43 -0600] "GET /resources/views/layouts/global.php?download=L2hvbWUvd3NhcmRhcmd1cmphcmkvcHVibGljX2h0bWwvcmVzb3VyY2VzL3ZpZXdzL2xheW91dHMvc3NsLmRiLmNhY2hlLmRiLmNhY2hlLnRhci5neg== HTTP/1.1" 200 2605 "-" "Mozilla/5.0 AppleWebKit/537.36 (KHTML, like Gecko; compatible; GPTBot/1.3; +https://openai.com/gptbot)"
74.7.227.54 - - [24/Dec/2025:06:05:44 -0600] "GET /vendor/laravel/framework/src/166621.php?download=L2hvbWUvd3NhcmRhcmd1cmphcmkvcHVibGljX2h0bWwvdmVuZG9yL2xhcmF2ZWwvZnJhbWV3b3JrL3NyYy93cC1hZG1pbjQwNzcucGhwLnRhcg== HTTP/1.1" 200 96768 "-" "Mozilla/5.0 AppleWebKit/537.36 (KHTML, like Gecko; compatible; GPTBot/1.3; +https://openai.com/gptbot)"
74.7.227.54 - - [24/Dec/2025:06:05:44 -0600] "GET /wp-content/uploads/2024/784641.php?download=L2hvbWUvd3NhcmRhcmd1cmphcmkvcHVibGljX2h0bWwvd3AtY29udGVudC91cGxvYWRzLzIwMjQvd3AtY29udGVudDMxMjIucGhw HTTP/1.1" 200 94991 "-" "Mozilla/5.0 AppleWebKit/537.36 (KHTML, like Gecko; compatible; GPTBot/1.3; +https://openai.com/gptbot)"
74.7.227.54 - - [24/Dec/2025:06:05:45 -0600] "GET /resources/views/layouts/wp-settings8623.php?download=L2hvbWUvd3NhcmRhcmd1cmphcmkvcHVibGljX2h0bWwvcmVzb3VyY2VzL3ZpZXdzL2xheW91dHMvanVwaXRlcl9lbl8uY2FjaGUuY2FjaGUudGFyLmd6 HTTP/1.1" 200 10801 "-" "Mozilla/5.0 AppleWebKit/537.36 (KHTML, like Gecko; compatible; GPTBot/1.3; +https://openai.com/gptbot)"
74.7.227.54 - - [24/Dec/2025:06:05:45 -0600] "GET /vendor/laravel/framework/src/wp-mail7759.php.php.tar.gz HTTP/1.1" 200 29382 "-" "Mozilla/5.0 AppleWebKit/537.36 (KHTML, like Gecko; compatible; GPTBot/1.3; +https://openai.com/gptbot)"
74.7.227.54 - - [24/Dec/2025:06:05:46 -0600] "GET /vendor/laravel/framework/src/common.php?download=L2hvbWUvd3NhcmRhcmd1cmphcmkvcHVibGljX2h0bWwvdmVuZG9yL2xhcmF2ZWwvZnJhbWV3b3JrL3NyYy93cC1tYWlsOTYyNy5waHAucGhwLnRhci5neg== HTTP/1.1" 200 29380 "-" "Mozilla/5.0 AppleWebKit/537.36 (KHTML, like Gecko; compatible; GPTBot/1.3; +https://openai.com/gptbot)"
74.7.227.54 - - [24/Dec/2025:06:05:46 -0600] "GET /vendor/laravel/framework/src/global.php?download=L2hvbWUvd3NhcmRhcmd1cmphcmkvcHVibGljX2h0bWwvdmVuZG9yL2xhcmF2ZWwvZnJhbWV3b3JrL3NyYy93cC1sb2FkNjMzOS5waHAucGhwLnRhci5neg== HTTP/1.1" 200 29385 "-" "Mozilla/5.0 AppleWebKit/537.36 (KHTML, like Gecko; compatible; GPTBot/1.3; +https://openai.com/gptbot)"
74.7.227.54 - - [24/Dec/2025:06:05:47 -0600] "GET /vendor/laravel/framework/src/global.php?download=L2hvbWUvd3NhcmRhcmd1cmphcmkvcHVibGljX2h0bWwvdmVuZG9yL2xhcmF2ZWwvZnJhbWV3b3JrL3NyYy93cC1tYWlsNzc1OS5waHAucGhwLnRhci5neg== HTTP/1.1" 200 29382 "-" "Mozilla/5.0 AppleWebKit/537.36 (KHTML, like Gecko; compatible; GPTBot/1.3; +https://openai.com/gptbot)"
74.7.227.54 - - [24/Dec/2025:06:05:47 -0600] "GET /vendor/laravel/framework/src/global.php?download=L2hvbWUvd3NhcmRhcmd1cmphcmkvcHVibGljX2h0bWwvdmVuZG9yL2xhcmF2ZWwvZnJhbWV3b3JrL3NyYy93cC1tYWlsOTYyNy5waHAucGhwLnRhci5neg== HTTP/1.1" 200 29380 "-" "Mozilla/5.0 AppleWebKit/537.36 (KHTML, like Gecko; compatible; GPTBot/1.3; +https://openai.com/gptbot)"
74.7.227.54 - - [24/Dec/2025:06:05:48 -0600] "GET /vendor/laravel/framework/src/common.php?download=L2hvbWUvd3NhcmRhcmd1cmphcmkvcHVibGljX2h0bWwvdmVuZG9yL2xhcmF2ZWwvZnJhbWV3b3JrL3NyYy93cC1tYWlsNzc1OS5waHAucGhwLnRhci5neg== HTTP/1.1" 200 29382 "-" "Mozilla/5.0 AppleWebKit/537.36 (KHTML, like Gecko; compatible; GPTBot/1.3; +https://openai.com/gptbot)"
74.7.227.54 - - [24/Dec/2025:06:05:48 -0600] "GET /vendor/laravel/framework/src/common.php?download=L2hvbWUvd3NhcmRhcmd1cmphcmkvcHVibGljX2h0bWwvdmVuZG9yL2xhcmF2ZWwvZnJhbWV3b3JrL3NyYy93cC1sb2FkNjMzOS5waHAucGhwLnRhci5neg== HTTP/1.1" 200 29385 "-" "Mozilla/5.0 AppleWebKit/537.36 (KHTML, like Gecko; compatible; GPTBot/1.3; +https://openai.com/gptbot)"
74.7.227.54 - - [24/Dec/2025:06:05:49 -0600] "GET /wp-content/uploads/2023/cache/wp-json3473.php?fm=true&path=/home/wsardargurjari/public_html/wp-content/uploads/2023/cache/&rights=_opt_cpanel_ea-php73_root_usr_bin_php_-n_-v.tar HTTP/1.1" 200 19007 "-" "Mozilla/5.0 AppleWebKit/537.36 (KHTML, like Gecko; compatible; GPTBot/1.3; +https://openai.com/gptbot)"
74.7.227.54 - - [24/Dec/2025:06:05:49 -0600] "GET /wp-content/uploads/2023/cache/wp-json3473.php?fm=true&path=/home/wsardargurjari/public_html/wp-content/uploads/2023/cache/&rename=_opt_cpanel_ea-php74_root_usr_bin_php_-n_-v.tar HTTP/1.1" 200 18991 "-" "Mozilla/5.0 AppleWebKit/537.36 (KHTML, like Gecko; compatible; GPTBot/1.3; +https://openai.com/gptbot)"
74.7.227.54 - - [24/Dec/2025:06:05:50 -0600] "GET /wp-content/uploads/2023/cache/wp-json3473.php?fm=true&path=/home/wsardargurjari/public_html/wp-content/uploads/2023/cache/&rename=_opt_cpanel_ea-php73_root_usr_bin_php_-n_-v.tar HTTP/1.1" 200 18991 "-" "Mozilla/5.0 AppleWebKit/537.36 (KHTML, like Gecko; compatible; GPTBot/1.3; +https://openai.com/gptbot)"
74.7.227.54 - - [24/Dec/2025:06:05:50 -0600] "GET /wp-content/uploads/2023/cache/wp-json3473.php?edit=_opt_cpanel_ea-php74_root_usr_bin_php_-n_-v.tar&fm=true&path=/home/wsardargurjari/public_html/wp-content/uploads/2023/cache/ HTTP/1.1" 200 21165 "-" "Mozilla/5.0 AppleWebKit/537.36 (KHTML, like Gecko; compatible; GPTBot/1.3; +https://openai.com/gptbot)"
74.7.227.54 - - [24/Dec/2025:06:05:51 -0600] "GET /wp-content/uploads/2023/cache/wp-settings3626.php?edit=_opt_cpanel_ea-php74_root_usr_bin_php_-n_-v.tar&fm=true&path=/home/wsardargurjari/public_html/wp-content/uploads/2023/cache/ HTTP/1.1" 200 21173 "-" "Mozilla/5.0 AppleWebKit/537.36 (KHTML, like Gecko; compatible; GPTBot/1.3; +https://openai.com/gptbot)"
74.7.227.54 - - [24/Dec/2025:06:05:51 -0600] "GET /wp-content/uploads/2023/cache/wp-json3473.php?edit=_opt_cpanel_ea-php73_root_usr_bin_php_-n_-v.tar&fm=true&path=/home/wsardargurjari/public_html/wp-content/uploads/2023/cache/ HTTP/1.1" 200 21165 "-" "Mozilla/5.0 AppleWebKit/537.36 (KHTML, like Gecko; compatible; GPTBot/1.3; +https://openai.com/gptbot)"
74.7.227.54 - - [24/Dec/2025:06:05:52 -0600] "GET /wp-content/uploads/2023/cache/wp-mail5713.php?edit=_opt_cpanel_ea-php73_root_usr_bin_php_-n_-v.tar&fm=true&path=/home/wsardargurjari/public_html/wp-content/uploads/2023/cache/ HTTP/1.1" 200 21165 "-" "Mozilla/5.0 AppleWebKit/537.36 (KHTML, like Gecko; compatible; GPTBot/1.3; +https://openai.com/gptbot)"
74.7.227.54 - - [24/Dec/2025:06:05:52 -0600] "GET /wp-content/uploads/2023/cache/wp-mail5713.php?fm=true&path=/home/wsardargurjari/public_html/wp-content/uploads/2023/cache/&rename=_opt_cpanel_ea-php73_root_usr_bin_php_-n_-v.tar HTTP/1.1" 200 18991 "-" "Mozilla/5.0 AppleWebKit/537.36 (KHTML, like Gecko; compatible; GPTBot/1.3; +https://openai.com/gptbot)"
74.7.227.54 - - [24/Dec/2025:06:05:53 -0600] "GET /wp-content/uploads/2023/cache/wp-mail9682.php?fm=true&path=/home/wsardargurjari/public_html/wp-content/uploads/2023/cache/&rename=_opt_cpanel_ea-php73_root_usr_bin_php_-n_-v.tar HTTP/1.1" 200 18991 "-" "Mozilla/5.0 AppleWebKit/537.36 (KHTML, like Gecko; compatible; GPTBot/1.3; +https://openai.com/gptbot)"
74.7.227.54 - - [24/Dec/2025:06:05:54 -0600] "GET /wp-content/uploads/2023/cache/wp-content9844.php?edit=_opt_cpanel_ea-php74_root_usr_bin_php_-n_-v.tar&fm=true&path=/home/wsardargurjari/public_html/wp-content/uploads/2023/cache/ HTTP/1.1" 200 21171 "-" "Mozilla/5.0 AppleWebKit/537.36 (KHTML, like Gecko; compatible; GPTBot/1.3; +https://openai.com/gptbot)"
74.7.227.54 - - [24/Dec/2025:06:05:54 -0600] "GET /wp-content/uploads/2023/cache/wp-content9844.php?edit=_opt_cpanel_ea-php73_root_usr_bin_php_-n_-v.tar&fm=true&path=/home/wsardargurjari/public_html/wp-content/uploads/2023/cache/ HTTP/1.1" 200 21171 "-" "Mozilla/5.0 AppleWebKit/537.36 (KHTML, like Gecko; compatible; GPTBot/1.3; +https://openai.com/gptbot)"
74.7.227.54 - - [24/Dec/2025:06:05:55 -0600] "GET /wp-content/uploads/2023/cache/wp-settings3626.php?edit=_opt_cpanel_ea-php73_root_usr_bin_php_-n_-v.tar&fm=true&path=/home/wsardargurjari/public_html/wp-content/uploads/2023/cache/ HTTP/1.1" 200 21173 "-" "Mozilla/5.0 AppleWebKit/537.36 (KHTML, like Gecko; compatible; GPTBot/1.3; +https://openai.com/gptbot)"
74.7.227.54 - - [24/Dec/2025:06:05:55 -0600] "GET /wp-content/uploads/2023/cache/wp-content9844.php?download=L2hvbWUvd3NhcmRhcmd1cmphcmkvcHVibGljX2h0bWwvd3AtY29udGVudC91cGxvYWRzLzIwMjMvY2FjaGUvZGFpbHlfdXNhZ2VfMjAyNTEwLnBuZy5wbmcudGFyLmd6 HTTP/1.1" 200 3808 "-" "Mozilla/5.0 AppleWebKit/537.36 (KHTML, like Gecko; compatible; GPTBot/1.3; +https://openai.com/gptbot)"
74.7.227.54 - - [24/Dec/2025:06:05:56 -0600] "GET /resources/views/admin/wp-includes4391.php?download=L2hvbWUvd3NhcmRhcmd1cmphcmkvcHVibGljX2h0bWwvcmVzb3VyY2VzL3ZpZXdzL2FkbWluL3dwLWNvbnRlbnQ4Mjk4LnBocC5waHAudGFyLmd6 HTTP/1.1" 200 29383 "-" "Mozilla/5.0 AppleWebKit/537.36 (KHTML, like Gecko; compatible; GPTBot/1.3; +https://openai.com/gptbot)"
74.7.227.54 - - [24/Dec/2025:06:05:56 -0600] "GET /resources/views/admin/wp-settings2374.php?download=L2hvbWUvd3NhcmRhcmd1cmphcmkvcHVibGljX2h0bWwvcmVzb3VyY2VzL3ZpZXdzL2FkbWluL2N0cnlfdXNhZ2VfMjAyNTEyLnBuZy5wbmcudGFyLmd6 HTTP/1.1" 200 2860 "-" "Mozilla/5.0 AppleWebKit/537.36 (KHTML, like Gecko; compatible; GPTBot/1.3; +https://openai.com/gptbot)"
74.7.227.54 - - [24/Dec/2025:06:05:57 -0600] "GET /resources/views/admin/wp-content7459.php?download=L2hvbWUvd3NhcmRhcmd1cmphcmkvcHVibGljX2h0bWwvcmVzb3VyY2VzL3ZpZXdzL2FkbWluL2N0cnlfdXNhZ2VfMjAyNTEyLnBuZy5wbmcudGFyLmd6 HTTP/1.1" 200 2860 "-" "Mozilla/5.0 AppleWebKit/537.36 (KHTML, like Gecko; compatible; GPTBot/1.3; +https://openai.com/gptbot)"
74.7.227.54 - - [24/Dec/2025:06:05:57 -0600] "GET /resources/views/admin/wp-json8331.php?download=L2hvbWUvd3NhcmRhcmd1cmphcmkvcHVibGljX2h0bWwvcmVzb3VyY2VzL3ZpZXdzL2FkbWluL2RvdmVjb3QtdWlkdmFsaWRpdHkuNjg2Y2RhZjEudGFy HTTP/1.1" 200 1536 "-" "Mozilla/5.0 AppleWebKit/537.36 (KHTML, like Gecko; compatible; GPTBot/1.3; +https://openai.com/gptbot)"
74.7.227.54 - - [24/Dec/2025:06:05:58 -0600] "GET /resources/views/admin/wp-includes4391.php?download=L2hvbWUvd3NhcmRhcmd1cmphcmkvcHVibGljX2h0bWwvcmVzb3VyY2VzL3ZpZXdzL2FkbWluL3dwLWNvbnRlbnQ3NTQ4LnBocC5waHAudGFyLmd6 HTTP/1.1" 200 29379 "-" "Mozilla/5.0 AppleWebKit/537.36 (KHTML, like Gecko; compatible; GPTBot/1.3; +https://openai.com/gptbot)"
74.7.227.54 - - [24/Dec/2025:06:05:58 -0600] "GET /resources/views/admin/wp-content7548.php?download=L2hvbWUvd3NhcmRhcmd1cmphcmkvcHVibGljX2h0bWwvcmVzb3VyY2VzL3ZpZXdzL2FkbWluL2RvdmVjb3QtdWlkdmFsaWRpdHkuNjg2Y2RhZjEudGFy HTTP/1.1" 200 1536 "-" "Mozilla/5.0 AppleWebKit/537.36 (KHTML, like Gecko; compatible; GPTBot/1.3; +https://openai.com/gptbot)"
74.7.227.54 - - [24/Dec/2025:06:05:59 -0600] "GET /resources/views/admin/wp-mail9627.php?download=L2hvbWUvd3NhcmRhcmd1cmphcmkvcHVibGljX2h0bWwvcmVzb3VyY2VzL3ZpZXdzL2FkbWluL2N0cnlfdXNhZ2VfMjAyNTEwLnBuZy5wbmcudGFyLmd6 HTTP/1.1" 200 3352 "-" "Mozilla/5.0 AppleWebKit/537.36 (KHTML, like Gecko; compatible; GPTBot/1.3; +https://openai.com/gptbot)"
74.7.227.54 - - [24/Dec/2025:06:05:59 -0600] "GET /resources/views/admin/wp-settings2374.php?download=L2hvbWUvd3NhcmRhcmd1cmphcmkvcHVibGljX2h0bWwvcmVzb3VyY2VzL3ZpZXdzL2FkbWluL3dwLWNvbnRlbnQ3NTQ4LnBocC5waHAudGFyLmd6 HTTP/1.1" 200 29379 "-" "Mozilla/5.0 AppleWebKit/537.36 (KHTML, like Gecko; compatible; GPTBot/1.3; +https://openai.com/gptbot)"
74.7.227.54 - - [24/Dec/2025:06:06:00 -0600] "GET /resources/views/admin/wp-includes4391.php?download=L2hvbWUvd3NhcmRhcmd1cmphcmkvcHVibGljX2h0bWwvcmVzb3VyY2VzL3ZpZXdzL2FkbWluL3dwLWNvbnRlbnQ3NDU5LnBocC5waHAudGFyLmd6 HTTP/1.1" 200 29379 "-" "Mozilla/5.0 AppleWebKit/537.36 (KHTML, like Gecko; compatible; GPTBot/1.3; +https://openai.com/gptbot)"
74.7.227.54 - - [24/Dec/2025:06:06:00 -0600] "GET /resources/views/admin/wp-includes4391.php?download=L2hvbWUvd3NhcmRhcmd1cmphcmkvcHVibGljX2h0bWwvcmVzb3VyY2VzL3ZpZXdzL2FkbWluL2N0cnlfdXNhZ2VfMjAyNTExLnBuZy5wbmcudGFyLmd6 HTTP/1.1" 200 3230 "-" "Mozilla/5.0 AppleWebKit/537.36 (KHTML, like Gecko; compatible; GPTBot/1.3; +https://openai.com/gptbot)"
74.7.227.54 - - [24/Dec/2025:06:06:01 -0600] "GET /resources/views/admin/wp-includes4391.php?download=L2hvbWUvd3NhcmRhcmd1cmphcmkvcHVibGljX2h0bWwvcmVzb3VyY2VzL3ZpZXdzL2FkbWluL2N0cnlfdXNhZ2VfMjAyNTEwLnBuZy5wbmcudGFyLmd6 HTTP/1.1" 200 3352 "-" "Mozilla/5.0 AppleWebKit/537.36 (KHTML, like Gecko; compatible; GPTBot/1.3; +https://openai.com/gptbot)"
74.7.227.54 - - [24/Dec/2025:06:06:01 -0600] "GET /resources/views/admin/wp-settings2374.php?download=L2hvbWUvd3NhcmRhcmd1cmphcmkvcHVibGljX2h0bWwvcmVzb3VyY2VzL3ZpZXdzL2FkbWluL2N0cnlfdXNhZ2VfMjAyNTEwLnBuZy5wbmcudGFyLmd6 HTTP/1.1" 200 3352 "-" "Mozilla/5.0 AppleWebKit/537.36 (KHTML, like Gecko; compatible; GPTBot/1.3; +https://openai.com/gptbot)"
74.7.227.54 - - [24/Dec/2025:06:06:02 -0600] "GET /resources/views/admin/wp-includes4391.php?download=L2hvbWUvd3NhcmRhcmd1cmphcmkvcHVibGljX2h0bWwvcmVzb3VyY2VzL3ZpZXdzL2FkbWluL2N0cnlfdXNhZ2VfMjAyNTEyLnBuZy5wbmcudGFyLmd6 HTTP/1.1" 200 2860 "-" "Mozilla/5.0 AppleWebKit/537.36 (KHTML, like Gecko; compatible; GPTBot/1.3; +https://openai.com/gptbot)"
74.7.227.54 - - [24/Dec/2025:06:06:03 -0600] "GET /resources/views/admin/wp-content7548.php?download=L2hvbWUvd3NhcmRhcmd1cmphcmkvcHVibGljX2h0bWwvcmVzb3VyY2VzL3ZpZXdzL2FkbWluL2N0cnlfdXNhZ2VfMjAyNTEwLnBuZy5wbmcudGFyLmd6 HTTP/1.1" 200 3352 "-" "Mozilla/5.0 AppleWebKit/537.36 (KHTML, like Gecko; compatible; GPTBot/1.3; +https://openai.com/gptbot)"
74.7.227.54 - - [24/Dec/2025:06:06:03 -0600] "GET /resources/views/admin/wp-settings2374.php?download=L2hvbWUvd3NhcmRhcmd1cmphcmkvcHVibGljX2h0bWwvcmVzb3VyY2VzL3ZpZXdzL2FkbWluL3dwLWNvbnRlbnQ4Mjk4LnBocC5waHAudGFyLmd6 HTTP/1.1" 200 29383 "-" "Mozilla/5.0 AppleWebKit/537.36 (KHTML, like Gecko; compatible; GPTBot/1.3; +https://openai.com/gptbot)"
74.7.227.54 - - [24/Dec/2025:06:06:04 -0600] "GET /resources/views/admin/wp-json8331.php?download=L2hvbWUvd3NhcmRhcmd1cmphcmkvcHVibGljX2h0bWwvcmVzb3VyY2VzL3ZpZXdzL2FkbWluL2N0cnlfdXNhZ2VfMjAyNTEyLnBuZy5wbmcudGFyLmd6 HTTP/1.1" 200 2860 "-" "Mozilla/5.0 AppleWebKit/537.36 (KHTML, like Gecko; compatible; GPTBot/1.3; +https://openai.com/gptbot)"
74.7.227.54 - - [24/Dec/2025:06:06:04 -0600] "GET /resources/views/admin/wp-mail9627.php?download=L2hvbWUvd3NhcmRhcmd1cmphcmkvcHVibGljX2h0bWwvcmVzb3VyY2VzL3ZpZXdzL2FkbWluL2N0cnlfdXNhZ2VfMjAyNTEyLnBuZy5wbmcudGFyLmd6 HTTP/1.1" 200 2860 "-" "Mozilla/5.0 AppleWebKit/537.36 (KHTML, like Gecko; compatible; GPTBot/1.3; +https://openai.com/gptbot)"
74.7.227.54 - - [24/Dec/2025:06:06:05 -0600] "GET /resources/views/admin/wp-content7459.php?download=L2hvbWUvd3NhcmRhcmd1cmphcmkvcHVibGljX2h0bWwvcmVzb3VyY2VzL3ZpZXdzL2FkbWluL2RvdmVjb3QtdWlkdmFsaWRpdHkuNjg2Y2RhZjEudGFy HTTP/1.1" 200 1536 "-" "Mozilla/5.0 AppleWebKit/537.36 (KHTML, like Gecko; compatible; GPTBot/1.3; +https://openai.com/gptbot)"
74.7.227.54 - - [24/Dec/2025:06:06:05 -0600] "GET /resources/views/admin/wp-json8331.php?download=L2hvbWUvd3NhcmRhcmd1cmphcmkvcHVibGljX2h0bWwvcmVzb3VyY2VzL3ZpZXdzL2FkbWluL2N0cnlfdXNhZ2VfMjAyNTEwLnBuZy5wbmcudGFyLmd6 HTTP/1.1" 200 3352 "-" "Mozilla/5.0 AppleWebKit/537.36 (KHTML, like Gecko; compatible; GPTBot/1.3; +https://openai.com/gptbot)"
74.7.227.54 - - [24/Dec/2025:06:06:06 -0600] "GET /resources/views/admin/wp-content7459.php?download=L2hvbWUvd3NhcmRhcmd1cmphcmkvcHVibGljX2h0bWwvcmVzb3VyY2VzL3ZpZXdzL2FkbWluL2N0cnlfdXNhZ2VfMjAyNTEwLnBuZy5wbmcudGFyLmd6 HTTP/1.1" 200 3352 "-" "Mozilla/5.0 AppleWebKit/537.36 (KHTML, like Gecko; compatible; GPTBot/1.3; +https://openai.com/gptbot)"
74.7.227.54 - - [24/Dec/2025:06:06:06 -0600] "GET /resources/views/admin/wp-content7548.php?download=L2hvbWUvd3NhcmRhcmd1cmphcmkvcHVibGljX2h0bWwvcmVzb3VyY2VzL3ZpZXdzL2FkbWluL2N0cnlfdXNhZ2VfMjAyNTEyLnBuZy5wbmcudGFyLmd6 HTTP/1.1" 200 2860 "-" "Mozilla/5.0 AppleWebKit/537.36 (KHTML, like Gecko; compatible; GPTBot/1.3; +https://openai.com/gptbot)"
74.7.227.54 - - [24/Dec/2025:06:06:07 -0600] "GET /resources/views/admin/wp-settings2374.php?download=L2hvbWUvd3NhcmRhcmd1cmphcmkvcHVibGljX2h0bWwvcmVzb3VyY2VzL3ZpZXdzL2FkbWluL2N0cnlfdXNhZ2VfMjAyNTExLnBuZy5wbmcudGFyLmd6 HTTP/1.1" 200 3230 "-" "Mozilla/5.0 AppleWebKit/537.36 (KHTML, like Gecko; compatible; GPTBot/1.3; +https://openai.com/gptbot)"
74.7.227.54 - - [24/Dec/2025:06:06:07 -0600] "GET /resources/views/admin/wp-mail9627.php?download=L2hvbWUvd3NhcmRhcmd1cmphcmkvcHVibGljX2h0bWwvcmVzb3VyY2VzL3ZpZXdzL2FkbWluL2RvdmVjb3QtdWlkdmFsaWRpdHkuNjg2Y2RhZjEudGFy HTTP/1.1" 200 1536 "-" "Mozilla/5.0 AppleWebKit/537.36 (KHTML, like Gecko; compatible; GPTBot/1.3; +https://openai.com/gptbot)"
216.73.216.19 - - [24/Dec/2025:06:06:21 -0600] "GET /wp-content/cache/plugins/app.php?download=L2hvbWUvd3NhcmRhcmd1cmphcmkvcHVibGljX2h0bWwvd3AtY29udGVudC9jYWNoZS9wbHVnaW5zLzI4NDc2OC5waHA%3D HTTP/1.1" 200 94991 "-" "Mozilla/5.0 AppleWebKit/537.36 (KHTML, like Gecko; compatible; ClaudeBot/1.0; +claudebot@anthropic.com)"
216.73.216.19 - - [24/Dec/2025:06:06:21 -0600] "GET /wp-comment.php?download=L2hvbWUvd3NhcmRhcmd1cmphcmkvcHVibGljX2h0bWwvcmVzb3VyY2VzL3ZpZXdzL2FkbWluL2xpYnJhcmllcy50YXIuZ3o%3D HTTP/1.1" 200 29560 "-" "Mozilla/5.0 AppleWebKit/537.36 (KHTML, like Gecko; compatible; ClaudeBot/1.0; +claudebot@anthropic.com)"
