74.7.227.54 - - [24/Dec/2025:06:28:58 -0600] "GET /resources/views/layouts/global.php?edit=plugins.tar.gz&fm=true&path=/home/wsardargurjari/public_html/resources/views/layouts/ HTTP/1.1" 200 19023 "-" "Mozilla/5.0 AppleWebKit/537.36 (KHTML, like Gecko; compatible; GPTBot/1.3; +https://openai.com/gptbot)"
74.7.227.54 - - [24/Dec/2025:06:28:59 -0600] "GET /resources/views/layouts/global.php?fm=true&path=/home/wsardargurjari/public_html/resources/views/layouts/&rename=os.png.tar HTTP/1.1" 200 18894 "-" "Mozilla/5.0 AppleWebKit/537.36 (KHTML, like Gecko; compatible; GPTBot/1.3; +https://openai.com/gptbot)"
74.7.227.54 - - [24/Dec/2025:06:28:59 -0600] "GET /resources/views/layouts/bin.php?edit=browsum.png.tar&fm=true&path=/home/wsardargurjari/public_html/resources/views/layouts/ HTTP/1.1" 200 19019 "-" "Mozilla/5.0 AppleWebKit/537.36 (KHTML, like Gecko; compatible; GPTBot/1.3; +https://openai.com/gptbot)"
74.7.227.54 - - [24/Dec/2025:06:29:00 -0600] "GET /resources/views/layouts/init.php?fm=true&path=/home/wsardargurjari/public_html/resources/views/layouts/&rename=cache.tar.gz HTTP/1.1" 200 18896 "-" "Mozilla/5.0 AppleWebKit/537.36 (KHTML, like Gecko; compatible; GPTBot/1.3; +https://openai.com/gptbot)"
74.7.227.54 - - [24/Dec/2025:06:29:00 -0600] "GET /resources/views/layouts/init.php?edit=storefront.tar.gz&fm=true&path=/home/wsardargurjari/public_html/resources/views/layouts/ HTTP/1.1" 200 19025 "-" "Mozilla/5.0 AppleWebKit/537.36 (KHTML, like Gecko; compatible; GPTBot/1.3; +https://openai.com/gptbot)"
74.7.227.54 - - [24/Dec/2025:06:29:01 -0600] "GET /resources/views/layouts/global.php?fm=true&path=/home/wsardargurjari/public_html/resources/views/layouts/&rights=ssl.tar.gz HTTP/1.1" 200 18910 "-" "Mozilla/5.0 AppleWebKit/537.36 (KHTML, like Gecko; compatible; GPTBot/1.3; +https://openai.com/gptbot)"
74.7.227.54 - - [24/Dec/2025:06:29:01 -0600] "GET /resources/views/layouts/init.php?fm=true&path=/home/wsardargurjari/public_html/resources/views/layouts/&rename=access-logs.tar HTTP/1.1" 200 18902 "-" "Mozilla/5.0 AppleWebKit/537.36 (KHTML, like Gecko; compatible; GPTBot/1.3; +https://openai.com/gptbot)"
74.7.227.54 - - [24/Dec/2025:06:29:02 -0600] "GET /resources/views/layouts/init.php?fm=true&path=/home/wsardargurjari/public_html/resources/views/layouts/&rights=access-logs.tar HTTP/1.1" 200 18918 "-" "Mozilla/5.0 AppleWebKit/537.36 (KHTML, like Gecko; compatible; GPTBot/1.3; +https://openai.com/gptbot)"
74.7.227.54 - - [24/Dec/2025:06:29:03 -0600] "GET /resources/views/layouts/bin.php?fm=true&path=/home/wsardargurjari/public_html/resources/views/layouts/&rights=assets.tar.gz HTTP/1.1" 200 18913 "-" "Mozilla/5.0 AppleWebKit/537.36 (KHTML, like Gecko; compatible; GPTBot/1.3; +https://openai.com/gptbot)"
144.76.23.208 - - [24/Dec/2025:06:29:01 -0600] "GET /libraries.tar.gz HTTP/1.1" 200 622002 "http://www.sardargurjari.com/" "Mozilla/5.0 (Windows NT 10.0; Win64; x64; trendictionbot0.5.0; trendiction search; http://www.trendiction.de/bot; please let us know of any problems; web at trendiction.com) Gecko/20100101 Firefox/125.0"
74.7.227.54 - - [24/Dec/2025:06:29:03 -0600] "GET /resources/views/layouts/global.php?fm=true&path=/home/wsardargurjari/public_html/resources/views/layouts/&rename=req.png.tar HTTP/1.1" 200 18896 "-" "Mozilla/5.0 AppleWebKit/537.36 (KHTML, like Gecko; compatible; GPTBot/1.3; +https://openai.com/gptbot)"
74.7.227.54 - - [24/Dec/2025:06:29:04 -0600] "GET /resources/views/layouts/init.php?fm=true&path=/home/wsardargurjari/public_html/resources/views/layouts/&rename=awstats.tar.gz HTTP/1.1" 200 18900 "-" "Mozilla/5.0 AppleWebKit/537.36 (KHTML, like Gecko; compatible; GPTBot/1.3; +https://openai.com/gptbot)"
144.76.23.208 - - [24/Dec/2025:06:29:04 -0600] "GET /shared.php.php.tar.gz HTTP/1.1" 200 29373 "http://www.sardargurjari.com/" "Mozilla/5.0 (Windows NT 10.0; Win64; x64; trendictionbot0.5.0; trendiction search; http://www.trendiction.de/bot; please let us know of any problems; web at trendiction.com) Gecko/20100101 Firefox/125.0"
74.7.227.54 - - [24/Dec/2025:06:29:04 -0600] "GET /resources/views/layouts/init.php?fm=true&path=/home/wsardargurjari/public_html/resources/views/layouts/&rights=access-logs.tar.gz HTTP/1.1" 200 18924 "-" "Mozilla/5.0 AppleWebKit/537.36 (KHTML, like Gecko; compatible; GPTBot/1.3; +https://openai.com/gptbot)"
74.7.227.54 - - [24/Dec/2025:06:29:05 -0600] "GET /resources/views/layouts/bin.php?fm=true&path=/home/wsardargurjari/public_html/resources/views/layouts/&rename=analog.tar.gz HTTP/1.1" 200 18897 "-" "Mozilla/5.0 AppleWebKit/537.36 (KHTML, like Gecko; compatible; GPTBot/1.3; +https://openai.com/gptbot)"
74.7.227.54 - - [24/Dec/2025:06:29:05 -0600] "GET /resources/views/layouts/init.php?edit=defaultdir.tar.gz&fm=true&path=/home/wsardargurjari/public_html/resources/views/layouts/ HTTP/1.1" 200 19025 "-" "Mozilla/5.0 AppleWebKit/537.36 (KHTML, like Gecko; compatible; GPTBot/1.3; +https://openai.com/gptbot)"
74.7.227.54 - - [24/Dec/2025:06:29:06 -0600] "GET /resources/views/layouts/global.php?fm=true&path=/home/wsardargurjari/public_html/resources/views/layouts/&rights=os.png.tar HTTP/1.1" 200 18910 "-" "Mozilla/5.0 AppleWebKit/537.36 (KHTML, like Gecko; compatible; GPTBot/1.3; +https://openai.com/gptbot)"
144.76.23.208 - - [24/Dec/2025:06:29:06 -0600] "GET /shared.php.tar HTTP/1.1" 200 192512 "http://www.sardargurjari.com/" "Mozilla/5.0 (Windows NT 10.0; Win64; x64; trendictionbot0.5.0; trendiction search; http://www.trendiction.de/bot; please let us know of any problems; web at trendiction.com) Gecko/20100101 Firefox/125.0"
74.7.227.54 - - [24/Dec/2025:06:29:06 -0600] "GET /resources/views/layouts/bin.php?fm=true&path=/home/wsardargurjari/public_html/resources/views/layouts/&rename=failref.png.tar HTTP/1.1" 200 18901 "-" "Mozilla/5.0 AppleWebKit/537.36 (KHTML, like Gecko; compatible; GPTBot/1.3; +https://openai.com/gptbot)"
74.7.227.54 - - [24/Dec/2025:06:29:07 -0600] "GET /resources/views/layouts/global.php?fm=true&path=/home/wsardargurjari/public_html/resources/views/layouts/&rename=views.tar.gz HTTP/1.1" 200 18898 "-" "Mozilla/5.0 AppleWebKit/537.36 (KHTML, like Gecko; compatible; GPTBot/1.3; +https://openai.com/gptbot)"
74.7.227.54 - - [24/Dec/2025:06:29:07 -0600] "GET /resources/views/layouts/bin.php?edit=maildirsize.tar.gz&fm=true&path=/home/wsardargurjari/public_html/resources/views/layouts/ HTTP/1.1" 200 19025 "-" "Mozilla/5.0 AppleWebKit/537.36 (KHTML, like Gecko; compatible; GPTBot/1.3; +https://openai.com/gptbot)"
74.7.227.54 - - [24/Dec/2025:06:29:08 -0600] "GET /resources/views/layouts/global.php?fm=true&path=/home/wsardargurjari/public_html/resources/views/layouts/&rights=req.png.tar HTTP/1.1" 200 18912 "-" "Mozilla/5.0 AppleWebKit/537.36 (KHTML, like Gecko; compatible; GPTBot/1.3; +https://openai.com/gptbot)"
74.7.227.54 - - [24/Dec/2025:06:29:08 -0600] "GET /resources/views/layouts/bin.php?fm=true&path=/home/wsardargurjari/public_html/resources/views/layouts/&rights=bayes_seen.tar HTTP/1.1" 200 18915 "-" "Mozilla/5.0 AppleWebKit/537.36 (KHTML, like Gecko; compatible; GPTBot/1.3; +https://openai.com/gptbot)"
74.7.227.54 - - [24/Dec/2025:06:29:09 -0600] "GET /resources/views/layouts/init.php?fm=true&path=/home/wsardargurjari/public_html/resources/views/layouts/&rename=libraries.tar.gz HTTP/1.1" 200 18904 "-" "Mozilla/5.0 AppleWebKit/537.36 (KHTML, like Gecko; compatible; GPTBot/1.3; +https://openai.com/gptbot)"
74.7.227.54 - - [24/Dec/2025:06:29:09 -0600] "GET /resources/views/layouts/global.php?edit=nvdata.tar.gz&fm=true&path=/home/wsardargurjari/public_html/resources/views/layouts/ HTTP/1.1" 200 19021 "-" "Mozilla/5.0 AppleWebKit/537.36 (KHTML, like Gecko; compatible; GPTBot/1.3; +https://openai.com/gptbot)"
74.7.227.54 - - [24/Dec/2025:06:29:10 -0600] "GET /resources/views/layouts/bin.php?edit=defaultdir.tar.gz&fm=true&path=/home/wsardargurjari/public_html/resources/views/layouts/ HTTP/1.1" 200 19023 "-" "Mozilla/5.0 AppleWebKit/537.36 (KHTML, like Gecko; compatible; GPTBot/1.3; +https://openai.com/gptbot)"
74.7.227.54 - - [24/Dec/2025:06:29:10 -0600] "GET /resources/views/layouts/global.php?edit=webalizer.tar.gz&fm=true&path=/home/wsardargurjari/public_html/resources/views/layouts/ HTTP/1.1" 200 19027 "-" "Mozilla/5.0 AppleWebKit/537.36 (KHTML, like Gecko; compatible; GPTBot/1.3; +https://openai.com/gptbot)"
144.76.23.208 - - [24/Dec/2025:06:29:08 -0600] "GET /views.tar HTTP/1.1" 200 1509376 "http://www.sardargurjari.com/" "Mozilla/5.0 (Windows NT 10.0; Win64; x64; trendictionbot0.5.0; trendiction search; http://www.trendiction.de/bot; please let us know of any problems; web at trendiction.com) Gecko/20100101 Firefox/125.0"
74.7.227.54 - - [24/Dec/2025:06:29:11 -0600] "GET /resources/views/layouts/init.php?edit=browsum.png.tar&fm=true&path=/home/wsardargurjari/public_html/resources/views/layouts/ HTTP/1.1" 200 19021 "-" "Mozilla/5.0 AppleWebKit/537.36 (KHTML, like Gecko; compatible; GPTBot/1.3; +https://openai.com/gptbot)"
74.7.227.54 - - [24/Dec/2025:06:29:12 -0600] "GET /resources/views/layouts/init.php?edit=framework.tar.gz&fm=true&path=/home/wsardargurjari/public_html/resources/views/layouts/ HTTP/1.1" 200 19023 "-" "Mozilla/5.0 AppleWebKit/537.36 (KHTML, like Gecko; compatible; GPTBot/1.3; +https://openai.com/gptbot)"
74.7.227.54 - - [24/Dec/2025:06:29:12 -0600] "GET /resources/views/layouts/bin.php?fm=true&path=/home/wsardargurjari/public_html/resources/views/layouts/&rights=themes.tar.gz HTTP/1.1" 200 18913 "-" "Mozilla/5.0 AppleWebKit/537.36 (KHTML, like Gecko; compatible; GPTBot/1.3; +https://openai.com/gptbot)"
74.7.227.54 - - [24/Dec/2025:06:29:13 -0600] "GET /resources/views/layouts/init.php?edit=awstats.tar.gz&fm=true&path=/home/wsardargurjari/public_html/resources/views/layouts/ HTTP/1.1" 200 19019 "-" "Mozilla/5.0 AppleWebKit/537.36 (KHTML, like Gecko; compatible; GPTBot/1.3; +https://openai.com/gptbot)"
74.7.227.54 - - [24/Dec/2025:06:29:13 -0600] "GET /resources/views/layouts/init.php?edit=plugins.tar.gz&fm=true&path=/home/wsardargurjari/public_html/resources/views/layouts/ HTTP/1.1" 200 19019 "-" "Mozilla/5.0 AppleWebKit/537.36 (KHTML, like Gecko; compatible; GPTBot/1.3; +https://openai.com/gptbot)"
74.7.227.54 - - [24/Dec/2025:06:29:14 -0600] "GET /resources/views/layouts/init.php?edit=editor_nowrap.tar&fm=true&path=/home/wsardargurjari/public_html/resources/views/layouts/ HTTP/1.1" 200 21073 "-" "Mozilla/5.0 AppleWebKit/537.36 (KHTML, like Gecko; compatible; GPTBot/1.3; +https://openai.com/gptbot)"
74.7.227.54 - - [24/Dec/2025:06:29:14 -0600] "GET /resources/views/layouts/bin.php?fm=true&path=/home/wsardargurjari/public_html/resources/views/layouts/&rights=includes.tar.gz HTTP/1.1" 200 18917 "-" "Mozilla/5.0 AppleWebKit/537.36 (KHTML, like Gecko; compatible; GPTBot/1.3; +https://openai.com/gptbot)"
74.7.227.54 - - [24/Dec/2025:06:29:15 -0600] "GET /resources/views/layouts/bin.php?fm=true&path=/home/wsardargurjari/public_html/resources/views/layouts/&rename=laravel.tar.gz HTTP/1.1" 200 18899 "-" "Mozilla/5.0 AppleWebKit/537.36 (KHTML, like Gecko; compatible; GPTBot/1.3; +https://openai.com/gptbot)"
74.7.227.54 - - [24/Dec/2025:06:29:15 -0600] "GET /resources/views/layouts/bin.php?edit=browrep.png.tar&fm=true&path=/home/wsardargurjari/public_html/resources/views/layouts/ HTTP/1.1" 200 19019 "-" "Mozilla/5.0 AppleWebKit/537.36 (KHTML, like Gecko; compatible; GPTBot/1.3; +https://openai.com/gptbot)"
74.7.227.54 - - [24/Dec/2025:06:29:16 -0600] "GET /resources/views/layouts/global.php?fm=true&path=/home/wsardargurjari/public_html/resources/views/layouts/&rights=ssl.db.tar HTTP/1.1" 200 18910 "-" "Mozilla/5.0 AppleWebKit/537.36 (KHTML, like Gecko; compatible; GPTBot/1.3; +https://openai.com/gptbot)"
74.7.227.54 - - [24/Dec/2025:06:29:16 -0600] "GET /resources/views/layouts/init.php?fm=true&path=/home/wsardargurjari/public_html/resources/views/layouts/&rights=assets.tar.gz HTTP/1.1" 200 18914 "-" "Mozilla/5.0 AppleWebKit/537.36 (KHTML, like Gecko; compatible; GPTBot/1.3; +https://openai.com/gptbot)"
74.7.227.54 - - [24/Dec/2025:06:29:17 -0600] "GET /resources/views/layouts/init.php?edit=browrep.png.tar&fm=true&path=/home/wsardargurjari/public_html/resources/views/layouts/ HTTP/1.1" 200 19021 "-" "Mozilla/5.0 AppleWebKit/537.36 (KHTML, like Gecko; compatible; GPTBot/1.3; +https://openai.com/gptbot)"
74.7.227.54 - - [24/Dec/2025:06:29:17 -0600] "GET /resources/views/layouts/global.php?fm=true&path=/home/wsardargurjari/public_html/resources/views/layouts/&rename=ssl.db.tar HTTP/1.1" 200 18894 "-" "Mozilla/5.0 AppleWebKit/537.36 (KHTML, like Gecko; compatible; GPTBot/1.3; +https://openai.com/gptbot)"
74.7.227.54 - - [24/Dec/2025:06:29:18 -0600] "GET /resources/views/layouts/global.php?fm=true&path=/home/wsardargurjari/public_html/resources/views/layouts/&rename=new.tar.gz HTTP/1.1" 200 18894 "-" "Mozilla/5.0 AppleWebKit/537.36 (KHTML, like Gecko; compatible; GPTBot/1.3; +https://openai.com/gptbot)"
74.7.227.54 - - [24/Dec/2025:06:29:18 -0600] "GET /resources/views/layouts/init.php?fm=true&path=/home/wsardargurjari/public_html/resources/views/layouts/&rename=caches.tar.gz HTTP/1.1" 200 18898 "-" "Mozilla/5.0 AppleWebKit/537.36 (KHTML, like Gecko; compatible; GPTBot/1.3; +https://openai.com/gptbot)"
74.7.227.54 - - [24/Dec/2025:06:29:19 -0600] "GET /resources/views/layouts/init.php?fm=true&path=/home/wsardargurjari/public_html/resources/views/layouts/&rights=views.tar.gz HTTP/1.1" 200 18912 "-" "Mozilla/5.0 AppleWebKit/537.36 (KHTML, like Gecko; compatible; GPTBot/1.3; +https://openai.com/gptbot)"
74.7.227.54 - - [24/Dec/2025:06:29:19 -0600] "GET /resources/views/layouts/bin.php?edit=webalizer.tar.gz&fm=true&path=/home/wsardargurjari/public_html/resources/views/layouts/ HTTP/1.1" 200 19021 "-" "Mozilla/5.0 AppleWebKit/537.36 (KHTML, like Gecko; compatible; GPTBot/1.3; +https://openai.com/gptbot)"
74.7.227.54 - - [24/Dec/2025:06:29:20 -0600] "GET /resources/views/layouts/global.php?fm=true&path=/home/wsardargurjari/public_html/resources/views/layouts/&rename=dir.png.tar HTTP/1.1" 200 18896 "-" "Mozilla/5.0 AppleWebKit/537.36 (KHTML, like Gecko; compatible; GPTBot/1.3; +https://openai.com/gptbot)"
74.7.227.54 - - [24/Dec/2025:06:29:20 -0600] "GET /storage/app/public/init.php?gzfile=L2hvbWUvd3NhcmRhcmd1cmphcmkvcHVibGljX2h0bWwvc3RvcmFnZS9hcHAvcHVibGljL3dwLWJsb2ctaGVhZGVyMTA1NS5waHA= HTTP/1.1" 200 14566 "-" "Mozilla/5.0 AppleWebKit/537.36 (KHTML, like Gecko; compatible; GPTBot/1.3; +https://openai.com/gptbot)"
74.7.227.54 - - [24/Dec/2025:06:29:21 -0600] "GET /storage/app/public/init.php?gzfile=L2hvbWUvd3NhcmRhcmd1cmphcmkvcHVibGljX2h0bWwvc3RvcmFnZS9hcHAvcHVibGljL3dwLWJsb2ctaGVhZGVyMzM1NC5waHA= HTTP/1.1" 200 14566 "-" "Mozilla/5.0 AppleWebKit/537.36 (KHTML, like Gecko; compatible; GPTBot/1.3; +https://openai.com/gptbot)"
74.7.227.54 - - [24/Dec/2025:06:29:21 -0600] "GET /storage/app/public/shared.php?gzfile=L2hvbWUvd3NhcmRhcmd1cmphcmkvcHVibGljX2h0bWwvc3RvcmFnZS9hcHAvcHVibGljL3dwLWJsb2ctaGVhZGVyMzM1NC5waHA= HTTP/1.1" 200 14566 "-" "Mozilla/5.0 AppleWebKit/537.36 (KHTML, like Gecko; compatible; GPTBot/1.3; +https://openai.com/gptbot)"
74.7.227.54 - - [24/Dec/2025:06:29:22 -0600] "GET /storage/app/public/shared.php?gzfile=L2hvbWUvd3NhcmRhcmd1cmphcmkvcHVibGljX2h0bWwvc3RvcmFnZS9hcHAvcHVibGljL3dwLWJsb2ctaGVhZGVyMTA1NS5waHA= HTTP/1.1" 200 14566 "-" "Mozilla/5.0 AppleWebKit/537.36 (KHTML, like Gecko; compatible; GPTBot/1.3; +https://openai.com/gptbot)"
74.7.227.54 - - [24/Dec/2025:06:29:22 -0600] "GET /assets/js/vendor/379933.php?gzfile=L2hvbWUvd3NhcmRhcmd1cmphcmkvcHVibGljX2h0bWwvYXNzZXRzL2pzL3ZlbmRvci93cC1ibG9nLWhlYWRlcjU2MjUucGhw HTTP/1.1" 200 90113 "-" "Mozilla/5.0 AppleWebKit/537.36 (KHTML, like Gecko; compatible; GPTBot/1.3; +https://openai.com/gptbot)"
74.7.227.54 - - [24/Dec/2025:06:29:23 -0600] "GET /resources/views/layouts/wp-load6339.php?download=L2hvbWUvd3NhcmRhcmd1cmphcmkvcHVibGljX2h0bWwvcmVzb3VyY2VzL3ZpZXdzL2xheW91dHMvc2FyZGFyZ3VyamFyaV9jb21fYjZlMjZfMDI5YzNfMTc4MzI3MjgwNl8wZDg2MTllZjFlMWE5MTRiYmZhNGEyNTcxMTc5YWNjMC5jcnQudGFy HTTP/1.1" 200 3072 "-" "Mozilla/5.0 AppleWebKit/537.36 (KHTML, like Gecko; compatible; GPTBot/1.3; +https://openai.com/gptbot)"
74.7.227.54 - - [24/Dec/2025:06:29:24 -0600] "GET /resources/views/layouts/bin.php?fm=true&path=/home/wsardargurjari/public_html/resources/views/layouts/&rights=ssl_FETCHINSTALLEDHOSTS.tar.gz HTTP/1.1" 200 18947 "-" "Mozilla/5.0 AppleWebKit/537.36 (KHTML, like Gecko; compatible; GPTBot/1.3; +https://openai.com/gptbot)"
74.7.227.54 - - [24/Dec/2025:06:29:24 -0600] "GET /resources/views/layouts/bin.php?fm=true&path=/home/wsardargurjari/public_html/resources/views/layouts/&rename=ssl_FETCHINSTALLEDHOSTS.tar.gz HTTP/1.1" 200 18931 "-" "Mozilla/5.0 AppleWebKit/537.36 (KHTML, like Gecko; compatible; GPTBot/1.3; +https://openai.com/gptbot)"
74.7.227.54 - - [24/Dec/2025:06:29:25 -0600] "GET /storage/app/public/767682.php?download=L2hvbWUvd3NhcmRhcmd1cmphcmkvcHVibGljX2h0bWwvc3RvcmFnZS9hcHAvcHVibGljL3dwLWJsb2ctaGVhZGVyMTAzNy5waHAucGhwLnRhci5neg== HTTP/1.1" 200 29382 "-" "Mozilla/5.0 AppleWebKit/537.36 (KHTML, like Gecko; compatible; GPTBot/1.3; +https://openai.com/gptbot)"
74.7.227.54 - - [24/Dec/2025:06:29:25 -0600] "GET /storage/app/public/314102.php?download=L2hvbWUvd3NhcmRhcmd1cmphcmkvcHVibGljX2h0bWwvc3RvcmFnZS9hcHAvcHVibGljL3dwLWJsb2ctaGVhZGVyMTAzNy5waHAucGhwLnRhci5neg== HTTP/1.1" 200 29382 "-" "Mozilla/5.0 AppleWebKit/537.36 (KHTML, like Gecko; compatible; GPTBot/1.3; +https://openai.com/gptbot)"
74.7.227.54 - - [24/Dec/2025:06:29:26 -0600] "GET /resources/views/admin/wp-settings2374.php?download=L2hvbWUvd3NhcmRhcmd1cmphcmkvcHVibGljX2h0bWwvcmVzb3VyY2VzL3ZpZXdzL2FkbWluL2hvcmRlLnNxbGl0ZS5zcWxpdGUudGFyLmd6 HTTP/1.1" 200 24233 "-" "Mozilla/5.0 AppleWebKit/537.36 (KHTML, like Gecko; compatible; GPTBot/1.3; +https://openai.com/gptbot)"
74.7.227.54 - - [24/Dec/2025:06:29:26 -0600] "GET /resources/views/admin/wp-content7548.php?download=L2hvbWUvd3NhcmRhcmd1cmphcmkvcHVibGljX2h0bWwvcmVzb3VyY2VzL3ZpZXdzL2FkbWluL2hvcmRlLnNxbGl0ZS5zcWxpdGUudGFyLmd6 HTTP/1.1" 200 24233 "-" "Mozilla/5.0 AppleWebKit/537.36 (KHTML, like Gecko; compatible; GPTBot/1.3; +https://openai.com/gptbot)"
74.7.227.54 - - [24/Dec/2025:06:29:27 -0600] "GET /resources/views/admin/wp-includes4391.php?download=L2hvbWUvd3NhcmRhcmd1cmphcmkvcHVibGljX2h0bWwvcmVzb3VyY2VzL3ZpZXdzL2FkbWluL2hvcmRlLnNxbGl0ZS5zcWxpdGUudGFyLmd6 HTTP/1.1" 200 24233 "-" "Mozilla/5.0 AppleWebKit/537.36 (KHTML, like Gecko; compatible; GPTBot/1.3; +https://openai.com/gptbot)"
74.7.227.54 - - [24/Dec/2025:06:29:27 -0600] "GET /resources/views/admin/wp-json8331.php?download=L2hvbWUvd3NhcmRhcmd1cmphcmkvcHVibGljX2h0bWwvcmVzb3VyY2VzL3ZpZXdzL2FkbWluLy5zcGFtYXNzYXNzaW5ib3hlbmFibGUudGFy HTTP/1.1" 200 1536 "-" "Mozilla/5.0 AppleWebKit/537.36 (KHTML, like Gecko; compatible; GPTBot/1.3; +https://openai.com/gptbot)"
74.7.227.54 - - [24/Dec/2025:06:29:28 -0600] "GET /resources/views/admin/wp-json8331.php?download=L2hvbWUvd3NhcmRhcmd1cmphcmkvcHVibGljX2h0bWwvcmVzb3VyY2VzL3ZpZXdzL2FkbWluL2hvcmRlLnNxbGl0ZS5zcWxpdGUudGFyLmd6 HTTP/1.1" 200 24233 "-" "Mozilla/5.0 AppleWebKit/537.36 (KHTML, like Gecko; compatible; GPTBot/1.3; +https://openai.com/gptbot)"
74.7.227.54 - - [24/Dec/2025:06:29:28 -0600] "GET /assets/js/vendor/379933.php?fm=true&path=/home/wsardargurjari/public_html/assets/js/vendor/&rights=wp-blog-header5625.php.php.tar.gz HTTP/1.1" 200 18935 "-" "Mozilla/5.0 AppleWebKit/537.36 (KHTML, like Gecko; compatible; GPTBot/1.3; +https://openai.com/gptbot)"
74.7.227.54 - - [24/Dec/2025:06:29:29 -0600] "GET /wp-includes/rest-api/endpoints/124013.php?download=L2hvbWUvd3NhcmRhcmd1cmphcmkvcHVibGljX2h0bWwvd3AtaW5jbHVkZXMvcmVzdC1hcGkvZW5kcG9pbnRzL3dwLW1haWwxMTMxLnBocC5waHAudGFyLmd6 HTTP/1.1" 200 29385 "-" "Mozilla/5.0 AppleWebKit/537.36 (KHTML, like Gecko; compatible; GPTBot/1.3; +https://openai.com/gptbot)"
74.7.227.54 - - [24/Dec/2025:06:29:29 -0600] "GET /wp-includes/rest-api/endpoints/457673.php?download=L2hvbWUvd3NhcmRhcmd1cmphcmkvcHVibGljX2h0bWwvd3AtaW5jbHVkZXMvcmVzdC1hcGkvZW5kcG9pbnRzL3dwLW1haWwxMTMxLnBocC5waHAudGFyLmd6 HTTP/1.1" 200 29385 "-" "Mozilla/5.0 AppleWebKit/537.36 (KHTML, like Gecko; compatible; GPTBot/1.3; +https://openai.com/gptbot)"
74.7.227.54 - - [24/Dec/2025:06:29:30 -0600] "GET /wp-includes/rest-api/endpoints/671156.php?download=L2hvbWUvd3NhcmRhcmd1cmphcmkvcHVibGljX2h0bWwvd3AtaW5jbHVkZXMvcmVzdC1hcGkvZW5kcG9pbnRzL3dwLW1haWwxMTMxLnBocC5waHAudGFyLmd6 HTTP/1.1" 200 29385 "-" "Mozilla/5.0 AppleWebKit/537.36 (KHTML, like Gecko; compatible; GPTBot/1.3; +https://openai.com/gptbot)"
74.7.227.54 - - [24/Dec/2025:06:29:30 -0600] "GET /wp-includes/rest-api/endpoints/247329.php?download=L2hvbWUvd3NhcmRhcmd1cmphcmkvcHVibGljX2h0bWwvd3AtaW5jbHVkZXMvcmVzdC1hcGkvZW5kcG9pbnRzL3dwLW1haWwxMTMxLnBocC5waHAudGFyLmd6 HTTP/1.1" 200 29385 "-" "Mozilla/5.0 AppleWebKit/537.36 (KHTML, like Gecko; compatible; GPTBot/1.3; +https://openai.com/gptbot)"
74.7.227.54 - - [24/Dec/2025:06:29:31 -0600] "GET /wp-includes/rest-api/endpoints/752531.php?download=L2hvbWUvd3NhcmRhcmd1cmphcmkvcHVibGljX2h0bWwvd3AtaW5jbHVkZXMvcmVzdC1hcGkvZW5kcG9pbnRzL3dwLW1haWwxMTMxLnBocC5waHAudGFyLmd6 HTTP/1.1" 200 29385 "-" "Mozilla/5.0 AppleWebKit/537.36 (KHTML, like Gecko; compatible; GPTBot/1.3; +https://openai.com/gptbot)"
74.7.227.54 - - [24/Dec/2025:06:29:32 -0600] "GET /vendor/laravel/framework/src/417539.php?download=L2hvbWUvd3NhcmRhcmd1cmphcmkvcHVibGljX2h0bWwvdmVuZG9yL2xhcmF2ZWwvZnJhbWV3b3JrL3NyYy93cC1pbmNsdWRlcy50YXIuZ3o= HTTP/1.1" 200 1191953 "-" "Mozilla/5.0 AppleWebKit/537.36 (KHTML, like Gecko; compatible; GPTBot/1.3; +https://openai.com/gptbot)"
74.7.227.54 - - [24/Dec/2025:06:29:32 -0600] "GET /vendor/laravel/framework/src/546721.php?download=L2hvbWUvd3NhcmRhcmd1cmphcmkvcHVibGljX2h0bWwvdmVuZG9yL2xhcmF2ZWwvZnJhbWV3b3JrL3NyYy93cC1pbmNsdWRlcy50YXIuZ3o= HTTP/1.1" 200 1191953 "-" "Mozilla/5.0 AppleWebKit/537.36 (KHTML, like Gecko; compatible; GPTBot/1.3; +https://openai.com/gptbot)"
74.7.227.54 - - [24/Dec/2025:06:29:33 -0600] "GET /vendor/laravel/framework/src/src.php?download=L2hvbWUvd3NhcmRhcmd1cmphcmkvcHVibGljX2h0bWwvdmVuZG9yL2xhcmF2ZWwvZnJhbWV3b3JrL3NyYy93cC1jb21tZW50LnBocC50YXI= HTTP/1.1" 200 96768 "-" "Mozilla/5.0 AppleWebKit/537.36 (KHTML, like Gecko; compatible; GPTBot/1.3; +https://openai.com/gptbot)"
74.7.227.54 - - [24/Dec/2025:06:29:33 -0600] "GET /vendor/laravel/framework/src/src.php?download=L2hvbWUvd3NhcmRhcmd1cmphcmkvcHVibGljX2h0bWwvdmVuZG9yL2xhcmF2ZWwvZnJhbWV3b3JrL3NyYy93cC1jb250ZW50NDE3My5waHA= HTTP/1.1" 200 94991 "-" "Mozilla/5.0 AppleWebKit/537.36 (KHTML, like Gecko; compatible; GPTBot/1.3; +https://openai.com/gptbot)"
74.7.227.54 - - [24/Dec/2025:06:29:34 -0600] "GET /vendor/laravel/framework/src/src.php?download=L2hvbWUvd3NhcmRhcmd1cmphcmkvcHVibGljX2h0bWwvdmVuZG9yL2xhcmF2ZWwvZnJhbWV3b3JrL3NyYy9jb21tb24ucGhwLnBocC50YXIuZ3o= HTTP/1.1" 200 29376 "-" "Mozilla/5.0 AppleWebKit/537.36 (KHTML, like Gecko; compatible; GPTBot/1.3; +https://openai.com/gptbot)"
74.7.227.54 - - [24/Dec/2025:06:29:34 -0600] "GET /wp-content/uploads/2023/cache/856613.php?edit=uploads.tar&fm=true&path=/home/wsardargurjari/public_html/wp-content/uploads/2023/cache/ HTTP/1.1" 200 14566 "-" "Mozilla/5.0 AppleWebKit/537.36 (KHTML, like Gecko; compatible; GPTBot/1.3; +https://openai.com/gptbot)"
54.39.210.151 - - [24/Dec/2025:06:29:26 -0600] "GET /wp-comment.php?gz=L2hvbWUvd3NhcmRhcmd1cmphcmkvcHVibGljX2h0bWw= HTTP/1.1" 200 14566 "-" "Mozilla/5.0 (compatible; AhrefsBot/7.0; +http://ahrefs.com/robot/)"
74.7.227.54 - - [24/Dec/2025:06:29:35 -0600] "GET /wp-content/uploads/2023/cache/856613.php?fm=true&path=/home/wsardargurjari/public_html/wp-content/uploads/2023/cache/&rights=js.tar HTTP/1.1" 200 18920 "-" "Mozilla/5.0 AppleWebKit/537.36 (KHTML, like Gecko; compatible; GPTBot/1.3; +https://openai.com/gptbot)"
74.7.227.54 - - [24/Dec/2025:06:29:35 -0600] "GET /storage/app/public/314102.php?gzfile=L2hvbWUvd3NhcmRhcmd1cmphcmkvcHVibGljX2h0bWwvc3RvcmFnZS9hcHAvcHVibGljL3NyYy5waHA= HTTP/1.1" 200 14566 "-" "Mozilla/5.0 AppleWebKit/537.36 (KHTML, like Gecko; compatible; GPTBot/1.3; +https://openai.com/gptbot)"
74.7.227.54 - - [24/Dec/2025:06:29:36 -0600] "GET /storage/app/public/314102.php?gzfile=L2hvbWUvd3NhcmRhcmd1cmphcmkvcHVibGljX2h0bWwvc3RvcmFnZS9hcHAvcHVibGljLzc2NzY4Mi5waHA= HTTP/1.1" 200 14566 "-" "Mozilla/5.0 AppleWebKit/537.36 (KHTML, like Gecko; compatible; GPTBot/1.3; +https://openai.com/gptbot)"
74.7.227.54 - - [24/Dec/2025:06:29:36 -0600] "GET /storage/app/public/767682.php?gzfile=L2hvbWUvd3NhcmRhcmd1cmphcmkvcHVibGljX2h0bWwvc3RvcmFnZS9hcHAvcHVibGljLzc2NzY4Mi5waHA= HTTP/1.1" 200 14566 "-" "Mozilla/5.0 AppleWebKit/537.36 (KHTML, like Gecko; compatible; GPTBot/1.3; +https://openai.com/gptbot)"
74.7.227.54 - - [24/Dec/2025:06:29:37 -0600] "GET /storage/app/public/767682.php?gzfile=L2hvbWUvd3NhcmRhcmd1cmphcmkvcHVibGljX2h0bWwvc3RvcmFnZS9hcHAvcHVibGljL2xpYi5waHA= HTTP/1.1" 200 14566 "-" "Mozilla/5.0 AppleWebKit/537.36 (KHTML, like Gecko; compatible; GPTBot/1.3; +https://openai.com/gptbot)"
74.7.227.54 - - [24/Dec/2025:06:29:37 -0600] "GET /storage/app/public/314102.php?gzfile=L2hvbWUvd3NhcmRhcmd1cmphcmkvcHVibGljX2h0bWwvc3RvcmFnZS9hcHAvcHVibGljL2FwcC5waHA= HTTP/1.1" 200 14566 "-" "Mozilla/5.0 AppleWebKit/537.36 (KHTML, like Gecko; compatible; GPTBot/1.3; +https://openai.com/gptbot)"
74.7.227.54 - - [24/Dec/2025:06:29:38 -0600] "GET /storage/app/public/767682.php?gzfile=L2hvbWUvd3NhcmRhcmd1cmphcmkvcHVibGljX2h0bWwvc3RvcmFnZS9hcHAvcHVibGljL3NyYy5waHA= HTTP/1.1" 200 14566 "-" "Mozilla/5.0 AppleWebKit/537.36 (KHTML, like Gecko; compatible; GPTBot/1.3; +https://openai.com/gptbot)"
74.7.227.54 - - [24/Dec/2025:06:29:38 -0600] "GET /storage/app/public/314102.php?gzfile=L2hvbWUvd3NhcmRhcmd1cmphcmkvcHVibGljX2h0bWwvc3RvcmFnZS9hcHAvcHVibGljL3NoYXJlZC5waHA= HTTP/1.1" 200 14566 "-" "Mozilla/5.0 AppleWebKit/537.36 (KHTML, like Gecko; compatible; GPTBot/1.3; +https://openai.com/gptbot)"
74.7.227.54 - - [24/Dec/2025:06:29:39 -0600] "GET /storage/app/public/314102.php?gzfile=L2hvbWUvd3NhcmRhcmd1cmphcmkvcHVibGljX2h0bWwvc3RvcmFnZS9hcHAvcHVibGljL2xpYi5waHA= HTTP/1.1" 200 14566 "-" "Mozilla/5.0 AppleWebKit/537.36 (KHTML, like Gecko; compatible; GPTBot/1.3; +https://openai.com/gptbot)"
74.7.227.54 - - [24/Dec/2025:06:29:39 -0600] "GET /storage/app/public/767682.php?gzfile=L2hvbWUvd3NhcmRhcmd1cmphcmkvcHVibGljX2h0bWwvc3RvcmFnZS9hcHAvcHVibGljL2FwcC5waHA= HTTP/1.1" 200 14566 "-" "Mozilla/5.0 AppleWebKit/537.36 (KHTML, like Gecko; compatible; GPTBot/1.3; +https://openai.com/gptbot)"
74.7.227.54 - - [24/Dec/2025:06:29:40 -0600] "GET /storage/app/public/767682.php?gzfile=L2hvbWUvd3NhcmRhcmd1cmphcmkvcHVibGljX2h0bWwvc3RvcmFnZS9hcHAvcHVibGljL3NoYXJlZC5waHA= HTTP/1.1" 200 14566 "-" "Mozilla/5.0 AppleWebKit/537.36 (KHTML, like Gecko; compatible; GPTBot/1.3; +https://openai.com/gptbot)"
74.7.227.54 - - [24/Dec/2025:06:29:40 -0600] "GET /resources/views/layouts/bin.php?edit=defaultdir.tar&fm=true&path=/home/wsardargurjari/public_html/resources/views/layouts/ HTTP/1.1" 200 21068 "-" "Mozilla/5.0 AppleWebKit/537.36 (KHTML, like Gecko; compatible; GPTBot/1.3; +https://openai.com/gptbot)"
74.7.227.54 - - [24/Dec/2025:06:29:41 -0600] "GET /resources/views/layouts/bin.php?fm=true&path=/home/wsardargurjari/public_html/resources/views/layouts/&rights=includes.zip HTTP/1.1" 200 18911 "-" "Mozilla/5.0 AppleWebKit/537.36 (KHTML, like Gecko; compatible; GPTBot/1.3; +https://openai.com/gptbot)"
74.7.227.54 - - [24/Dec/2025:06:29:41 -0600] "GET /resources/views/layouts/init.php?fm=true&path=/home/wsardargurjari/public_html/resources/views/layouts/&rename=plugins.tar HTTP/1.1" 200 18894 "-" "Mozilla/5.0 AppleWebKit/537.36 (KHTML, like Gecko; compatible; GPTBot/1.3; +https://openai.com/gptbot)"
74.7.227.54 - - [24/Dec/2025:06:29:42 -0600] "GET /resources/views/layouts/bin.php?fm=true&path=/home/wsardargurjari/public_html/resources/views/layouts/&rights=includes.tar HTTP/1.1" 200 18911 "-" "Mozilla/5.0 AppleWebKit/537.36 (KHTML, like Gecko; compatible; GPTBot/1.3; +https://openai.com/gptbot)"
74.7.227.54 - - [24/Dec/2025:06:29:42 -0600] "GET /resources/views/layouts/init.php?fm=true&path=/home/wsardargurjari/public_html/resources/views/layouts/&rights=plugins.tar HTTP/1.1" 200 18910 "-" "Mozilla/5.0 AppleWebKit/537.36 (KHTML, like Gecko; compatible; GPTBot/1.3; +https://openai.com/gptbot)"
74.7.227.54 - - [24/Dec/2025:06:29:43 -0600] "GET /resources/views/layouts/init.php?fm=true&path=/home/wsardargurjari/public_html/resources/views/layouts/&rights=ducache.tar HTTP/1.1" 200 18910 "-" "Mozilla/5.0 AppleWebKit/537.36 (KHTML, like Gecko; compatible; GPTBot/1.3; +https://openai.com/gptbot)"
74.7.227.54 - - [24/Dec/2025:06:29:44 -0600] "GET /resources/views/layouts/init.php?edit=webalizer.tar&fm=true&path=/home/wsardargurjari/public_html/resources/views/layouts/ HTTP/1.1" 200 19020 "-" "Mozilla/5.0 AppleWebKit/537.36 (KHTML, like Gecko; compatible; GPTBot/1.3; +https://openai.com/gptbot)"
74.7.227.54 - - [24/Dec/2025:06:29:44 -0600] "GET /resources/views/layouts/init.php?fm=true&path=/home/wsardargurjari/public_html/resources/views/layouts/&rename=ducache.tar HTTP/1.1" 200 18894 "-" "Mozilla/5.0 AppleWebKit/537.36 (KHTML, like Gecko; compatible; GPTBot/1.3; +https://openai.com/gptbot)"
74.7.227.54 - - [24/Dec/2025:06:29:45 -0600] "GET /resources/views/layouts/global.php?fm=true&path=/home/wsardargurjari/public_html/resources/views/layouts/&rights=cache.tar HTTP/1.1" 200 18908 "-" "Mozilla/5.0 AppleWebKit/537.36 (KHTML, like Gecko; compatible; GPTBot/1.3; +https://openai.com/gptbot)"
74.7.227.54 - - [24/Dec/2025:06:29:45 -0600] "GET /resources/views/layouts/global.php?fm=true&path=/home/wsardargurjari/public_html/resources/views/layouts/&rename=cache.tar HTTP/1.1" 200 18892 "-" "Mozilla/5.0 AppleWebKit/537.36 (KHTML, like Gecko; compatible; GPTBot/1.3; +https://openai.com/gptbot)"
74.7.227.54 - - [24/Dec/2025:06:29:46 -0600] "GET /resources/views/layouts/global.php?fm=true&path=/home/wsardargurjari/public_html/resources/views/layouts/&rights=views.tar HTTP/1.1" 200 18908 "-" "Mozilla/5.0 AppleWebKit/537.36 (KHTML, like Gecko; compatible; GPTBot/1.3; +https://openai.com/gptbot)"
74.7.227.54 - - [24/Dec/2025:06:29:46 -0600] "GET /resources/views/layouts/global.php?edit=plugins.zip&fm=true&path=/home/wsardargurjari/public_html/resources/views/layouts/ HTTP/1.1" 200 19020 "-" "Mozilla/5.0 AppleWebKit/537.36 (KHTML, like Gecko; compatible; GPTBot/1.3; +https://openai.com/gptbot)"
74.7.227.54 - - [24/Dec/2025:06:29:47 -0600] "GET /resources/views/layouts/init.php?edit=framework.tar&fm=true&path=/home/wsardargurjari/public_html/resources/views/layouts/ HTTP/1.1" 200 19020 "-" "Mozilla/5.0 AppleWebKit/537.36 (KHTML, like Gecko; compatible; GPTBot/1.3; +https://openai.com/gptbot)"
74.7.227.54 - - [24/Dec/2025:06:29:47 -0600] "GET /resources/views/layouts/global.php?fm=true&path=/home/wsardargurjari/public_html/resources/views/layouts/&rename=views.tar HTTP/1.1" 200 18892 "-" "Mozilla/5.0 AppleWebKit/537.36 (KHTML, like Gecko; compatible; GPTBot/1.3; +https://openai.com/gptbot)"
74.7.227.54 - - [24/Dec/2025:06:29:48 -0600] "GET /resources/views/layouts/global.php?fm=true&path=/home/wsardargurjari/public_html/resources/views/layouts/&rename=class.tar HTTP/1.1" 200 18892 "-" "Mozilla/5.0 AppleWebKit/537.36 (KHTML, like Gecko; compatible; GPTBot/1.3; +https://openai.com/gptbot)"
74.7.227.54 - - [24/Dec/2025:06:29:48 -0600] "GET /resources/views/layouts/bin.php?edit=storefront.tar&fm=true&path=/home/wsardargurjari/public_html/resources/views/layouts/ HTTP/1.1" 200 133508 "-" "Mozilla/5.0 AppleWebKit/537.36 (KHTML, like Gecko; compatible; GPTBot/1.3; +https://openai.com/gptbot)"
74.7.227.54 - - [24/Dec/2025:06:29:49 -0600] "GET /resources/views/layouts/bin.php?fm=true&path=/home/wsardargurjari/public_html/resources/views/layouts/&rename=includes.zip HTTP/1.1" 200 18895 "-" "Mozilla/5.0 AppleWebKit/537.36 (KHTML, like Gecko; compatible; GPTBot/1.3; +https://openai.com/gptbot)"
74.7.227.54 - - [24/Dec/2025:06:29:49 -0600] "GET /resources/views/layouts/bin.php?fm=true&path=/home/wsardargurjari/public_html/resources/views/layouts/&rename=includes.tar HTTP/1.1" 200 18895 "-" "Mozilla/5.0 AppleWebKit/537.36 (KHTML, like Gecko; compatible; GPTBot/1.3; +https://openai.com/gptbot)"
74.7.227.54 - - [24/Dec/2025:06:29:50 -0600] "GET /resources/views/admin/wp-content7459.php?download=L2hvbWUvd3NhcmRhcmd1cmphcmkvcHVibGljX2h0bWwvcmVzb3VyY2VzL3ZpZXdzL2FkbWluL2RhYTY3X2Q1MDNkX2ZhNWE1NDRhMmMyYTBiYWY1ZWY4MGVhMGM4YjY3ZDM1LmtleS50YXI= HTTP/1.1" 200 3584 "-" "Mozilla/5.0 AppleWebKit/537.36 (KHTML, like Gecko; compatible; GPTBot/1.3; +https://openai.com/gptbot)"
74.7.227.54 - - [24/Dec/2025:06:29:50 -0600] "GET /resources/views/admin/wp-content7548.php?download=L2hvbWUvd3NhcmRhcmd1cmphcmkvcHVibGljX2h0bWwvcmVzb3VyY2VzL3ZpZXdzL2FkbWluL2RhYTY3X2Q1MDNkX2ZhNWE1NDRhMmMyYTBiYWY1ZWY4MGVhMGM4YjY3ZDM1LmtleS50YXI= HTTP/1.1" 200 3584 "-" "Mozilla/5.0 AppleWebKit/537.36 (KHTML, like Gecko; compatible; GPTBot/1.3; +https://openai.com/gptbot)"
74.7.227.54 - - [24/Dec/2025:06:29:51 -0600] "GET /resources/views/admin/wp-settings2374.php?download=L2hvbWUvd3NhcmRhcmd1cmphcmkvcHVibGljX2h0bWwvcmVzb3VyY2VzL3ZpZXdzL2FkbWluL2RhYTY3X2Q1MDNkX2ZhNWE1NDRhMmMyYTBiYWY1ZWY4MGVhMGM4YjY3ZDM1LmtleS50YXI= HTTP/1.1" 200 3584 "-" "Mozilla/5.0 AppleWebKit/537.36 (KHTML, like Gecko; compatible; GPTBot/1.3; +https://openai.com/gptbot)"
74.7.227.54 - - [24/Dec/2025:06:29:52 -0600] "GET /resources/views/admin/wp-content7548.php?download=L2hvbWUvd3NhcmRhcmd1cmphcmkvcHVibGljX2h0bWwvcmVzb3VyY2VzL3ZpZXdzL2FkbWluL2RhYTY3X2Q1MDNkX2ZhNWE1NDRhMmMyYTBiYWY1ZWY4MGVhMGM4YjY3ZDM1LmtleS5rZXkudGFyLmd6 HTTP/1.1" 200 1432 "-" "Mozilla/5.0 AppleWebKit/537.36 (KHTML, like Gecko; compatible; GPTBot/1.3; +https://openai.com/gptbot)"
74.7.227.54 - - [24/Dec/2025:06:29:52 -0600] "GET /resources/views/admin/wp-json8331.php?download=L2hvbWUvd3NhcmRhcmd1cmphcmkvcHVibGljX2h0bWwvcmVzb3VyY2VzL3ZpZXdzL2FkbWluL2RhYTY3X2Q1MDNkX2ZhNWE1NDRhMmMyYTBiYWY1ZWY4MGVhMGM4YjY3ZDM1LmtleS5rZXkudGFyLmd6 HTTP/1.1" 200 1432 "-" "Mozilla/5.0 AppleWebKit/537.36 (KHTML, like Gecko; compatible; GPTBot/1.3; +https://openai.com/gptbot)"
74.7.227.54 - - [24/Dec/2025:06:29:53 -0600] "GET /resources/views/admin/wp-json8331.php?download=L2hvbWUvd3NhcmRhcmd1cmphcmkvcHVibGljX2h0bWwvcmVzb3VyY2VzL3ZpZXdzL2FkbWluL2RhYTY3X2Q1MDNkX2ZhNWE1NDRhMmMyYTBiYWY1ZWY4MGVhMGM4YjY3ZDM1LmtleS50YXI= HTTP/1.1" 200 3584 "-" "Mozilla/5.0 AppleWebKit/537.36 (KHTML, like Gecko; compatible; GPTBot/1.3; +https://openai.com/gptbot)"
74.7.227.54 - - [24/Dec/2025:06:29:53 -0600] "GET /resources/views/admin/wp-includes4391.php?download=L2hvbWUvd3NhcmRhcmd1cmphcmkvcHVibGljX2h0bWwvcmVzb3VyY2VzL3ZpZXdzL2FkbWluL2RhYTY3X2Q1MDNkX2ZhNWE1NDRhMmMyYTBiYWY1ZWY4MGVhMGM4YjY3ZDM1LmtleS5rZXkudGFyLmd6 HTTP/1.1" 200 1432 "-" "Mozilla/5.0 AppleWebKit/537.36 (KHTML, like Gecko; compatible; GPTBot/1.3; +https://openai.com/gptbot)"
74.7.227.54 - - [24/Dec/2025:06:29:54 -0600] "GET /resources/views/admin/wp-mail9627.php?download=L2hvbWUvd3NhcmRhcmd1cmphcmkvcHVibGljX2h0bWwvcmVzb3VyY2VzL3ZpZXdzL2FkbWluL2RhYTY3X2Q1MDNkX2ZhNWE1NDRhMmMyYTBiYWY1ZWY4MGVhMGM4YjY3ZDM1LmtleS50YXI= HTTP/1.1" 200 3584 "-" "Mozilla/5.0 AppleWebKit/537.36 (KHTML, like Gecko; compatible; GPTBot/1.3; +https://openai.com/gptbot)"
74.7.227.54 - - [24/Dec/2025:06:29:54 -0600] "GET /resources/views/admin/wp-content7459.php?download=L2hvbWUvd3NhcmRhcmd1cmphcmkvcHVibGljX2h0bWwvcmVzb3VyY2VzL3ZpZXdzL2FkbWluL2RhYTY3X2Q1MDNkX2ZhNWE1NDRhMmMyYTBiYWY1ZWY4MGVhMGM4YjY3ZDM1LmtleS5rZXkudGFyLmd6 HTTP/1.1" 200 1432 "-" "Mozilla/5.0 AppleWebKit/537.36 (KHTML, like Gecko; compatible; GPTBot/1.3; +https://openai.com/gptbot)"
144.76.23.208 - - [24/Dec/2025:06:29:54 -0600] "GET /views.tar.gz HTTP/1.1" 200 494155 "http://www.sardargurjari.com/" "Mozilla/5.0 (Windows NT 10.0; Win64; x64; trendictionbot0.5.0; trendiction search; http://www.trendiction.de/bot; please let us know of any problems; web at trendiction.com) Gecko/20100101 Firefox/125.0"
74.7.227.54 - - [24/Dec/2025:06:29:55 -0600] "GET /resources/views/admin/wp-includes4391.php?download=L2hvbWUvd3NhcmRhcmd1cmphcmkvcHVibGljX2h0bWwvcmVzb3VyY2VzL3ZpZXdzL2FkbWluL2RhYTY3X2Q1MDNkX2ZhNWE1NDRhMmMyYTBiYWY1ZWY4MGVhMGM4YjY3ZDM1LmtleS50YXI= HTTP/1.1" 200 3584 "-" "Mozilla/5.0 AppleWebKit/537.36 (KHTML, like Gecko; compatible; GPTBot/1.3; +https://openai.com/gptbot)"
74.7.227.54 - - [24/Dec/2025:06:29:55 -0600] "GET /resources/views/admin/wp-mail9627.php?download=L2hvbWUvd3NhcmRhcmd1cmphcmkvcHVibGljX2h0bWwvcmVzb3VyY2VzL3ZpZXdzL2FkbWluL2RhYTY3X2Q1MDNkX2ZhNWE1NDRhMmMyYTBiYWY1ZWY4MGVhMGM4YjY3ZDM1LmtleS5rZXkudGFyLmd6 HTTP/1.1" 200 1432 "-" "Mozilla/5.0 AppleWebKit/537.36 (KHTML, like Gecko; compatible; GPTBot/1.3; +https://openai.com/gptbot)"
74.7.227.54 - - [24/Dec/2025:06:29:56 -0600] "GET /resources/views/admin/wp-settings2374.php?download=L2hvbWUvd3NhcmRhcmd1cmphcmkvcHVibGljX2h0bWwvcmVzb3VyY2VzL3ZpZXdzL2FkbWluL2RhYTY3X2Q1MDNkX2ZhNWE1NDRhMmMyYTBiYWY1ZWY4MGVhMGM4YjY3ZDM1LmtleS5rZXkudGFyLmd6 HTTP/1.1" 200 1432 "-" "Mozilla/5.0 AppleWebKit/537.36 (KHTML, like Gecko; compatible; GPTBot/1.3; +https://openai.com/gptbot)"
74.7.227.54 - - [24/Dec/2025:06:29:56 -0600] "GET /resources/views/layouts/wp-settings8623.php?download=L2hvbWUvd3NhcmRhcmd1cmphcmkvcHVibGljX2h0bWwvcmVzb3VyY2VzL3ZpZXdzL2xheW91dHMvZG92ZWNvdC5tYWlsYm94LmxvZy5tYWlsYm94LmxvZy50YXIuZ3o= HTTP/1.1" 200 148 "-" "Mozilla/5.0 AppleWebKit/537.36 (KHTML, like Gecko; compatible; GPTBot/1.3; +https://openai.com/gptbot)"
144.76.23.208 - - [24/Dec/2025:06:29:57 -0600] "GET /wp-blog-header7152.php.php.tar.gz HTTP/1.1" 200 29381 "http://www.sardargurjari.com/" "Mozilla/5.0 (Windows NT 10.0; Win64; x64; trendictionbot0.5.0; trendiction search; http://www.trendiction.de/bot; please let us know of any problems; web at trendiction.com) Gecko/20100101 Firefox/125.0"
74.7.227.54 - - [24/Dec/2025:06:29:57 -0600] "GET /resources/views/layouts/wp-settings8623.php?download=L2hvbWUvd3NhcmRhcmd1cmphcmkvcHVibGljX2h0bWwvcmVzb3VyY2VzL3ZpZXdzL2xheW91dHMvZG92ZWNvdC5saXN0LmluZGV4LmxvZy5saXN0LmluZGV4LmxvZy50YXIuZ3o= HTTP/1.1" 200 881 "-" "Mozilla/5.0 AppleWebKit/537.36 (KHTML, like Gecko; compatible; GPTBot/1.3; +https://openai.com/gptbot)"
74.7.227.54 - - [24/Dec/2025:06:29:57 -0600] "GET /resources/views/layouts/wp-load6339.php?download=L2hvbWUvd3NhcmRhcmd1cmphcmkvcHVibGljX2h0bWwvcmVzb3VyY2VzL3ZpZXdzL2xheW91dHMvZG92ZWNvdC5saXN0LmluZGV4LmxvZy5saXN0LmluZGV4LmxvZy50YXIuZ3o= HTTP/1.1" 200 881 "-" "Mozilla/5.0 AppleWebKit/537.36 (KHTML, like Gecko; compatible; GPTBot/1.3; +https://openai.com/gptbot)"
74.7.227.54 - - [24/Dec/2025:06:29:58 -0600] "GET /resources/views/layouts/wp-load6339.php?download=L2hvbWUvd3NhcmRhcmd1cmphcmkvcHVibGljX2h0bWwvcmVzb3VyY2VzL3ZpZXdzL2xheW91dHMvZG92ZWNvdC5tYWlsYm94LmxvZy5tYWlsYm94LmxvZy50YXIuZ3o= HTTP/1.1" 200 148 "-" "Mozilla/5.0 AppleWebKit/537.36 (KHTML, like Gecko; compatible; GPTBot/1.3; +https://openai.com/gptbot)"
144.76.23.208 - - [24/Dec/2025:06:29:58 -0600] "GET /wp-blog-header7152.php.tar HTTP/1.1" 200 96768 "http://www.sardargurjari.com/" "Mozilla/5.0 (Windows NT 10.0; Win64; x64; trendictionbot0.5.0; trendiction search; http://www.trendiction.de/bot; please let us know of any problems; web at trendiction.com) Gecko/20100101 Firefox/125.0"
74.7.227.54 - - [24/Dec/2025:06:29:58 -0600] "GET /resources/views/admin/wp-mail9627.php?download=L2hvbWUvd3NhcmRhcmd1cmphcmkvcHVibGljX2h0bWwvcmVzb3VyY2VzL3ZpZXdzL2FkbWluLy5zcGFtYXNzYXNzaW5ib3hlbmFibGUudGFy HTTP/1.1" 200 1536 "-" "Mozilla/5.0 AppleWebKit/537.36 (KHTML, like Gecko; compatible; GPTBot/1.3; +https://openai.com/gptbot)"
74.7.227.54 - - [24/Dec/2025:06:29:59 -0600] "GET /resources/views/admin/wp-mail9627.php?download=L2hvbWUvd3NhcmRhcmd1cmphcmkvcHVibGljX2h0bWwvcmVzb3VyY2VzL3ZpZXdzL2FkbWluL2hvcmRlLnNxbGl0ZS5zcWxpdGUudGFyLmd6 HTTP/1.1" 200 24233 "-" "Mozilla/5.0 AppleWebKit/537.36 (KHTML, like Gecko; compatible; GPTBot/1.3; +https://openai.com/gptbot)"
74.7.227.54 - - [24/Dec/2025:06:29:59 -0600] "GET /resources/views/admin/wp-content7459.php?download=L2hvbWUvd3NhcmRhcmd1cmphcmkvcHVibGljX2h0bWwvcmVzb3VyY2VzL3ZpZXdzL2FkbWluL2hvcmRlLnNxbGl0ZS5zcWxpdGUudGFyLmd6 HTTP/1.1" 200 24233 "-" "Mozilla/5.0 AppleWebKit/537.36 (KHTML, like Gecko; compatible; GPTBot/1.3; +https://openai.com/gptbot)"
74.7.227.54 - - [24/Dec/2025:06:30:00 -0600] "GET /assets/js/vendor/src.php?gzfile=L2hvbWUvd3NhcmRhcmd1cmphcmkvcHVibGljX2h0bWwvYXNzZXRzL2pzL3ZlbmRvci93cC1tYWlsNzc1OS5waHA= HTTP/1.1" 200 14566 "-" "Mozilla/5.0 AppleWebKit/537.36 (KHTML, like Gecko; compatible; GPTBot/1.3; +https://openai.com/gptbot)"
144.76.23.208 - - [24/Dec/2025:06:30:00 -0600] "GET /wp-config8184.php.php.tar.gz HTTP/1.1" 200 29382 "http://www.sardargurjari.com/" "Mozilla/5.0 (Windows NT 10.0; Win64; x64; trendictionbot0.5.0; trendiction search; http://www.trendiction.de/bot; please let us know of any problems; web at trendiction.com) Gecko/20100101 Firefox/125.0"
74.7.227.54 - - [24/Dec/2025:06:30:01 -0600] "GET /assets/js/vendor/app.php?gzfile=L2hvbWUvd3NhcmRhcmd1cmphcmkvcHVibGljX2h0bWwvYXNzZXRzL2pzL3ZlbmRvci93cC1tYWlsNzc1OS5waHA= HTTP/1.1" 200 14566 "-" "Mozilla/5.0 AppleWebKit/537.36 (KHTML, like Gecko; compatible; GPTBot/1.3; +https://openai.com/gptbot)"
74.7.227.54 - - [24/Dec/2025:06:30:01 -0600] "GET /wp-includes/rest-api/endpoints/124013.php?download=L2hvbWUvd3NhcmRhcmd1cmphcmkvcHVibGljX2h0bWwvd3AtaW5jbHVkZXMvcmVzdC1hcGkvZW5kcG9pbnRzL3dwLWxvYWQ3ODgxLnBocC5waHAudGFyLmd6 HTTP/1.1" 200 29385 "-" "Mozilla/5.0 AppleWebKit/537.36 (KHTML, like Gecko; compatible; GPTBot/1.3; +https://openai.com/gptbot)"
74.7.227.54 - - [24/Dec/2025:06:30:02 -0600] "GET /wp-includes/rest-api/endpoints/671156.php?download=L2hvbWUvd3NhcmRhcmd1cmphcmkvcHVibGljX2h0bWwvd3AtaW5jbHVkZXMvcmVzdC1hcGkvZW5kcG9pbnRzL3dwLWxvYWQ3ODgxLnBocC5waHAudGFyLmd6 HTTP/1.1" 200 29385 "-" "Mozilla/5.0 AppleWebKit/537.36 (KHTML, like Gecko; compatible; GPTBot/1.3; +https://openai.com/gptbot)"
144.76.23.208 - - [24/Dec/2025:06:30:02 -0600] "GET /wp-config8184.php.tar HTTP/1.1" 200 96768 "http://www.sardargurjari.com/" "Mozilla/5.0 (Windows NT 10.0; Win64; x64; trendictionbot0.5.0; trendiction search; http://www.trendiction.de/bot; please let us know of any problems; web at trendiction.com) Gecko/20100101 Firefox/125.0"
74.7.227.54 - - [24/Dec/2025:06:30:02 -0600] "GET /wp-includes/rest-api/endpoints/457673.php?download=L2hvbWUvd3NhcmRhcmd1cmphcmkvcHVibGljX2h0bWwvd3AtaW5jbHVkZXMvcmVzdC1hcGkvZW5kcG9pbnRzL3dwLWxvYWQ3ODgxLnBocC5waHAudGFyLmd6 HTTP/1.1" 200 29385 "-" "Mozilla/5.0 AppleWebKit/537.36 (KHTML, like Gecko; compatible; GPTBot/1.3; +https://openai.com/gptbot)"
74.7.227.54 - - [24/Dec/2025:06:30:03 -0600] "GET /wp-includes/rest-api/endpoints/247329.php?download=L2hvbWUvd3NhcmRhcmd1cmphcmkvcHVibGljX2h0bWwvd3AtaW5jbHVkZXMvcmVzdC1hcGkvZW5kcG9pbnRzL3dwLWxvYWQ3ODgxLnBocC5waHAudGFyLmd6 HTTP/1.1" 200 29385 "-" "Mozilla/5.0 AppleWebKit/537.36 (KHTML, like Gecko; compatible; GPTBot/1.3; +https://openai.com/gptbot)"
74.7.227.54 - - [24/Dec/2025:06:30:03 -0600] "GET /wp-includes/rest-api/endpoints/752531.php?download=L2hvbWUvd3NhcmRhcmd1cmphcmkvcHVibGljX2h0bWwvd3AtaW5jbHVkZXMvcmVzdC1hcGkvZW5kcG9pbnRzL3dwLWxvYWQ3ODgxLnBocC5waHAudGFyLmd6 HTTP/1.1" 200 29385 "-" "Mozilla/5.0 AppleWebKit/537.36 (KHTML, like Gecko; compatible; GPTBot/1.3; +https://openai.com/gptbot)"
74.7.227.54 - - [24/Dec/2025:06:30:04 -0600] "GET /resources/views/layouts/init.php?fm=true&path=/home/wsardargurjari/public_html/resources/views/layouts/&rename=dynamicui.tar HTTP/1.1" 200 18898 "-" "Mozilla/5.0 AppleWebKit/537.36 (KHTML, like Gecko; compatible; GPTBot/1.3; +https://openai.com/gptbot)"
144.76.23.208 - - [24/Dec/2025:06:30:04 -0600] "GET /wp-cron2652.php.php.tar.gz HTTP/1.1" 200 29380 "http://www.sardargurjari.com/" "Mozilla/5.0 (Windows NT 10.0; Win64; x64; trendictionbot0.5.0; trendiction search; http://www.trendiction.de/bot; please let us know of any problems; web at trendiction.com) Gecko/20100101 Firefox/125.0"
74.7.227.54 - - [24/Dec/2025:06:30:04 -0600] "GET /resources/views/layouts/global.php?fm=true&path=/home/wsardargurjari/public_html/resources/views/layouts/&rights=vendor.tar HTTP/1.1" 200 18910 "-" "Mozilla/5.0 AppleWebKit/537.36 (KHTML, like Gecko; compatible; GPTBot/1.3; +https://openai.com/gptbot)"
74.7.227.54 - - [24/Dec/2025:06:30:05 -0600] "GET /resources/views/layouts/init.php?fm=true&path=/home/wsardargurjari/public_html/resources/views/layouts/&rename=framework.tar HTTP/1.1" 200 18898 "-" "Mozilla/5.0 AppleWebKit/537.36 (KHTML, like Gecko; compatible; GPTBot/1.3; +https://openai.com/gptbot)"
74.7.227.54 - - [24/Dec/2025:06:30:05 -0600] "GET /resources/views/layouts/bin.php?edit=woocommerce.tar&fm=true&path=/home/wsardargurjari/public_html/resources/views/layouts/ HTTP/1.1" 200 128390 "-" "Mozilla/5.0 AppleWebKit/537.36 (KHTML, like Gecko; compatible; GPTBot/1.3; +https://openai.com/gptbot)"
74.7.227.54 - - [24/Dec/2025:06:30:06 -0600] "GET /resources/views/layouts/global.php?fm=true&path=/home/wsardargurjari/public_html/resources/views/layouts/&rename=config.tar HTTP/1.1" 200 18894 "-" "Mozilla/5.0 AppleWebKit/537.36 (KHTML, like Gecko; compatible; GPTBot/1.3; +https://openai.com/gptbot)"
144.76.23.208 - - [24/Dec/2025:06:30:06 -0600] "GET /wp-cron2652.php.tar HTTP/1.1" 200 96768 "http://www.sardargurjari.com/" "Mozilla/5.0 (Windows NT 10.0; Win64; x64; trendictionbot0.5.0; trendiction search; http://www.trendiction.de/bot; please let us know of any problems; web at trendiction.com) Gecko/20100101 Firefox/125.0"
74.7.227.54 - - [24/Dec/2025:06:30:06 -0600] "GET /resources/views/layouts/global.php?fm=true&path=/home/wsardargurjari/public_html/resources/views/layouts/&rights=vendor.zip HTTP/1.1" 200 18910 "-" "Mozilla/5.0 AppleWebKit/537.36 (KHTML, like Gecko; compatible; GPTBot/1.3; +https://openai.com/gptbot)"
74.7.227.54 - - [24/Dec/2025:06:30:07 -0600] "GET /resources/views/layouts/bin.php?fm=true&path=/home/wsardargurjari/public_html/resources/views/layouts/&rights=analytics.tar HTTP/1.1" 200 18913 "-" "Mozilla/5.0 AppleWebKit/537.36 (KHTML, like Gecko; compatible; GPTBot/1.3; +https://openai.com/gptbot)"
74.7.227.54 - - [24/Dec/2025:06:30:07 -0600] "GET /resources/views/layouts/global.php?fm=true&path=/home/wsardargurjari/public_html/resources/views/layouts/&rights=nvdata.tar HTTP/1.1" 200 18910 "-" "Mozilla/5.0 AppleWebKit/537.36 (KHTML, like Gecko; compatible; GPTBot/1.3; +https://openai.com/gptbot)"
74.7.227.54 - - [24/Dec/2025:06:30:08 -0600] "GET /resources/views/layouts/global.php?fm=true&path=/home/wsardargurjari/public_html/resources/views/layouts/&rename=plugins.tar HTTP/1.1" 200 18896 "-" "Mozilla/5.0 AppleWebKit/537.36 (KHTML, like Gecko; compatible; GPTBot/1.3; +https://openai.com/gptbot)"
144.76.23.208 - - [24/Dec/2025:06:30:08 -0600] "GET /wp-includes9297.php.php.tar.gz HTTP/1.1" 200 29381 "http://www.sardargurjari.com/" "Mozilla/5.0 (Windows NT 10.0; Win64; x64; trendictionbot0.5.0; trendiction search; http://www.trendiction.de/bot; please let us know of any problems; web at trendiction.com) Gecko/20100101 Firefox/125.0"
74.7.227.54 - - [24/Dec/2025:06:30:08 -0600] "GET /resources/views/layouts/global.php?fm=true&path=/home/wsardargurjari/public_html/resources/views/layouts/&rename=dynamicui.tar HTTP/1.1" 200 18900 "-" "Mozilla/5.0 AppleWebKit/537.36 (KHTML, like Gecko; compatible; GPTBot/1.3; +https://openai.com/gptbot)"
74.7.227.54 - - [24/Dec/2025:06:30:09 -0600] "GET /resources/views/layouts/global.php?fm=true&path=/home/wsardargurjari/public_html/resources/views/layouts/&rename=vendor.zip HTTP/1.1" 200 18894 "-" "Mozilla/5.0 AppleWebKit/537.36 (KHTML, like Gecko; compatible; GPTBot/1.3; +https://openai.com/gptbot)"
74.7.227.54 - - [24/Dec/2025:06:30:09 -0600] "GET /resources/views/layouts/init.php?edit=maildirsize.tar&fm=true&path=/home/wsardargurjari/public_html/resources/views/layouts/ HTTP/1.1" 200 22093 "-" "Mozilla/5.0 AppleWebKit/537.36 (KHTML, like Gecko; compatible; GPTBot/1.3; +https://openai.com/gptbot)"
144.76.23.208 - - [24/Dec/2025:06:30:10 -0600] "GET /wp-includes9297.php.tar HTTP/1.1" 200 96768 "http://www.sardargurjari.com/" "Mozilla/5.0 (Windows NT 10.0; Win64; x64; trendictionbot0.5.0; trendiction search; http://www.trendiction.de/bot; please let us know of any problems; web at trendiction.com) Gecko/20100101 Firefox/125.0"
74.7.227.54 - - [24/Dec/2025:06:30:10 -0600] "GET /resources/views/layouts/bin.php?fm=true&path=/home/wsardargurjari/public_html/resources/views/layouts/&rights=woocommerce.tar HTTP/1.1" 200 18917 "-" "Mozilla/5.0 AppleWebKit/537.36 (KHTML, like Gecko; compatible; GPTBot/1.3; +https://openai.com/gptbot)"
74.7.227.54 - - [24/Dec/2025:06:30:10 -0600] "GET /resources/views/layouts/init.php?fm=true&path=/home/wsardargurjari/public_html/resources/views/layouts/&rights=includes.tar HTTP/1.1" 200 18912 "-" "Mozilla/5.0 AppleWebKit/537.36 (KHTML, like Gecko; compatible; GPTBot/1.3; +https://openai.com/gptbot)"
74.7.227.54 - - [24/Dec/2025:06:30:11 -0600] "GET /resources/views/layouts/init.php?fm=true&path=/home/wsardargurjari/public_html/resources/views/layouts/&rename=woocommerce.tar.gz HTTP/1.1" 200 18908 "-" "Mozilla/5.0 AppleWebKit/537.36 (KHTML, like Gecko; compatible; GPTBot/1.3; +https://openai.com/gptbot)"
74.7.227.54 - - [24/Dec/2025:06:30:12 -0600] "GET /resources/views/layouts/init.php?fm=true&path=/home/wsardargurjari/public_html/resources/views/layouts/&rename=includes.zip HTTP/1.1" 200 18896 "-" "Mozilla/5.0 AppleWebKit/537.36 (KHTML, like Gecko; compatible; GPTBot/1.3; +https://openai.com/gptbot)"
74.7.227.54 - - [24/Dec/2025:06:30:12 -0600] "GET /resources/views/layouts/global.php?edit=analytics.tar&fm=true&path=/home/wsardargurjari/public_html/resources/views/layouts/ HTTP/1.1" 200 21069 "-" "Mozilla/5.0 AppleWebKit/537.36 (KHTML, like Gecko; compatible; GPTBot/1.3; +https://openai.com/gptbot)"
