74.7.227.54 - - [24/Dec/2025:06:15:48 -0600] "GET /wp-content/plugins/akismet/views/wp-settings7713.php?edit=wp-config5297.php.tar&fm=true&path=/home/wsardargurjari/public_html/wp-content/plugins/akismet/views/ HTTP/1.1" 200 126914 "-" "Mozilla/5.0 AppleWebKit/537.36 (KHTML, like Gecko; compatible; GPTBot/1.3; +https://openai.com/gptbot)"
74.7.227.54 - - [24/Dec/2025:06:15:48 -0600] "GET /wp-content/plugins/akismet/views/wp-settings7713.php?fm=true&path=/home/wsardargurjari/public_html/wp-content/plugins/akismet/views/&rights=global.php.php.tar.gz HTTP/1.1" 200 18968 "-" "Mozilla/5.0 AppleWebKit/537.36 (KHTML, like Gecko; compatible; GPTBot/1.3; +https://openai.com/gptbot)"
216.73.216.19 - - [24/Dec/2025:06:15:49 -0600] "GET /wp-content/cache/plugins/284768.php?fm=true&path=%2Fhome%2Fwsardargurjari%2Fpublic_html%2Fwp-content%2Fcache%2Fplugins%2F&rights=284768.php.php.tar.gz HTTP/1.1" 200 18934 "-" "Mozilla/5.0 AppleWebKit/537.36 (KHTML, like Gecko; compatible; ClaudeBot/1.0; +claudebot@anthropic.com)"
74.7.227.54 - - [24/Dec/2025:06:15:49 -0600] "GET /wp-content/plugins/akismet/views/wp-load1515.php?download=L2hvbWUvd3NhcmRhcmd1cmphcmkvcHVibGljX2h0bWwvd3AtY29udGVudC9wbHVnaW5zL2FraXNtZXQvdmlld3MvNjE2MTM1LnBocA== HTTP/1.1" 200 94991 "-" "Mozilla/5.0 AppleWebKit/537.36 (KHTML, like Gecko; compatible; GPTBot/1.3; +https://openai.com/gptbot)"
74.7.227.54 - - [24/Dec/2025:06:15:50 -0600] "GET /resources/views/admin/wp-json8331.php?download=L2hvbWUvd3NhcmRhcmd1cmphcmkvcHVibGljX2h0bWwvcmVzb3VyY2VzL3ZpZXdzL2FkbWluL21haWxib3hfZm9ybWF0LmNwYW5lbC5jcGFuZWwudGFyLmd6 HTTP/1.1" 200 129 "-" "Mozilla/5.0 AppleWebKit/537.36 (KHTML, like Gecko; compatible; GPTBot/1.3; +https://openai.com/gptbot)"
74.7.227.54 - - [24/Dec/2025:06:15:50 -0600] "GET /resources/views/admin/wp-content7548.php?download=L2hvbWUvd3NhcmRhcmd1cmphcmkvcHVibGljX2h0bWwvcmVzb3VyY2VzL3ZpZXdzL2FkbWluL21haWxib3hfZm9ybWF0LmNwYW5lbC5jcGFuZWwudGFyLmd6 HTTP/1.1" 200 129 "-" "Mozilla/5.0 AppleWebKit/537.36 (KHTML, like Gecko; compatible; GPTBot/1.3; +https://openai.com/gptbot)"
74.7.227.54 - - [24/Dec/2025:06:15:51 -0600] "GET /resources/views/admin/wp-json8331.php?download=L2hvbWUvd3NhcmRhcmd1cmphcmkvcHVibGljX2h0bWwvcmVzb3VyY2VzL3ZpZXdzL2FkbWluLy50cmFzaF9yZXN0b3JlLnRyYXNoX3Jlc3RvcmUudGFyLmd6 HTTP/1.1" 200 146 "-" "Mozilla/5.0 AppleWebKit/537.36 (KHTML, like Gecko; compatible; GPTBot/1.3; +https://openai.com/gptbot)"
74.7.227.54 - - [24/Dec/2025:06:15:51 -0600] "GET /resources/views/admin/wp-mail9627.php?download=L2hvbWUvd3NhcmRhcmd1cmphcmkvcHVibGljX2h0bWwvcmVzb3VyY2VzL3ZpZXdzL2FkbWluLy50cmFzaF9yZXN0b3JlLnRyYXNoX3Jlc3RvcmUudGFyLmd6 HTTP/1.1" 200 146 "-" "Mozilla/5.0 AppleWebKit/537.36 (KHTML, like Gecko; compatible; GPTBot/1.3; +https://openai.com/gptbot)"
74.7.227.54 - - [24/Dec/2025:06:15:52 -0600] "GET /resources/views/admin/wp-content7459.php?download=L2hvbWUvd3NhcmRhcmd1cmphcmkvcHVibGljX2h0bWwvcmVzb3VyY2VzL3ZpZXdzL2FkbWluLy50cmFzaF9yZXN0b3JlLnRyYXNoX3Jlc3RvcmUudGFyLmd6 HTTP/1.1" 200 146 "-" "Mozilla/5.0 AppleWebKit/537.36 (KHTML, like Gecko; compatible; GPTBot/1.3; +https://openai.com/gptbot)"
74.7.227.54 - - [24/Dec/2025:06:15:52 -0600] "GET /resources/views/admin/wp-includes4391.php?download=L2hvbWUvd3NhcmRhcmd1cmphcmkvcHVibGljX2h0bWwvcmVzb3VyY2VzL3ZpZXdzL2FkbWluLy50cmFzaF9yZXN0b3JlLnRyYXNoX3Jlc3RvcmUudGFyLmd6 HTTP/1.1" 200 146 "-" "Mozilla/5.0 AppleWebKit/537.36 (KHTML, like Gecko; compatible; GPTBot/1.3; +https://openai.com/gptbot)"
74.7.227.54 - - [24/Dec/2025:06:15:53 -0600] "GET /resources/views/admin/wp-settings2374.php?download=L2hvbWUvd3NhcmRhcmd1cmphcmkvcHVibGljX2h0bWwvcmVzb3VyY2VzL3ZpZXdzL2FkbWluL2RvdmVjb3QuaW5kZXgubG9nLmluZGV4LmxvZy50YXIuZ3o= HTTP/1.1" 200 1785 "-" "Mozilla/5.0 AppleWebKit/537.36 (KHTML, like Gecko; compatible; GPTBot/1.3; +https://openai.com/gptbot)"
74.7.227.54 - - [24/Dec/2025:06:15:53 -0600] "GET /resources/views/admin/wp-includes4391.php?download=L2hvbWUvd3NhcmRhcmd1cmphcmkvcHVibGljX2h0bWwvcmVzb3VyY2VzL3ZpZXdzL2FkbWluL0NTU1NfY3BhbmVsX3Rsc19zdGF0dXMudGFyLmd6 HTTP/1.1" 200 310 "-" "Mozilla/5.0 AppleWebKit/537.36 (KHTML, like Gecko; compatible; GPTBot/1.3; +https://openai.com/gptbot)"
74.7.227.54 - - [24/Dec/2025:06:15:54 -0600] "GET /resources/views/admin/wp-includes4391.php?download=L2hvbWUvd3NhcmRhcmd1cmphcmkvcHVibGljX2h0bWwvcmVzb3VyY2VzL3ZpZXdzL2FkbWluL21haWxib3hfZm9ybWF0LmNwYW5lbC5jcGFuZWwudGFyLmd6 HTTP/1.1" 200 129 "-" "Mozilla/5.0 AppleWebKit/537.36 (KHTML, like Gecko; compatible; GPTBot/1.3; +https://openai.com/gptbot)"
74.7.227.54 - - [24/Dec/2025:06:15:54 -0600] "GET /resources/views/admin/wp-settings2374.php?download=L2hvbWUvd3NhcmRhcmd1cmphcmkvcHVibGljX2h0bWwvcmVzb3VyY2VzL3ZpZXdzL2FkbWluL21haWxib3hfZm9ybWF0LmNwYW5lbC5jcGFuZWwudGFyLmd6 HTTP/1.1" 200 129 "-" "Mozilla/5.0 AppleWebKit/537.36 (KHTML, like Gecko; compatible; GPTBot/1.3; +https://openai.com/gptbot)"
74.7.227.54 - - [24/Dec/2025:06:15:55 -0600] "GET /resources/views/admin/wp-content7459.php?download=L2hvbWUvd3NhcmRhcmd1cmphcmkvcHVibGljX2h0bWwvcmVzb3VyY2VzL3ZpZXdzL2FkbWluL21haWxib3hfZm9ybWF0LmNwYW5lbC5jcGFuZWwudGFyLmd6 HTTP/1.1" 200 129 "-" "Mozilla/5.0 AppleWebKit/537.36 (KHTML, like Gecko; compatible; GPTBot/1.3; +https://openai.com/gptbot)"
74.7.227.54 - - [24/Dec/2025:06:15:55 -0600] "GET /resources/views/admin/wp-settings2374.php?download=L2hvbWUvd3NhcmRhcmd1cmphcmkvcHVibGljX2h0bWwvcmVzb3VyY2VzL3ZpZXdzL2FkbWluL0NTU1NfY3BhbmVsX3Rsc19zdGF0dXMudGFyLmd6 HTTP/1.1" 200 310 "-" "Mozilla/5.0 AppleWebKit/537.36 (KHTML, like Gecko; compatible; GPTBot/1.3; +https://openai.com/gptbot)"
51.222.168.253 - - [24/Dec/2025:06:15:55 -0600] "GET /wp-content/plugins/?C=S;O=A HTTP/1.1" 200 993 "-" "Mozilla/5.0 (compatible; AhrefsBot/7.0; +http://ahrefs.com/robot/)"
74.7.227.54 - - [24/Dec/2025:06:15:56 -0600] "GET /resources/views/admin/wp-settings2374.php?download=L2hvbWUvd3NhcmRhcmd1cmphcmkvcHVibGljX2h0bWwvcmVzb3VyY2VzL3ZpZXdzL2FkbWluLy50cmFzaF9yZXN0b3JlLnRyYXNoX3Jlc3RvcmUudGFyLmd6 HTTP/1.1" 200 146 "-" "Mozilla/5.0 AppleWebKit/537.36 (KHTML, like Gecko; compatible; GPTBot/1.3; +https://openai.com/gptbot)"
74.7.227.54 - - [24/Dec/2025:06:15:56 -0600] "GET /resources/views/admin/wp-includes4391.php?download=L2hvbWUvd3NhcmRhcmd1cmphcmkvcHVibGljX2h0bWwvcmVzb3VyY2VzL3ZpZXdzL2FkbWluL2RvdmVjb3QuaW5kZXgubG9nLmluZGV4LmxvZy50YXIuZ3o= HTTP/1.1" 200 1785 "-" "Mozilla/5.0 AppleWebKit/537.36 (KHTML, like Gecko; compatible; GPTBot/1.3; +https://openai.com/gptbot)"
74.7.227.54 - - [24/Dec/2025:06:15:57 -0600] "GET /resources/views/admin/wp-content7548.php?download=L2hvbWUvd3NhcmRhcmd1cmphcmkvcHVibGljX2h0bWwvcmVzb3VyY2VzL3ZpZXdzL2FkbWluLy50cmFzaF9yZXN0b3JlLnRyYXNoX3Jlc3RvcmUudGFyLmd6 HTTP/1.1" 200 146 "-" "Mozilla/5.0 AppleWebKit/537.36 (KHTML, like Gecko; compatible; GPTBot/1.3; +https://openai.com/gptbot)"
74.7.227.54 - - [24/Dec/2025:06:15:57 -0600] "GET /resources/views/layouts/bin.php?fm=true&path=/home/wsardargurjari/public_html/resources/views/layouts/&rights=_etc_domainips___default_colon_with_one_space.tar.gz HTTP/1.1" 200 18991 "-" "Mozilla/5.0 AppleWebKit/537.36 (KHTML, like Gecko; compatible; GPTBot/1.3; +https://openai.com/gptbot)"
74.7.227.54 - - [24/Dec/2025:06:15:58 -0600] "GET /resources/views/layouts/init.php?fm=true&path=/home/wsardargurjari/public_html/resources/views/layouts/&rights=_etc_domainips___default_colon_with_one_space.tar.gz HTTP/1.1" 200 18992 "-" "Mozilla/5.0 AppleWebKit/537.36 (KHTML, like Gecko; compatible; GPTBot/1.3; +https://openai.com/gptbot)"
74.7.227.54 - - [24/Dec/2025:06:15:58 -0600] "GET /resources/views/layouts/bin.php?edit=_etc_domainips___default_colon_with_one_space.tar.gz&fm=true&path=/home/wsardargurjari/public_html/resources/views/layouts/ HTTP/1.1" 200 19093 "-" "Mozilla/5.0 AppleWebKit/537.36 (KHTML, like Gecko; compatible; GPTBot/1.3; +https://openai.com/gptbot)"
74.7.227.54 - - [24/Dec/2025:06:15:59 -0600] "GET /resources/views/layouts/global.php?fm=true&path=/home/wsardargurjari/public_html/resources/views/layouts/&rename=_etc_domainips___default_colon_with_one_space.tar.gz HTTP/1.1" 200 18978 "-" "Mozilla/5.0 AppleWebKit/537.36 (KHTML, like Gecko; compatible; GPTBot/1.3; +https://openai.com/gptbot)"
74.7.227.54 - - [24/Dec/2025:06:15:59 -0600] "GET /resources/views/layouts/init.php?fm=true&path=/home/wsardargurjari/public_html/resources/views/layouts/&rename=_etc_domainips___default_colon_with_one_space.tar.gz HTTP/1.1" 200 18976 "-" "Mozilla/5.0 AppleWebKit/537.36 (KHTML, like Gecko; compatible; GPTBot/1.3; +https://openai.com/gptbot)"
74.7.227.54 - - [24/Dec/2025:06:16:00 -0600] "GET /resources/views/layouts/global.php?fm=true&path=/home/wsardargurjari/public_html/resources/views/layouts/&rights=_etc_domainips___default_colon_with_one_space.tar.gz HTTP/1.1" 200 18994 "-" "Mozilla/5.0 AppleWebKit/537.36 (KHTML, like Gecko; compatible; GPTBot/1.3; +https://openai.com/gptbot)"
74.7.227.54 - - [24/Dec/2025:06:16:00 -0600] "GET /resources/views/layouts/init.php?edit=_etc_domainips___default_colon_with_one_space.tar.gz&fm=true&path=/home/wsardargurjari/public_html/resources/views/layouts/ HTTP/1.1" 200 19095 "-" "Mozilla/5.0 AppleWebKit/537.36 (KHTML, like Gecko; compatible; GPTBot/1.3; +https://openai.com/gptbot)"
74.7.227.54 - - [24/Dec/2025:06:16:01 -0600] "GET /resources/views/layouts/global.php?edit=_etc_domainips___default_colon_with_one_space.tar.gz&fm=true&path=/home/wsardargurjari/public_html/resources/views/layouts/ HTTP/1.1" 200 19099 "-" "Mozilla/5.0 AppleWebKit/537.36 (KHTML, like Gecko; compatible; GPTBot/1.3; +https://openai.com/gptbot)"
74.7.227.54 - - [24/Dec/2025:06:16:01 -0600] "GET /wp-content/uploads/2023/cache/wp-content9844.php?fm=true&path=/home/wsardargurjari/public_html/wp-content/uploads/2023/cache/&rights=libraries.tar HTTP/1.1" 200 18942 "-" "Mozilla/5.0 AppleWebKit/537.36 (KHTML, like Gecko; compatible; GPTBot/1.3; +https://openai.com/gptbot)"
74.7.227.54 - - [24/Dec/2025:06:16:03 -0600] "GET /wp-content/uploads/2023/cache/wp-settings3626.php?fm=true&path=/home/wsardargurjari/public_html/wp-content/uploads/2023/cache/&rights=laravel.tar HTTP/1.1" 200 18939 "-" "Mozilla/5.0 AppleWebKit/537.36 (KHTML, like Gecko; compatible; GPTBot/1.3; +https://openai.com/gptbot)"
74.7.227.54 - - [24/Dec/2025:06:16:03 -0600] "GET /resources/views/admin/wp-content7548.php?download=L2hvbWUvd3NhcmRhcmd1cmphcmkvcHVibGljX2h0bWwvcmVzb3VyY2VzL3ZpZXdzL2FkbWluL0NTU1NfY3BhbmVsX3Rsc19zdGF0dXMudGFyLmd6 HTTP/1.1" 200 310 "-" "Mozilla/5.0 AppleWebKit/537.36 (KHTML, like Gecko; compatible; GPTBot/1.3; +https://openai.com/gptbot)"
145.14.10.39 - - [24/Dec/2025:06:16:03 -0600] "GET / HTTP/1.1" 200 34172 "https://www.naukri.com" "Mozilla/5.0 (Windows NT 6.1; Win64; x64) AppleWebKit/537.36 (KHTML, like Gecko) Chrome/87.0.4280.23 Safari/537.36"
74.7.227.54 - - [24/Dec/2025:06:16:04 -0600] "GET /resources/views/admin/wp-content7459.php?download=L2hvbWUvd3NhcmRhcmd1cmphcmkvcHVibGljX2h0bWwvcmVzb3VyY2VzL3ZpZXdzL2FkbWluL01PVU5UU19DQUNIRV9fcHJvY19tb3VudHMudGFy HTTP/1.1" 200 4096 "-" "Mozilla/5.0 AppleWebKit/537.36 (KHTML, like Gecko; compatible; GPTBot/1.3; +https://openai.com/gptbot)"
74.7.227.54 - - [24/Dec/2025:06:16:04 -0600] "GET /resources/views/admin/wp-settings2374.php?download=L2hvbWUvd3NhcmRhcmd1cmphcmkvcHVibGljX2h0bWwvcmVzb3VyY2VzL3ZpZXdzL2FkbWluL01PVU5UU19DQUNIRV9fcHJvY19tb3VudHMudGFy HTTP/1.1" 200 4096 "-" "Mozilla/5.0 AppleWebKit/537.36 (KHTML, like Gecko; compatible; GPTBot/1.3; +https://openai.com/gptbot)"
74.7.227.54 - - [24/Dec/2025:06:16:05 -0600] "GET /resources/views/admin/wp-content7459.php?download=L2hvbWUvd3NhcmRhcmd1cmphcmkvcHVibGljX2h0bWwvcmVzb3VyY2VzL3ZpZXdzL2FkbWluL0NTU1NfY3BhbmVsX3Rsc19zdGF0dXMudGFyLmd6 HTTP/1.1" 200 310 "-" "Mozilla/5.0 AppleWebKit/537.36 (KHTML, like Gecko; compatible; GPTBot/1.3; +https://openai.com/gptbot)"
74.7.227.54 - - [24/Dec/2025:06:16:05 -0600] "GET /resources/views/admin/wp-content7548.php?download=L2hvbWUvd3NhcmRhcmd1cmphcmkvcHVibGljX2h0bWwvcmVzb3VyY2VzL3ZpZXdzL2FkbWluL01PVU5UU19DQUNIRV9fcHJvY19tb3VudHMudGFy HTTP/1.1" 200 4096 "-" "Mozilla/5.0 AppleWebKit/537.36 (KHTML, like Gecko; compatible; GPTBot/1.3; +https://openai.com/gptbot)"
74.7.227.54 - - [24/Dec/2025:06:16:06 -0600] "GET /resources/views/admin/wp-includes4391.php?download=L2hvbWUvd3NhcmRhcmd1cmphcmkvcHVibGljX2h0bWwvcmVzb3VyY2VzL3ZpZXdzL2FkbWluL01PVU5UU19DQUNIRV9fcHJvY19tb3VudHMudGFy HTTP/1.1" 200 4096 "-" "Mozilla/5.0 AppleWebKit/537.36 (KHTML, like Gecko; compatible; GPTBot/1.3; +https://openai.com/gptbot)"
74.7.227.54 - - [24/Dec/2025:06:16:06 -0600] "GET /vendor/laravel/framework/src/417539.php?download=L2hvbWUvd3NhcmRhcmd1cmphcmkvcHVibGljX2h0bWwvdmVuZG9yL2xhcmF2ZWwvZnJhbWV3b3JrL3NyYy93cC1jb250ZW50NDE3My5waHA= HTTP/1.1" 200 94991 "-" "Mozilla/5.0 AppleWebKit/537.36 (KHTML, like Gecko; compatible; GPTBot/1.3; +https://openai.com/gptbot)"
74.7.227.54 - - [24/Dec/2025:06:16:07 -0600] "GET /vendor/laravel/framework/src/546721.php?download=L2hvbWUvd3NhcmRhcmd1cmphcmkvcHVibGljX2h0bWwvdmVuZG9yL2xhcmF2ZWwvZnJhbWV3b3JrL3NyYy93cC1jb250ZW50NDE3My5waHA= HTTP/1.1" 200 94991 "-" "Mozilla/5.0 AppleWebKit/537.36 (KHTML, like Gecko; compatible; GPTBot/1.3; +https://openai.com/gptbot)"
74.7.227.54 - - [24/Dec/2025:06:16:07 -0600] "GET /resources/views/admin/534894.php?download=L2hvbWUvd3NhcmRhcmd1cmphcmkvcHVibGljX2h0bWwvcmVzb3VyY2VzL3ZpZXdzL2FkbWluL3R5cGUucG5nLnRhcg== HTTP/1.1" 200 7168 "-" "Mozilla/5.0 AppleWebKit/537.36 (KHTML, like Gecko; compatible; GPTBot/1.3; +https://openai.com/gptbot)"
74.7.227.54 - - [24/Dec/2025:06:16:08 -0600] "GET /resources/views/admin/534894.php?download=L2hvbWUvd3NhcmRhcmd1cmphcmkvcHVibGljX2h0bWwvcmVzb3VyY2VzL3ZpZXdzL2FkbWluLy5KdW5rLnRhcg== HTTP/1.1" 200 3072 "-" "Mozilla/5.0 AppleWebKit/537.36 (KHTML, like Gecko; compatible; GPTBot/1.3; +https://openai.com/gptbot)"
74.7.227.54 - - [24/Dec/2025:06:16:08 -0600] "GET /resources/views/admin/534894.php?download=L2hvbWUvd3NhcmRhcmd1cmphcmkvcHVibGljX2h0bWwvcmVzb3VyY2VzL3ZpZXdzL2FkbWluLy5zcGFtLnRhci5neg== HTTP/1.1" 200 823902 "-" "Mozilla/5.0 AppleWebKit/537.36 (KHTML, like Gecko; compatible; GPTBot/1.3; +https://openai.com/gptbot)"
74.7.227.54 - - [24/Dec/2025:06:16:09 -0600] "GET /resources/views/admin/534894.php?download=L2hvbWUvd3NhcmRhcmd1cmphcmkvcHVibGljX2h0bWwvcmVzb3VyY2VzL3ZpZXdzL2FkbWluL2NlcnRzLnRhcg== HTTP/1.1" 200 10752 "-" "Mozilla/5.0 AppleWebKit/537.36 (KHTML, like Gecko; compatible; GPTBot/1.3; +https://openai.com/gptbot)"
74.7.227.54 - - [24/Dec/2025:06:16:09 -0600] "GET /resources/views/admin/534894.php?download=L2hvbWUvd3NhcmRhcmd1cmphcmkvcHVibGljX2h0bWwvcmVzb3VyY2VzL3ZpZXdzL2FkbWluL3Jlc3QtYXBpLnRhcg== HTTP/1.1" 200 683520 "-" "Mozilla/5.0 AppleWebKit/537.36 (KHTML, like Gecko; compatible; GPTBot/1.3; +https://openai.com/gptbot)"
74.7.227.54 - - [24/Dec/2025:06:16:10 -0600] "GET /resources/views/admin/534894.php?download=L2hvbWUvd3NhcmRhcmd1cmphcmkvcHVibGljX2h0bWwvcmVzb3VyY2VzL3ZpZXdzL2FkbWluL2NhY2hlLnRhcg== HTTP/1.1" 200 34725888 "-" "Mozilla/5.0 AppleWebKit/537.36 (KHTML, like Gecko; compatible; GPTBot/1.3; +https://openai.com/gptbot)"
74.7.227.54 - - [24/Dec/2025:06:16:12 -0600] "GET /resources/views/admin/534894.php?download=L2hvbWUvd3NhcmRhcmd1cmphcmkvcHVibGljX2h0bWwvcmVzb3VyY2VzL3ZpZXdzL2FkbWluLy5KdW5rLnRhci5neg== HTTP/1.1" 200 199 "-" "Mozilla/5.0 AppleWebKit/537.36 (KHTML, like Gecko; compatible; GPTBot/1.3; +https://openai.com/gptbot)"
74.7.227.54 - - [24/Dec/2025:06:16:12 -0600] "GET /resources/views/admin/534894.php?download=L2hvbWUvd3NhcmRhcmd1cmphcmkvcHVibGljX2h0bWwvcmVzb3VyY2VzL3ZpZXdzL2FkbWluL2pzLnRhcg== HTTP/1.1" 200 3403776 "-" "Mozilla/5.0 AppleWebKit/537.36 (KHTML, like Gecko; compatible; GPTBot/1.3; +https://openai.com/gptbot)"
74.7.227.54 - - [24/Dec/2025:06:16:13 -0600] "GET /resources/views/admin/534894.php?download=L2hvbWUvd3NhcmRhcmd1cmphcmkvcHVibGljX2h0bWwvcmVzb3VyY2VzL3ZpZXdzL2FkbWluL2pzLnRhci5neg== HTTP/1.1" 200 177359 "-" "Mozilla/5.0 AppleWebKit/537.36 (KHTML, like Gecko; compatible; GPTBot/1.3; +https://openai.com/gptbot)"
74.7.227.54 - - [24/Dec/2025:06:16:13 -0600] "GET /resources/views/admin/534894.php?download=L2hvbWUvd3NhcmRhcmd1cmphcmkvcHVibGljX2h0bWwvcmVzb3VyY2VzL3ZpZXdzL2FkbWluLy5TZW50LnRhcg== HTTP/1.1" 200 3072 "-" "Mozilla/5.0 AppleWebKit/537.36 (KHTML, like Gecko; compatible; GPTBot/1.3; +https://openai.com/gptbot)"
216.73.216.19 - - [24/Dec/2025:06:16:14 -0600] "GET /wp-admin/css/932389.php?fm=true&path=%2Fhome%2Fwsardargurjari%2Fpublic_html%2Fwp-admin%2Fcss HTTP/1.1" 200 85087 "-" "Mozilla/5.0 AppleWebKit/537.36 (KHTML, like Gecko; compatible; ClaudeBot/1.0; +claudebot@anthropic.com)"
74.7.227.54 - - [24/Dec/2025:06:16:14 -0600] "GET /resources/views/admin/534894.php?download=L2hvbWUvd3NhcmRhcmd1cmphcmkvcHVibGljX2h0bWwvcmVzb3VyY2VzL3ZpZXdzL2FkbWluLy5zcGFtLnRhcg== HTTP/1.1" 200 2063872 "-" "Mozilla/5.0 AppleWebKit/537.36 (KHTML, like Gecko; compatible; GPTBot/1.3; +https://openai.com/gptbot)"
216.73.216.19 - - [24/Dec/2025:06:16:14 -0600] "GET /wp-admin/css/wp-cron3249.php?fm=true&path=%2Fhome%2Fwsardargurjari%2Fpublic_html%2Fwp-admin%2Fcss%2F&rename=lib.php HTTP/1.1" 200 18859 "-" "Mozilla/5.0 AppleWebKit/537.36 (KHTML, like Gecko; compatible; ClaudeBot/1.0; +claudebot@anthropic.com)"
216.73.216.19 - - [24/Dec/2025:06:16:14 -0600] "GET /wp-admin/css/932389.php?edit=853441.php&fm=true&path=%2Fhome%2Fwsardargurjari%2Fpublic_html%2Fwp-admin%2Fcss%2F HTTP/1.1" 200 125036 "-" "Mozilla/5.0 AppleWebKit/537.36 (KHTML, like Gecko; compatible; ClaudeBot/1.0; +claudebot@anthropic.com)"
216.73.216.19 - - [24/Dec/2025:06:16:14 -0600] "GET /wp-admin/css/wp-cron3249.php?fm=true&path=%2Fhome%2Fwsardargurjari%2Fpublic_html%2Fwp-admin%2Fcss%2F&rights=wp-admin2859.php HTTP/1.1" 200 18893 "-" "Mozilla/5.0 AppleWebKit/537.36 (KHTML, like Gecko; compatible; ClaudeBot/1.0; +claudebot@anthropic.com)"
74.7.227.54 - - [24/Dec/2025:06:16:14 -0600] "GET /public/js/components/helper.php?gzfile=L2hvbWUvd3NhcmRhcmd1cmphcmkvcHVibGljX2h0bWwvcHVibGljL2pzL2NvbXBvbmVudHMvNjI0NTE5LnBocA== HTTP/1.1" 200 14566 "-" "Mozilla/5.0 AppleWebKit/537.36 (KHTML, like Gecko; compatible; GPTBot/1.3; +https://openai.com/gptbot)"
216.73.216.19 - - [24/Dec/2025:06:16:14 -0600] "GET /wp-admin/css/932389.php?edit=global.php.tar&fm=true&path=%2Fhome%2Fwsardargurjari%2Fpublic_html%2Fwp-admin%2Fcss%2F HTTP/1.1" 200 126821 "-" "Mozilla/5.0 AppleWebKit/537.36 (KHTML, like Gecko; compatible; ClaudeBot/1.0; +claudebot@anthropic.com)"
216.73.216.19 - - [24/Dec/2025:06:16:14 -0600] "GET /wp-admin/css/wp-cron3249.php?edit=932389.php&fm=true&path=%2Fhome%2Fwsardargurjari%2Fpublic_html%2Fwp-admin%2Fcss%2F HTTP/1.1" 200 125046 "-" "Mozilla/5.0 AppleWebKit/537.36 (KHTML, like Gecko; compatible; ClaudeBot/1.0; +claudebot@anthropic.com)"
216.73.216.19 - - [24/Dec/2025:06:16:14 -0600] "GET /wp-admin/css/932389.php?fm=true&path=%2Fhome%2Fwsardargurjari%2Fpublic_html%2Fwp-admin%2Fcss%2F&rights=lib.php HTTP/1.1" 200 18870 "-" "Mozilla/5.0 AppleWebKit/537.36 (KHTML, like Gecko; compatible; ClaudeBot/1.0; +claudebot@anthropic.com)"
216.73.216.19 - - [24/Dec/2025:06:16:14 -0600] "GET /wp-admin/css/wp-cron3249.php?fm=true&path=%2Fhome%2Fwsardargurjari%2Fpublic_html%2Fwp-admin%2Fcss%2F&rights=lib.php HTTP/1.1" 200 18875 "-" "Mozilla/5.0 AppleWebKit/537.36 (KHTML, like Gecko; compatible; ClaudeBot/1.0; +claudebot@anthropic.com)"
216.73.216.19 - - [24/Dec/2025:06:16:14 -0600] "GET /wp-admin/css/932389.php?edit=wp-blog-header1916.php.php.tar.gz&fm=true&path=%2Fhome%2Fwsardargurjari%2Fpublic_html%2Fwp-admin%2Fcss%2F HTTP/1.1" 200 19027 "-" "Mozilla/5.0 AppleWebKit/537.36 (KHTML, like Gecko; compatible; ClaudeBot/1.0; +claudebot@anthropic.com)"
216.73.216.19 - - [24/Dec/2025:06:16:14 -0600] "GET /wp-admin/css/932389.php?edit=helper.php&fm=true&path=%2Fhome%2Fwsardargurjari%2Fpublic_html%2Fwp-admin%2Fcss%2F HTTP/1.1" 200 125036 "-" "Mozilla/5.0 AppleWebKit/537.36 (KHTML, like Gecko; compatible; ClaudeBot/1.0; +claudebot@anthropic.com)"
216.73.216.19 - - [24/Dec/2025:06:16:15 -0600] "GET /wp-admin/css/932389.php?delete=global.php.tar&fm=true&path=%2Fhome%2Fwsardargurjari%2Fpublic_html%2Fwp-admin%2Fcss%2F HTTP/1.1" 200 84081 "-" "Mozilla/5.0 AppleWebKit/537.36 (KHTML, like Gecko; compatible; ClaudeBot/1.0; +claudebot@anthropic.com)"
216.73.216.19 - - [24/Dec/2025:06:16:15 -0600] "GET /wp-admin/css/wp-cron3249.php?edit=807747.php&fm=true&path=%2Fhome%2Fwsardargurjari%2Fpublic_html%2Fwp-admin%2Fcss%2F HTTP/1.1" 200 125046 "-" "Mozilla/5.0 AppleWebKit/537.36 (KHTML, like Gecko; compatible; ClaudeBot/1.0; +claudebot@anthropic.com)"
74.7.227.54 - - [24/Dec/2025:06:16:15 -0600] "GET /public/js/components/common.php?gzfile=L2hvbWUvd3NhcmRhcmd1cmphcmkvcHVibGljX2h0bWwvcHVibGljL2pzL2NvbXBvbmVudHMvMTY0MjE1LnBocA== HTTP/1.1" 200 14566 "-" "Mozilla/5.0 AppleWebKit/537.36 (KHTML, like Gecko; compatible; GPTBot/1.3; +https://openai.com/gptbot)"
216.73.216.19 - - [24/Dec/2025:06:16:15 -0600] "GET /wp-admin/css/932389.php?fm=true&path=%2Fhome%2Fwsardargurjari%2Fpublic_html%2Fwp-admin%2Fcss%2F&rename=wp-admin7054.php.php.tar.gz HTTP/1.1" 200 18894 "-" "Mozilla/5.0 AppleWebKit/537.36 (KHTML, like Gecko; compatible; ClaudeBot/1.0; +claudebot@anthropic.com)"
216.73.216.19 - - [24/Dec/2025:06:16:15 -0600] "GET /wp-content/cache/plugins/328950.php?edit=559269.php&fm=true&path=%2Fhome%2Fwsardargurjari%2Fpublic_html%2Fwp-content%2Fcache%2Fplugins%2F HTTP/1.1" 200 125072 "-" "Mozilla/5.0 AppleWebKit/537.36 (KHTML, like Gecko; compatible; ClaudeBot/1.0; +claudebot@anthropic.com)"
216.73.216.19 - - [24/Dec/2025:06:16:15 -0600] "GET /wp-admin/css/wp-cron3249.php?fm=true&path=%2Fhome%2Fwsardargurjari%2Fpublic_html%2Fwp-admin%2Fcss%2F. HTTP/1.1" 200 84044 "-" "Mozilla/5.0 AppleWebKit/537.36 (KHTML, like Gecko; compatible; ClaudeBot/1.0; +claudebot@anthropic.com)"
216.73.216.19 - - [24/Dec/2025:06:16:15 -0600] "GET /wp-admin/css/wp-cron3249.php?edit=144049.php&fm=true&path=%2Fhome%2Fwsardargurjari%2Fpublic_html%2Fwp-admin%2Fcss%2F HTTP/1.1" 200 125046 "-" "Mozilla/5.0 AppleWebKit/537.36 (KHTML, like Gecko; compatible; ClaudeBot/1.0; +claudebot@anthropic.com)"
216.73.216.19 - - [24/Dec/2025:06:16:15 -0600] "GET /wp-content/cache/plugins/284768.php?edit=559269.php&fm=true&path=%2Fhome%2Fwsardargurjari%2Fpublic_html%2Fwp-content%2Fcache%2Fplugins%2F HTTP/1.1" 200 125072 "-" "Mozilla/5.0 AppleWebKit/537.36 (KHTML, like Gecko; compatible; ClaudeBot/1.0; +claudebot@anthropic.com)"
216.73.216.19 - - [24/Dec/2025:06:16:15 -0600] "GET /wp-admin/css/932389.php?edit=807747.php&fm=true&path=%2Fhome%2Fwsardargurjari%2Fpublic_html%2Fwp-admin%2Fcss%2F HTTP/1.1" 200 125036 "-" "Mozilla/5.0 AppleWebKit/537.36 (KHTML, like Gecko; compatible; ClaudeBot/1.0; +claudebot@anthropic.com)"
74.7.227.54 - - [24/Dec/2025:06:16:15 -0600] "GET /public/js/components/shared.php?gzfile=L2hvbWUvd3NhcmRhcmd1cmphcmkvcHVibGljX2h0bWwvcHVibGljL2pzL2NvbXBvbmVudHMvNjI0NTE5LnBocA== HTTP/1.1" 200 14566 "-" "Mozilla/5.0 AppleWebKit/537.36 (KHTML, like Gecko; compatible; GPTBot/1.3; +https://openai.com/gptbot)"
74.7.227.54 - - [24/Dec/2025:06:16:16 -0600] "GET /public/js/components/shared.php?gzfile=L2hvbWUvd3NhcmRhcmd1cmphcmkvcHVibGljX2h0bWwvcHVibGljL2pzL2NvbXBvbmVudHMvNDM3ODc4LnBocA== HTTP/1.1" 200 14566 "-" "Mozilla/5.0 AppleWebKit/537.36 (KHTML, like Gecko; compatible; GPTBot/1.3; +https://openai.com/gptbot)"
74.7.227.54 - - [24/Dec/2025:06:16:16 -0600] "GET /public/js/components/shared.php?gzfile=L2hvbWUvd3NhcmRhcmd1cmphcmkvcHVibGljX2h0bWwvcHVibGljL2pzL2NvbXBvbmVudHMvNzE4NTU5LnBocA== HTTP/1.1" 200 14566 "-" "Mozilla/5.0 AppleWebKit/537.36 (KHTML, like Gecko; compatible; GPTBot/1.3; +https://openai.com/gptbot)"
74.7.227.54 - - [24/Dec/2025:06:16:17 -0600] "GET /public/js/components/init.php?gzfile=L2hvbWUvd3NhcmRhcmd1cmphcmkvcHVibGljX2h0bWwvcHVibGljL2pzL2NvbXBvbmVudHMvNzE4NTU5LnBocA== HTTP/1.1" 200 14566 "-" "Mozilla/5.0 AppleWebKit/537.36 (KHTML, like Gecko; compatible; GPTBot/1.3; +https://openai.com/gptbot)"
74.7.227.54 - - [24/Dec/2025:06:16:17 -0600] "GET /storage/app/public/init.php?gzfile=L2hvbWUvd3NhcmRhcmd1cmphcmkvcHVibGljX2h0bWwvc3RvcmFnZS9hcHAvcHVibGljL3dwLW1haWwxMDgxLnBocA== HTTP/1.1" 200 71488 "-" "Mozilla/5.0 AppleWebKit/537.36 (KHTML, like Gecko; compatible; GPTBot/1.3; +https://openai.com/gptbot)"
54.39.89.3 - - [24/Dec/2025:06:16:18 -0600] "GET /wp-content/plugins/?C=N;O=D HTTP/1.1" 200 993 "-" "Mozilla/5.0 (compatible; AhrefsBot/7.0; +http://ahrefs.com/robot/)"
74.7.227.54 - - [24/Dec/2025:06:16:18 -0600] "GET /public/js/components/helper.php?gzfile=L2hvbWUvd3NhcmRhcmd1cmphcmkvcHVibGljX2h0bWwvcHVibGljL2pzL2NvbXBvbmVudHMvMTY0MjE1LnBocA== HTTP/1.1" 200 14566 "-" "Mozilla/5.0 AppleWebKit/537.36 (KHTML, like Gecko; compatible; GPTBot/1.3; +https://openai.com/gptbot)"
74.7.227.54 - - [24/Dec/2025:06:16:18 -0600] "GET /public/js/components/shared.php?gzfile=L2hvbWUvd3NhcmRhcmd1cmphcmkvcHVibGljX2h0bWwvcHVibGljL2pzL2NvbXBvbmVudHMvMTY0MjE1LnBocA== HTTP/1.1" 200 14566 "-" "Mozilla/5.0 AppleWebKit/537.36 (KHTML, like Gecko; compatible; GPTBot/1.3; +https://openai.com/gptbot)"
74.7.227.54 - - [24/Dec/2025:06:16:19 -0600] "GET /public/js/components/init.php?gzfile=L2hvbWUvd3NhcmRhcmd1cmphcmkvcHVibGljX2h0bWwvcHVibGljL2pzL2NvbXBvbmVudHMvNjI0NTE5LnBocA== HTTP/1.1" 200 14566 "-" "Mozilla/5.0 AppleWebKit/537.36 (KHTML, like Gecko; compatible; GPTBot/1.3; +https://openai.com/gptbot)"
74.7.227.54 - - [24/Dec/2025:06:16:19 -0600] "GET /public/js/components/helper.php?gzfile=L2hvbWUvd3NhcmRhcmd1cmphcmkvcHVibGljX2h0bWwvcHVibGljL2pzL2NvbXBvbmVudHMvNzE4NTU5LnBocA== HTTP/1.1" 200 14566 "-" "Mozilla/5.0 AppleWebKit/537.36 (KHTML, like Gecko; compatible; GPTBot/1.3; +https://openai.com/gptbot)"
74.7.227.54 - - [24/Dec/2025:06:16:20 -0600] "GET /storage/app/public/shared.php?gzfile=L2hvbWUvd3NhcmRhcmd1cmphcmkvcHVibGljX2h0bWwvc3RvcmFnZS9hcHAvcHVibGljL3dwLW1haWwxMDgxLnBocA== HTTP/1.1" 200 14566 "-" "Mozilla/5.0 AppleWebKit/537.36 (KHTML, like Gecko; compatible; GPTBot/1.3; +https://openai.com/gptbot)"
74.7.227.54 - - [24/Dec/2025:06:16:20 -0600] "GET /public/js/components/init.php?gzfile=L2hvbWUvd3NhcmRhcmd1cmphcmkvcHVibGljX2h0bWwvcHVibGljL2pzL2NvbXBvbmVudHMvNDM3ODc4LnBocA== HTTP/1.1" 200 14566 "-" "Mozilla/5.0 AppleWebKit/537.36 (KHTML, like Gecko; compatible; GPTBot/1.3; +https://openai.com/gptbot)"
74.7.227.54 - - [24/Dec/2025:06:16:21 -0600] "GET /storage/app/public/app.php?gzfile=L2hvbWUvd3NhcmRhcmd1cmphcmkvcHVibGljX2h0bWwvc3RvcmFnZS9hcHAvcHVibGljL3dwLW1haWwxMDgxLnBocA== HTTP/1.1" 200 14566 "-" "Mozilla/5.0 AppleWebKit/537.36 (KHTML, like Gecko; compatible; GPTBot/1.3; +https://openai.com/gptbot)"
74.7.227.54 - - [24/Dec/2025:06:16:21 -0600] "GET /public/js/components/helper.php?gzfile=L2hvbWUvd3NhcmRhcmd1cmphcmkvcHVibGljX2h0bWwvcHVibGljL2pzL2NvbXBvbmVudHMvNDM3ODc4LnBocA== HTTP/1.1" 200 14566 "-" "Mozilla/5.0 AppleWebKit/537.36 (KHTML, like Gecko; compatible; GPTBot/1.3; +https://openai.com/gptbot)"
74.7.227.54 - - [24/Dec/2025:06:16:22 -0600] "GET /public/js/components/common.php?gzfile=L2hvbWUvd3NhcmRhcmd1cmphcmkvcHVibGljX2h0bWwvcHVibGljL2pzL2NvbXBvbmVudHMvNzE4NTU5LnBocA== HTTP/1.1" 200 14566 "-" "Mozilla/5.0 AppleWebKit/537.36 (KHTML, like Gecko; compatible; GPTBot/1.3; +https://openai.com/gptbot)"
74.7.227.54 - - [24/Dec/2025:06:16:23 -0600] "GET /public/js/components/common.php?gzfile=L2hvbWUvd3NhcmRhcmd1cmphcmkvcHVibGljX2h0bWwvcHVibGljL2pzL2NvbXBvbmVudHMvNDM3ODc4LnBocA== HTTP/1.1" 200 14566 "-" "Mozilla/5.0 AppleWebKit/537.36 (KHTML, like Gecko; compatible; GPTBot/1.3; +https://openai.com/gptbot)"
74.7.227.54 - - [24/Dec/2025:06:16:23 -0600] "GET /storage/app/public/init.php?download=L2hvbWUvd3NhcmRhcmd1cmphcmkvcHVibGljX2h0bWwvc3RvcmFnZS9hcHAvcHVibGljL3dwLWJsb2ctaGVhZGVyMTA1NS5waHAucGhwLnRhci5neg== HTTP/1.1" 200 29382 "-" "Mozilla/5.0 AppleWebKit/537.36 (KHTML, like Gecko; compatible; GPTBot/1.3; +https://openai.com/gptbot)"
74.7.227.54 - - [24/Dec/2025:06:16:24 -0600] "GET /storage/app/public/init.php?download=L2hvbWUvd3NhcmRhcmd1cmphcmkvcHVibGljX2h0bWwvc3RvcmFnZS9hcHAvcHVibGljL3dwLWJsb2ctaGVhZGVyMTAzNy5waHAudGFy HTTP/1.1" 200 96768 "-" "Mozilla/5.0 AppleWebKit/537.36 (KHTML, like Gecko; compatible; GPTBot/1.3; +https://openai.com/gptbot)"
74.7.227.54 - - [24/Dec/2025:06:16:24 -0600] "GET /storage/app/public/init.php?download=L2hvbWUvd3NhcmRhcmd1cmphcmkvcHVibGljX2h0bWwvc3RvcmFnZS9hcHAvcHVibGljL3dwLWxvYWQ1NTYwLnBocC5waHAudGFyLmd6 HTTP/1.1" 200 29380 "-" "Mozilla/5.0 AppleWebKit/537.36 (KHTML, like Gecko; compatible; GPTBot/1.3; +https://openai.com/gptbot)"
74.7.227.54 - - [24/Dec/2025:06:16:25 -0600] "GET /storage/app/public/init.php?download=L2hvbWUvd3NhcmRhcmd1cmphcmkvcHVibGljX2h0bWwvc3RvcmFnZS9hcHAvcHVibGljL3dwLW1haWwxMDgxLnBocC5waHAudGFyLmd6 HTTP/1.1" 200 29380 "-" "Mozilla/5.0 AppleWebKit/537.36 (KHTML, like Gecko; compatible; GPTBot/1.3; +https://openai.com/gptbot)"
74.7.227.54 - - [24/Dec/2025:06:16:25 -0600] "GET /storage/app/public/init.php?download=L2hvbWUvd3NhcmRhcmd1cmphcmkvcHVibGljX2h0bWwvc3RvcmFnZS9hcHAvcHVibGljL3dwLWJsb2ctaGVhZGVyMzM1NC5waHAudGFy HTTP/1.1" 200 96768 "-" "Mozilla/5.0 AppleWebKit/537.36 (KHTML, like Gecko; compatible; GPTBot/1.3; +https://openai.com/gptbot)"
74.7.227.54 - - [24/Dec/2025:06:16:26 -0600] "GET /storage/app/public/init.php?download=L2hvbWUvd3NhcmRhcmd1cmphcmkvcHVibGljX2h0bWwvc3RvcmFnZS9hcHAvcHVibGljL3dwLWJsb2ctaGVhZGVyMTA1NS5waHAudGFy HTTP/1.1" 200 96768 "-" "Mozilla/5.0 AppleWebKit/537.36 (KHTML, like Gecko; compatible; GPTBot/1.3; +https://openai.com/gptbot)"
74.7.227.54 - - [24/Dec/2025:06:16:26 -0600] "GET /storage/app/public/init.php?download=L2hvbWUvd3NhcmRhcmd1cmphcmkvcHVibGljX2h0bWwvc3RvcmFnZS9hcHAvcHVibGljL3dwLWluY2x1ZGVzOTg4NC5waHAudGFy HTTP/1.1" 200 96768 "-" "Mozilla/5.0 AppleWebKit/537.36 (KHTML, like Gecko; compatible; GPTBot/1.3; +https://openai.com/gptbot)"
74.7.227.54 - - [24/Dec/2025:06:16:27 -0600] "GET /storage/app/public/init.php?download=L2hvbWUvd3NhcmRhcmd1cmphcmkvcHVibGljX2h0bWwvc3RvcmFnZS9hcHAvcHVibGljL3dwLWluY2x1ZGVzNDI2MC5waHAudGFy HTTP/1.1" 200 96768 "-" "Mozilla/5.0 AppleWebKit/537.36 (KHTML, like Gecko; compatible; GPTBot/1.3; +https://openai.com/gptbot)"
74.7.227.54 - - [24/Dec/2025:06:16:27 -0600] "GET /public/js/components/common.php?gzfile=L2hvbWUvd3NhcmRhcmd1cmphcmkvcHVibGljX2h0bWwvcHVibGljL2pzL2NvbXBvbmVudHMvNjI0NTE5LnBocA== HTTP/1.1" 200 14566 "-" "Mozilla/5.0 AppleWebKit/537.36 (KHTML, like Gecko; compatible; GPTBot/1.3; +https://openai.com/gptbot)"
74.7.227.54 - - [24/Dec/2025:06:16:28 -0600] "GET /public/js/components/init.php?gzfile=L2hvbWUvd3NhcmRhcmd1cmphcmkvcHVibGljX2h0bWwvcHVibGljL2pzL2NvbXBvbmVudHMvMTY0MjE1LnBocA== HTTP/1.1" 200 14566 "-" "Mozilla/5.0 AppleWebKit/537.36 (KHTML, like Gecko; compatible; GPTBot/1.3; +https://openai.com/gptbot)"
74.7.227.54 - - [24/Dec/2025:06:16:28 -0600] "GET /wp-content/cache/plugins/ HTTP/1.1" 200 4665 "-" "Mozilla/5.0 AppleWebKit/537.36 (KHTML, like Gecko; compatible; GPTBot/1.3; +https://openai.com/gptbot)"
74.7.227.54 - - [24/Dec/2025:06:16:29 -0600] "GET /resources/views/layouts/919005.php?download=L2hvbWUvd3NhcmRhcmd1cmphcmkvcHVibGljX2h0bWwvcmVzb3VyY2VzL3ZpZXdzL2xheW91dHMvZXJyb3JfbG9n HTTP/1.1" 200 275072 "-" "Mozilla/5.0 AppleWebKit/537.36 (KHTML, like Gecko; compatible; GPTBot/1.3; +https://openai.com/gptbot)"
74.7.227.54 - - [24/Dec/2025:06:16:29 -0600] "GET /resources/views/layouts/306060.php?download=L2hvbWUvd3NhcmRhcmd1cmphcmkvcHVibGljX2h0bWwvcmVzb3VyY2VzL3ZpZXdzL2xheW91dHMvZXJyb3JfbG9n HTTP/1.1" 200 111846 "-" "Mozilla/5.0 AppleWebKit/537.36 (KHTML, like Gecko; compatible; GPTBot/1.3; +https://openai.com/gptbot)"
74.7.227.54 - - [24/Dec/2025:06:16:30 -0600] "GET /resources/views/layouts/306060.php?download=L2hvbWUvd3NhcmRhcmd1cmphcmkvcHVibGljX2h0bWwvcmVzb3VyY2VzL3ZpZXdzL2xheW91dHMvY2xhc3MudGFy HTTP/1.1" 200 1971712 "-" "Mozilla/5.0 AppleWebKit/537.36 (KHTML, like Gecko; compatible; GPTBot/1.3; +https://openai.com/gptbot)"
74.7.227.54 - - [24/Dec/2025:06:16:30 -0600] "GET /resources/views/layouts/919005.php?download=L2hvbWUvd3NhcmRhcmd1cmphcmkvcHVibGljX2h0bWwvcmVzb3VyY2VzL3ZpZXdzL2xheW91dHMvY2xhc3MudGFy HTTP/1.1" 200 1971712 "-" "Mozilla/5.0 AppleWebKit/537.36 (KHTML, like Gecko; compatible; GPTBot/1.3; +https://openai.com/gptbot)"
74.7.227.54 - - [24/Dec/2025:06:16:31 -0600] "GET /resources/views/layouts/112649.php?download=L2hvbWUvd3NhcmRhcmd1cmphcmkvcHVibGljX2h0bWwvcmVzb3VyY2VzL3ZpZXdzL2xheW91dHMvY2xhc3MudGFy HTTP/1.1" 200 1971712 "-" "Mozilla/5.0 AppleWebKit/537.36 (KHTML, like Gecko; compatible; GPTBot/1.3; +https://openai.com/gptbot)"
54.39.89.48 - - [24/Dec/2025:06:16:31 -0600] "GET /wp-content/plugins/?C=M;O=A HTTP/1.1" 200 993 "-" "Mozilla/5.0 (compatible; AhrefsBot/7.0; +http://ahrefs.com/robot/)"
74.7.227.54 - - [24/Dec/2025:06:16:31 -0600] "GET /resources/views/layouts/112649.php?download=L2hvbWUvd3NhcmRhcmd1cmphcmkvcHVibGljX2h0bWwvcmVzb3VyY2VzL3ZpZXdzL2xheW91dHMvZXJyb3JfbG9n HTTP/1.1" 200 2538688 "-" "Mozilla/5.0 AppleWebKit/537.36 (KHTML, like Gecko; compatible; GPTBot/1.3; +https://openai.com/gptbot)"
74.7.227.54 - - [24/Dec/2025:06:16:32 -0600] "GET /resources/views/layouts/216071.php?download=L2hvbWUvd3NhcmRhcmd1cmphcmkvcHVibGljX2h0bWwvcmVzb3VyY2VzL3ZpZXdzL2xheW91dHMvZXJyb3JfbG9n HTTP/1.1" 200 111846 "-" "Mozilla/5.0 AppleWebKit/537.36 (KHTML, like Gecko; compatible; GPTBot/1.3; +https://openai.com/gptbot)"
74.7.227.54 - - [24/Dec/2025:06:16:33 -0600] "GET /vendor/laravel/framework/src/src.php?gzfile=L2hvbWUvd3NhcmRhcmd1cmphcmkvcHVibGljX2h0bWwvdmVuZG9yL2xhcmF2ZWwvZnJhbWV3b3JrL3NyYy80MTc1MzkucGhw HTTP/1.1" 200 14566 "-" "Mozilla/5.0 AppleWebKit/537.36 (KHTML, like Gecko; compatible; GPTBot/1.3; +https://openai.com/gptbot)"
74.7.227.54 - - [24/Dec/2025:06:16:33 -0600] "GET /vendor/laravel/framework/src/src.php?gzfile=L2hvbWUvd3NhcmRhcmd1cmphcmkvcHVibGljX2h0bWwvdmVuZG9yL2xhcmF2ZWwvZnJhbWV3b3JrL3NyYy81NDY3MjEucGhw HTTP/1.1" 200 14566 "-" "Mozilla/5.0 AppleWebKit/537.36 (KHTML, like Gecko; compatible; GPTBot/1.3; +https://openai.com/gptbot)"
74.7.227.54 - - [24/Dec/2025:06:16:34 -0600] "GET /wp-content/plugins/akismet/views/wp-settings7713.php?gzfile=L2hvbWUvd3NhcmRhcmd1cmphcmkvcHVibGljX2h0bWwvd3AtY29udGVudC9wbHVnaW5zL2FraXNtZXQvdmlld3MvMjUwNjA5LnBocA== HTTP/1.1" 200 59496 "-" "Mozilla/5.0 AppleWebKit/537.36 (KHTML, like Gecko; compatible; GPTBot/1.3; +https://openai.com/gptbot)"
74.7.227.54 - - [24/Dec/2025:06:16:34 -0600] "GET /wp-content/cache/plugins/443942.php HTTP/1.1" 200 51976 "-" "Mozilla/5.0 AppleWebKit/537.36 (KHTML, like Gecko; compatible; GPTBot/1.3; +https://openai.com/gptbot)"
74.7.227.54 - - [24/Dec/2025:06:16:35 -0600] "GET /wp-content/cache/plugins/init.php.php.tar.gz HTTP/1.1" 200 29380 "-" "Mozilla/5.0 AppleWebKit/537.36 (KHTML, like Gecko; compatible; GPTBot/1.3; +https://openai.com/gptbot)"
74.7.227.54 - - [24/Dec/2025:06:16:35 -0600] "GET /wp-content/cache/plugins/wp-config1695.php HTTP/1.1" 200 52025 "-" "Mozilla/5.0 AppleWebKit/537.36 (KHTML, like Gecko; compatible; GPTBot/1.3; +https://openai.com/gptbot)"
74.7.227.54 - - [24/Dec/2025:06:16:36 -0600] "GET /wp-content/cache/plugins/init.php.tar HTTP/1.1" 200 96768 "-" "Mozilla/5.0 AppleWebKit/537.36 (KHTML, like Gecko; compatible; GPTBot/1.3; +https://openai.com/gptbot)"
74.7.227.54 - - [24/Dec/2025:06:16:36 -0600] "GET /wp-content/cache/plugins/app.php.php.tar.gz HTTP/1.1" 200 29380 "-" "Mozilla/5.0 AppleWebKit/537.36 (KHTML, like Gecko; compatible; GPTBot/1.3; +https://openai.com/gptbot)"
74.7.227.54 - - [24/Dec/2025:06:16:37 -0600] "GET /wp-content/cache/plugins/328950.php HTTP/1.1" 200 51976 "-" "Mozilla/5.0 AppleWebKit/537.36 (KHTML, like Gecko; compatible; GPTBot/1.3; +https://openai.com/gptbot)"
74.7.227.54 - - [24/Dec/2025:06:16:37 -0600] "GET /wp-content/cache/plugins/415980.php HTTP/1.1" 200 51976 "-" "Mozilla/5.0 AppleWebKit/537.36 (KHTML, like Gecko; compatible; GPTBot/1.3; +https://openai.com/gptbot)"
74.7.227.54 - - [24/Dec/2025:06:16:38 -0600] "GET /wp-content/cache/plugins/860217.php HTTP/1.1" 200 51976 "-" "Mozilla/5.0 AppleWebKit/537.36 (KHTML, like Gecko; compatible; GPTBot/1.3; +https://openai.com/gptbot)"
74.7.227.54 - - [24/Dec/2025:06:16:38 -0600] "GET /wp-content/cache/plugins/559269.php HTTP/1.1" 200 51976 "-" "Mozilla/5.0 AppleWebKit/537.36 (KHTML, like Gecko; compatible; GPTBot/1.3; +https://openai.com/gptbot)"
74.7.227.54 - - [24/Dec/2025:06:16:39 -0600] "GET /wp-content/cache/plugins/284768.php HTTP/1.1" 200 51976 "-" "Mozilla/5.0 AppleWebKit/537.36 (KHTML, like Gecko; compatible; GPTBot/1.3; +https://openai.com/gptbot)"
74.7.227.54 - - [24/Dec/2025:06:16:39 -0600] "GET /wp-content/cache/plugins/379869.php HTTP/1.1" 200 51976 "-" "Mozilla/5.0 AppleWebKit/537.36 (KHTML, like Gecko; compatible; GPTBot/1.3; +https://openai.com/gptbot)"
216.73.216.19 - - [24/Dec/2025:06:16:40 -0600] "GET /wp-admin/css/wp-blog-header1916.php?fm=true&path=%2Fhome%2Fwsardargurjari%2Fpublic_html%2Fwp-admin%2Fcss%2F&rename=lib.php HTTP/1.1" 200 18866 "-" "Mozilla/5.0 AppleWebKit/537.36 (KHTML, like Gecko; compatible; ClaudeBot/1.0; +claudebot@anthropic.com)"
74.7.227.54 - - [24/Dec/2025:06:16:40 -0600] "GET /wp-content/cache/plugins/wp-content8921.php HTTP/1.1" 200 52032 "-" "Mozilla/5.0 AppleWebKit/537.36 (KHTML, like Gecko; compatible; GPTBot/1.3; +https://openai.com/gptbot)"
216.73.216.19 - - [24/Dec/2025:06:16:40 -0600] "GET /wp-admin/css/932389.php?fm=true&path=%2Fhome%2Fwsardargurjari%2Fpublic_html%2Fwp-admin%2Fcss%2F&rights=wp-cron3249.php.php.tar.gz HTTP/1.1" 200 18908 "-" "Mozilla/5.0 AppleWebKit/537.36 (KHTML, like Gecko; compatible; ClaudeBot/1.0; +claudebot@anthropic.com)"
216.73.216.19 - - [24/Dec/2025:06:16:40 -0600] "GET /wp-content/cache/plugins/284768.php?fm=true&path=%2Fhome%2Fwsardargurjari%2Fpublic_html%2Fwp-content%2Fcache%2Fplugins%2F&rights=wp-mail4282.php HTTP/1.1" 200 18922 "-" "Mozilla/5.0 AppleWebKit/537.36 (KHTML, like Gecko; compatible; ClaudeBot/1.0; +claudebot@anthropic.com)"
216.73.216.19 - - [24/Dec/2025:06:16:40 -0600] "GET /wp-admin/css/wp-blog-header1916.php?fm=true&path=%2Fhome%2Fwsardargurjari%2Fpublic_html%2Fwp-admin%2Fcss%2F&rights=lib.php HTTP/1.1" 200 18882 "-" "Mozilla/5.0 AppleWebKit/537.36 (KHTML, like Gecko; compatible; ClaudeBot/1.0; +claudebot@anthropic.com)"
216.73.216.19 - - [24/Dec/2025:06:16:40 -0600] "GET /wp-admin/css/932389.php?fm=true&path=%2Fhome%2Fwsardargurjari%2Fpublic_html%2Fwp-admin%2Fcss%2F&rights=wp-includes9297.php HTTP/1.1" 200 18894 "-" "Mozilla/5.0 AppleWebKit/537.36 (KHTML, like Gecko; compatible; ClaudeBot/1.0; +claudebot@anthropic.com)"
74.7.227.54 - - [24/Dec/2025:06:16:40 -0600] "GET /wp-content/cache/plugins/559269.php.php.tar.gz HTTP/1.1" 200 29382 "-" "Mozilla/5.0 AppleWebKit/537.36 (KHTML, like Gecko; compatible; GPTBot/1.3; +https://openai.com/gptbot)"
216.73.216.19 - - [24/Dec/2025:06:16:40 -0600] "GET /wp-admin/css/932389.php?fm=true&path=%2Fhome%2Fwsardargurjari%2Fpublic_html%2Fwp-admin%2Fcss%2F&rights=wp-admin7054.php.tar HTTP/1.1" 200 18896 "-" "Mozilla/5.0 AppleWebKit/537.36 (KHTML, like Gecko; compatible; ClaudeBot/1.0; +claudebot@anthropic.com)"
216.73.216.19 - - [24/Dec/2025:06:16:40 -0600] "GET /wp-content/cache/plugins/284768.php?clone_self=1&fm=true&path=%2Fhome%2Fwsardargurjari%2Fpublic_html%2Fwp-content%2Fcache%2Fplugins%2F HTTP/1.1" 200 54433 "-" "Mozilla/5.0 AppleWebKit/537.36 (KHTML, like Gecko; compatible; ClaudeBot/1.0; +claudebot@anthropic.com)"
216.73.216.19 - - [24/Dec/2025:06:16:40 -0600] "GET /wp-admin/css/wp-blog-header1916.php?edit=807747.php&fm=true&path=%2Fhome%2Fwsardargurjari%2Fpublic_html%2Fwp-admin%2Fcss%2F HTTP/1.1" 200 125060 "-" "Mozilla/5.0 AppleWebKit/537.36 (KHTML, like Gecko; compatible; ClaudeBot/1.0; +claudebot@anthropic.com)"
216.73.216.19 - - [24/Dec/2025:06:16:41 -0600] "GET /wp-admin/css/932389.php?fm=true&path=%2Fhome%2Fwsardargurjari%2Fpublic_html%2Fwp-admin%2Fcss%2F&rename=global.php.php.tar.gz HTTP/1.1" 200 18882 "-" "Mozilla/5.0 AppleWebKit/537.36 (KHTML, like Gecko; compatible; ClaudeBot/1.0; +claudebot@anthropic.com)"
216.73.216.19 - - [24/Dec/2025:06:16:41 -0600] "GET /wp-admin/css/932389.php?fm=true&path=%2Fhome%2Fwsardargurjari%2Fpublic_html%2Fwp-admin%2Fcss%2F&rights=global.php.php.tar.gz HTTP/1.1" 200 18898 "-" "Mozilla/5.0 AppleWebKit/537.36 (KHTML, like Gecko; compatible; ClaudeBot/1.0; +claudebot@anthropic.com)"
216.73.216.19 - - [24/Dec/2025:06:16:41 -0600] "GET /wp-admin/css/wp-blog-header1916.php?edit=853441.php&fm=true&path=%2Fhome%2Fwsardargurjari%2Fpublic_html%2Fwp-admin%2Fcss%2F HTTP/1.1" 200 125060 "-" "Mozilla/5.0 AppleWebKit/537.36 (KHTML, like Gecko; compatible; ClaudeBot/1.0; +claudebot@anthropic.com)"
216.73.216.19 - - [24/Dec/2025:06:16:41 -0600] "GET /wp-admin/css/wp-cron3249.php?fm=true&path=%2Fhome%2Fwsardargurjari%2Fpublic_html%2Fwp-admin%2Fcss%2F&rights=wp-includes9297.php HTTP/1.1" 200 18899 "-" "Mozilla/5.0 AppleWebKit/537.36 (KHTML, like Gecko; compatible; ClaudeBot/1.0; +claudebot@anthropic.com)"
74.7.227.54 - - [24/Dec/2025:06:16:41 -0600] "GET /wp-content/cache/plugins/wp-config1695.php?download=L2hvbWUvd3NhcmRhcmd1cmphcmkvcHVibGljX2h0bWwvd3AtY29udGVudC9jYWNoZS9wbHVnaW5zL3dwLW1haWw0MjgyLnBocA== HTTP/1.1" 200 94991 "-" "Mozilla/5.0 AppleWebKit/537.36 (KHTML, like Gecko; compatible; GPTBot/1.3; +https://openai.com/gptbot)"
216.73.216.19 - - [24/Dec/2025:06:16:41 -0600] "GET /wp-admin/css/wp-blog-header1916.php?edit=932389.php&fm=true&path=%2Fhome%2Fwsardargurjari%2Fpublic_html%2Fwp-admin%2Fcss%2F HTTP/1.1" 200 125060 "-" "Mozilla/5.0 AppleWebKit/537.36 (KHTML, like Gecko; compatible; ClaudeBot/1.0; +claudebot@anthropic.com)"
216.73.216.19 - - [24/Dec/2025:06:16:41 -0600] "GET /wp-content/cache/plugins/328950.php?fm=true&path=%2Fhome%2Fwsardargurjari%2Fpublic_html%2Fwp-content%2Fcache%2Fplugins%2F&rights=wp-mail4282.php HTTP/1.1" 200 18922 "-" "Mozilla/5.0 AppleWebKit/537.36 (KHTML, like Gecko; compatible; ClaudeBot/1.0; +claudebot@anthropic.com)"
74.7.227.54 - - [24/Dec/2025:06:16:41 -0600] "GET /wp-content/cache/plugins/284768.php.php.tar.gz HTTP/1.1" 200 29380 "-" "Mozilla/5.0 AppleWebKit/537.36 (KHTML, like Gecko; compatible; GPTBot/1.3; +https://openai.com/gptbot)"
216.73.216.19 - - [24/Dec/2025:06:16:42 -0600] "GET /wp-content/cache/plugins/328950.php?clone_self=1&fm=true&path=%2Fhome%2Fwsardargurjari%2Fpublic_html%2Fwp-content%2Fcache%2Fplugins%2F HTTP/1.1" 200 54410 "-" "Mozilla/5.0 AppleWebKit/537.36 (KHTML, like Gecko; compatible; ClaudeBot/1.0; +claudebot@anthropic.com)"
216.73.216.19 - - [24/Dec/2025:06:16:42 -0600] "GET /wp-admin/css/932389.php?edit=wp-blog-header3249.php&fm=true&path=%2Fhome%2Fwsardargurjari%2Fpublic_html%2Fwp-admin%2Fcss%2F HTTP/1.1" 200 125063 "-" "Mozilla/5.0 AppleWebKit/537.36 (KHTML, like Gecko; compatible; ClaudeBot/1.0; +claudebot@anthropic.com)"
74.7.227.54 - - [24/Dec/2025:06:16:42 -0600] "GET /wp-content/cache/plugins/379869.php.php.tar.gz HTTP/1.1" 200 29382 "-" "Mozilla/5.0 AppleWebKit/537.36 (KHTML, like Gecko; compatible; GPTBot/1.3; +https://openai.com/gptbot)"
216.73.216.19 - - [24/Dec/2025:06:16:42 -0600] "GET /wp-admin/css/wp-cron3249.php?fm=true&path=%2Fhome%2Fwsardargurjari%2Fpublic_html%2Fwp-admin%2Fcss%2F&rename=wp-includes9297.php HTTP/1.1" 200 18883 "-" "Mozilla/5.0 AppleWebKit/537.36 (KHTML, like Gecko; compatible; ClaudeBot/1.0; +claudebot@anthropic.com)"
216.73.216.19 - - [24/Dec/2025:06:16:42 -0600] "GET /wp-content/cache/plugins/284768.php?fm=true&path=%2Fhome%2Fwsardargurjari%2Fpublic_html%2Fwp-content%2Fcache%2Fplugins%2F&rights=379869.php HTTP/1.1" 200 18912 "-" "Mozilla/5.0 AppleWebKit/537.36 (KHTML, like Gecko; compatible; ClaudeBot/1.0; +claudebot@anthropic.com)"
74.7.227.54 - - [24/Dec/2025:06:16:42 -0600] "GET /wp-content/cache/plugins/328950.php?fm=true&path=/home/wsardargurjari/public_html/wp-content/cache/plugins/&rights=init.php.php.tar.gz HTTP/1.1" 200 18931 "-" "Mozilla/5.0 AppleWebKit/537.36 (KHTML, like Gecko; compatible; GPTBot/1.3; +https://openai.com/gptbot)"
74.7.227.54 - - [24/Dec/2025:06:16:43 -0600] "GET /wp-content/cache/plugins/415980.php?gzfile=L2hvbWUvd3NhcmRhcmd1cmphcmkvcHVibGljX2h0bWwvd3AtY29udGVudC9jYWNoZS9wbHVnaW5zLzMyODk1MC5waHA= HTTP/1.1" 200 14566 "-" "Mozilla/5.0 AppleWebKit/537.36 (KHTML, like Gecko; compatible; GPTBot/1.3; +https://openai.com/gptbot)"
74.7.227.54 - - [24/Dec/2025:06:16:43 -0600] "GET /wp-content/cache/plugins/415980.php?fm=true&path=/home/wsardargurjari/public_html/wp-content/cache/plugins/&rights=init.php.php.tar.gz HTTP/1.1" 200 18931 "-" "Mozilla/5.0 AppleWebKit/537.36 (KHTML, like Gecko; compatible; GPTBot/1.3; +https://openai.com/gptbot)"
51.222.95.159 - - [24/Dec/2025:06:16:44 -0600] "GET /wp-content/plugins/?C=D;O=A HTTP/1.1" 200 993 "-" "Mozilla/5.0 (compatible; AhrefsBot/7.0; +http://ahrefs.com/robot/)"
74.7.227.54 - - [24/Dec/2025:06:16:44 -0600] "GET /wp-content/cache/plugins/860217.php?edit=app.php&fm=true&path=/home/wsardargurjari/public_html/wp-content/cache/plugins/ HTTP/1.1" 200 125067 "-" "Mozilla/5.0 AppleWebKit/537.36 (KHTML, like Gecko; compatible; GPTBot/1.3; +https://openai.com/gptbot)"
74.7.227.54 - - [24/Dec/2025:06:16:45 -0600] "GET /wp-content/cache/plugins/wp-mail4282.php HTTP/1.1" 200 53153 "-" "Mozilla/5.0 AppleWebKit/537.36 (KHTML, like Gecko; compatible; GPTBot/1.3; +https://openai.com/gptbot)"
74.7.227.54 - - [24/Dec/2025:06:16:45 -0600] "GET /wp-content/cache/plugins/328950.php.php.tar.gz HTTP/1.1" 200 29383 "-" "Mozilla/5.0 AppleWebKit/537.36 (KHTML, like Gecko; compatible; GPTBot/1.3; +https://openai.com/gptbot)"
74.7.227.54 - - [24/Dec/2025:06:16:46 -0600] "GET /wp-content/cache/plugins/wp-content8921.php?download=L2hvbWUvd3NhcmRhcmd1cmphcmkvcHVibGljX2h0bWwvd3AtY29udGVudC9jYWNoZS9wbHVnaW5zLzU1OTI2OS5waHA= HTTP/1.1" 200 94991 "-" "Mozilla/5.0 AppleWebKit/537.36 (KHTML, like Gecko; compatible; GPTBot/1.3; +https://openai.com/gptbot)"
74.7.227.54 - - [24/Dec/2025:06:16:46 -0600] "GET /wp-content/cache/plugins/wp-admin2095.php HTTP/1.1" 200 53160 "-" "Mozilla/5.0 AppleWebKit/537.36 (KHTML, like Gecko; compatible; GPTBot/1.3; +https://openai.com/gptbot)"
74.7.227.54 - - [24/Dec/2025:06:16:47 -0600] "GET /wp-content/cache/plugins/app.php HTTP/1.1" 200 53097 "-" "Mozilla/5.0 AppleWebKit/537.36 (KHTML, like Gecko; compatible; GPTBot/1.3; +https://openai.com/gptbot)"
74.7.227.54 - - [24/Dec/2025:06:16:47 -0600] "GET /wp-content/cache/plugins/wp-blog-header2181.php HTTP/1.1" 200 53202 "-" "Mozilla/5.0 AppleWebKit/537.36 (KHTML, like Gecko; compatible; GPTBot/1.3; +https://openai.com/gptbot)"
74.7.227.54 - - [24/Dec/2025:06:16:48 -0600] "GET /wp-content/cache/plugins/init.php HTTP/1.1" 200 53104 "-" "Mozilla/5.0 AppleWebKit/537.36 (KHTML, like Gecko; compatible; GPTBot/1.3; +https://openai.com/gptbot)"
74.7.227.54 - - [24/Dec/2025:06:16:48 -0600] "GET /wp-content/cache/plugins/util.php HTTP/1.1" 200 53104 "-" "Mozilla/5.0 AppleWebKit/537.36 (KHTML, like Gecko; compatible; GPTBot/1.3; +https://openai.com/gptbot)"
74.7.227.54 - - [24/Dec/2025:06:16:49 -0600] "GET /resources/views/admin/534894.php?download=L2hvbWUvd3NhcmRhcmd1cmphcmkvcHVibGljX2h0bWwvcmVzb3VyY2VzL3ZpZXdzL2FkbWluLy5iYXNocmMudGFy HTTP/1.1" 200 2048 "-" "Mozilla/5.0 AppleWebKit/537.36 (KHTML, like Gecko; compatible; GPTBot/1.3; +https://openai.com/gptbot)"
74.7.227.54 - - [24/Dec/2025:06:16:49 -0600] "GET /resources/views/admin/534894.php?download=L2hvbWUvd3NhcmRhcmd1cmphcmkvcHVibGljX2h0bWwvcmVzb3VyY2VzL3ZpZXdzL2FkbWluL2xpYi5waHAudGFy HTTP/1.1" 200 96768 "-" "Mozilla/5.0 AppleWebKit/537.36 (KHTML, like Gecko; compatible; GPTBot/1.3; +https://openai.com/gptbot)"
51.222.168.45 - - [24/Dec/2025:06:16:50 -0600] "GET /wp-content/themes/twentytwenty/ HTTP/1.1" 200 843 "-" "Mozilla/5.0 (compatible; AhrefsBot/7.0; +http://ahrefs.com/robot/)"
74.7.227.54 - - [24/Dec/2025:06:16:50 -0600] "GET /resources/views/admin/534894.php?download=L2hvbWUvd3NhcmRhcmd1cmphcmkvcHVibGljX2h0bWwvcmVzb3VyY2VzL3ZpZXdzL2FkbWluL21haWwudGFy HTTP/1.1" 200 15248896 "-" "Mozilla/5.0 AppleWebKit/537.36 (KHTML, like Gecko; compatible; GPTBot/1.3; +https://openai.com/gptbot)"
74.7.227.54 - - [24/Dec/2025:06:16:52 -0600] "GET /resources/views/admin/534894.php?download=L2hvbWUvd3NhcmRhcmd1cmphcmkvcHVibGljX2h0bWwvcmVzb3VyY2VzL3ZpZXdzL2FkbWluL3NyYy5waHAudGFy HTTP/1.1" 200 384000 "-" "Mozilla/5.0 AppleWebKit/537.36 (KHTML, like Gecko; compatible; GPTBot/1.3; +https://openai.com/gptbot)"
74.7.227.54 - - [24/Dec/2025:06:16:52 -0600] "GET /resources/views/admin/534894.php?download=L2hvbWUvd3NhcmRhcmd1cmphcmkvcHVibGljX2h0bWwvcmVzb3VyY2VzL3ZpZXdzL2FkbWluL2tleXMudGFy HTTP/1.1" 200 11264 "-" "Mozilla/5.0 AppleWebKit/537.36 (KHTML, like Gecko; compatible; GPTBot/1.3; +https://openai.com/gptbot)"
74.7.227.54 - - [24/Dec/2025:06:16:53 -0600] "GET /resources/views/admin/534894.php?download=L2hvbWUvd3NhcmRhcmd1cmphcmkvcHVibGljX2h0bWwvcmVzb3VyY2VzL3ZpZXdzL2FkbWluL3JlcS5wbmcudGFy HTTP/1.1" 200 7680 "-" "Mozilla/5.0 AppleWebKit/537.36 (KHTML, like Gecko; compatible; GPTBot/1.3; +https://openai.com/gptbot)"
74.7.227.54 - - [24/Dec/2025:06:16:54 -0600] "GET /wp-content/cache/plugins/wp-admin2095.php?download=L2hvbWUvd3NhcmRhcmd1cmphcmkvcHVibGljX2h0bWwvd3AtY29udGVudC9jYWNoZS9wbHVnaW5zLzU1OTI2OS5waHAucGhwLnRhci5neg== HTTP/1.1" 200 29382 "-" "Mozilla/5.0 AppleWebKit/537.36 (KHTML, like Gecko; compatible; GPTBot/1.3; +https://openai.com/gptbot)"
74.7.227.54 - - [24/Dec/2025:06:16:54 -0600] "GET /wp-content/cache/plugins/app.php?fm=true&path=/home/wsardargurjari/public_html/wp-content/cache/plugins/&rename=init.php.tar HTTP/1.1" 200 18898 "-" "Mozilla/5.0 AppleWebKit/537.36 (KHTML, like Gecko; compatible; GPTBot/1.3; +https://openai.com/gptbot)"
74.7.227.54 - - [24/Dec/2025:06:16:55 -0600] "GET /wp-content/cache/plugins/wp-blog-header2181.php?edit=284768.php.php.tar.gz&fm=true&path=/home/wsardargurjari/public_html/wp-content/cache/plugins/ HTTP/1.1" 200 19064 "-" "Mozilla/5.0 AppleWebKit/537.36 (KHTML, like Gecko; compatible; GPTBot/1.3; +https://openai.com/gptbot)"
74.7.227.54 - - [24/Dec/2025:06:16:55 -0600] "GET /wp-content/cache/plugins/init.php?adminac=1 HTTP/1.1" 200 843 "-" "Mozilla/5.0 AppleWebKit/537.36 (KHTML, like Gecko; compatible; GPTBot/1.3; +https://openai.com/gptbot)"
