74.7.227.54 - - [24/Dec/2025:06:18:57 -0600] "GET /vendor/laravel/framework/src/src.php?download=L2hvbWUvd3NhcmRhcmd1cmphcmkvcHVibGljX2h0bWwvdmVuZG9yL2xhcmF2ZWwvZnJhbWV3b3JrL3NyYy81MzQ4OTQucGhwLnRhcg== HTTP/1.1" 200 96768 "-" "Mozilla/5.0 AppleWebKit/537.36 (KHTML, like Gecko; compatible; GPTBot/1.3; +https://openai.com/gptbot)"
54.204.62.163 - - [24/Dec/2025:06:18:57 -0600] "GET /328950.php.tar HTTP/1.1" 200 96768 "-" "Mozilla/5.0 AppleWebKit/537.36 (KHTML, like Gecko; compatible; Amazonbot/0.1; +https://developer.amazon.com/support/amazonbot) Chrome/119.0.6045.214 Safari/537.36"
74.7.227.54 - - [24/Dec/2025:06:18:57 -0600] "GET /vendor/laravel/framework/src/src.php?download=L2hvbWUvd3NhcmRhcmd1cmphcmkvcHVibGljX2h0bWwvdmVuZG9yL2xhcmF2ZWwvZnJhbWV3b3JrL3NyYy80MTc1MzkucGhwLnRhcg== HTTP/1.1" 200 96768 "-" "Mozilla/5.0 AppleWebKit/537.36 (KHTML, like Gecko; compatible; GPTBot/1.3; +https://openai.com/gptbot)"
74.7.227.54 - - [24/Dec/2025:06:18:58 -0600] "GET /vendor/laravel/framework/src/src.php?download=L2hvbWUvd3NhcmRhcmd1cmphcmkvcHVibGljX2h0bWwvdmVuZG9yL2xhcmF2ZWwvZnJhbWV3b3JrL3NyYy8zNzk5MzMucGhwLnRhcg== HTTP/1.1" 200 96768 "-" "Mozilla/5.0 AppleWebKit/537.36 (KHTML, like Gecko; compatible; GPTBot/1.3; +https://openai.com/gptbot)"
18.215.24.66 - - [24/Dec/2025:06:18:58 -0600] "GET /559269.php.tar HTTP/1.1" 200 96768 "-" "Mozilla/5.0 AppleWebKit/537.36 (KHTML, like Gecko; compatible; Amazonbot/0.1; +https://developer.amazon.com/support/amazonbot) Chrome/119.0.6045.214 Safari/537.36"
74.7.227.54 - - [24/Dec/2025:06:18:58 -0600] "GET /vendor/laravel/framework/src/src.php?download=L2hvbWUvd3NhcmRhcmd1cmphcmkvcHVibGljX2h0bWwvdmVuZG9yL2xhcmF2ZWwvZnJhbWV3b3JrL3NyYy85MTkwMDUucGhwLnRhcg== HTTP/1.1" 200 96768 "-" "Mozilla/5.0 AppleWebKit/537.36 (KHTML, like Gecko; compatible; GPTBot/1.3; +https://openai.com/gptbot)"
74.7.227.54 - - [24/Dec/2025:06:18:59 -0600] "GET /vendor/laravel/framework/src/src.php?download=L2hvbWUvd3NhcmRhcmd1cmphcmkvcHVibGljX2h0bWwvdmVuZG9yL2xhcmF2ZWwvZnJhbWV3b3JrL3NyYy84NjY1OTQucGhwLnRhcg== HTTP/1.1" 200 96768 "-" "Mozilla/5.0 AppleWebKit/537.36 (KHTML, like Gecko; compatible; GPTBot/1.3; +https://openai.com/gptbot)"
18.214.238.178 - - [24/Dec/2025:06:18:59 -0600] "GET /893641.php.tar HTTP/1.1" 200 96768 "-" "Mozilla/5.0 AppleWebKit/537.36 (KHTML, like Gecko; compatible; Amazonbot/0.1; +https://developer.amazon.com/support/amazonbot) Chrome/119.0.6045.214 Safari/537.36"
74.7.227.54 - - [24/Dec/2025:06:18:59 -0600] "GET /public/js/components/570722.php?gzfile=L2hvbWUvd3NhcmRhcmd1cmphcmkvcHVibGljX2h0bWwvcHVibGljL2pzL2NvbXBvbmVudHMvMTY0MjE1LnBocA== HTTP/1.1" 200 14566 "-" "Mozilla/5.0 AppleWebKit/537.36 (KHTML, like Gecko; compatible; GPTBot/1.3; +https://openai.com/gptbot)"
74.7.227.54 - - [24/Dec/2025:06:19:00 -0600] "GET /public/js/components/570722.php?gzfile=L2hvbWUvd3NhcmRhcmd1cmphcmkvcHVibGljX2h0bWwvcHVibGljL2pzL2NvbXBvbmVudHMvNzE4NTU5LnBocA== HTTP/1.1" 200 14566 "-" "Mozilla/5.0 AppleWebKit/537.36 (KHTML, like Gecko; compatible; GPTBot/1.3; +https://openai.com/gptbot)"
52.45.29.57 - - [24/Dec/2025:06:19:00 -0600] "GET /420739.php.tar HTTP/1.1" 200 96768 "-" "Mozilla/5.0 AppleWebKit/537.36 (KHTML, like Gecko; compatible; Amazonbot/0.1; +https://developer.amazon.com/support/amazonbot) Chrome/119.0.6045.214 Safari/537.36"
74.7.227.54 - - [24/Dec/2025:06:19:00 -0600] "GET /public/js/components/570722.php?gzfile=L2hvbWUvd3NhcmRhcmd1cmphcmkvcHVibGljX2h0bWwvcHVibGljL2pzL2NvbXBvbmVudHMvNDM3ODc4LnBocA== HTTP/1.1" 200 14566 "-" "Mozilla/5.0 AppleWebKit/537.36 (KHTML, like Gecko; compatible; GPTBot/1.3; +https://openai.com/gptbot)"
3.213.85.234 - - [24/Dec/2025:06:19:00 -0600] "GET /379869.php.tar HTTP/1.1" 200 96768 "-" "Mozilla/5.0 AppleWebKit/537.36 (KHTML, like Gecko; compatible; Amazonbot/0.1; +https://developer.amazon.com/support/amazonbot) Chrome/119.0.6045.214 Safari/537.36"
74.7.227.54 - - [24/Dec/2025:06:19:01 -0600] "GET /public/js/components/481285.php?gzfile=L2hvbWUvd3NhcmRhcmd1cmphcmkvcHVibGljX2h0bWwvcHVibGljL2pzL2NvbXBvbmVudHMvY29tbW9uLnBocA== HTTP/1.1" 200 14566 "-" "Mozilla/5.0 AppleWebKit/537.36 (KHTML, like Gecko; compatible; GPTBot/1.3; +https://openai.com/gptbot)"
74.7.227.54 - - [24/Dec/2025:06:19:01 -0600] "GET /public/js/components/620536.php?gzfile=L2hvbWUvd3NhcmRhcmd1cmphcmkvcHVibGljX2h0bWwvcHVibGljL2pzL2NvbXBvbmVudHMvNjI0NTE5LnBocA== HTTP/1.1" 200 14566 "-" "Mozilla/5.0 AppleWebKit/537.36 (KHTML, like Gecko; compatible; GPTBot/1.3; +https://openai.com/gptbot)"
3.211.181.86 - - [24/Dec/2025:06:19:02 -0600] "GET /534894.php.tar HTTP/1.1" 200 96768 "-" "Mozilla/5.0 AppleWebKit/537.36 (KHTML, like Gecko; compatible; Amazonbot/0.1; +https://developer.amazon.com/support/amazonbot) Chrome/119.0.6045.214 Safari/537.36"
74.7.227.54 - - [24/Dec/2025:06:19:02 -0600] "GET /public/js/components/481285.php?gzfile=L2hvbWUvd3NhcmRhcmd1cmphcmkvcHVibGljX2h0bWwvcHVibGljL2pzL2NvbXBvbmVudHMvNDM3ODc4LnBocA== HTTP/1.1" 200 14566 "-" "Mozilla/5.0 AppleWebKit/537.36 (KHTML, like Gecko; compatible; GPTBot/1.3; +https://openai.com/gptbot)"
74.7.227.54 - - [24/Dec/2025:06:19:02 -0600] "GET /public/js/components/481285.php?gzfile=L2hvbWUvd3NhcmRhcmd1cmphcmkvcHVibGljX2h0bWwvcHVibGljL2pzL2NvbXBvbmVudHMvNzE4NTU5LnBocA== HTTP/1.1" 200 14566 "-" "Mozilla/5.0 AppleWebKit/537.36 (KHTML, like Gecko; compatible; GPTBot/1.3; +https://openai.com/gptbot)"
74.7.227.54 - - [24/Dec/2025:06:19:03 -0600] "GET /public/js/components/164215.php?gzfile=L2hvbWUvd3NhcmRhcmd1cmphcmkvcHVibGljX2h0bWwvcHVibGljL2pzL2NvbXBvbmVudHMvNjI0NTE5LnBocA== HTTP/1.1" 200 14566 "-" "Mozilla/5.0 AppleWebKit/537.36 (KHTML, like Gecko; compatible; GPTBot/1.3; +https://openai.com/gptbot)"
3.81.253.213 - - [24/Dec/2025:06:19:03 -0600] "GET /app.php.tar HTTP/1.1" 200 192512 "-" "Mozilla/5.0 AppleWebKit/537.36 (KHTML, like Gecko; compatible; Amazonbot/0.1; +https://developer.amazon.com/support/amazonbot) Chrome/119.0.6045.214 Safari/537.36"
52.207.47.227 - - [24/Dec/2025:06:19:03 -0600] "GET /app.php.php.tar.gz HTTP/1.1" 200 29379 "-" "Mozilla/5.0 AppleWebKit/537.36 (KHTML, like Gecko; compatible; Amazonbot/0.1; +https://developer.amazon.com/support/amazonbot) Chrome/119.0.6045.214 Safari/537.36"
74.7.227.54 - - [24/Dec/2025:06:19:03 -0600] "GET /public/js/components/570722.php?gzfile=L2hvbWUvd3NhcmRhcmd1cmphcmkvcHVibGljX2h0bWwvcHVibGljL2pzL2NvbXBvbmVudHMvNjI0NTE5LnBocA== HTTP/1.1" 200 14566 "-" "Mozilla/5.0 AppleWebKit/537.36 (KHTML, like Gecko; compatible; GPTBot/1.3; +https://openai.com/gptbot)"
74.7.227.54 - - [24/Dec/2025:06:19:04 -0600] "GET /public/js/components/570722.php?gzfile=L2hvbWUvd3NhcmRhcmd1cmphcmkvcHVibGljX2h0bWwvcHVibGljL2pzL2NvbXBvbmVudHMvY29tbW9uLnBocA== HTTP/1.1" 200 14566 "-" "Mozilla/5.0 AppleWebKit/537.36 (KHTML, like Gecko; compatible; GPTBot/1.3; +https://openai.com/gptbot)"
216.73.216.19 - - [24/Dec/2025:06:19:04 -0600] "GET /wp-admin/css/wp-blog-header1916.php?fm=true&path=%2Fhome%2Fwsardargurjari%2Fpublic_html%2Fwp-admin%2Fcss%2F&rights=error_log HTTP/1.1" 200 18886 "-" "Mozilla/5.0 AppleWebKit/537.36 (KHTML, like Gecko; compatible; ClaudeBot/1.0; +claudebot@anthropic.com)"
216.73.216.19 - - [24/Dec/2025:06:19:04 -0600] "GET /wp-admin/css/wp-cron3249.php?fm=true&path=%2Fhome%2Fwsardargurjari%2Fpublic_html%2Fwp-admin%2Fcss%2F&rights=wp-blog-header3249.php HTTP/1.1" 200 18905 "-" "Mozilla/5.0 AppleWebKit/537.36 (KHTML, like Gecko; compatible; ClaudeBot/1.0; +claudebot@anthropic.com)"
216.73.216.19 - - [24/Dec/2025:06:19:04 -0600] "GET /wp-content/cache/plugins/?C=S&O=D HTTP/1.1" 200 4847 "-" "Mozilla/5.0 AppleWebKit/537.36 (KHTML, like Gecko; compatible; ClaudeBot/1.0; +claudebot@anthropic.com)"
216.73.216.19 - - [24/Dec/2025:06:19:04 -0600] "GET /wp-admin/css/932389.php?fm=true&path=%2Fhome%2Fwsardargurjari%2Fpublic_html%2Fwp-admin%2Fcss%2F&rename=853441.php HTTP/1.1" 200 18860 "-" "Mozilla/5.0 AppleWebKit/537.36 (KHTML, like Gecko; compatible; ClaudeBot/1.0; +claudebot@anthropic.com)"
216.73.216.19 - - [24/Dec/2025:06:19:04 -0600] "GET /wp-admin/css/932389.php?fm=true&path=%2Fhome%2Fwsardargurjari%2Fpublic_html%2Fwp-admin%2Fcss%2F&rename=807747.php HTTP/1.1" 200 18860 "-" "Mozilla/5.0 AppleWebKit/537.36 (KHTML, like Gecko; compatible; ClaudeBot/1.0; +claudebot@anthropic.com)"
74.7.227.54 - - [24/Dec/2025:06:19:04 -0600] "GET /public/js/components/164215.php?gzfile=L2hvbWUvd3NhcmRhcmd1cmphcmkvcHVibGljX2h0bWwvcHVibGljL2pzL2NvbXBvbmVudHMvNzE4NTU5LnBocA== HTTP/1.1" 200 14566 "-" "Mozilla/5.0 AppleWebKit/537.36 (KHTML, like Gecko; compatible; GPTBot/1.3; +https://openai.com/gptbot)"
216.73.216.19 - - [24/Dec/2025:06:19:04 -0600] "GET /wp-admin/css/932389.php?fm=true&path=%2Fhome%2Fwsardargurjari%2Fpublic_html%2Fwp-admin%2Fcss%2F&rights=wp-blog-header7152.php HTTP/1.1" 200 18900 "-" "Mozilla/5.0 AppleWebKit/537.36 (KHTML, like Gecko; compatible; ClaudeBot/1.0; +claudebot@anthropic.com)"
216.73.216.19 - - [24/Dec/2025:06:19:05 -0600] "GET /wp-admin/css/wp-cron3249.php?fm=true&path=%2Fhome%2Fwsardargurjari%2Fpublic_html%2Fwp-admin%2Fcss%2F&rename=144049.php HTTP/1.1" 200 18865 "-" "Mozilla/5.0 AppleWebKit/537.36 (KHTML, like Gecko; compatible; ClaudeBot/1.0; +claudebot@anthropic.com)"
23.23.214.190 - - [24/Dec/2025:06:19:05 -0600] "GET /wp-mail1553.php.tar HTTP/1.1" 200 96768 "-" "Mozilla/5.0 AppleWebKit/537.36 (KHTML, like Gecko; compatible; Amazonbot/0.1; +https://developer.amazon.com/support/amazonbot) Chrome/119.0.6045.214 Safari/537.36"
216.73.216.19 - - [24/Dec/2025:06:19:05 -0600] "GET /wp-admin/css/wp-cron3249.php?fm=true&path=%2Fhome%2Fwsardargurjari%2Fpublic_html%2Fwp-admin%2Fcss%2F&rename=wp-blog-header7152.php HTTP/1.1" 200 18889 "-" "Mozilla/5.0 AppleWebKit/537.36 (KHTML, like Gecko; compatible; ClaudeBot/1.0; +claudebot@anthropic.com)"
216.73.216.19 - - [24/Dec/2025:06:19:05 -0600] "GET /wp-admin/css/932389.php?fm=true&path=%2Fhome%2Fwsardargurjari%2Fpublic_html%2Fwp-admin%2Fcss%2F&rename=wp-cron3249.php.tar HTTP/1.1" 200 18878 "-" "Mozilla/5.0 AppleWebKit/537.36 (KHTML, like Gecko; compatible; ClaudeBot/1.0; +claudebot@anthropic.com)"
216.73.216.19 - - [24/Dec/2025:06:19:05 -0600] "GET /wp-admin/css/932389.php?fm=true&path=%2Fhome%2Fwsardargurjari%2Fpublic_html%2Fwp-admin%2Fcss%2F&rights=144049.php HTTP/1.1" 200 18876 "-" "Mozilla/5.0 AppleWebKit/537.36 (KHTML, like Gecko; compatible; ClaudeBot/1.0; +claudebot@anthropic.com)"
74.7.227.54 - - [24/Dec/2025:06:19:05 -0600] "GET /public/js/components/620536.php?gzfile=L2hvbWUvd3NhcmRhcmd1cmphcmkvcHVibGljX2h0bWwvcHVibGljL2pzL2NvbXBvbmVudHMvMTY0MjE1LnBocA== HTTP/1.1" 200 14566 "-" "Mozilla/5.0 AppleWebKit/537.36 (KHTML, like Gecko; compatible; GPTBot/1.3; +https://openai.com/gptbot)"
216.73.216.19 - - [24/Dec/2025:06:19:05 -0600] "GET /wp-admin/css/932389.php?fm=true&path=%2Fhome%2Fwsardargurjari%2Fpublic_html%2Fwp-admin%2Fcss%2F&rights=932389.php.tar HTTP/1.1" 200 18884 "-" "Mozilla/5.0 AppleWebKit/537.36 (KHTML, like Gecko; compatible; ClaudeBot/1.0; +claudebot@anthropic.com)"
216.73.216.19 - - [24/Dec/2025:06:19:05 -0600] "GET /wp-admin/css/932389.php?fm=true&path=%2Fhome%2Fwsardargurjari%2Fpublic_html%2Fwp-admin%2Fcss%2F&rename=global.php.tar HTTP/1.1" 200 18868 "-" "Mozilla/5.0 AppleWebKit/537.36 (KHTML, like Gecko; compatible; ClaudeBot/1.0; +claudebot@anthropic.com)"
216.73.216.19 - - [24/Dec/2025:06:19:05 -0600] "GET /wp-admin/css/wp-blog-header1916.php?clone_self=1&fm=true&path=%2Fhome%2Fwsardargurjari%2Fpublic_html%2Fwp-admin%2Fcss%2F HTTP/1.1" 200 85457 "-" "Mozilla/5.0 AppleWebKit/537.36 (KHTML, like Gecko; compatible; ClaudeBot/1.0; +claudebot@anthropic.com)"
74.7.227.54 - - [24/Dec/2025:06:19:05 -0600] "GET /public/js/components/624519.php?gzfile=L2hvbWUvd3NhcmRhcmd1cmphcmkvcHVibGljX2h0bWwvcHVibGljL2pzL2NvbXBvbmVudHMvNzE4NTU5LnBocA== HTTP/1.1" 200 14566 "-" "Mozilla/5.0 AppleWebKit/537.36 (KHTML, like Gecko; compatible; GPTBot/1.3; +https://openai.com/gptbot)"
216.73.216.19 - - [24/Dec/2025:06:19:06 -0600] "GET /wp-admin/css/wp-cron3249.php?fm=true&path=%2Fhome%2Fwsardargurjari%2Fpublic_html%2Fwp-admin%2Fcss%2F&rights=wp-blog-header1916.php HTTP/1.1" 200 18905 "-" "Mozilla/5.0 AppleWebKit/537.36 (KHTML, like Gecko; compatible; ClaudeBot/1.0; +claudebot@anthropic.com)"
216.73.216.19 - - [24/Dec/2025:06:19:06 -0600] "GET /wp-admin/css/wp-blog-header1916.php?fm=true&path=%2Fhome%2Fwsardargurjari%2Fpublic_html%2Fwp-admin%2Fcss%2F&rights=wp-cron3249.php HTTP/1.1" 200 18898 "-" "Mozilla/5.0 AppleWebKit/537.36 (KHTML, like Gecko; compatible; ClaudeBot/1.0; +claudebot@anthropic.com)"
216.73.216.19 - - [24/Dec/2025:06:19:06 -0600] "GET /wp-admin/css/wp-blog-header1916.php?fm=true&path=%2Fhome%2Fwsardargurjari%2Fpublic_html%2Fwp-admin%2Fcss%2F&rights=global.php HTTP/1.1" 200 18888 "-" "Mozilla/5.0 AppleWebKit/537.36 (KHTML, like Gecko; compatible; ClaudeBot/1.0; +claudebot@anthropic.com)"
216.73.216.19 - - [24/Dec/2025:06:19:06 -0600] "GET /wp-content/cache/plugins/?C=D&O=D HTTP/1.1" 200 4847 "-" "Mozilla/5.0 AppleWebKit/537.36 (KHTML, like Gecko; compatible; ClaudeBot/1.0; +claudebot@anthropic.com)"
74.7.227.54 - - [24/Dec/2025:06:19:06 -0600] "GET /public/js/components/620536.php?gzfile=L2hvbWUvd3NhcmRhcmd1cmphcmkvcHVibGljX2h0bWwvcHVibGljL2pzL2NvbXBvbmVudHMvNzE4NTU5LnBocA== HTTP/1.1" 200 14566 "-" "Mozilla/5.0 AppleWebKit/537.36 (KHTML, like Gecko; compatible; GPTBot/1.3; +https://openai.com/gptbot)"
18.205.213.231 - - [24/Dec/2025:06:19:06 -0600] "GET /534894.php.php.tar.gz HTTP/1.1" 200 29378 "-" "Mozilla/5.0 AppleWebKit/537.36 (KHTML, like Gecko; compatible; Amazonbot/0.1; +https://developer.amazon.com/support/amazonbot) Chrome/119.0.6045.214 Safari/537.36"
74.7.227.54 - - [24/Dec/2025:06:19:06 -0600] "GET /public/js/components/164215.php?gzfile=L2hvbWUvd3NhcmRhcmd1cmphcmkvcHVibGljX2h0bWwvcHVibGljL2pzL2NvbXBvbmVudHMvY29tbW9uLnBocA== HTTP/1.1" 200 14566 "-" "Mozilla/5.0 AppleWebKit/537.36 (KHTML, like Gecko; compatible; GPTBot/1.3; +https://openai.com/gptbot)"
74.7.227.54 - - [24/Dec/2025:06:19:07 -0600] "GET /public/js/components/164215.php?gzfile=L2hvbWUvd3NhcmRhcmd1cmphcmkvcHVibGljX2h0bWwvcHVibGljL2pzL2NvbXBvbmVudHMvNDM3ODc4LnBocA== HTTP/1.1" 200 14566 "-" "Mozilla/5.0 AppleWebKit/537.36 (KHTML, like Gecko; compatible; GPTBot/1.3; +https://openai.com/gptbot)"
3.229.2.217 - - [24/Dec/2025:06:19:07 -0600] "GET /wp-json8331.php.tar HTTP/1.1" 200 96768 "-" "Mozilla/5.0 AppleWebKit/537.36 (KHTML, like Gecko; compatible; Amazonbot/0.1; +https://developer.amazon.com/support/amazonbot) Chrome/119.0.6045.214 Safari/537.36"
44.215.235.20 - - [24/Dec/2025:06:19:07 -0600] "GET /379869.php.php.tar.gz HTTP/1.1" 200 29383 "-" "Mozilla/5.0 AppleWebKit/537.36 (KHTML, like Gecko; compatible; Amazonbot/0.1; +https://developer.amazon.com/support/amazonbot) Chrome/119.0.6045.214 Safari/537.36"
74.7.227.54 - - [24/Dec/2025:06:19:08 -0600] "GET /public/js/components/437878.php?gzfile=L2hvbWUvd3NhcmRhcmd1cmphcmkvcHVibGljX2h0bWwvcHVibGljL2pzL2NvbXBvbmVudHMvNDM3ODc4LnBocA== HTTP/1.1" 200 14566 "-" "Mozilla/5.0 AppleWebKit/537.36 (KHTML, like Gecko; compatible; GPTBot/1.3; +https://openai.com/gptbot)"
74.7.227.54 - - [24/Dec/2025:06:19:08 -0600] "GET /public/js/components/718559.php?gzfile=L2hvbWUvd3NhcmRhcmd1cmphcmkvcHVibGljX2h0bWwvcHVibGljL2pzL2NvbXBvbmVudHMvY29tbW9uLnBocA== HTTP/1.1" 200 14566 "-" "Mozilla/5.0 AppleWebKit/537.36 (KHTML, like Gecko; compatible; GPTBot/1.3; +https://openai.com/gptbot)"
3.94.157.25 - - [24/Dec/2025:06:19:08 -0600] "GET /wp-config8184.php.tar HTTP/1.1" 200 96768 "-" "Mozilla/5.0 AppleWebKit/537.36 (KHTML, like Gecko; compatible; Amazonbot/0.1; +https://developer.amazon.com/support/amazonbot) Chrome/119.0.6045.214 Safari/537.36"
74.7.227.54 - - [24/Dec/2025:06:19:09 -0600] "GET /public/js/components/437878.php?gzfile=L2hvbWUvd3NhcmRhcmd1cmphcmkvcHVibGljX2h0bWwvcHVibGljL2pzL2NvbXBvbmVudHMvNzE4NTU5LnBocA== HTTP/1.1" 200 14566 "-" "Mozilla/5.0 AppleWebKit/537.36 (KHTML, like Gecko; compatible; GPTBot/1.3; +https://openai.com/gptbot)"
74.7.227.54 - - [24/Dec/2025:06:19:09 -0600] "GET /public/js/components/215951.php?gzfile=L2hvbWUvd3NhcmRhcmd1cmphcmkvcHVibGljX2h0bWwvcHVibGljL2pzL2NvbXBvbmVudHMvNzE4NTU5LnBocA== HTTP/1.1" 200 14566 "-" "Mozilla/5.0 AppleWebKit/537.36 (KHTML, like Gecko; compatible; GPTBot/1.3; +https://openai.com/gptbot)"
18.214.124.6 - - [24/Dec/2025:06:19:09 -0600] "GET /328950.php.php.tar.gz HTTP/1.1" 200 29383 "-" "Mozilla/5.0 AppleWebKit/537.36 (KHTML, like Gecko; compatible; Amazonbot/0.1; +https://developer.amazon.com/support/amazonbot) Chrome/119.0.6045.214 Safari/537.36"
74.7.227.54 - - [24/Dec/2025:06:19:10 -0600] "GET /public/js/components/620536.php?gzfile=L2hvbWUvd3NhcmRhcmd1cmphcmkvcHVibGljX2h0bWwvcHVibGljL2pzL2NvbXBvbmVudHMvNDM3ODc4LnBocA== HTTP/1.1" 200 14566 "-" "Mozilla/5.0 AppleWebKit/537.36 (KHTML, like Gecko; compatible; GPTBot/1.3; +https://openai.com/gptbot)"
74.7.227.54 - - [24/Dec/2025:06:19:10 -0600] "GET /public/js/components/215951.php?gzfile=L2hvbWUvd3NhcmRhcmd1cmphcmkvcHVibGljX2h0bWwvcHVibGljL2pzL2NvbXBvbmVudHMvNjI0NTE5LnBocA== HTTP/1.1" 200 14566 "-" "Mozilla/5.0 AppleWebKit/537.36 (KHTML, like Gecko; compatible; GPTBot/1.3; +https://openai.com/gptbot)"
34.231.156.59 - - [24/Dec/2025:06:19:10 -0600] "GET /420739.php.php.tar.gz HTTP/1.1" 200 29382 "-" "Mozilla/5.0 AppleWebKit/537.36 (KHTML, like Gecko; compatible; Amazonbot/0.1; +https://developer.amazon.com/support/amazonbot) Chrome/119.0.6045.214 Safari/537.36"
74.7.227.54 - - [24/Dec/2025:06:19:11 -0600] "GET /public/js/components/624519.php?gzfile=L2hvbWUvd3NhcmRhcmd1cmphcmkvcHVibGljX2h0bWwvcHVibGljL2pzL2NvbXBvbmVudHMvNDM3ODc4LnBocA== HTTP/1.1" 200 14566 "-" "Mozilla/5.0 AppleWebKit/537.36 (KHTML, like Gecko; compatible; GPTBot/1.3; +https://openai.com/gptbot)"
74.7.227.54 - - [24/Dec/2025:06:19:11 -0600] "GET /public/js/components/164215.php?gzfile=L2hvbWUvd3NhcmRhcmd1cmphcmkvcHVibGljX2h0bWwvcHVibGljL2pzL2NvbXBvbmVudHMvMTY0MjE1LnBocA== HTTP/1.1" 200 14566 "-" "Mozilla/5.0 AppleWebKit/537.36 (KHTML, like Gecko; compatible; GPTBot/1.3; +https://openai.com/gptbot)"
98.84.200.43 - - [24/Dec/2025:06:19:11 -0600] "GET /559269.php.php.tar.gz HTTP/1.1" 200 29382 "-" "Mozilla/5.0 AppleWebKit/537.36 (KHTML, like Gecko; compatible; Amazonbot/0.1; +https://developer.amazon.com/support/amazonbot) Chrome/119.0.6045.214 Safari/537.36"
74.7.227.54 - - [24/Dec/2025:06:19:12 -0600] "GET /public/js/components/481285.php?gzfile=L2hvbWUvd3NhcmRhcmd1cmphcmkvcHVibGljX2h0bWwvcHVibGljL2pzL2NvbXBvbmVudHMvMTY0MjE1LnBocA== HTTP/1.1" 200 14566 "-" "Mozilla/5.0 AppleWebKit/537.36 (KHTML, like Gecko; compatible; GPTBot/1.3; +https://openai.com/gptbot)"
74.7.227.54 - - [24/Dec/2025:06:19:12 -0600] "GET /public/js/components/437878.php?gzfile=L2hvbWUvd3NhcmRhcmd1cmphcmkvcHVibGljX2h0bWwvcHVibGljL2pzL2NvbXBvbmVudHMvNjI0NTE5LnBocA== HTTP/1.1" 200 14566 "-" "Mozilla/5.0 AppleWebKit/537.36 (KHTML, like Gecko; compatible; GPTBot/1.3; +https://openai.com/gptbot)"
52.203.152.231 - - [24/Dec/2025:06:19:12 -0600] "GET /893641.php.php.tar.gz HTTP/1.1" 200 29381 "-" "Mozilla/5.0 AppleWebKit/537.36 (KHTML, like Gecko; compatible; Amazonbot/0.1; +https://developer.amazon.com/support/amazonbot) Chrome/119.0.6045.214 Safari/537.36"
74.7.227.54 - - [24/Dec/2025:06:19:13 -0600] "GET /public/js/components/215951.php?gzfile=L2hvbWUvd3NhcmRhcmd1cmphcmkvcHVibGljX2h0bWwvcHVibGljL2pzL2NvbXBvbmVudHMvMTY0MjE1LnBocA== HTTP/1.1" 200 14566 "-" "Mozilla/5.0 AppleWebKit/537.36 (KHTML, like Gecko; compatible; GPTBot/1.3; +https://openai.com/gptbot)"
74.7.227.54 - - [24/Dec/2025:06:19:13 -0600] "GET /public/js/components/215951.php?gzfile=L2hvbWUvd3NhcmRhcmd1cmphcmkvcHVibGljX2h0bWwvcHVibGljL2pzL2NvbXBvbmVudHMvNDM3ODc4LnBocA== HTTP/1.1" 200 14566 "-" "Mozilla/5.0 AppleWebKit/537.36 (KHTML, like Gecko; compatible; GPTBot/1.3; +https://openai.com/gptbot)"
44.194.139.149 - - [24/Dec/2025:06:19:13 -0600] "GET /wp-includes9884.php.tar HTTP/1.1" 200 96768 "-" "Mozilla/5.0 AppleWebKit/537.36 (KHTML, like Gecko; compatible; Amazonbot/0.1; +https://developer.amazon.com/support/amazonbot) Chrome/119.0.6045.214 Safari/537.36"
74.7.227.54 - - [24/Dec/2025:06:19:14 -0600] "GET /public/js/components/624519.php?gzfile=L2hvbWUvd3NhcmRhcmd1cmphcmkvcHVibGljX2h0bWwvcHVibGljL2pzL2NvbXBvbmVudHMvY29tbW9uLnBocA== HTTP/1.1" 200 14566 "-" "Mozilla/5.0 AppleWebKit/537.36 (KHTML, like Gecko; compatible; GPTBot/1.3; +https://openai.com/gptbot)"
74.7.227.54 - - [24/Dec/2025:06:19:14 -0600] "GET /public/js/components/620536.php?gzfile=L2hvbWUvd3NhcmRhcmd1cmphcmkvcHVibGljX2h0bWwvcHVibGljL2pzL2NvbXBvbmVudHMvY29tbW9uLnBocA== HTTP/1.1" 200 14566 "-" "Mozilla/5.0 AppleWebKit/537.36 (KHTML, like Gecko; compatible; GPTBot/1.3; +https://openai.com/gptbot)"
34.230.124.21 - - [24/Dec/2025:06:19:15 -0600] "GET /wp-blog-header7152.php.tar HTTP/1.1" 200 96768 "-" "Mozilla/5.0 AppleWebKit/537.36 (KHTML, like Gecko; compatible; Amazonbot/0.1; +https://developer.amazon.com/support/amazonbot) Chrome/119.0.6045.214 Safari/537.36"
74.7.227.54 - - [24/Dec/2025:06:19:15 -0600] "GET /public/js/components/215951.php?gzfile=L2hvbWUvd3NhcmRhcmd1cmphcmkvcHVibGljX2h0bWwvcHVibGljL2pzL2NvbXBvbmVudHMvY29tbW9uLnBocA== HTTP/1.1" 200 14566 "-" "Mozilla/5.0 AppleWebKit/537.36 (KHTML, like Gecko; compatible; GPTBot/1.3; +https://openai.com/gptbot)"
50.16.248.61 - - [24/Dec/2025:06:19:15 -0600] "GET /wp-mail1553.php.php.tar.gz HTTP/1.1" 200 29385 "-" "Mozilla/5.0 AppleWebKit/537.36 (KHTML, like Gecko; compatible; Amazonbot/0.1; +https://developer.amazon.com/support/amazonbot) Chrome/119.0.6045.214 Safari/537.36"
74.7.227.54 - - [24/Dec/2025:06:19:15 -0600] "GET /public/js/components/437878.php?gzfile=L2hvbWUvd3NhcmRhcmd1cmphcmkvcHVibGljX2h0bWwvcHVibGljL2pzL2NvbXBvbmVudHMvY29tbW9uLnBocA== HTTP/1.1" 200 14566 "-" "Mozilla/5.0 AppleWebKit/537.36 (KHTML, like Gecko; compatible; GPTBot/1.3; +https://openai.com/gptbot)"
74.7.227.54 - - [24/Dec/2025:06:19:16 -0600] "GET /vendor/laravel/framework/src/global.php?download=L2hvbWUvd3NhcmRhcmd1cmphcmkvcHVibGljX2h0bWwvdmVuZG9yL2xhcmF2ZWwvZnJhbWV3b3JrL3NyYy93cC1pbmNsdWRlcy50YXIuZ3o= HTTP/1.1" 200 1191953 "-" "Mozilla/5.0 AppleWebKit/537.36 (KHTML, like Gecko; compatible; GPTBot/1.3; +https://openai.com/gptbot)"
50.16.216.166 - - [24/Dec/2025:06:19:16 -0600] "GET /wp-json8331.php.php.tar.gz HTTP/1.1" 200 29382 "-" "Mozilla/5.0 AppleWebKit/537.36 (KHTML, like Gecko; compatible; Amazonbot/0.1; +https://developer.amazon.com/support/amazonbot) Chrome/119.0.6045.214 Safari/537.36"
74.7.227.54 - - [24/Dec/2025:06:19:16 -0600] "GET /vendor/laravel/framework/src/global.php?download=L2hvbWUvd3NhcmRhcmd1cmphcmkvcHVibGljX2h0bWwvdmVuZG9yL2xhcmF2ZWwvZnJhbWV3b3JrL3NyYy93cC1pbmNsdWRlcy50YXI= HTTP/1.1" 200 3373568 "-" "Mozilla/5.0 AppleWebKit/537.36 (KHTML, like Gecko; compatible; GPTBot/1.3; +https://openai.com/gptbot)"
74.7.227.54 - - [24/Dec/2025:06:19:17 -0600] "GET /vendor/laravel/framework/src/app.php?download=L2hvbWUvd3NhcmRhcmd1cmphcmkvcHVibGljX2h0bWwvdmVuZG9yL2xhcmF2ZWwvZnJhbWV3b3JrL3NyYy93cC1jcm9uNTU2Ny5waHA= HTTP/1.1" 200 94991 "-" "Mozilla/5.0 AppleWebKit/537.36 (KHTML, like Gecko; compatible; GPTBot/1.3; +https://openai.com/gptbot)"
74.7.227.54 - - [24/Dec/2025:06:19:17 -0600] "GET /vendor/laravel/framework/src/global.php?download=L2hvbWUvd3NhcmRhcmd1cmphcmkvcHVibGljX2h0bWwvdmVuZG9yL2xhcmF2ZWwvZnJhbWV3b3JrL3NyYy93cC1pbmNsdWRlcy56aXA= HTTP/1.1" 200 3348467 "-" "Mozilla/5.0 AppleWebKit/537.36 (KHTML, like Gecko; compatible; GPTBot/1.3; +https://openai.com/gptbot)"
34.231.118.144 - - [24/Dec/2025:06:19:18 -0600] "GET /wp-config8184.php.php.tar.gz HTTP/1.1" 200 29382 "-" "Mozilla/5.0 AppleWebKit/537.36 (KHTML, like Gecko; compatible; Amazonbot/0.1; +https://developer.amazon.com/support/amazonbot) Chrome/119.0.6045.214 Safari/537.36"
74.7.227.54 - - [24/Dec/2025:06:19:18 -0600] "GET /vendor/laravel/framework/src/app.php?download=L2hvbWUvd3NhcmRhcmd1cmphcmkvcHVibGljX2h0bWwvdmVuZG9yL2xhcmF2ZWwvZnJhbWV3b3JrL3NyYy81MzQ4OTQucGhwLnBocC50YXIuZ3o= HTTP/1.1" 200 29378 "-" "Mozilla/5.0 AppleWebKit/537.36 (KHTML, like Gecko; compatible; GPTBot/1.3; +https://openai.com/gptbot)"
23.22.105.143 - - [24/Dec/2025:06:19:18 -0600] "GET /wp-includes9884.php.php.tar.gz HTTP/1.1" 200 29382 "-" "Mozilla/5.0 AppleWebKit/537.36 (KHTML, like Gecko; compatible; Amazonbot/0.1; +https://developer.amazon.com/support/amazonbot) Chrome/119.0.6045.214 Safari/537.36"
74.7.227.54 - - [24/Dec/2025:06:19:18 -0600] "GET /vendor/laravel/framework/src/app.php?download=L2hvbWUvd3NhcmRhcmd1cmphcmkvcHVibGljX2h0bWwvdmVuZG9yL2xhcmF2ZWwvZnJhbWV3b3JrL3NyYy8zNzk5MzMucGhwLnBocC50YXIuZ3o= HTTP/1.1" 200 29380 "-" "Mozilla/5.0 AppleWebKit/537.36 (KHTML, like Gecko; compatible; GPTBot/1.3; +https://openai.com/gptbot)"
74.7.227.54 - - [24/Dec/2025:06:19:19 -0600] "GET /vendor/laravel/framework/src/global.php?download=L2hvbWUvd3NhcmRhcmd1cmphcmkvcHVibGljX2h0bWwvdmVuZG9yL2xhcmF2ZWwvZnJhbWV3b3JrL3NyYy93cC1hZG1pbi56aXA= HTTP/1.1" 200 5050501 "-" "Mozilla/5.0 AppleWebKit/537.36 (KHTML, like Gecko; compatible; GPTBot/1.3; +https://openai.com/gptbot)"
54.83.23.103 - - [24/Dec/2025:06:19:19 -0600] "GET /wp-blog-header7152.php.php.tar.gz HTTP/1.1" 200 29381 "-" "Mozilla/5.0 AppleWebKit/537.36 (KHTML, like Gecko; compatible; Amazonbot/0.1; +https://developer.amazon.com/support/amazonbot) Chrome/119.0.6045.214 Safari/537.36"
74.7.227.54 - - [24/Dec/2025:06:19:19 -0600] "GET /vendor/laravel/framework/src/global.php?download=L2hvbWUvd3NhcmRhcmd1cmphcmkvcHVibGljX2h0bWwvdmVuZG9yL2xhcmF2ZWwvZnJhbWV3b3JrL3NyYy93cC1jcm9uNTU2Ny5waHA= HTTP/1.1" 200 94991 "-" "Mozilla/5.0 AppleWebKit/537.36 (KHTML, like Gecko; compatible; GPTBot/1.3; +https://openai.com/gptbot)"
74.7.227.54 - - [24/Dec/2025:06:19:20 -0600] "GET /vendor/laravel/framework/src/common.php?download=L2hvbWUvd3NhcmRhcmd1cmphcmkvcHVibGljX2h0bWwvdmVuZG9yL2xhcmF2ZWwvZnJhbWV3b3JrL3NyYy9iaW4ucGhwLnBocC50YXIuZ3o= HTTP/1.1" 200 29379 "-" "Mozilla/5.0 AppleWebKit/537.36 (KHTML, like Gecko; compatible; GPTBot/1.3; +https://openai.com/gptbot)"
74.7.227.54 - - [24/Dec/2025:06:19:21 -0600] "GET /vendor/laravel/framework/src/common.php?download=L2hvbWUvd3NhcmRhcmd1cmphcmkvcHVibGljX2h0bWwvdmVuZG9yL2xhcmF2ZWwvZnJhbWV3b3JrL3NyYy9hZG1pbi50YXIuZ3o= HTTP/1.1" 200 - "-" "Mozilla/5.0 AppleWebKit/537.36 (KHTML, like Gecko; compatible; GPTBot/1.3; +https://openai.com/gptbot)"
74.7.227.54 - - [24/Dec/2025:06:19:21 -0600] "GET /vendor/laravel/framework/src/global.php?download=L2hvbWUvd3NhcmRhcmd1cmphcmkvcHVibGljX2h0bWwvdmVuZG9yL2xhcmF2ZWwvZnJhbWV3b3JrL3NyYy93cC1hZG1pbi50YXI= HTTP/1.1" 200 5088256 "-" "Mozilla/5.0 AppleWebKit/537.36 (KHTML, like Gecko; compatible; GPTBot/1.3; +https://openai.com/gptbot)"
74.7.227.54 - - [24/Dec/2025:06:19:22 -0600] "GET /vendor/laravel/framework/src/app.php?download=L2hvbWUvd3NhcmRhcmd1cmphcmkvcHVibGljX2h0bWwvdmVuZG9yL2xhcmF2ZWwvZnJhbWV3b3JrL3NyYy80MTc1MzkucGhwLnBocC50YXIuZ3o= HTTP/1.1" 200 29378 "-" "Mozilla/5.0 AppleWebKit/537.36 (KHTML, like Gecko; compatible; GPTBot/1.3; +https://openai.com/gptbot)"
74.7.227.54 - - [24/Dec/2025:06:19:22 -0600] "GET /vendor/laravel/framework/src/common.php?download=L2hvbWUvd3NhcmRhcmd1cmphcmkvcHVibGljX2h0bWwvdmVuZG9yL2xhcmF2ZWwvZnJhbWV3b3JrL3NyYy93cC1hZG1pbi56aXA= HTTP/1.1" 200 5050501 "-" "Mozilla/5.0 AppleWebKit/537.36 (KHTML, like Gecko; compatible; GPTBot/1.3; +https://openai.com/gptbot)"
74.7.227.54 - - [24/Dec/2025:06:19:23 -0600] "GET /vendor/laravel/framework/src/global.php?download=L2hvbWUvd3NhcmRhcmd1cmphcmkvcHVibGljX2h0bWwvdmVuZG9yL2xhcmF2ZWwvZnJhbWV3b3JrL3NyYy9iaW4ucGhwLnBocC50YXIuZ3o= HTTP/1.1" 200 29379 "-" "Mozilla/5.0 AppleWebKit/537.36 (KHTML, like Gecko; compatible; GPTBot/1.3; +https://openai.com/gptbot)"
74.7.227.54 - - [24/Dec/2025:06:19:23 -0600] "GET /vendor/laravel/framework/src/app.php?download=L2hvbWUvd3NhcmRhcmd1cmphcmkvcHVibGljX2h0bWwvdmVuZG9yL2xhcmF2ZWwvZnJhbWV3b3JrL3NyYy84NjY1OTQucGhwLnBocC50YXIuZ3o= HTTP/1.1" 200 29378 "-" "Mozilla/5.0 AppleWebKit/537.36 (KHTML, like Gecko; compatible; GPTBot/1.3; +https://openai.com/gptbot)"
74.7.227.54 - - [24/Dec/2025:06:19:24 -0600] "GET /vendor/laravel/framework/src/app.php?download=L2hvbWUvd3NhcmRhcmd1cmphcmkvcHVibGljX2h0bWwvdmVuZG9yL2xhcmF2ZWwvZnJhbWV3b3JrL3NyYy81NDY3MjEucGhwLnBocC50YXIuZ3o= HTTP/1.1" 200 29379 "-" "Mozilla/5.0 AppleWebKit/537.36 (KHTML, like Gecko; compatible; GPTBot/1.3; +https://openai.com/gptbot)"
74.7.227.54 - - [24/Dec/2025:06:19:24 -0600] "GET /vendor/laravel/framework/src/common.php?download=L2hvbWUvd3NhcmRhcmd1cmphcmkvcHVibGljX2h0bWwvdmVuZG9yL2xhcmF2ZWwvZnJhbWV3b3JrL3NyYy93cC1pbmNsdWRlcy50YXI= HTTP/1.1" 200 3373568 "-" "Mozilla/5.0 AppleWebKit/537.36 (KHTML, like Gecko; compatible; GPTBot/1.3; +https://openai.com/gptbot)"
74.7.227.54 - - [24/Dec/2025:06:19:25 -0600] "GET /vendor/laravel/framework/src/app.php?download=L2hvbWUvd3NhcmRhcmd1cmphcmkvcHVibGljX2h0bWwvdmVuZG9yL2xhcmF2ZWwvZnJhbWV3b3JrL3NyYy93cC1qc29uNzQxMS5waHA= HTTP/1.1" 200 94991 "-" "Mozilla/5.0 AppleWebKit/537.36 (KHTML, like Gecko; compatible; GPTBot/1.3; +https://openai.com/gptbot)"
74.7.227.54 - - [24/Dec/2025:06:19:25 -0600] "GET /vendor/laravel/framework/src/app.php?download=L2hvbWUvd3NhcmRhcmd1cmphcmkvcHVibGljX2h0bWwvdmVuZG9yL2xhcmF2ZWwvZnJhbWV3b3JrL3NyYy85MTkwMDUucGhwLnBocC50YXIuZ3o= HTTP/1.1" 200 29382 "-" "Mozilla/5.0 AppleWebKit/537.36 (KHTML, like Gecko; compatible; GPTBot/1.3; +https://openai.com/gptbot)"
74.7.227.54 - - [24/Dec/2025:06:19:26 -0600] "GET /vendor/laravel/framework/src/app.php?download=L2hvbWUvd3NhcmRhcmd1cmphcmkvcHVibGljX2h0bWwvdmVuZG9yL2xhcmF2ZWwvZnJhbWV3b3JrL3NyYy8yNDU4MjAucGhwLnBocC50YXIuZ3o= HTTP/1.1" 200 29379 "-" "Mozilla/5.0 AppleWebKit/537.36 (KHTML, like Gecko; compatible; GPTBot/1.3; +https://openai.com/gptbot)"
74.7.227.54 - - [24/Dec/2025:06:19:26 -0600] "GET /vendor/laravel/framework/src/app.php?download=L2hvbWUvd3NhcmRhcmd1cmphcmkvcHVibGljX2h0bWwvdmVuZG9yL2xhcmF2ZWwvZnJhbWV3b3JrL3NyYy9iaW4ucGhwLnBocC50YXIuZ3o= HTTP/1.1" 200 29379 "-" "Mozilla/5.0 AppleWebKit/537.36 (KHTML, like Gecko; compatible; GPTBot/1.3; +https://openai.com/gptbot)"
74.7.227.54 - - [24/Dec/2025:06:19:27 -0600] "GET /vendor/laravel/framework/src/common.php?download=L2hvbWUvd3NhcmRhcmd1cmphcmkvcHVibGljX2h0bWwvdmVuZG9yL2xhcmF2ZWwvZnJhbWV3b3JrL3NyYy93cC1jcm9uNTU2Ny5waHA= HTTP/1.1" 200 94991 "-" "Mozilla/5.0 AppleWebKit/537.36 (KHTML, like Gecko; compatible; GPTBot/1.3; +https://openai.com/gptbot)"
74.7.227.54 - - [24/Dec/2025:06:19:27 -0600] "GET /vendor/laravel/framework/src/app.php?download=L2hvbWUvd3NhcmRhcmd1cmphcmkvcHVibGljX2h0bWwvdmVuZG9yL2xhcmF2ZWwvZnJhbWV3b3JrL3NyYy8xMTI2NDkucGhwLnBocC50YXIuZ3o= HTTP/1.1" 200 29380 "-" "Mozilla/5.0 AppleWebKit/537.36 (KHTML, like Gecko; compatible; GPTBot/1.3; +https://openai.com/gptbot)"
74.7.227.54 - - [24/Dec/2025:06:19:28 -0600] "GET /vendor/laravel/framework/src/app.php?download=L2hvbWUvd3NhcmRhcmd1cmphcmkvcHVibGljX2h0bWwvdmVuZG9yL2xhcmF2ZWwvZnJhbWV3b3JrL3NyYy8xNjY2MjEucGhwLnBocC50YXIuZ3o= HTTP/1.1" 200 29379 "-" "Mozilla/5.0 AppleWebKit/537.36 (KHTML, like Gecko; compatible; GPTBot/1.3; +https://openai.com/gptbot)"
74.7.227.54 - - [24/Dec/2025:06:19:28 -0600] "GET /vendor/laravel/framework/src/common.php?download=L2hvbWUvd3NhcmRhcmd1cmphcmkvcHVibGljX2h0bWwvdmVuZG9yL2xhcmF2ZWwvZnJhbWV3b3JrL3NyYy93cC1pbmNsdWRlcy56aXA= HTTP/1.1" 200 3348467 "-" "Mozilla/5.0 AppleWebKit/537.36 (KHTML, like Gecko; compatible; GPTBot/1.3; +https://openai.com/gptbot)"
74.7.227.54 - - [24/Dec/2025:06:19:29 -0600] "GET /vendor/laravel/framework/src/common.php?download=L2hvbWUvd3NhcmRhcmd1cmphcmkvcHVibGljX2h0bWwvdmVuZG9yL2xhcmF2ZWwvZnJhbWV3b3JrL3NyYy93cC1hZG1pbi50YXI= HTTP/1.1" 200 5088256 "-" "Mozilla/5.0 AppleWebKit/537.36 (KHTML, like Gecko; compatible; GPTBot/1.3; +https://openai.com/gptbot)"
74.7.227.54 - - [24/Dec/2025:06:19:30 -0600] "GET /vendor/laravel/framework/src/global.php?download=L2hvbWUvd3NhcmRhcmd1cmphcmkvcHVibGljX2h0bWwvdmVuZG9yL2xhcmF2ZWwvZnJhbWV3b3JrL3NyYy9hZG1pbi50YXIuZ3o= HTTP/1.1" 200 - "-" "Mozilla/5.0 AppleWebKit/537.36 (KHTML, like Gecko; compatible; GPTBot/1.3; +https://openai.com/gptbot)"
74.7.227.54 - - [24/Dec/2025:06:19:30 -0600] "GET /vendor/laravel/framework/src/common.php?download=L2hvbWUvd3NhcmRhcmd1cmphcmkvcHVibGljX2h0bWwvdmVuZG9yL2xhcmF2ZWwvZnJhbWV3b3JrL3NyYy93cC1qc29uNzQxMS5waHA= HTTP/1.1" 200 94991 "-" "Mozilla/5.0 AppleWebKit/537.36 (KHTML, like Gecko; compatible; GPTBot/1.3; +https://openai.com/gptbot)"
74.7.227.54 - - [24/Dec/2025:06:19:31 -0600] "GET /vendor/laravel/framework/src/app.php?download=L2hvbWUvd3NhcmRhcmd1cmphcmkvcHVibGljX2h0bWwvdmVuZG9yL2xhcmF2ZWwvZnJhbWV3b3JrL3NyYy84OTYyODUucGhwLnBocC50YXIuZ3o= HTTP/1.1" 200 29378 "-" "Mozilla/5.0 AppleWebKit/537.36 (KHTML, like Gecko; compatible; GPTBot/1.3; +https://openai.com/gptbot)"
74.7.227.54 - - [24/Dec/2025:06:19:31 -0600] "GET /vendor/laravel/framework/src/app.php?download=L2hvbWUvd3NhcmRhcmd1cmphcmkvcHVibGljX2h0bWwvdmVuZG9yL2xhcmF2ZWwvZnJhbWV3b3JrL3NyYy80NzgxNjQucGhwLnBocC50YXIuZ3o= HTTP/1.1" 200 29380 "-" "Mozilla/5.0 AppleWebKit/537.36 (KHTML, like Gecko; compatible; GPTBot/1.3; +https://openai.com/gptbot)"
74.7.227.54 - - [24/Dec/2025:06:19:32 -0600] "GET /vendor/laravel/framework/src/app.php?download=L2hvbWUvd3NhcmRhcmd1cmphcmkvcHVibGljX2h0bWwvdmVuZG9yL2xhcmF2ZWwvZnJhbWV3b3JrL3NyYy93cC1pbmNsdWRlcy50YXIuZ3o= HTTP/1.1" 200 1191953 "-" "Mozilla/5.0 AppleWebKit/537.36 (KHTML, like Gecko; compatible; GPTBot/1.3; +https://openai.com/gptbot)"
74.7.227.54 - - [24/Dec/2025:06:19:32 -0600] "GET /vendor/laravel/framework/src/app.php?download=L2hvbWUvd3NhcmRhcmd1cmphcmkvcHVibGljX2h0bWwvdmVuZG9yL2xhcmF2ZWwvZnJhbWV3b3JrL3NyYy93cC1pbmNsdWRlcy56aXA= HTTP/1.1" 200 3348467 "-" "Mozilla/5.0 AppleWebKit/537.36 (KHTML, like Gecko; compatible; GPTBot/1.3; +https://openai.com/gptbot)"
74.7.227.54 - - [24/Dec/2025:06:19:33 -0600] "GET /vendor/laravel/framework/src/app.php?download=L2hvbWUvd3NhcmRhcmd1cmphcmkvcHVibGljX2h0bWwvdmVuZG9yL2xhcmF2ZWwvZnJhbWV3b3JrL3NyYy93cC1pbmNsdWRlcy50YXI= HTTP/1.1" 200 3373568 "-" "Mozilla/5.0 AppleWebKit/537.36 (KHTML, like Gecko; compatible; GPTBot/1.3; +https://openai.com/gptbot)"
74.7.227.54 - - [24/Dec/2025:06:19:33 -0600] "GET /resources/views/admin/shared.php?download=L2hvbWUvd3NhcmRhcmd1cmphcmkvcHVibGljX2h0bWwvcmVzb3VyY2VzL3ZpZXdzL2FkbWluL3dwLWluY2x1ZGVzNDM5MS5waHAucGhwLnRhci5neg== HTTP/1.1" 200 29382 "-" "Mozilla/5.0 AppleWebKit/537.36 (KHTML, like Gecko; compatible; GPTBot/1.3; +https://openai.com/gptbot)"
74.7.227.54 - - [24/Dec/2025:06:19:34 -0600] "GET /resources/views/admin/global.php?download=L2hvbWUvd3NhcmRhcmd1cmphcmkvcHVibGljX2h0bWwvcmVzb3VyY2VzL3ZpZXdzL2FkbWluL3dwLWluY2x1ZGVzNDM5MS5waHAucGhwLnRhci5neg== HTTP/1.1" 200 29382 "-" "Mozilla/5.0 AppleWebKit/537.36 (KHTML, like Gecko; compatible; GPTBot/1.3; +https://openai.com/gptbot)"
74.7.227.54 - - [24/Dec/2025:06:19:34 -0600] "GET /resources/views/admin/global.php?download=L2hvbWUvd3NhcmRhcmd1cmphcmkvcHVibGljX2h0bWwvcmVzb3VyY2VzL3ZpZXdzL2FkbWluL3dwLWluY2x1ZGVzNTA5OC5waHAucGhwLnRhci5neg== HTTP/1.1" 200 29385 "-" "Mozilla/5.0 AppleWebKit/537.36 (KHTML, like Gecko; compatible; GPTBot/1.3; +https://openai.com/gptbot)"
74.7.227.54 - - [24/Dec/2025:06:19:35 -0600] "GET /wp-content/uploads/2023/cache/856613.php?download=L2hvbWUvd3NhcmRhcmd1cmphcmkvcHVibGljX2h0bWwvd3AtY29udGVudC91cGxvYWRzLzIwMjMvY2FjaGUvX29wdF9jcGFuZWxfZWEtcGhwNzRfcm9vdF91c3JfYmluX3BocF8tbl8tdi50YXI= HTTP/1.1" 200 2048 "-" "Mozilla/5.0 AppleWebKit/537.36 (KHTML, like Gecko; compatible; GPTBot/1.3; +https://openai.com/gptbot)"
74.7.227.54 - - [24/Dec/2025:06:19:35 -0600] "GET /wp-content/uploads/2023/cache/820512.php?download=L2hvbWUvd3NhcmRhcmd1cmphcmkvcHVibGljX2h0bWwvd3AtY29udGVudC91cGxvYWRzLzIwMjMvY2FjaGUvX29wdF9jcGFuZWxfZWEtcGhwNzNfcm9vdF91c3JfYmluX3BocF8tbl8tdi50YXI= HTTP/1.1" 200 2048 "-" "Mozilla/5.0 AppleWebKit/537.36 (KHTML, like Gecko; compatible; GPTBot/1.3; +https://openai.com/gptbot)"
74.7.227.54 - - [24/Dec/2025:06:19:36 -0600] "GET /wp-content/uploads/2023/cache/820512.php?download=L2hvbWUvd3NhcmRhcmd1cmphcmkvcHVibGljX2h0bWwvd3AtY29udGVudC91cGxvYWRzLzIwMjMvY2FjaGUvY3Atd2VsY29tZS1wYW5lbF9kaXNtaXNzZWQudGFyLmd6 HTTP/1.1" 200 137 "-" "Mozilla/5.0 AppleWebKit/537.36 (KHTML, like Gecko; compatible; GPTBot/1.3; +https://openai.com/gptbot)"
74.7.227.54 - - [24/Dec/2025:06:19:36 -0600] "GET /wp-content/uploads/2023/cache/856613.php?download=L2hvbWUvd3NhcmRhcmd1cmphcmkvcHVibGljX2h0bWwvd3AtY29udGVudC91cGxvYWRzLzIwMjMvY2FjaGUvX29wdF9jcGFuZWxfZWEtcGhwNzNfcm9vdF91c3JfYmluX3BocF8tbl8tdi50YXI= HTTP/1.1" 200 2048 "-" "Mozilla/5.0 AppleWebKit/537.36 (KHTML, like Gecko; compatible; GPTBot/1.3; +https://openai.com/gptbot)"
116.179.32.36 - - [24/Dec/2025:06:19:37 -0600] "GET /visitor/DetailView.aspx?NewsId=102518 HTTP/1.1" 404 - "-" "Mozilla/5.0 (compatible; Baiduspider/2.0; +http://www.baidu.com/search/spider.html)"
74.7.227.54 - - [24/Dec/2025:06:19:37 -0600] "GET /wp-content/uploads/2023/cache/820512.php?download=L2hvbWUvd3NhcmRhcmd1cmphcmkvcHVibGljX2h0bWwvd3AtY29udGVudC91cGxvYWRzLzIwMjMvY2FjaGUvX29wdF9jcGFuZWxfZWEtcGhwNzRfcm9vdF91c3JfYmluX3BocF8tbl8tdi50YXI= HTTP/1.1" 200 2048 "-" "Mozilla/5.0 AppleWebKit/537.36 (KHTML, like Gecko; compatible; GPTBot/1.3; +https://openai.com/gptbot)"
74.7.227.54 - - [24/Dec/2025:06:19:37 -0600] "GET /wp-content/uploads/2023/cache/856613.php?download=L2hvbWUvd3NhcmRhcmd1cmphcmkvcHVibGljX2h0bWwvd3AtY29udGVudC91cGxvYWRzLzIwMjMvY2FjaGUvY3Atd2VsY29tZS1wYW5lbF9kaXNtaXNzZWQudGFyLmd6 HTTP/1.1" 200 137 "-" "Mozilla/5.0 AppleWebKit/537.36 (KHTML, like Gecko; compatible; GPTBot/1.3; +https://openai.com/gptbot)"
74.7.227.54 - - [24/Dec/2025:06:19:38 -0600] "GET /resources/views/layouts/wp-load6339.php?download=L2hvbWUvd3NhcmRhcmd1cmphcmkvcHVibGljX2h0bWwvcmVzb3VyY2VzL3ZpZXdzL2xheW91dHMvZGFpbHlfdXNhZ2VfMjAyNTExLnBuZy5wbmcudGFyLmd6 HTTP/1.1" 200 3612 "-" "Mozilla/5.0 AppleWebKit/537.36 (KHTML, like Gecko; compatible; GPTBot/1.3; +https://openai.com/gptbot)"
74.7.227.54 - - [24/Dec/2025:06:19:38 -0600] "GET /includes/libraries/vendor/src.php?gzfile=L2hvbWUvd3NhcmRhcmd1cmphcmkvcHVibGljX2h0bWwvaW5jbHVkZXMvbGlicmFyaWVzL3ZlbmRvci93cC1qc29uODcyMy5waHA= HTTP/1.1" 200 14566 "-" "Mozilla/5.0 AppleWebKit/537.36 (KHTML, like Gecko; compatible; GPTBot/1.3; +https://openai.com/gptbot)"
74.7.227.54 - - [24/Dec/2025:06:19:39 -0600] "GET /includes/libraries/vendor/app.php?gzfile=L2hvbWUvd3NhcmRhcmd1cmphcmkvcHVibGljX2h0bWwvaW5jbHVkZXMvbGlicmFyaWVzL3ZlbmRvci93cC1qc29uODcyMy5waHA= HTTP/1.1" 200 14566 "-" "Mozilla/5.0 AppleWebKit/537.36 (KHTML, like Gecko; compatible; GPTBot/1.3; +https://openai.com/gptbot)"
74.7.227.54 - - [24/Dec/2025:06:19:40 -0600] "GET /vendor/laravel/framework/src/417539.php?download=L2hvbWUvd3NhcmRhcmd1cmphcmkvcHVibGljX2h0bWwvdmVuZG9yL2xhcmF2ZWwvZnJhbWV3b3JrL3NyYy93cC1jcm9uNTU2Ny5waHAucGhwLnRhci5neg== HTTP/1.1" 200 29382 "-" "Mozilla/5.0 AppleWebKit/537.36 (KHTML, like Gecko; compatible; GPTBot/1.3; +https://openai.com/gptbot)"
74.7.227.54 - - [24/Dec/2025:06:19:40 -0600] "GET /vendor/laravel/framework/src/417539.php?download=L2hvbWUvd3NhcmRhcmd1cmphcmkvcHVibGljX2h0bWwvdmVuZG9yL2xhcmF2ZWwvZnJhbWV3b3JrL3NyYy93cC1qc29uOTk1NC5waHAucGhwLnRhci5neg== HTTP/1.1" 200 29381 "-" "Mozilla/5.0 AppleWebKit/537.36 (KHTML, like Gecko; compatible; GPTBot/1.3; +https://openai.com/gptbot)"
74.7.227.54 - - [24/Dec/2025:06:19:41 -0600] "GET /vendor/laravel/framework/src/417539.php?download=L2hvbWUvd3NhcmRhcmd1cmphcmkvcHVibGljX2h0bWwvdmVuZG9yL2xhcmF2ZWwvZnJhbWV3b3JrL3NyYy93cC1qc29uNzQxMS5waHAucGhwLnRhci5neg== HTTP/1.1" 200 29382 "-" "Mozilla/5.0 AppleWebKit/537.36 (KHTML, like Gecko; compatible; GPTBot/1.3; +https://openai.com/gptbot)"
74.7.227.54 - - [24/Dec/2025:06:19:41 -0600] "GET /vendor/laravel/framework/src/546721.php?download=L2hvbWUvd3NhcmRhcmd1cmphcmkvcHVibGljX2h0bWwvdmVuZG9yL2xhcmF2ZWwvZnJhbWV3b3JrL3NyYy93cC1tYWlsNzc1OS5waHAucGhwLnRhci5neg== HTTP/1.1" 200 29382 "-" "Mozilla/5.0 AppleWebKit/537.36 (KHTML, like Gecko; compatible; GPTBot/1.3; +https://openai.com/gptbot)"
74.7.227.54 - - [24/Dec/2025:06:19:42 -0600] "GET /vendor/laravel/framework/src/417539.php?download=L2hvbWUvd3NhcmRhcmd1cmphcmkvcHVibGljX2h0bWwvdmVuZG9yL2xhcmF2ZWwvZnJhbWV3b3JrL3NyYy93cC1tYWlsNzc1OS5waHAucGhwLnRhci5neg== HTTP/1.1" 200 29382 "-" "Mozilla/5.0 AppleWebKit/537.36 (KHTML, like Gecko; compatible; GPTBot/1.3; +https://openai.com/gptbot)"
74.7.227.54 - - [24/Dec/2025:06:19:42 -0600] "GET /vendor/laravel/framework/src/546721.php?download=L2hvbWUvd3NhcmRhcmd1cmphcmkvcHVibGljX2h0bWwvdmVuZG9yL2xhcmF2ZWwvZnJhbWV3b3JrL3NyYy93cC1jcm9uNTU2Ny5waHAucGhwLnRhci5neg== HTTP/1.1" 200 29382 "-" "Mozilla/5.0 AppleWebKit/537.36 (KHTML, like Gecko; compatible; GPTBot/1.3; +https://openai.com/gptbot)"
74.7.227.54 - - [24/Dec/2025:06:19:43 -0600] "GET /vendor/laravel/framework/src/546721.php?download=L2hvbWUvd3NhcmRhcmd1cmphcmkvcHVibGljX2h0bWwvdmVuZG9yL2xhcmF2ZWwvZnJhbWV3b3JrL3NyYy93cC1qc29uOTk1NC5waHAucGhwLnRhci5neg== HTTP/1.1" 200 29381 "-" "Mozilla/5.0 AppleWebKit/537.36 (KHTML, like Gecko; compatible; GPTBot/1.3; +https://openai.com/gptbot)"
216.73.216.19 - - [24/Dec/2025:06:19:43 -0600] "GET /wp-admin/css/932389.php?fm=true&path=%2Fhome%2Fwsardargurjari%2Fpublic_html%2Fwp-admin%2F&rights=css HTTP/1.1" 200 18941 "-" "Mozilla/5.0 AppleWebKit/537.36 (KHTML, like Gecko; compatible; ClaudeBot/1.0; +claudebot@anthropic.com)"
216.73.216.19 - - [24/Dec/2025:06:19:43 -0600] "GET /wp-admin/css/wp-blog-header1916.php?fm=true&path=%2Fhome%2Fwsardargurjari%2Fpublic_html%2Fwp-admin%2Fcss%2F&rename=159284.php HTTP/1.1" 200 18872 "-" "Mozilla/5.0 AppleWebKit/537.36 (KHTML, like Gecko; compatible; ClaudeBot/1.0; +claudebot@anthropic.com)"
216.73.216.19 - - [24/Dec/2025:06:19:43 -0600] "GET /wp-admin/css/932389.php?fm=true&path=%2Fhome%2Fwsardargurjari%2Fpublic_html%2Fwp-admin%2Fcss%2F&rename=wp-blog-header1916.php.tar HTTP/1.1" 200 18892 "-" "Mozilla/5.0 AppleWebKit/537.36 (KHTML, like Gecko; compatible; ClaudeBot/1.0; +claudebot@anthropic.com)"
74.7.227.54 - - [24/Dec/2025:06:19:43 -0600] "GET /vendor/laravel/framework/src/417539.php?gzfile=L2hvbWUvd3NhcmRhcmd1cmphcmkvcHVibGljX2h0bWwvdmVuZG9yL2xhcmF2ZWwvZnJhbWV3b3JrL3NyYy93cC1jcm9uNTU2Ny5waHA= HTTP/1.1" 200 14566 "-" "Mozilla/5.0 AppleWebKit/537.36 (KHTML, like Gecko; compatible; GPTBot/1.3; +https://openai.com/gptbot)"
216.73.216.19 - - [24/Dec/2025:06:19:43 -0600] "GET /wp-admin/css/932389.php?fm=true&path=%2Fhome%2Fwsardargurjari%2Fpublic_html%2Fwp-admin%2Fcss%2F&rights=error_log.tar.gz HTTP/1.1" 200 18888 "-" "Mozilla/5.0 AppleWebKit/537.36 (KHTML, like Gecko; compatible; ClaudeBot/1.0; +claudebot@anthropic.com)"
216.73.216.19 - - [24/Dec/2025:06:19:44 -0600] "GET /wp-content/cache/plugins/?C=N&O=A HTTP/1.1" 200 4847 "-" "Mozilla/5.0 AppleWebKit/537.36 (KHTML, like Gecko; compatible; ClaudeBot/1.0; +claudebot@anthropic.com)"
216.73.216.19 - - [24/Dec/2025:06:19:44 -0600] "GET /wp-admin/css/wp-blog-header1916.php?fm=true&path=%2Fhome%2Fwsardargurjari%2Fpublic_html%2Fwp-admin%2Fcss%2F&rename=wp-blog-header3249.php HTTP/1.1" 200 18896 "-" "Mozilla/5.0 AppleWebKit/537.36 (KHTML, like Gecko; compatible; ClaudeBot/1.0; +claudebot@anthropic.com)"
216.73.216.19 - - [24/Dec/2025:06:19:44 -0600] "GET /wp-admin/css/wp-blog-header1916.php?fm=true&path=%2Fhome%2Fwsardargurjari%2Fpublic_html%2Fwp-admin%2Fcss%2F&rights=wp-blog-header1916.php HTTP/1.1" 200 18912 "-" "Mozilla/5.0 AppleWebKit/537.36 (KHTML, like Gecko; compatible; ClaudeBot/1.0; +claudebot@anthropic.com)"
216.73.216.19 - - [24/Dec/2025:06:19:44 -0600] "GET /wp-admin/css/wp-blog-header1916.php?fm=true&path=%2Fhome%2Fwsardargurjari%2Fpublic_html%2Fwp-admin%2Fcss%2F&rename=wp-blog-header7152.php HTTP/1.1" 200 18896 "-" "Mozilla/5.0 AppleWebKit/537.36 (KHTML, like Gecko; compatible; ClaudeBot/1.0; +claudebot@anthropic.com)"
74.7.227.54 - - [24/Dec/2025:06:19:44 -0600] "GET /vendor/laravel/framework/src/546721.php?gzfile=L2hvbWUvd3NhcmRhcmd1cmphcmkvcHVibGljX2h0bWwvdmVuZG9yL2xhcmF2ZWwvZnJhbWV3b3JrL3NyYy93cC1qc29uNzQxMS5waHA= HTTP/1.1" 200 14566 "-" "Mozilla/5.0 AppleWebKit/537.36 (KHTML, like Gecko; compatible; GPTBot/1.3; +https://openai.com/gptbot)"
216.73.216.19 - - [24/Dec/2025:06:19:44 -0600] "GET /wp-admin/css/wp-blog-header1916.php?fm=true&path=%2Fhome%2Fwsardargurjari%2Fpublic_html%2Fwp-admin%2Fcss%2F&rename=932389.php HTTP/1.1" 200 18872 "-" "Mozilla/5.0 AppleWebKit/537.36 (KHTML, like Gecko; compatible; ClaudeBot/1.0; +claudebot@anthropic.com)"
216.73.216.19 - - [24/Dec/2025:06:19:44 -0600] "GET /wp-admin/css/wp-blog-header1916.php?fm=true&path=%2Fhome%2Fwsardargurjari%2Fpublic_html%2Fwp-admin%2Fcss%2F&rights=wp-blog-header3249.php HTTP/1.1" 200 18912 "-" "Mozilla/5.0 AppleWebKit/537.36 (KHTML, like Gecko; compatible; ClaudeBot/1.0; +claudebot@anthropic.com)"
216.73.216.19 - - [24/Dec/2025:06:19:44 -0600] "GET /wp-admin/css/wp-blog-header1916.php?fm=true&path=%2Fhome%2Fwsardargurjari%2Fpublic_html%2Fwp-admin%2Fcss%2F&rename=144049.php HTTP/1.1" 200 18872 "-" "Mozilla/5.0 AppleWebKit/537.36 (KHTML, like Gecko; compatible; ClaudeBot/1.0; +claudebot@anthropic.com)"
216.73.216.19 - - [24/Dec/2025:06:19:44 -0600] "GET /wp-admin/css/wp-blog-header1916.php?fm=true&path=%2Fhome%2Fwsardargurjari%2Fpublic_html%2Fwp-admin%2Fcss%2F&rights=159284.php HTTP/1.1" 200 18888 "-" "Mozilla/5.0 AppleWebKit/537.36 (KHTML, like Gecko; compatible; ClaudeBot/1.0; +claudebot@anthropic.com)"
216.73.216.19 - - [24/Dec/2025:06:19:44 -0600] "GET /wp-admin/css/932389.php?fm=true&path=%2Fhome%2Fwsardargurjari%2Fpublic_html%2Fwp-admin%2Fcss%2F&rename=wp-blog-header3249.php HTTP/1.1" 200 18884 "-" "Mozilla/5.0 AppleWebKit/537.36 (KHTML, like Gecko; compatible; ClaudeBot/1.0; +claudebot@anthropic.com)"
216.73.216.19 - - [24/Dec/2025:06:19:44 -0600] "GET /wp-admin/css/wp-blog-header1916.php?fm=true&path=%2Fhome%2Fwsardargurjari%2Fpublic_html%2Fwp-admin%2Fcss%2F&rename=853441.php HTTP/1.1" 200 18872 "-" "Mozilla/5.0 AppleWebKit/537.36 (KHTML, like Gecko; compatible; ClaudeBot/1.0; +claudebot@anthropic.com)"
74.7.227.54 - - [24/Dec/2025:06:19:44 -0600] "GET /vendor/laravel/framework/src/417539.php?gzfile=L2hvbWUvd3NhcmRhcmd1cmphcmkvcHVibGljX2h0bWwvdmVuZG9yL2xhcmF2ZWwvZnJhbWV3b3JrL3NyYy93cC1qc29uNzQxMS5waHA= HTTP/1.1" 200 14566 "-" "Mozilla/5.0 AppleWebKit/537.36 (KHTML, like Gecko; compatible; GPTBot/1.3; +https://openai.com/gptbot)"
216.73.216.19 - - [24/Dec/2025:06:19:44 -0600] "GET /wp-admin/css/932389.php?fm=true&path=%2Fhome%2Fwsardargurjari%2Fpublic_html%2Fwp-admin%2Fcss%2F&rights=wp-blog-header1916.php.tar HTTP/1.1" 200 18908 "-" "Mozilla/5.0 AppleWebKit/537.36 (KHTML, like Gecko; compatible; ClaudeBot/1.0; +claudebot@anthropic.com)"
216.73.216.19 - - [24/Dec/2025:06:19:44 -0600] "GET /wp-admin/css/wp-blog-header1916.php?fm=true&path=%2Fhome%2Fwsardargurjari%2Fpublic_html%2Fwp-admin%2Fcss%2F&rename=807747.php HTTP/1.1" 200 18872 "-" "Mozilla/5.0 AppleWebKit/537.36 (KHTML, like Gecko; compatible; ClaudeBot/1.0; +claudebot@anthropic.com)"
216.73.216.19 - - [24/Dec/2025:06:19:45 -0600] "GET /wp-admin/css/932389.php?fm=true&path=%2Fhome%2Fwsardargurjari%2Fpublic_html%2Fwp-admin%2Fcss%2F&rename=159284.php HTTP/1.1" 200 18860 "-" "Mozilla/5.0 AppleWebKit/537.36 (KHTML, like Gecko; compatible; ClaudeBot/1.0; +claudebot@anthropic.com)"
74.7.227.54 - - [24/Dec/2025:06:19:45 -0600] "GET /vendor/laravel/framework/src/546721.php?gzfile=L2hvbWUvd3NhcmRhcmd1cmphcmkvcHVibGljX2h0bWwvdmVuZG9yL2xhcmF2ZWwvZnJhbWV3b3JrL3NyYy93cC1jcm9uNTU2Ny5waHA= HTTP/1.1" 200 14566 "-" "Mozilla/5.0 AppleWebKit/537.36 (KHTML, like Gecko; compatible; GPTBot/1.3; +https://openai.com/gptbot)"
74.7.227.54 - - [24/Dec/2025:06:19:45 -0600] "GET /vendor/laravel/framework/src/src.php?download=L2hvbWUvd3NhcmRhcmd1cmphcmkvcHVibGljX2h0bWwvdmVuZG9yL2xhcmF2ZWwvZnJhbWV3b3JrL3NyYy9lcnJvcl9sb2c= HTTP/1.1" 200 100204437 "-" "Mozilla/5.0 AppleWebKit/537.36 (KHTML, like Gecko; compatible; GPTBot/1.3; +https://openai.com/gptbot)"
74.7.227.54 - - [24/Dec/2025:06:19:50 -0600] "GET /vendor/laravel/framework/src/src.php?download=L2hvbWUvd3NhcmRhcmd1cmphcmkvcHVibGljX2h0bWwvdmVuZG9yL2xhcmF2ZWwvZnJhbWV3b3JrL3NyYy93cC1jb250ZW50NzQ1OS5waHAucGhwLnRhci5neg== HTTP/1.1" 200 29381 "-" "Mozilla/5.0 AppleWebKit/537.36 (KHTML, like Gecko; compatible; GPTBot/1.3; +https://openai.com/gptbot)"
74.7.227.54 - - [24/Dec/2025:06:19:50 -0600] "GET /vendor/laravel/framework/src/src.php?download=L2hvbWUvd3NhcmRhcmd1cmphcmkvcHVibGljX2h0bWwvdmVuZG9yL2xhcmF2ZWwvZnJhbWV3b3JrL3NyYy93cC1jb250ZW50ODI5OC5waHAucGhwLnRhci5neg== HTTP/1.1" 200 29383 "-" "Mozilla/5.0 AppleWebKit/537.36 (KHTML, like Gecko; compatible; GPTBot/1.3; +https://openai.com/gptbot)"
74.7.227.54 - - [24/Dec/2025:06:19:51 -0600] "GET /vendor/laravel/framework/src/src.php?download=L2hvbWUvd3NhcmRhcmd1cmphcmkvcHVibGljX2h0bWwvdmVuZG9yL2xhcmF2ZWwvZnJhbWV3b3JrL3NyYy93cC1jb250ZW50NDE3My5waHAucGhwLnRhci5neg== HTTP/1.1" 200 29382 "-" "Mozilla/5.0 AppleWebKit/537.36 (KHTML, like Gecko; compatible; GPTBot/1.3; +https://openai.com/gptbot)"
74.7.227.54 - - [24/Dec/2025:06:19:51 -0600] "GET /vendor/laravel/framework/src/417539.php?gzfile=L2hvbWUvd3NhcmRhcmd1cmphcmkvcHVibGljX2h0bWwvdmVuZG9yL2xhcmF2ZWwvZnJhbWV3b3JrL3NyYy93cC1qc29uOTk1NC5waHA= HTTP/1.1" 200 14566 "-" "Mozilla/5.0 AppleWebKit/537.36 (KHTML, like Gecko; compatible; GPTBot/1.3; +https://openai.com/gptbot)"
74.7.227.54 - - [24/Dec/2025:06:19:52 -0600] "GET /vendor/laravel/framework/src/546721.php?gzfile=L2hvbWUvd3NhcmRhcmd1cmphcmkvcHVibGljX2h0bWwvdmVuZG9yL2xhcmF2ZWwvZnJhbWV3b3JrL3NyYy93cC1qc29uOTk1NC5waHA= HTTP/1.1" 200 14566 "-" "Mozilla/5.0 AppleWebKit/537.36 (KHTML, like Gecko; compatible; GPTBot/1.3; +https://openai.com/gptbot)"
74.7.227.54 - - [24/Dec/2025:06:19:52 -0600] "GET /resources/views/layouts/global.php?gzfile=L2hvbWUvd3NhcmRhcmd1cmphcmkvcHVibGljX2h0bWwvcmVzb3VyY2VzL3ZpZXdzL2xheW91dHMvZXJyb3JfbG9n HTTP/1.1" 200 14566 "-" "Mozilla/5.0 AppleWebKit/537.36 (KHTML, like Gecko; compatible; GPTBot/1.3; +https://openai.com/gptbot)"
74.7.227.54 - - [24/Dec/2025:06:19:59 -0600] "GET /resources/views/admin/shared.php?download=L2hvbWUvd3NhcmRhcmd1cmphcmkvcHVibGljX2h0bWwvcmVzb3VyY2VzL3ZpZXdzL2FkbWluL3dwLWluY2x1ZGVzNTA5OC5waHAucGhwLnRhci5neg== HTTP/1.1" 200 29385 "-" "Mozilla/5.0 AppleWebKit/537.36 (KHTML, like Gecko; compatible; GPTBot/1.3; +https://openai.com/gptbot)"
