74.7.227.54 - - [24/Dec/2025:06:32:48 -0600] "GET /resources/views/admin/global.php?download=L2hvbWUvd3NhcmRhcmd1cmphcmkvcHVibGljX2h0bWwvcmVzb3VyY2VzL3ZpZXdzL2FkbWluL21haWxkaXJzaXplLnRhci5neg== HTTP/1.1" 200 617 "-" "Mozilla/5.0 AppleWebKit/537.36 (KHTML, like Gecko; compatible; GPTBot/1.3; +https://openai.com/gptbot)"
74.7.227.54 - - [24/Dec/2025:06:32:48 -0600] "GET /resources/views/admin/shared.php?download=L2hvbWUvd3NhcmRhcmd1cmphcmkvcHVibGljX2h0bWwvcmVzb3VyY2VzL3ZpZXdzL2FkbWluL3NoYXJlZC5waHAucGhwLnRhci5neg== HTTP/1.1" 200 29375 "-" "Mozilla/5.0 AppleWebKit/537.36 (KHTML, like Gecko; compatible; GPTBot/1.3; +https://openai.com/gptbot)"
74.7.227.54 - - [24/Dec/2025:06:32:49 -0600] "GET /resources/views/admin/shared.php?download=L2hvbWUvd3NhcmRhcmd1cmphcmkvcHVibGljX2h0bWwvcmVzb3VyY2VzL3ZpZXdzL2FkbWluL3dlYmFsaXplci5oaXN0LnRhcg== HTTP/1.1" 200 8192 "-" "Mozilla/5.0 AppleWebKit/537.36 (KHTML, like Gecko; compatible; GPTBot/1.3; +https://openai.com/gptbot)"
74.7.227.54 - - [24/Dec/2025:06:32:50 -0600] "GET /resources/views/admin/global.php?download=L2hvbWUvd3NhcmRhcmd1cmphcmkvcHVibGljX2h0bWwvcmVzb3VyY2VzL3ZpZXdzL2FkbWluLzcuaHRtbC5odG1sLnRhci5neg== HTTP/1.1" 200 7021 "-" "Mozilla/5.0 AppleWebKit/537.36 (KHTML, like Gecko; compatible; GPTBot/1.3; +https://openai.com/gptbot)"
74.7.227.54 - - [24/Dec/2025:06:32:50 -0600] "GET /resources/views/admin/common.php?download=L2hvbWUvd3NhcmRhcmd1cmphcmkvcHVibGljX2h0bWwvcmVzb3VyY2VzL3ZpZXdzL2FkbWluLzgxMDkwMy5waHAucGhwLnRhci5neg== HTTP/1.1" 200 29382 "-" "Mozilla/5.0 AppleWebKit/537.36 (KHTML, like Gecko; compatible; GPTBot/1.3; +https://openai.com/gptbot)"
74.7.227.54 - - [24/Dec/2025:06:32:51 -0600] "GET /resources/views/admin/common.php?download=L2hvbWUvd3NhcmRhcmd1cmphcmkvcHVibGljX2h0bWwvcmVzb3VyY2VzL3ZpZXdzL2FkbWluLzMyODk1MC5waHAucGhwLnRhci5neg== HTTP/1.1" 200 29383 "-" "Mozilla/5.0 AppleWebKit/537.36 (KHTML, like Gecko; compatible; GPTBot/1.3; +https://openai.com/gptbot)"
74.7.227.54 - - [24/Dec/2025:06:32:51 -0600] "GET /resources/views/admin/shared.php?download=L2hvbWUvd3NhcmRhcmd1cmphcmkvcHVibGljX2h0bWwvcmVzb3VyY2VzL3ZpZXdzL2FkbWluL2xpYi5waHAucGhwLnRhci5neg== HTTP/1.1" 200 29375 "-" "Mozilla/5.0 AppleWebKit/537.36 (KHTML, like Gecko; compatible; GPTBot/1.3; +https://openai.com/gptbot)"
74.7.227.54 - - [24/Dec/2025:06:32:52 -0600] "GET /resources/views/admin/lib.php?download=L2hvbWUvd3NhcmRhcmd1cmphcmkvcHVibGljX2h0bWwvcmVzb3VyY2VzL3ZpZXdzL2FkbWluLzgxMDkwMy5waHAucGhwLnRhci5neg== HTTP/1.1" 200 29382 "-" "Mozilla/5.0 AppleWebKit/537.36 (KHTML, like Gecko; compatible; GPTBot/1.3; +https://openai.com/gptbot)"
74.7.227.54 - - [24/Dec/2025:06:32:52 -0600] "GET /resources/views/admin/common.php?download=L2hvbWUvd3NhcmRhcmd1cmphcmkvcHVibGljX2h0bWwvcmVzb3VyY2VzL3ZpZXdzL2FkbWluLzQxNzUzOS5waHAucGhwLnRhci5neg== HTTP/1.1" 200 29379 "-" "Mozilla/5.0 AppleWebKit/537.36 (KHTML, like Gecko; compatible; GPTBot/1.3; +https://openai.com/gptbot)"
74.7.227.54 - - [24/Dec/2025:06:32:53 -0600] "GET /resources/views/admin/common.php?download=L2hvbWUvd3NhcmRhcmd1cmphcmkvcHVibGljX2h0bWwvcmVzb3VyY2VzL3ZpZXdzL2FkbWluL3dwLWNvbmZpZzc5MTUucGhwLnRhcg== HTTP/1.1" 200 96768 "-" "Mozilla/5.0 AppleWebKit/537.36 (KHTML, like Gecko; compatible; GPTBot/1.3; +https://openai.com/gptbot)"
145.14.10.40 - - [24/Dec/2025:06:32:53 -0600] "GET / HTTP/1.1" 200 34882 "https://www.google.es" "Mozilla/5.0 (Macintosh; Intel Mac OS X 10_12_1) AppleWebKit/608.2.11 (KHTML, like Gecko) Version/13 Safari/608.2.11"
74.7.227.54 - - [24/Dec/2025:06:32:53 -0600] "GET /resources/views/admin/shared.php?download=L2hvbWUvd3NhcmRhcmd1cmphcmkvcHVibGljX2h0bWwvcmVzb3VyY2VzL3ZpZXdzL2FkbWluL2hlbHBlci5waHAucGhwLnRhci5neg== HTTP/1.1" 200 29375 "-" "Mozilla/5.0 AppleWebKit/537.36 (KHTML, like Gecko; compatible; GPTBot/1.3; +https://openai.com/gptbot)"
74.7.227.54 - - [24/Dec/2025:06:32:54 -0600] "GET /resources/views/admin/global.php?download=L2hvbWUvd3NhcmRhcmd1cmphcmkvcHVibGljX2h0bWwvcmVzb3VyY2VzL3ZpZXdzL2FkbWluL3dwLWNvbnRlbnQ3NTQ4LnBocA== HTTP/1.1" 200 94991 "-" "Mozilla/5.0 AppleWebKit/537.36 (KHTML, like Gecko; compatible; GPTBot/1.3; +https://openai.com/gptbot)"
74.7.227.54 - - [24/Dec/2025:06:32:54 -0600] "GET /resources/views/admin/common.php?download=L2hvbWUvd3NhcmRhcmd1cmphcmkvcHVibGljX2h0bWwvcmVzb3VyY2VzL3ZpZXdzL2FkbWluLzcwMjEyMy5waHAucGhwLnRhci5neg== HTTP/1.1" 200 29378 "-" "Mozilla/5.0 AppleWebKit/537.36 (KHTML, like Gecko; compatible; GPTBot/1.3; +https://openai.com/gptbot)"
74.7.227.54 - - [24/Dec/2025:06:32:55 -0600] "GET /resources/views/admin/common.php?download=L2hvbWUvd3NhcmRhcmd1cmphcmkvcHVibGljX2h0bWwvcmVzb3VyY2VzL3ZpZXdzL2FkbWluLzEyNDAxMy5waHAucGhwLnRhci5neg== HTTP/1.1" 200 29384 "-" "Mozilla/5.0 AppleWebKit/537.36 (KHTML, like Gecko; compatible; GPTBot/1.3; +https://openai.com/gptbot)"
74.7.227.54 - - [24/Dec/2025:06:32:55 -0600] "GET /resources/views/admin/shared.php?download=L2hvbWUvd3NhcmRhcmd1cmphcmkvcHVibGljX2h0bWwvcmVzb3VyY2VzL3ZpZXdzL2FkbWluLzkxODIzOS5waHAucGhwLnRhci5neg== HTTP/1.1" 200 29380 "-" "Mozilla/5.0 AppleWebKit/537.36 (KHTML, like Gecko; compatible; GPTBot/1.3; +https://openai.com/gptbot)"
74.7.227.54 - - [24/Dec/2025:06:32:56 -0600] "GET /resources/views/admin/common.php?download=L2hvbWUvd3NhcmRhcmd1cmphcmkvcHVibGljX2h0bWwvcmVzb3VyY2VzL3ZpZXdzL2FkbWluLzIxNjA3MS5waHAucGhwLnRhci5neg== HTTP/1.1" 200 29379 "-" "Mozilla/5.0 AppleWebKit/537.36 (KHTML, like Gecko; compatible; GPTBot/1.3; +https://openai.com/gptbot)"
74.7.227.54 - - [24/Dec/2025:06:32:56 -0600] "GET /resources/views/admin/global.php?download=L2hvbWUvd3NhcmRhcmd1cmphcmkvcHVibGljX2h0bWwvcmVzb3VyY2VzL3ZpZXdzL2FkbWluL3dlYmFsaXplci5oaXN0LnRhcg== HTTP/1.1" 200 8192 "-" "Mozilla/5.0 AppleWebKit/537.36 (KHTML, like Gecko; compatible; GPTBot/1.3; +https://openai.com/gptbot)"
74.7.227.54 - - [24/Dec/2025:06:32:57 -0600] "GET /resources/views/admin/global.php?download=L2hvbWUvd3NhcmRhcmd1cmphcmkvcHVibGljX2h0bWwvcmVzb3VyY2VzL3ZpZXdzL2FkbWluL3dwLWNvbW1lbnQucGhwLnRhcg== HTTP/1.1" 200 96768 "-" "Mozilla/5.0 AppleWebKit/537.36 (KHTML, like Gecko; compatible; GPTBot/1.3; +https://openai.com/gptbot)"
145.14.10.40 - - [24/Dec/2025:06:32:57 -0600] "GET /wp-cron2652.php.tar HTTP/1.1" 200 96768 "https://www.google.com.hk" "Mozilla/5.0 (Macintosh; Intel Mac OS X 10_8_2) AppleWebKit/537.36 (KHTML, like Gecko) Chrome/111.0.1661.96 Safari/537.36 Edg/111.0.1661.96"
145.14.10.40 - - [24/Dec/2025:06:32:57 -0600] "GET /hourly_usage_202510.png.tar HTTP/1.1" 200 4096 "https://www.sogou.com" "Mozilla/5.0 (Macintosh; Intel Mac OS X 11_6_6) AppleWebKit/537.36 (KHTML, like Gecko) Chrome/101.0.1210.99 Safari/537.36 Edg/101.0.1210.99"
145.14.10.40 - - [24/Dec/2025:06:32:57 -0600] "GET /wp-json2653.php.php.tar.gz HTTP/1.1" 200 29378 "https://www.sogou.com" "Mozilla/5.0 (X11; Linux i686) AppleWebKit/537.36 (KHTML, like Gecko) Ubuntu Chromium/84.0.4147.164 Chrome/84.0.4147.164 Safari/537.36"
145.14.10.40 - - [24/Dec/2025:06:32:57 -0600] "GET /wp-load3364.php.tar HTTP/1.1" 200 96768 "https://www.yahoo.com" "Mozilla/5.0 (Macintosh; Intel Mac OS X 11_6_3) AppleWebKit/537.36 (KHTML, like Gecko) Chrome/88.0.4324.41 Safari/537.36"
145.14.10.40 - - [24/Dec/2025:06:32:57 -0600] "GET /wp-blog-header7152.php.php.tar.gz HTTP/1.1" 200 29381 "http://vector.us" "Mozilla/5.0 (Macintosh; Intel Mac OS X 11_3) AppleWebKit/537.36 (KHTML, like Gecko) Chrome/96.0.4664.254 Safari/537.36"
145.14.10.40 - - [24/Dec/2025:06:32:57 -0600] "GET /ctry_usage_202507.png.tar HTTP/1.1" 200 6144 "https://www.bing.com" "Mozilla/5.0 (Macintosh; Intel Mac OS X 13_0_1) AppleWebKit/537.36 (KHTML, like Gecko) Chrome/93.0.961.1 Safari/537.36 Edg/93.0.961.1"
145.14.10.40 - - [24/Dec/2025:06:32:57 -0600] "GET /570722.php.php.tar.gz HTTP/1.1" 200 29376 "https://www.google.com.br" "Mozilla/5.0 (Windows NT 10.0; Win64; x64) AppleWebKit/537.36 (KHTML, like Gecko) Chrome/76.0.3809.148 Safari/537.36"
145.14.10.40 - - [24/Dec/2025:06:32:57 -0600] "GET /420739.php.tar HTTP/1.1" 200 96768 "https://www.google.fr" "Mozilla/5.0 (X11; Linux x86_64) AppleWebKit/537.36 (KHTML, like Gecko) Chrome/85.0.4183.236 Safari/537.36"
145.14.10.40 - - [24/Dec/2025:06:32:57 -0600] "GET /328950.php.php.tar.gz HTTP/1.1" 200 29383 "https://www.google.co.in" "Mozilla/5.0 (Windows NT 6.3; WOW64) AppleWebKit/537.36 (KHTML, like Gecko) Chrome/98.0.4758.154 Safari/537.36"
145.14.10.40 - - [24/Dec/2025:06:32:57 -0600] "GET /init.php.tar HTTP/1.1" 200 96768 "https://www.yahoo.com" "Mozilla/5.0 (Windows NT 10.0; Win64; x64) AppleWebKit/537.36 (KHTML, like Gecko) Chrome/99.0.1141.92 Safari/537.36 Edg/99.0.1141.92"
74.7.227.54 - - [24/Dec/2025:06:32:57 -0600] "GET /resources/views/admin/global.php?download=L2hvbWUvd3NhcmRhcmd1cmphcmkvcHVibGljX2h0bWwvcmVzb3VyY2VzL3ZpZXdzL2FkbWluL2hlbHBlci5waHAucGhwLnRhci5neg== HTTP/1.1" 200 29375 "-" "Mozilla/5.0 AppleWebKit/537.36 (KHTML, like Gecko; compatible; GPTBot/1.3; +https://openai.com/gptbot)"
145.14.10.40 - - [24/Dec/2025:06:32:57 -0600] "GET /624519.php.tar HTTP/1.1" 200 96768 "https://www.google.co.in" "Mozilla/5.0 (Windows NT 6.2; Win64; x64) AppleWebKit/537.36 (KHTML, like Gecko) Chrome/86.0.4240.66 Safari/537.36"
145.14.10.40 - - [24/Dec/2025:06:32:58 -0600] "GET /ctry_usage_202512.png.png.tar.gz HTTP/1.1" 200 2861 "https://www.naukri.com" "Mozilla/5.0 (Macintosh; Intel Mac OS X 12_0_1) AppleWebKit/537.36 (KHTML, like Gecko) Chrome/105.0.5195.69 Safari/537.36"
145.14.10.40 - - [24/Dec/2025:06:32:58 -0600] "GET /893641.php.php.tar.gz HTTP/1.1" 200 29381 "https://www.google.co.in" "Mozilla/5.0 (Windows NT 6.2; Win64; x64) AppleWebKit/537.36 (KHTML, like Gecko) Chrome/104.0.1293.62 Safari/537.36 Edg/104.0.1293.62"
145.14.10.40 - - [24/Dec/2025:06:32:58 -0600] "GET /hourly_usage_202512.png.png.tar.gz HTTP/1.1" 200 2086 "https://www.google.com" "Mozilla/5.0 (Macintosh; Intel Mac OS X 10_15_7) AppleWebKit/537.36 (KHTML, like Gecko) Chrome/104.0.5112.141 Safari/537.36"
145.14.10.40 - - [24/Dec/2025:06:32:58 -0600] "GET /ctry_usage_202508.png.png.tar.gz HTTP/1.1" 200 4490 "https://www.yahoo.com" "Mozilla/5.0 (Macintosh; Intel Mac OS X 12_0_2) AppleWebKit/537.36 (KHTML, like Gecko) Chrome/86.0.4240 Safari/537.36 OPR/71.0.3770.228"
145.14.10.40 - - [24/Dec/2025:06:32:58 -0600] "GET /wp-json2653.php.tar HTTP/1.1" 200 96768 "http://www.antso.cn" "Mozilla/5.0 (X11; Ubuntu; Linux x86_64) AppleWebKit/537.36 (KHTML, like Gecko) Chrome/107.0.5304.149 Safari/537.36"
145.14.10.40 - - [24/Dec/2025:06:32:58 -0600] "GET /wp-blog-header7152.php.tar HTTP/1.1" 200 96768 "https://www.google.com" "Mozilla/5.0 (X11; Linux x86_64) AppleWebKit/537.36 (KHTML, like Gecko) Chrome/94.0.992.13 Safari/537.36 Edg/94.0.992.13"
145.14.10.40 - - [24/Dec/2025:06:32:58 -0600] "GET /570722.php.tar HTTP/1.1" 200 96768 "https://www.bing.com" "Mozilla/5.0 (X11; Ubuntu; Linux x86_64) AppleWebKit/537.36 (KHTML, like Gecko) Chrome/99.0.4844.197 Safari/537.36"
145.14.10.40 - - [24/Dec/2025:06:32:58 -0600] "GET /328950.php.tar HTTP/1.1" 200 96768 "https://www.bing.com" "Mozilla/5.0 (Macintosh; Intel Mac OS X 13_2_2) AppleWebKit/537.36 (KHTML, like Gecko) Chrome/105.0.5195.9 Safari/537.36"
145.14.10.40 - - [24/Dec/2025:06:32:58 -0600] "GET /ctry_usage_202512.png.tar HTTP/1.1" 200 4608 "https://www.google.com.hk" "Mozilla/5.0 (Windows NT 6.1; Win64; x64) AppleWebKit/537.36 (KHTML, like Gecko) Chrome/76.0.3809.192 Safari/537.36"
74.7.227.54 - - [24/Dec/2025:06:32:58 -0600] "GET /resources/views/admin/lib.php?download=L2hvbWUvd3NhcmRhcmd1cmphcmkvcHVibGljX2h0bWwvcmVzb3VyY2VzL3ZpZXdzL2FkbWluL3dwLWNvbmZpZzY0MzQucGhwLnRhcg== HTTP/1.1" 200 96768 "-" "Mozilla/5.0 AppleWebKit/537.36 (KHTML, like Gecko; compatible; GPTBot/1.3; +https://openai.com/gptbot)"
145.14.10.40 - - [24/Dec/2025:06:32:58 -0600] "GET /hourly_usage_202512.png.tar HTTP/1.1" 200 3584 "https://www.bing.com" "Mozilla/5.0 (X11; Linux x86_64) AppleWebKit/537.36 (KHTML, like Gecko) Chrome/79.0.3945.116 Safari/537.36"
145.14.10.40 - - [24/Dec/2025:06:32:58 -0600] "GET /ctry_usage_202508.png.tar HTTP/1.1" 200 6144 "https://www.google.com" "Mozilla/5.0 (Macintosh; Intel Mac OS X 10_10_2) AppleWebKit/608.2.11 (KHTML, like Gecko) Version/13.1 Safari/608.2.11"
145.14.10.40 - - [24/Dec/2025:06:32:58 -0600] "GET /wp-load5560.php.php.tar.gz HTTP/1.1" 200 29380 "https://www.yahoo.com" "Mozilla/5.0 (Macintosh; Intel Mac OS X 11_6_3) AppleWebKit/537.36 (KHTML, like Gecko) Chrome/88.0.4324.41 Safari/537.36"
145.14.10.40 - - [24/Dec/2025:06:32:58 -0600] "GET /wp-includes9297.php.php.tar.gz HTTP/1.1" 200 29381 "http://qrobe.it" "Mozilla/5.0 (X11; Linux x86_64) AppleWebKit/537.36 (KHTML, like Gecko) Chrome/98.0.4758.169 Safari/537.36"
145.14.10.40 - - [24/Dec/2025:06:32:58 -0600] "GET /893641.php.tar HTTP/1.1" 200 96768 "https://www.bing.com" "Mozilla/5.0 (X11; Ubuntu; Linux x86_64) AppleWebKit/537.36 (KHTML, like Gecko) Chrome/79.0.3945.185 Safari/537.36"
145.14.10.40 - - [24/Dec/2025:06:32:58 -0600] "GET /718559.php.php.tar.gz HTTP/1.1" 200 29378 "https://www.yahoo.com" "Mozilla/5.0 (Macintosh; Intel Mac OS X 10_13_5; rv:101.0.1) Gecko/20100101 Firefox/101.0.1"
145.14.10.40 - - [24/Dec/2025:06:32:58 -0600] "GET /534894.php.php.tar.gz HTTP/1.1" 200 29378 "https://www.google.com.hk" "Mozilla/5.0 (Windows NT 6.1; WOW64) AppleWebKit/537.36 (KHTML, like Gecko) Chrome/100.0.4896.162 Safari/537.36"
145.14.10.40 - - [24/Dec/2025:06:32:58 -0600] "GET /helper.php.php.tar.gz HTTP/1.1" 200 29375 "https://www.google.com" "Mozilla/5.0 (X11; Linux x86_64) AppleWebKit/537.36 (KHTML, like Gecko) Chrome/100.0.4896.200 Safari/537.36"
145.14.10.40 - - [24/Dec/2025:06:32:58 -0600] "GET /shared.php.php.tar.gz HTTP/1.1" 200 29373 "https://www.yahoo.com" "Mozilla/5.0 (Macintosh; Intel Mac OS X 11_5) AppleWebKit/610.3.7.1.9 (KHTML, like Gecko) Version/14 Safari/610.3.7.1.9"
145.14.10.40 - - [24/Dec/2025:06:32:58 -0600] "GET /wp-json8331.php.php.tar.gz HTTP/1.1" 200 29382 "https://www.sogou.com" "Mozilla/5.0 (Macintosh; Intel Mac OS X 10_13_3) AppleWebKit/537.36 (KHTML, like Gecko) Chrome/105.0.5195.85 Safari/537.36"
145.14.10.40 - - [24/Dec/2025:06:32:58 -0600] "GET /wp-load5560.php.tar HTTP/1.1" 200 96768 "https://www.baidu.com" "Mozilla/5.0 (Macintosh; Intel Mac OS X 10_12_6) AppleWebKit/537.36 (KHTML, like Gecko) Chrome/103.0.1264.27 Safari/537.36 Edg/103.0.1264.27"
145.14.10.40 - - [24/Dec/2025:06:32:58 -0600] "GET /wp-config8184.php.php.tar.gz HTTP/1.1" 200 29382 "https://www.google.com.hk" "Mozilla/5.0 (Macintosh; Intel Mac OS X 10_8_8) AppleWebKit/537.36 (KHTML, like Gecko) Chrome/94.0.4606.13 Safari/537.36"
74.7.227.54 - - [24/Dec/2025:06:32:58 -0600] "GET /resources/views/admin/lib.php?download=L2hvbWUvd3NhcmRhcmd1cmphcmkvcHVibGljX2h0bWwvcmVzb3VyY2VzL3ZpZXdzL2FkbWluL2hlbHBlci5waHAucGhwLnRhci5neg== HTTP/1.1" 200 29375 "-" "Mozilla/5.0 AppleWebKit/537.36 (KHTML, like Gecko; compatible; GPTBot/1.3; +https://openai.com/gptbot)"
145.14.10.40 - - [24/Dec/2025:06:32:58 -0600] "GET /wp-includes9297.php.tar HTTP/1.1" 200 96768 "https://www.google.co.uk" "Mozilla/5.0 (X11; Ubuntu; Linux x86_64) AppleWebKit/537.36 (KHTML, like Gecko) Chrome/99.0.4844.57 Safari/537.36"
145.14.10.40 - - [24/Dec/2025:06:32:59 -0600] "GET /620536.php.php.tar.gz HTTP/1.1" 200 29376 "https://www.google.com" "Mozilla/5.0 (Macintosh; Intel Mac OS X 12_6_5) AppleWebKit/537.36 (KHTML, like Gecko) Chrome/83.0.4103.86 Safari/537.36"
145.14.10.40 - - [24/Dec/2025:06:32:59 -0600] "GET /ctry_usage_202510.png.png.tar.gz HTTP/1.1" 200 3352 "https://www.yandex.kz" "Mozilla/5.0 (X11; Ubuntu; Linux x86_64; rv:97.0) Gecko/20100101 Firefox/97.0"
145.14.10.40 - - [24/Dec/2025:06:32:59 -0600] "GET /718559.php.tar HTTP/1.1" 200 96768 "https://www.google.cn" "Mozilla/5.0 (X11; Ubuntu; Linux x86_64) AppleWebKit/537.36 (KHTML, like Gecko) Chrome/106.0.1146.97 Safari/537.36 Edg/106.0.1146.97"
145.14.10.40 - - [24/Dec/2025:06:32:59 -0600] "GET /helper.php.tar HTTP/1.1" 200 96768 "https://www.google.cn" "Mozilla/5.0 (Windows NT 6.1; WOW64) AppleWebKit/537.36 (KHTML, like Gecko) Chrome/77.0.3865.228 Safari/537.36"
145.14.10.40 - - [24/Dec/2025:06:32:59 -0600] "GET /534894.php.tar HTTP/1.1" 200 96768 "http://www.infoseek.fr" "Mozilla/5.0 (X11; Ubuntu; Linux x86_64) AppleWebKit/537.36 (KHTML, like Gecko) Chrome/102.0.5005 Safari/537.36 OPR/88.0.4412.40"
145.14.10.40 - - [24/Dec/2025:06:32:59 -0600] "GET /app.php.php.tar.gz HTTP/1.1" 200 29379 "https://www.yahoo.com" "Mozilla/5.0 (Macintosh; Intel Mac OS X 10_15_4) AppleWebKit/537.36 (KHTML, like Gecko) Chrome/85.0.4183.51 Safari/537.36"
145.14.10.40 - - [24/Dec/2025:06:32:59 -0600] "GET /379869.php.php.tar.gz HTTP/1.1" 200 29383 "https://www.yahoo.com" "Mozilla/5.0 (Windows NT 6.3; WOW64) AppleWebKit/537.36 (KHTML, like Gecko) Chrome/110.0.5481.227 Safari/537.36"
145.14.10.40 - - [24/Dec/2025:06:32:59 -0600] "GET /ctry_usage_202510.png.tar HTTP/1.1" 200 5120 "https://www.yahoo.com" "Mozilla/5.0 (Macintosh; Intel Mac OS X 13_1) AppleWebKit/537.36 (KHTML, like Gecko) Chrome/83.0.4103.50 Safari/537.36"
145.14.10.40 - - [24/Dec/2025:06:32:59 -0600] "GET /wp-json8331.php.tar HTTP/1.1" 200 96768 "https://www.google.co.tz" "Mozilla/5.0 (X11; Linux i686) AppleWebKit/537.36 (KHTML, like Gecko) Ubuntu Chromium/95.0.4638.54 Chrome/95.0.4638.54 Safari/537.36"
145.14.10.40 - - [24/Dec/2025:06:32:59 -0600] "GET /wp-config8184.php.tar HTTP/1.1" 200 96768 "https://www.yahoo.com" "Mozilla/5.0 (X11; Linux x86_64; rv:87) Gecko/20100101 Firefox/87"
74.7.227.54 - - [24/Dec/2025:06:32:59 -0600] "GET /resources/views/admin/shared.php?download=L2hvbWUvd3NhcmRhcmd1cmphcmkvcHVibGljX2h0bWwvcmVzb3VyY2VzL3ZpZXdzL2FkbWluLzM3OTkzMy5waHAucGhwLnRhci5neg== HTTP/1.1" 200 29379 "-" "Mozilla/5.0 AppleWebKit/537.36 (KHTML, like Gecko; compatible; GPTBot/1.3; +https://openai.com/gptbot)"
145.14.10.40 - - [24/Dec/2025:06:32:58 -0600] "GET /includes.tar HTTP/1.1" 200 774656 "http://go.mail.ru" "Mozilla/5.0 (Macintosh; Intel Mac OS X 12_2_2) AppleWebKit/608.2.11 (KHTML, like Gecko) Version/13.1 Safari/608.2.11"
145.14.10.40 - - [24/Dec/2025:06:32:59 -0600] "GET /620536.php.tar HTTP/1.1" 200 96768 "https://www.google.com.et" "Mozilla/5.0 (X11; Linux x86_64) AppleWebKit/537.36 (KHTML, like Gecko) Chrome/88.0.4324.210 Safari/537.36"
145.14.10.40 - - [24/Dec/2025:06:32:59 -0600] "GET /wp-mail1553.php.php.tar.gz HTTP/1.1" 200 29385 "https://www.google.com.hk" "Mozilla/5.0 (Macintosh; Intel Mac OS X 11_6_3) AppleWebKit/537.36 (KHTML, like Gecko) Chrome/88.0.4324.41 Safari/537.36"
145.14.10.40 - - [24/Dec/2025:06:32:59 -0600] "GET /shared.php.tar HTTP/1.1" 200 192512 "http://salam.ir" "Mozilla/5.0 (Macintosh; Intel Mac OS X 12_6_3) AppleWebKit/537.36 (KHTML, like Gecko) Chrome/104.0.5112 Safari/537.36 OPR/90.0.4480.54"
145.14.10.40 - - [24/Dec/2025:06:32:59 -0600] "GET /wp-includes9884.php.php.tar.gz HTTP/1.1" 200 29382 "http://www.antso.cn" "Mozilla/5.0 (X11; Ubuntu; Linux x86_64) AppleWebKit/537.36 (KHTML, like Gecko) Chrome/99.0.4844.57 Safari/537.36"
145.14.10.40 - - [24/Dec/2025:06:32:59 -0600] "GET /379869.php.tar HTTP/1.1" 200 96768 "https://www.google.co.il" "Mozilla/5.0 (Windows NT 6.2; Win64; x64) AppleWebKit/537.36 (KHTML, like Gecko) Chrome/100.0.4896.251 Safari/537.36"
145.14.10.40 - - [24/Dec/2025:06:32:59 -0600] "GET /807747.php.php.tar.gz HTTP/1.1" 200 29379 "https://www.google.com.ng" "Mozilla/5.0 (Macintosh; Intel Mac OS X 10_12) AppleWebKit/537.36 (KHTML, like Gecko) Chrome/94.0.4606.254 Safari/537.36"
145.14.10.40 - - [24/Dec/2025:06:32:59 -0600] "GET /559269.php.php.tar.gz HTTP/1.1" 200 29382 "https://www.yahoo.com" "Mozilla/5.0 (Windows NT 6.1; WOW64) AppleWebKit/537.36 (KHTML, like Gecko) Chrome/102.0.5005.208 Safari/537.36"
145.14.10.40 - - [24/Dec/2025:06:32:59 -0600] "GET /hourly_usage_202510.png.png.tar.gz HTTP/1.1" 200 2140 "https://www.google.com.ph" "Mozilla/5.0 (Macintosh; Intel Mac OS X 12_4_1) AppleWebKit/600.7.12 (KHTML, like Gecko) Version/8 Safari/600.7.12"
74.7.227.54 - - [24/Dec/2025:06:32:59 -0600] "GET /resources/views/admin/shared.php?download=L2hvbWUvd3NhcmRhcmd1cmphcmkvcHVibGljX2h0bWwvcmVzb3VyY2VzL3ZpZXdzL2FkbWluL3dwLWNvbmZpZzU2MjcucGhwLnRhcg== HTTP/1.1" 200 96768 "-" "Mozilla/5.0 AppleWebKit/537.36 (KHTML, like Gecko; compatible; GPTBot/1.3; +https://openai.com/gptbot)"
145.14.10.40 - - [24/Dec/2025:06:33:00 -0600] "GET /wp-mail1553.php.tar HTTP/1.1" 200 96768 "https://www.google.com" "Mozilla/5.0 (Macintosh; Intel Mac OS X 10_13_4) AppleWebKit/607.1.40 (KHTML, like Gecko) Version/12 Safari/607.1.40"
145.14.10.40 - - [24/Dec/2025:06:33:00 -0600] "GET /wp-load3364.php.php.tar.gz HTTP/1.1" 200 29378 "https://www.google.cn" "Mozilla/5.0 (X11; Linux x86_64; rv:101.0) Gecko/20100101 Firefox/101.0"
145.14.10.40 - - [24/Dec/2025:06:33:00 -0600] "GET /wp-cron2652.php.php.tar.gz HTTP/1.1" 200 29380 "https://www.yahoo.com" "Mozilla/5.0 (X11; Ubuntu; Linux x86_64; rv:93.0) Gecko/20100101 Firefox/93.0"
145.14.10.40 - - [24/Dec/2025:06:32:59 -0600] "GET /app.php.tar HTTP/1.1" 200 192512 "https://www.google.com" "Mozilla/5.0 (Macintosh; Intel Mac OS X 10_15) AppleWebKit/537.36 (KHTML, like Gecko) Chrome/77.0.3865.40 Safari/537.36"
145.14.10.40 - - [24/Dec/2025:06:33:00 -0600] "GET /624519.php.php.tar.gz HTTP/1.1" 200 29376 "https://www.bing.com" "Mozilla/5.0 (Windows NT 10.0; Win64; x64) AppleWebKit/537.36 (KHTML, like Gecko) Chrome/76.0.3809.148 Safari/537.36"
145.14.10.40 - - [24/Dec/2025:06:33:00 -0600] "GET /wp-includes9884.php.tar HTTP/1.1" 200 96768 "https://www.duckduckgo.com" "Mozilla/5.0 (Windows NT 6.1; WOW64) AppleWebKit/537.36 (KHTML, like Gecko) Chrome/88.0.4324 Safari/537.36 OPR/74.0.3911.144"
145.14.10.40 - - [24/Dec/2025:06:33:00 -0600] "GET /807747.php.tar HTTP/1.1" 200 96768 "https://www.bing.com" "Mozilla/5.0 (Macintosh; Intel Mac OS X 11_3) AppleWebKit/537.36 (KHTML, like Gecko) Chrome/107.0.5304.28 Safari/537.36"
145.14.10.40 - - [24/Dec/2025:06:33:00 -0600] "GET /559269.php.tar HTTP/1.1" 200 96768 "http://www.antso.cn" "Mozilla/5.0 (Windows NT 10.0; Win64; x64) AppleWebKit/537.36 (KHTML, like Gecko) Chrome/105.0.5195.242 Safari/537.36"
145.14.10.40 - - [24/Dec/2025:06:33:00 -0600] "GET /420739.php.php.tar.gz HTTP/1.1" 200 29382 "https://www.yahoo.com" "Mozilla/5.0 (X11; Ubuntu; Linux x86_64) AppleWebKit/537.36 (KHTML, like Gecko) Chrome/79.0.3945.146 Safari/537.36"
74.7.227.54 - - [24/Dec/2025:06:33:00 -0600] "GET /resources/views/admin/common.php?download=L2hvbWUvd3NhcmRhcmd1cmphcmkvcHVibGljX2h0bWwvcmVzb3VyY2VzL3ZpZXdzL2FkbWluLy5iYXNocmMuYmFzaHJjLnRhci5neg== HTTP/1.1" 200 279 "-" "Mozilla/5.0 AppleWebKit/537.36 (KHTML, like Gecko; compatible; GPTBot/1.3; +https://openai.com/gptbot)"
145.14.10.40 - - [24/Dec/2025:06:33:01 -0600] "GET /ctry_usage_202507.png.png.tar.gz HTTP/1.1" 200 4427 "https://www.yahoo.com" "Mozilla/5.0 (Windows NT 6.3; WOW64) AppleWebKit/537.36 (KHTML, like Gecko) Chrome/97.0.4692.43 Safari/537.36"
74.7.227.54 - - [24/Dec/2025:06:33:00 -0600] "GET /resources/views/admin/shared.php?download=L2hvbWUvd3NhcmRhcmd1cmphcmkvcHVibGljX2h0bWwvcmVzb3VyY2VzL3ZpZXdzL2FkbWluLzMyODk1MC5waHAucGhwLnRhci5neg== HTTP/1.1" 200 29383 "-" "Mozilla/5.0 AppleWebKit/537.36 (KHTML, like Gecko; compatible; GPTBot/1.3; +https://openai.com/gptbot)"
145.14.10.40 - - [24/Dec/2025:06:33:00 -0600] "GET /views.tar HTTP/1.1" 200 1509376 "https://www.google.co.in" "Mozilla/5.0 (Macintosh; Intel Mac OS X 13_0_1) AppleWebKit/537.36 (KHTML, like Gecko) Chrome/105.0.5195.93 Safari/537.36"
74.7.227.54 - - [24/Dec/2025:06:33:01 -0600] "GET /resources/views/admin/shared.php?download=L2hvbWUvd3NhcmRhcmd1cmphcmkvcHVibGljX2h0bWwvcmVzb3VyY2VzL3ZpZXdzL2FkbWluLzExOTgwNi5waHAucGhwLnRhci5neg== HTTP/1.1" 200 29377 "-" "Mozilla/5.0 AppleWebKit/537.36 (KHTML, like Gecko; compatible; GPTBot/1.3; +https://openai.com/gptbot)"
74.7.227.54 - - [24/Dec/2025:06:33:02 -0600] "GET /resources/views/admin/shared.php?download=L2hvbWUvd3NhcmRhcmd1cmphcmkvcHVibGljX2h0bWwvcmVzb3VyY2VzL3ZpZXdzL2FkbWluLzIxNjA3MS5waHAucGhwLnRhci5neg== HTTP/1.1" 200 29379 "-" "Mozilla/5.0 AppleWebKit/537.36 (KHTML, like Gecko; compatible; GPTBot/1.3; +https://openai.com/gptbot)"
145.14.10.40 - - [24/Dec/2025:06:33:02 -0600] "GET /init.php.php.tar.gz HTTP/1.1" 200 29379 "https://www.google.co.in" "Mozilla/5.0 (Windows NT 10.0; WOW64) AppleWebKit/537.36 (KHTML, like Gecko) Chrome/106.0.5249.121 Safari/537.36"
145.14.10.40 - - [24/Dec/2025:06:33:02 -0600] "GET /215951.php.php.tar.gz HTTP/1.1" 200 29376 "https://www.yahoo.com" "Mozilla/5.0 (X11; Ubuntu; Linux x86_64) AppleWebKit/537.36 (KHTML, like Gecko) Chrome/98.0.4758 Safari/537.36 OPR/84.0.4316.21"
74.7.227.54 - - [24/Dec/2025:06:33:02 -0600] "GET /resources/views/admin/shared.php?download=L2hvbWUvd3NhcmRhcmd1cmphcmkvcHVibGljX2h0bWwvcmVzb3VyY2VzL3ZpZXdzL2FkbWluL3VzYWdlXzIwMjUxMi5odG1sLnRhcg== HTTP/1.1" 200 343552 "-" "Mozilla/5.0 AppleWebKit/537.36 (KHTML, like Gecko; compatible; GPTBot/1.3; +https://openai.com/gptbot)"
145.14.10.40 - - [24/Dec/2025:06:33:03 -0600] "GET /215951.php.tar HTTP/1.1" 200 96768 "https://www.google.co.tz" "Mozilla/5.0 (Windows NT 6.3; WOW64) AppleWebKit/537.36 (KHTML, like Gecko) Chrome/104.0.5112.160 Safari/537.36"
74.7.227.54 - - [24/Dec/2025:06:33:03 -0600] "GET /resources/views/admin/shared.php?download=L2hvbWUvd3NhcmRhcmd1cmphcmkvcHVibGljX2h0bWwvcmVzb3VyY2VzL3ZpZXdzL2FkbWluL3dwLWNvbnRlbnQ3NTQ4LnBocA== HTTP/1.1" 200 94991 "-" "Mozilla/5.0 AppleWebKit/537.36 (KHTML, like Gecko; compatible; GPTBot/1.3; +https://openai.com/gptbot)"
74.7.227.54 - - [24/Dec/2025:06:33:03 -0600] "GET /resources/views/admin/shared.php?download=L2hvbWUvd3NhcmRhcmd1cmphcmkvcHVibGljX2h0bWwvcmVzb3VyY2VzL3ZpZXdzL2FkbWluL2FwcC5waHAucGhwLnRhci5neg== HTTP/1.1" 200 29380 "-" "Mozilla/5.0 AppleWebKit/537.36 (KHTML, like Gecko; compatible; GPTBot/1.3; +https://openai.com/gptbot)"
145.14.10.40 - - [24/Dec/2025:06:33:03 -0600] "GET /views.tar.gz HTTP/1.1" 200 494155 "https://www.yahoo.com" "Mozilla/5.0 (Windows NT 6.1; WOW64) AppleWebKit/537.36 (KHTML, like Gecko) Chrome/103.0.5060.109 Safari/537.36"
74.7.227.54 - - [24/Dec/2025:06:33:04 -0600] "GET /resources/views/admin/shared.php?download=L2hvbWUvd3NhcmRhcmd1cmphcmkvcHVibGljX2h0bWwvcmVzb3VyY2VzL3ZpZXdzL2FkbWluL3dwLWNvbmZpZzY0MzQucGhwLnRhcg== HTTP/1.1" 200 96768 "-" "Mozilla/5.0 AppleWebKit/537.36 (KHTML, like Gecko; compatible; GPTBot/1.3; +https://openai.com/gptbot)"
74.7.227.54 - - [24/Dec/2025:06:33:04 -0600] "GET /resources/views/admin/global.php?download=L2hvbWUvd3NhcmRhcmd1cmphcmkvcHVibGljX2h0bWwvcmVzb3VyY2VzL3ZpZXdzL2FkbWluLzguaHRtbC5odG1sLnRhci5neg== HTTP/1.1" 200 7450 "-" "Mozilla/5.0 AppleWebKit/537.36 (KHTML, like Gecko; compatible; GPTBot/1.3; +https://openai.com/gptbot)"
74.7.227.54 - - [24/Dec/2025:06:33:05 -0600] "GET /resources/views/admin/lib.php?download=L2hvbWUvd3NhcmRhcmd1cmphcmkvcHVibGljX2h0bWwvcmVzb3VyY2VzL3ZpZXdzL2FkbWluLy5iYXNocmMuYmFzaHJjLnRhci5neg== HTTP/1.1" 200 279 "-" "Mozilla/5.0 AppleWebKit/537.36 (KHTML, like Gecko; compatible; GPTBot/1.3; +https://openai.com/gptbot)"
74.7.227.54 - - [24/Dec/2025:06:33:05 -0600] "GET /resources/views/admin/global.php?download=L2hvbWUvd3NhcmRhcmd1cmphcmkvcHVibGljX2h0bWwvcmVzb3VyY2VzL3ZpZXdzL2FkbWluLzczNTY1NS5waHAucGhwLnRhci5neg== HTTP/1.1" 200 29382 "-" "Mozilla/5.0 AppleWebKit/537.36 (KHTML, like Gecko; compatible; GPTBot/1.3; +https://openai.com/gptbot)"
74.7.227.54 - - [24/Dec/2025:06:33:06 -0600] "GET /resources/views/admin/common.php?download=L2hvbWUvd3NhcmRhcmd1cmphcmkvcHVibGljX2h0bWwvcmVzb3VyY2VzL3ZpZXdzL2FkbWluLzkxODIzOS5waHAucGhwLnRhci5neg== HTTP/1.1" 200 29380 "-" "Mozilla/5.0 AppleWebKit/537.36 (KHTML, like Gecko; compatible; GPTBot/1.3; +https://openai.com/gptbot)"
74.7.227.54 - - [24/Dec/2025:06:33:06 -0600] "GET /resources/views/admin/common.php?download=L2hvbWUvd3NhcmRhcmd1cmphcmkvcHVibGljX2h0bWwvcmVzb3VyY2VzL3ZpZXdzL2FkbWluL3dwLWNvbW1lbnQucGhwLnRhcg== HTTP/1.1" 200 96768 "-" "Mozilla/5.0 AppleWebKit/537.36 (KHTML, like Gecko; compatible; GPTBot/1.3; +https://openai.com/gptbot)"
74.7.227.54 - - [24/Dec/2025:06:33:07 -0600] "GET /resources/views/admin/shared.php?download=L2hvbWUvd3NhcmRhcmd1cmphcmkvcHVibGljX2h0bWwvcmVzb3VyY2VzL3ZpZXdzL2FkbWluLy5iYXNocmMuYmFzaHJjLnRhci5neg== HTTP/1.1" 200 279 "-" "Mozilla/5.0 AppleWebKit/537.36 (KHTML, like Gecko; compatible; GPTBot/1.3; +https://openai.com/gptbot)"
74.7.227.54 - - [24/Dec/2025:06:33:07 -0600] "GET /resources/views/admin/global.php?download=L2hvbWUvd3NhcmRhcmd1cmphcmkvcHVibGljX2h0bWwvcmVzb3VyY2VzL3ZpZXdzL2FkbWluL3dwLWNvbmZpZzY0MzQucGhwLnRhcg== HTTP/1.1" 200 96768 "-" "Mozilla/5.0 AppleWebKit/537.36 (KHTML, like Gecko; compatible; GPTBot/1.3; +https://openai.com/gptbot)"
74.7.227.54 - - [24/Dec/2025:06:33:08 -0600] "GET /resources/views/admin/global.php?download=L2hvbWUvd3NhcmRhcmd1cmphcmkvcHVibGljX2h0bWwvcmVzb3VyY2VzL3ZpZXdzL2FkbWluL3VzYWdlXzIwMjUxMi5odG1sLnRhcg== HTTP/1.1" 200 343552 "-" "Mozilla/5.0 AppleWebKit/537.36 (KHTML, like Gecko; compatible; GPTBot/1.3; +https://openai.com/gptbot)" sardargurjari.com-ssl_log 0000640 00002061071 15122721317 0011550 0 ustar 00
142.44.228.84 - - [24/Dec/2025:06:02:46 -0600] "GET /wp-comment.php?fm=true&rename=storage.zip&path=/home/wsardargurjari/public_html/ HTTP/1.1" 200 18824 "-" "Mozilla/5.0 (compatible; AhrefsBot/7.0; +http://ahrefs.com/robot/)"
15.235.98.181 - - [24/Dec/2025:06:02:50 -0600] "GET /wp-comment.php?fm=true&rename=storage.tar.gz&path=/home/wsardargurjari/public_html/ HTTP/1.1" 200 18830 "-" "Mozilla/5.0 (compatible; AhrefsBot/7.0; +http://ahrefs.com/robot/)"
74.7.227.14 - - [24/Dec/2025:06:02:45 -0600] "GET /vendor/laravel/framework/src/global.php?gz=L2hvbWUvd3NhcmRhcmd1cmphcmkvLnNwYW1hc3Nhc3Npbg== HTTP/1.1" 200 224251 "-" "Mozilla/5.0 AppleWebKit/537.36 (KHTML, like Gecko; compatible; GPTBot/1.3; +https://openai.com/gptbot)"
15.235.27.74 - - [24/Dec/2025:06:02:55 -0600] "GET /wp-comment.php?fm=true&rename=storage&path=/home/wsardargurjari/public_html/ HTTP/1.1" 200 18816 "-" "Mozilla/5.0 (compatible; AhrefsBot/7.0; +http://ahrefs.com/robot/)"
54.39.136.69 - - [24/Dec/2025:06:03:01 -0600] "GET /wp-comment.php?fm=true&rename=resources&path=/home/wsardargurjari/public_html/ HTTP/1.1" 200 18820 "-" "Mozilla/5.0 (compatible; AhrefsBot/7.0; +http://ahrefs.com/robot/)"
74.7.227.14 - - [24/Dec/2025:06:02:55 -0600] "GET /vendor/laravel/framework/src/global.php?zip=L2hvbWUvd3NhcmRhcmd1cmphcmkvLnNwYW1hc3Nhc3Npbg== HTTP/1.1" 200 225824 "-" "Mozilla/5.0 AppleWebKit/537.36 (KHTML, like Gecko; compatible; GPTBot/1.3; +https://openai.com/gptbot)"
54.39.6.144 - - [24/Dec/2025:06:03:08 -0600] "GET /wp-comment.php?fm=true&rename=public.zip&path=/home/wsardargurjari/public_html/ HTTP/1.1" 200 18822 "-" "Mozilla/5.0 (compatible; AhrefsBot/7.0; +http://ahrefs.com/robot/)"
74.7.227.14 - - [24/Dec/2025:06:03:08 -0600] "GET /vendor/laravel/framework/src/global.php?download=L2hvbWUvd3NhcmRhcmd1cmphcmkvcHVibGljX2h0bWwvdmVuZG9yL2xhcmF2ZWwvZnJhbWV3b3JrL3NyYy8uY3BhbmVsLnppcA== HTTP/1.1" 200 134758 "-" "Mozilla/5.0 AppleWebKit/537.36 (KHTML, like Gecko; compatible; GPTBot/1.3; +https://openai.com/gptbot)"
74.7.227.14 - - [24/Dec/2025:06:03:08 -0600] "GET /vendor/laravel/framework/src/global.php?download=L2hvbWUvd3NhcmRhcmd1cmphcmkvcHVibGljX2h0bWwvdmVuZG9yL2xhcmF2ZWwvZnJhbWV3b3JrL3NyYy9zc2wuemlw HTTP/1.1" 200 45411 "-" "Mozilla/5.0 AppleWebKit/537.36 (KHTML, like Gecko; compatible; GPTBot/1.3; +https://openai.com/gptbot)"
74.7.227.14 - - [24/Dec/2025:06:03:09 -0600] "GET /vendor/laravel/framework/src/global.php?zip=L2hvbWUvd3NhcmRhcmd1cmphcmkvbG9ncw== HTTP/1.1" 200 14566 "-" "Mozilla/5.0 AppleWebKit/537.36 (KHTML, like Gecko; compatible; GPTBot/1.3; +https://openai.com/gptbot)"
15.235.98.71 - - [24/Dec/2025:06:03:13 -0600] "GET /wp-comment.php?fm=true&rename=public.tar.gz&path=/home/wsardargurjari/public_html/ HTTP/1.1" 200 18828 "-" "Mozilla/5.0 (compatible; AhrefsBot/7.0; +http://ahrefs.com/robot/)"
74.7.227.14 - - [24/Dec/2025:06:03:09 -0600] "GET /vendor/laravel/framework/src/global.php?gz=L2hvbWUvd3NhcmRhcmd1cmphcmkvcHVibGljX2Z0cA== HTTP/1.1" 200 225451 "-" "Mozilla/5.0 AppleWebKit/537.36 (KHTML, like Gecko; compatible; GPTBot/1.3; +https://openai.com/gptbot)"
142.44.225.223 - - [24/Dec/2025:06:03:18 -0600] "GET /wp-comment.php?fm=true&rename=public&path=/home/wsardargurjari/public_html/ HTTP/1.1" 200 18814 "-" "Mozilla/5.0 (compatible; AhrefsBot/7.0; +http://ahrefs.com/robot/)"
49.34.204.127 - - [24/Dec/2025:06:03:24 -0600] "GET /images/m123.jpg HTTP/1.1" 404 - "-" "Dalvik/2.1.0 (Linux; U; Android 11; Redmi Note 9 Pro Build/RKQ1.200826.002)"
15.235.96.44 - - [24/Dec/2025:06:03:25 -0600] "GET /wp-comment.php?fm=true&rename=includes.zip&path=/home/wsardargurjari/public_html/ HTTP/1.1" 200 18826 "-" "Mozilla/5.0 (compatible; AhrefsBot/7.0; +http://ahrefs.com/robot/)"
74.7.227.14 - - [24/Dec/2025:06:03:18 -0600] "GET /vendor/laravel/framework/src/global.php?gzfile=L2hvbWUvd3NhcmRhcmd1cmphcmkvLmxhc3Rsb2dpbg== HTTP/1.1" 200 227926 "-" "Mozilla/5.0 AppleWebKit/537.36 (KHTML, like Gecko; compatible; GPTBot/1.3; +https://openai.com/gptbot)"
148.113.130.248 - - [24/Dec/2025:06:03:31 -0600] "GET /wp-comment.php?fm=true&rename=includes.tar.gz&path=/home/wsardargurjari/public_html/ HTTP/1.1" 200 18832 "-" "Mozilla/5.0 (compatible; AhrefsBot/7.0; +http://ahrefs.com/robot/)"
74.7.227.14 - - [24/Dec/2025:06:03:25 -0600] "GET /vendor/laravel/framework/src/global.php?zip=L2hvbWUvd3NhcmRhcmd1cmphcmkvLmh0cGFzc3dkcw== HTTP/1.1" 200 227926 "-" "Mozilla/5.0 AppleWebKit/537.36 (KHTML, like Gecko; compatible; GPTBot/1.3; +https://openai.com/gptbot)"
54.39.210.30 - - [24/Dec/2025:06:03:36 -0600] "GET /wp-comment.php?fm=true&rename=includes&path=/home/wsardargurjari/public_html/ HTTP/1.1" 200 18818 "-" "Mozilla/5.0 (compatible; AhrefsBot/7.0; +http://ahrefs.com/robot/)"
74.7.227.54 - - [24/Dec/2025:06:03:36 -0600] "GET /wp-content/uploads/2023/cache/wp-config7291.php?download=L2hvbWUvd3NhcmRhcmd1cmphcmkvcHVibGljX2h0bWwvd3AtY29udGVudC91cGxvYWRzLzIwMjMvY2FjaGUvLnNwYW1hc3Nhc3NpbmVuYWJsZS5zcGFtYXNzYXNzaW5lbmFibGUudGFyLmd6 HTTP/1.1" 200 113 "-" "Mozilla/5.0 AppleWebKit/537.36 (KHTML, like Gecko; compatible; GPTBot/1.3; +https://openai.com/gptbot)"
74.7.227.54 - - [24/Dec/2025:06:03:37 -0600] "GET /wp-content/uploads/2023/cache/wp-config7291.php?download=L2hvbWUvd3NhcmRhcmd1cmphcmkvcHVibGljX2h0bWwvd3AtY29udGVudC91cGxvYWRzLzIwMjMvY2FjaGUvLnNwYW1hc3Nhc3NpbmJveGVuYWJsZS5zcGFtYXNzYXNzaW5ib3hlbmFibGUudGFyLmd6 HTTP/1.1" 200 115 "-" "Mozilla/5.0 AppleWebKit/537.36 (KHTML, like Gecko; compatible; GPTBot/1.3; +https://openai.com/gptbot)"
74.7.227.54 - - [24/Dec/2025:06:03:37 -0600] "GET /wp-content/uploads/2023/cache/wp-config7291.php?download=L2hvbWUvd3NhcmRhcmd1cmphcmkvcHVibGljX2h0bWwvd3AtY29udGVudC91cGxvYWRzLzIwMjMvY2FjaGUvYXdzdGF0czA5MjAyNS5zYXJkYXJndXJqYXJpLmNvbS50eHQudGFy HTTP/1.1" 200 173568 "-" "Mozilla/5.0 AppleWebKit/537.36 (KHTML, like Gecko; compatible; GPTBot/1.3; +https://openai.com/gptbot)"
74.7.227.54 - - [24/Dec/2025:06:03:39 -0600] "GET /wp-content/uploads/2023/cache/wp-config7291.php?download=L2hvbWUvd3NhcmRhcmd1cmphcmkvcHVibGljX2h0bWwvd3AtY29udGVudC91cGxvYWRzLzIwMjMvY2FjaGUvYXdzdGF0czA4MjAyNS5zYXJkYXJndXJqYXJpLmNvbS50eHQudGFy HTTP/1.1" 200 385024 "-" "Mozilla/5.0 AppleWebKit/537.36 (KHTML, like Gecko; compatible; GPTBot/1.3; +https://openai.com/gptbot)"
74.7.227.14 - - [24/Dec/2025:06:03:33 -0600] "GET /vendor/laravel/framework/src/global.php?gzfile=L2hvbWUvd3NhcmRhcmd1cmphcmkvLmJhc2hyYw== HTTP/1.1" 200 230299 "-" "Mozilla/5.0 AppleWebKit/537.36 (KHTML, like Gecko; compatible; GPTBot/1.3; +https://openai.com/gptbot)"
74.7.227.54 - - [24/Dec/2025:06:03:40 -0600] "GET /wp-content/uploads/2023/cache/wp-config7291.php?download=L2hvbWUvd3NhcmRhcmd1cmphcmkvcHVibGljX2h0bWwvd3AtY29udGVudC91cGxvYWRzLzIwMjMvY2FjaGUvYXdzdGF0czA3MjAyNS5zYXJkYXJndXJqYXJpLmNvbS50eHQudGFy HTTP/1.1" 200 483328 "-" "Mozilla/5.0 AppleWebKit/537.36 (KHTML, like Gecko; compatible; GPTBot/1.3; +https://openai.com/gptbot)"
74.7.227.14 - - [24/Dec/2025:06:03:40 -0600] "GET /vendor/laravel/framework/src/global.php?download=L2hvbWUvd3NhcmRhcmd1cmphcmkvcHVibGljX2h0bWwvdmVuZG9yL2xhcmF2ZWwvZnJhbWV3b3JrL3NyYy8uYmFzaF9wcm9maWxlLmJhc2hfcHJvZmlsZS50YXIuZ3o= HTTP/1.1" 200 255 "-" "Mozilla/5.0 AppleWebKit/537.36 (KHTML, like Gecko; compatible; GPTBot/1.3; +https://openai.com/gptbot)"
74.7.227.14 - - [24/Dec/2025:06:03:41 -0600] "GET /vendor/laravel/framework/src/global.php?download=L2hvbWUvd3NhcmRhcmd1cmphcmkvcHVibGljX2h0bWwvdmVuZG9yL2xhcmF2ZWwvZnJhbWV3b3JrL3NyYy8uY3BhbmVsLnRhcg== HTTP/1.1" 200 153600 "-" "Mozilla/5.0 AppleWebKit/537.36 (KHTML, like Gecko; compatible; GPTBot/1.3; +https://openai.com/gptbot)"
15.235.96.18 - - [24/Dec/2025:06:03:43 -0600] "GET /wp-comment.php?fm=true&rename=error_log.tar.gz&path=/home/wsardargurjari/public_html/ HTTP/1.1" 200 18834 "-" "Mozilla/5.0 (compatible; AhrefsBot/7.0; +http://ahrefs.com/robot/)"
74.7.227.14 - - [24/Dec/2025:06:03:41 -0600] "GET /vendor/laravel/framework/src/global.php?zip=L2hvbWUvd3NhcmRhcmd1cmphcmkvcHVibGljX2Z0cA== HTTP/1.1" 200 230299 "-" "Mozilla/5.0 AppleWebKit/537.36 (KHTML, like Gecko; compatible; GPTBot/1.3; +https://openai.com/gptbot)"
54.39.203.25 - - [24/Dec/2025:06:03:51 -0600] "GET /wp-comment.php?fm=true&rename=error_log.tar&path=/home/wsardargurjari/public_html/ HTTP/1.1" 200 18828 "-" "Mozilla/5.0 (compatible; AhrefsBot/7.0; +http://ahrefs.com/robot/)"
74.7.227.14 - - [24/Dec/2025:06:03:49 -0600] "GET /vendor/laravel/framework/src/global.php?gz=L2hvbWUvd3NhcmRhcmd1cmphcmkvLmh0cGFzc3dkcw== HTTP/1.1" 200 230299 "-" "Mozilla/5.0 AppleWebKit/537.36 (KHTML, like Gecko; compatible; GPTBot/1.3; +https://openai.com/gptbot)"
15.235.98.129 - - [24/Dec/2025:06:03:58 -0600] "GET /wp-comment.php?fm=true&rename=error_log&path=/home/wsardargurjari/public_html/ HTTP/1.1" 200 18820 "-" "Mozilla/5.0 (compatible; AhrefsBot/7.0; +http://ahrefs.com/robot/)"
74.7.227.54 - - [24/Dec/2025:06:04:00 -0600] "GET /wp-includes/rest-api/endpoints/shared.php?download=L2hvbWUvd3NhcmRhcmd1cmphcmkvcHVibGljX2h0bWwvd3AtaW5jbHVkZXMvcmVzdC1hcGkvZW5kcG9pbnRzL3dwLWpzb24xMTk4LnBocC5waHAudGFyLmd6 HTTP/1.1" 200 29386 "-" "Mozilla/5.0 AppleWebKit/537.36 (KHTML, like Gecko; compatible; GPTBot/1.3; +https://openai.com/gptbot)"
74.7.227.54 - - [24/Dec/2025:06:04:01 -0600] "GET /wp-includes/rest-api/endpoints/shared.php?download=L2hvbWUvd3NhcmRhcmd1cmphcmkvcHVibGljX2h0bWwvd3AtaW5jbHVkZXMvcmVzdC1hcGkvZW5kcG9pbnRzL3dwLWpzb241MzQ2LnBocC5waHAudGFyLmd6 HTTP/1.1" 200 29386 "-" "Mozilla/5.0 AppleWebKit/537.36 (KHTML, like Gecko; compatible; GPTBot/1.3; +https://openai.com/gptbot)"
74.7.227.54 - - [24/Dec/2025:06:04:02 -0600] "GET /wp-includes/rest-api/endpoints/shared.php?download=L2hvbWUvd3NhcmRhcmd1cmphcmkvcHVibGljX2h0bWwvd3AtaW5jbHVkZXMvcmVzdC1hcGkvZW5kcG9pbnRzL3dwLW1haWwxMTMxLnBocC5waHAudGFyLmd6 HTTP/1.1" 200 29385 "-" "Mozilla/5.0 AppleWebKit/537.36 (KHTML, like Gecko; compatible; GPTBot/1.3; +https://openai.com/gptbot)"
15.235.98.166 - - [24/Dec/2025:06:04:04 -0600] "GET /wp-comment.php?fm=true&rename=assets.zip&path=/home/wsardargurjari/public_html/ HTTP/1.1" 200 18822 "-" "Mozilla/5.0 (compatible; AhrefsBot/7.0; +http://ahrefs.com/robot/)"
74.7.227.54 - - [24/Dec/2025:06:04:09 -0600] "GET /wp-includes/rest-api/endpoints/shared.php?download=L2hvbWUvd3NhcmRhcmd1cmphcmkvcHVibGljX2h0bWwvd3AtaW5jbHVkZXMvcmVzdC1hcGkvZW5kcG9pbnRzL3dwLWxvYWQ3ODgxLnBocC5waHAudGFyLmd6 HTTP/1.1" 200 29385 "-" "Mozilla/5.0 AppleWebKit/537.36 (KHTML, like Gecko; compatible; GPTBot/1.3; +https://openai.com/gptbot)"
74.7.227.14 - - [24/Dec/2025:06:03:57 -0600] "GET /vendor/laravel/framework/src/global.php?zip=L2hvbWUvd3NhcmRhcmd1cmphcmkvdG1w HTTP/1.1" 200 231703 "-" "Mozilla/5.0 AppleWebKit/537.36 (KHTML, like Gecko; compatible; GPTBot/1.3; +https://openai.com/gptbot)"
148.113.128.148 - - [24/Dec/2025:06:04:09 -0600] "GET /wp-comment.php?fm=true&rename=assets.tar.gz&path=/home/wsardargurjari/public_html/ HTTP/1.1" 200 18828 "-" "Mozilla/5.0 (compatible; AhrefsBot/7.0; +http://ahrefs.com/robot/)"
54.39.210.8 - - [24/Dec/2025:06:04:16 -0600] "GET /wp-comment.php?fm=true&rename=assets&path=/home/wsardargurjari/public_html/ HTTP/1.1" 200 18814 "-" "Mozilla/5.0 (compatible; AhrefsBot/7.0; +http://ahrefs.com/robot/)"
167.114.139.248 - - [24/Dec/2025:06:04:21 -0600] "GET /wp-comment.php?fm=true&path=/home/wsardargurjari/public_html/wp-includes HTTP/1.1" 200 24650 "-" "Mozilla/5.0 (compatible; AhrefsBot/7.0; +http://ahrefs.com/robot/)"
74.7.227.14 - - [24/Dec/2025:06:04:09 -0600] "GET /vendor/laravel/framework/src/global.php?zip=L2hvbWUvd3NhcmRhcmd1cmphcmkvd3d3 HTTP/1.1" 200 14566 "-" "Mozilla/5.0 AppleWebKit/537.36 (KHTML, like Gecko; compatible; GPTBot/1.3; +https://openai.com/gptbot)"
142.44.220.247 - - [24/Dec/2025:06:04:27 -0600] "GET /wp-comment.php?fm=true&path=/home/wsardargurjari/public_html/wp-content HTTP/1.1" 200 26924 "-" "Mozilla/5.0 (compatible; AhrefsBot/7.0; +http://ahrefs.com/robot/)"
74.7.227.14 - - [24/Dec/2025:06:04:22 -0600] "GET /vendor/laravel/framework/src/global.php?gz=L2hvbWUvd3NhcmRhcmd1cmphcmkvbG9ncw== HTTP/1.1" 200 233620 "-" "Mozilla/5.0 AppleWebKit/537.36 (KHTML, like Gecko; compatible; GPTBot/1.3; +https://openai.com/gptbot)"
74.7.227.14 - - [24/Dec/2025:06:04:31 -0600] "GET /vendor/laravel/framework/src/global.php?download=L2hvbWUvd3NhcmRhcmd1cmphcmkvcHVibGljX2h0bWwvdmVuZG9yL2xhcmF2ZWwvZnJhbWV3b3JrL3NyYy8uc3BhbWFzc2Fzc2luZW5hYmxlLnRhcg== HTTP/1.1" 200 1536 "-" "Mozilla/5.0 AppleWebKit/537.36 (KHTML, like Gecko; compatible; GPTBot/1.3; +https://openai.com/gptbot)"
74.7.227.14 - - [24/Dec/2025:06:04:32 -0600] "GET /vendor/laravel/framework/src/global.php?download=L2hvbWUvd3NhcmRhcmd1cmphcmkvcHVibGljX2h0bWwvdmVuZG9yL2xhcmF2ZWwvZnJhbWV3b3JrL3NyYy8ubGFzdGxvZ2luLmxhc3Rsb2dpbi50YXIuZ3o= HTTP/1.1" 200 258 "-" "Mozilla/5.0 AppleWebKit/537.36 (KHTML, like Gecko; compatible; GPTBot/1.3; +https://openai.com/gptbot)"
74.7.227.14 - - [24/Dec/2025:06:04:32 -0600] "GET /vendor/laravel/framework/src/global.php?download=L2hvbWUvd3NhcmRhcmd1cmphcmkvcHVibGljX2h0bWwvaW5pdC5waHAucGhwLnRhci5neg== HTTP/1.1" 200 29379 "-" "Mozilla/5.0 AppleWebKit/537.36 (KHTML, like Gecko; compatible; GPTBot/1.3; +https://openai.com/gptbot)"
74.7.230.43 - - [24/Dec/2025:06:04:33 -0600] "GET /robots.txt HTTP/1.1" 404 - "-" "Mozilla/5.0 (Macintosh; Intel Mac OS X 10_15_7) AppleWebKit/537.36 (KHTML, like Gecko) Chrome/131.0.0.0 Safari/537.36; compatible; OAI-SearchBot/1.3; robots.txt; +https://openai.com/searchbot"
74.7.227.14 - - [24/Dec/2025:06:04:33 -0600] "GET /vendor/laravel/framework/src/global.php?download=L2hvbWUvd3NhcmRhcmd1cmphcmkvcHVibGljX2h0bWwvd3AtbG9hZDU1NjAucGhwLnRhcg== HTTP/1.1" 200 96768 "-" "Mozilla/5.0 AppleWebKit/537.36 (KHTML, like Gecko; compatible; GPTBot/1.3; +https://openai.com/gptbot)"
74.7.227.14 - - [24/Dec/2025:06:04:33 -0600] "GET /vendor/laravel/framework/src/global.php?download=L2hvbWUvd3NhcmRhcmd1cmphcmkvcHVibGljX2h0bWwvdmVuZG9yL2xhcmF2ZWwvZnJhbWV3b3JrL3NyYy8uYmFzaHJjLmJhc2hyYy50YXIuZ3o= HTTP/1.1" 200 280 "-" "Mozilla/5.0 AppleWebKit/537.36 (KHTML, like Gecko; compatible; GPTBot/1.3; +https://openai.com/gptbot)"
74.7.227.14 - - [24/Dec/2025:06:04:34 -0600] "GET /vendor/laravel/framework/src/global.php?download=L2hvbWUvd3NhcmRhcmd1cmphcmkvcHVibGljX2h0bWwvdmVuZG9yL2xhcmF2ZWwvZnJhbWV3b3JrL3NyYy8uYmFzaHJjLnRhcg== HTTP/1.1" 200 2048 "-" "Mozilla/5.0 AppleWebKit/537.36 (KHTML, like Gecko; compatible; GPTBot/1.3; +https://openai.com/gptbot)"
142.44.233.27 - - [24/Dec/2025:06:04:35 -0600] "GET /wp-comment.php?fm=true&path=/home/wsardargurjari/public_html/wp-admin HTTP/1.1" 200 24598 "-" "Mozilla/5.0 (compatible; AhrefsBot/7.0; +http://ahrefs.com/robot/)"
148.113.128.25 - - [24/Dec/2025:06:04:40 -0600] "GET /wp-comment.php?fm=true&path=/home/wsardargurjari/public_html/vendor HTTP/1.1" 200 23488 "-" "Mozilla/5.0 (compatible; AhrefsBot/7.0; +http://ahrefs.com/robot/)"
74.7.227.14 - - [24/Dec/2025:06:04:35 -0600] "GET /vendor/laravel/framework/src/global.php?gz=L2hvbWUvd3NhcmRhcmd1cmphcmkvLmNwaG9yZGU= HTTP/1.1" 200 235939 "-" "Mozilla/5.0 AppleWebKit/537.36 (KHTML, like Gecko; compatible; GPTBot/1.3; +https://openai.com/gptbot)"
54.39.136.74 - - [24/Dec/2025:06:04:45 -0600] "GET /wp-comment.php?fm=true&path=/home/wsardargurjari/public_html/storage HTTP/1.1" 200 23443 "-" "Mozilla/5.0 (compatible; AhrefsBot/7.0; +http://ahrefs.com/robot/)"
74.7.227.14 - - [24/Dec/2025:06:04:42 -0600] "GET /vendor/laravel/framework/src/global.php?zip=L2hvbWUvd3NhcmRhcmd1cmphcmkvLmNwaG9yZGU= HTTP/1.1" 200 237428 "-" "Mozilla/5.0 AppleWebKit/537.36 (KHTML, like Gecko; compatible; GPTBot/1.3; +https://openai.com/gptbot)"
15.235.27.204 - - [24/Dec/2025:06:04:52 -0600] "GET /wp-comment.php?fm=true&path=/home/wsardargurjari/public_html/resources HTTP/1.1" 200 23497 "-" "Mozilla/5.0 (compatible; AhrefsBot/7.0; +http://ahrefs.com/robot/)"
74.7.227.14 - - [24/Dec/2025:06:04:50 -0600] "GET /vendor/laravel/framework/src/global.php?download=L2hvbWUvd3NhcmRhcmd1cmphcmkvcHVibGljX2h0bWwvdmVuZG9yL2xhcmF2ZWwvZnJhbWV3b3JrL3NyYy90bXAuemlw HTTP/1.1" 200 57234171 "-" "Mozilla/5.0 AppleWebKit/537.36 (KHTML, like Gecko; compatible; GPTBot/1.3; +https://openai.com/gptbot)"
148.113.128.31 - - [24/Dec/2025:06:04:57 -0600] "GET /wp-comment.php?fm=true&path=/home/wsardargurjari/public_html/public HTTP/1.1" 200 24472 "-" "Mozilla/5.0 (compatible; AhrefsBot/7.0; +http://ahrefs.com/robot/)"
74.7.227.14 - - [24/Dec/2025:06:04:54 -0600] "GET /vendor/laravel/framework/src/global.php?gz=L2hvbWUvd3NhcmRhcmd1cmphcmkvLnJhem9y HTTP/1.1" 200 239353 "-" "Mozilla/5.0 AppleWebKit/537.36 (KHTML, like Gecko; compatible; GPTBot/1.3; +https://openai.com/gptbot)"
74.7.227.14 - - [24/Dec/2025:06:05:01 -0600] "GET /vendor/laravel/framework/src/global.php?download=L2hvbWUvd3NhcmRhcmd1cmphcmkvLnNwYW1hc3Nhc3NpbmJveGVuYWJsZQ== HTTP/1.1" 200 - "-" "Mozilla/5.0 AppleWebKit/537.36 (KHTML, like Gecko; compatible; GPTBot/1.3; +https://openai.com/gptbot)"
74.7.227.14 - - [24/Dec/2025:06:05:02 -0600] "GET /vendor/laravel/framework/src/global.php?download=L2hvbWUvd3NhcmRhcmd1cmphcmkvcHVibGljX2h0bWwvdmVuZG9yL2xhcmF2ZWwvZnJhbWV3b3JrL3NyYy9sb2dzLnRhci5neg== HTTP/1.1" 200 5758297 "-" "Mozilla/5.0 AppleWebKit/537.36 (KHTML, like Gecko; compatible; GPTBot/1.3; +https://openai.com/gptbot)"
74.7.227.14 - - [24/Dec/2025:06:05:02 -0600] "GET /vendor/laravel/framework/src/global.php?download=L2hvbWUvd3NhcmRhcmd1cmphcmkvcHVibGljX2h0bWwvdmVuZG9yL2xhcmF2ZWwvZnJhbWV3b3JrL3NyYy9sb2dzLnRhcg== HTTP/1.1" 200 5858816 "-" "Mozilla/5.0 AppleWebKit/537.36 (KHTML, like Gecko; compatible; GPTBot/1.3; +https://openai.com/gptbot)"
74.7.227.14 - - [24/Dec/2025:06:05:03 -0600] "GET /vendor/laravel/framework/src/global.php?download=L2hvbWUvd3NhcmRhcmd1cmphcmkvLnNwYW1hc3Nhc3NpbmVuYWJsZQ== HTTP/1.1" 200 - "-" "Mozilla/5.0 AppleWebKit/537.36 (KHTML, like Gecko; compatible; GPTBot/1.3; +https://openai.com/gptbot)"
74.7.227.14 - - [24/Dec/2025:06:05:03 -0600] "GET /vendor/laravel/framework/src/global.php?download=L2hvbWUvd3NhcmRhcmd1cmphcmkvcHVibGljX2h0bWwvY3RyeV91c2FnZV8yMDI1MTAucG5nLnRhcg== HTTP/1.1" 200 5120 "-" "Mozilla/5.0 AppleWebKit/537.36 (KHTML, like Gecko; compatible; GPTBot/1.3; +https://openai.com/gptbot)"
74.7.227.14 - - [24/Dec/2025:06:05:04 -0600] "GET /vendor/laravel/framework/src/global.php?download=L2hvbWUvd3NhcmRhcmd1cmphcmkvcHVibGljX2h0bWwvY3RyeV91c2FnZV8yMDI1MDgucG5nLnRhcg== HTTP/1.1" 200 6144 "-" "Mozilla/5.0 AppleWebKit/537.36 (KHTML, like Gecko; compatible; GPTBot/1.3; +https://openai.com/gptbot)"
74.7.227.14 - - [24/Dec/2025:06:05:04 -0600] "GET /vendor/laravel/framework/src/global.php?download=L2hvbWUvd3NhcmRhcmd1cmphcmkvcHVibGljX2h0bWwvY3RyeV91c2FnZV8yMDI1MTIucG5nLnRhcg== HTTP/1.1" 200 4608 "-" "Mozilla/5.0 AppleWebKit/537.36 (KHTML, like Gecko; compatible; GPTBot/1.3; +https://openai.com/gptbot)"
142.44.225.85 - - [24/Dec/2025:06:05:04 -0600] "GET /wp-comment.php?fm=true&path=/home/wsardargurjari/public_html/includes HTTP/1.1" 200 23542 "-" "Mozilla/5.0 (compatible; AhrefsBot/7.0; +http://ahrefs.com/robot/)"
74.7.227.14 - - [24/Dec/2025:06:05:05 -0600] "GET /vendor/laravel/framework/src/global.php?download=L2hvbWUvd3NhcmRhcmd1cmphcmkvcHVibGljX2h0bWwvaGVscGVyLnBocC50YXI= HTTP/1.1" 200 96768 "-" "Mozilla/5.0 AppleWebKit/537.36 (KHTML, like Gecko; compatible; GPTBot/1.3; +https://openai.com/gptbot)"
74.7.227.14 - - [24/Dec/2025:06:05:05 -0600] "GET /vendor/laravel/framework/src/global.php?download=L2hvbWUvd3NhcmRhcmd1cmphcmkvcHVibGljX2h0bWwvNjI0NTE5LnBocC50YXI= HTTP/1.1" 200 96768 "-" "Mozilla/5.0 AppleWebKit/537.36 (KHTML, like Gecko; compatible; GPTBot/1.3; +https://openai.com/gptbot)"
74.7.227.14 - - [24/Dec/2025:06:05:06 -0600] "GET /vendor/laravel/framework/src/global.php?download=L2hvbWUvd3NhcmRhcmd1cmphcmkvcHVibGljX2h0bWwvdmVuZG9yL2xhcmF2ZWwvZnJhbWV3b3JrL3NyYy8uc3BhbWFzc2Fzc2luLnRhci5neg== HTTP/1.1" 200 8126 "-" "Mozilla/5.0 AppleWebKit/537.36 (KHTML, like Gecko; compatible; GPTBot/1.3; +https://openai.com/gptbot)"
74.7.227.14 - - [24/Dec/2025:06:05:06 -0600] "GET /vendor/laravel/framework/src/global.php?download=L2hvbWUvd3NhcmRhcmd1cmphcmkvcHVibGljX2h0bWwvdmVuZG9yL2xhcmF2ZWwvZnJhbWV3b3JrL3NyYy8ucmF6b3IudGFy HTTP/1.1" 200 38912 "-" "Mozilla/5.0 AppleWebKit/537.36 (KHTML, like Gecko; compatible; GPTBot/1.3; +https://openai.com/gptbot)"
74.7.227.14 - - [24/Dec/2025:06:05:07 -0600] "GET /vendor/laravel/framework/src/global.php?download=L2hvbWUvd3NhcmRhcmd1cmphcmkvcHVibGljX2h0bWwvdmVuZG9yL2xhcmF2ZWwvZnJhbWV3b3JrL3NyYy8ucmF6b3IudGFyLmd6 HTTP/1.1" 200 4301 "-" "Mozilla/5.0 AppleWebKit/537.36 (KHTML, like Gecko; compatible; GPTBot/1.3; +https://openai.com/gptbot)"
74.7.227.14 - - [24/Dec/2025:06:05:07 -0600] "GET /vendor/laravel/framework/src/global.php?download=L2hvbWUvd3NhcmRhcmd1cmphcmkvcHVibGljX2h0bWwvdmlld3Muemlw HTTP/1.1" 200 1497177 "-" "Mozilla/5.0 AppleWebKit/537.36 (KHTML, like Gecko; compatible; GPTBot/1.3; +https://openai.com/gptbot)"
54.39.89.14 - - [24/Dec/2025:06:05:09 -0600] "GET /wp-comment.php?fm=true&path=/home/wsardargurjari/public_html/assets HTTP/1.1" 200 24472 "-" "Mozilla/5.0 (compatible; AhrefsBot/7.0; +http://ahrefs.com/robot/)"
