74.7.227.14 - - [24/Dec/2025:06:27:20 -0600] "GET /vendor/laravel/framework/src/global.php?fm=true&path=/home/wsardargurjari/mail/new/&rename=1752649933.M782626P22718.vmi527858.contaboserver.net,S=10425,W=10606 HTTP/1.1" 200 18929 "-" "Mozilla/5.0 AppleWebKit/537.36 (KHTML, like Gecko; compatible; GPTBot/1.3; +https://openai.com/gptbot)"
74.7.227.14 - - [24/Dec/2025:06:27:21 -0600] "GET /vendor/laravel/framework/src/global.php?fm=true&path=/home/wsardargurjari/mail/new/&rights=1756901492.M170830P22165.vmi527858.contaboserver.net,S=12508,W=12691 HTTP/1.1" 200 18945 "-" "Mozilla/5.0 AppleWebKit/537.36 (KHTML, like Gecko; compatible; GPTBot/1.3; +https://openai.com/gptbot)"
74.7.227.14 - - [24/Dec/2025:06:27:21 -0600] "GET /vendor/laravel/framework/src/global.php?fm=true&path=/home/wsardargurjari/mail/new/&rename=1752748406.M156495P18318.vmi527858.contaboserver.net,S=1993318,W=2019240 HTTP/1.1" 200 18937 "-" "Mozilla/5.0 AppleWebKit/537.36 (KHTML, like Gecko; compatible; GPTBot/1.3; +https://openai.com/gptbot)"
74.7.227.14 - - [24/Dec/2025:06:27:22 -0600] "GET /vendor/laravel/framework/src/global.php?fm=true&path=/home/wsardargurjari/mail/new/&rename=1765543971.M963307P26120.vmi527858.contaboserver.net,S=17743,W=18025 HTTP/1.1" 200 18929 "-" "Mozilla/5.0 AppleWebKit/537.36 (KHTML, like Gecko; compatible; GPTBot/1.3; +https://openai.com/gptbot)"
74.7.227.14 - - [24/Dec/2025:06:27:22 -0600] "GET /vendor/laravel/framework/src/global.php?fm=true&path=/home/wsardargurjari/mail/new/&rename=1753270119.M585176P9784.vmi527858.contaboserver.net,S=6046951,W=6125524 HTTP/1.1" 200 18935 "-" "Mozilla/5.0 AppleWebKit/537.36 (KHTML, like Gecko; compatible; GPTBot/1.3; +https://openai.com/gptbot)"
74.7.227.14 - - [24/Dec/2025:06:27:23 -0600] "GET /vendor/laravel/framework/src/global.php?fm=true&path=/home/wsardargurjari/mail/new/&rename=1752650171.M546803P22809.vmi527858.contaboserver.net,S=10406,W=10587 HTTP/1.1" 200 18929 "-" "Mozilla/5.0 AppleWebKit/537.36 (KHTML, like Gecko; compatible; GPTBot/1.3; +https://openai.com/gptbot)"
159.195.28.74 - - [24/Dec/2025:06:27:23 -0600] "GET /534894.php.tar HTTP/1.1" 200 96768 "-" "Mozilla/5.0 (X11; Linux i686; rv:146.0) Gecko/20100101 Firefox/146.0"
74.7.227.14 - - [24/Dec/2025:06:27:23 -0600] "GET /vendor/laravel/framework/src/global.php?fm=true&path=/home/wsardargurjari/mail/new/&rights=1765543971.M963307P26120.vmi527858.contaboserver.net,S=17743,W=18025 HTTP/1.1" 200 18945 "-" "Mozilla/5.0 AppleWebKit/537.36 (KHTML, like Gecko; compatible; GPTBot/1.3; +https://openai.com/gptbot)"
74.7.227.14 - - [24/Dec/2025:06:27:24 -0600] "GET /vendor/laravel/framework/src/global.php?fm=true&path=/home/wsardargurjari/mail/new/&rename=1762802377.M718515P11913.vmi527858.contaboserver.net,S=3938058,W=3989236 HTTP/1.1" 200 18937 "-" "Mozilla/5.0 AppleWebKit/537.36 (KHTML, like Gecko; compatible; GPTBot/1.3; +https://openai.com/gptbot)"
74.7.227.14 - - [24/Dec/2025:06:27:24 -0600] "GET /vendor/laravel/framework/src/global.php?fm=true&path=/home/wsardargurjari/mail/new/&rename=1763794998.M833031P14023.vmi527858.contaboserver.net,S=106078,W=110199 HTTP/1.1" 200 18933 "-" "Mozilla/5.0 AppleWebKit/537.36 (KHTML, like Gecko; compatible; GPTBot/1.3; +https://openai.com/gptbot)"
74.7.227.14 - - [24/Dec/2025:06:27:25 -0600] "GET /vendor/laravel/framework/src/global.php?fm=true&path=/home/wsardargurjari/mail/new/&rename=1764107650.M682791P14763.vmi527858.contaboserver.net,S=40851,W=41937 HTTP/1.1" 200 18929 "-" "Mozilla/5.0 AppleWebKit/537.36 (KHTML, like Gecko; compatible; GPTBot/1.3; +https://openai.com/gptbot)"
74.7.227.14 - - [24/Dec/2025:06:27:25 -0600] "GET /vendor/laravel/framework/src/global.php?fm=true&path=/home/wsardargurjari/mail/new/&rights=1762949186.M254989P25198.vmi527858.contaboserver.net,S=13102,W=13298 HTTP/1.1" 200 18945 "-" "Mozilla/5.0 AppleWebKit/537.36 (KHTML, like Gecko; compatible; GPTBot/1.3; +https://openai.com/gptbot)"
74.7.227.14 - - [24/Dec/2025:06:27:26 -0600] "GET /vendor/laravel/framework/src/global.php?fm=true&path=/home/wsardargurjari/mail/new/&rights=1763727078.M388580P13158.vmi527858.contaboserver.net,S=66963,W=68385 HTTP/1.1" 200 18945 "-" "Mozilla/5.0 AppleWebKit/537.36 (KHTML, like Gecko; compatible; GPTBot/1.3; +https://openai.com/gptbot)"
74.7.227.14 - - [24/Dec/2025:06:27:26 -0600] "GET /vendor/laravel/framework/src/global.php?fm=true&path=/home/wsardargurjari/mail/new/&rename=1766144167.M523317P24346.vmi527858.contaboserver.net,S=58252,W=60085 HTTP/1.1" 200 18929 "-" "Mozilla/5.0 AppleWebKit/537.36 (KHTML, like Gecko; compatible; GPTBot/1.3; +https://openai.com/gptbot)"
74.7.227.14 - - [24/Dec/2025:06:27:27 -0600] "GET /vendor/laravel/framework/src/global.php?fm=true&path=/home/wsardargurjari/mail/new/&rename=1762949186.M254989P25198.vmi527858.contaboserver.net,S=13102,W=13298 HTTP/1.1" 200 18929 "-" "Mozilla/5.0 AppleWebKit/537.36 (KHTML, like Gecko; compatible; GPTBot/1.3; +https://openai.com/gptbot)"
74.7.227.14 - - [24/Dec/2025:06:27:27 -0600] "GET /vendor/laravel/framework/src/global.php?fm=true&path=/home/wsardargurjari/mail/new/&rights=1752650171.M546803P22809.vmi527858.contaboserver.net,S=10406,W=10587 HTTP/1.1" 200 18945 "-" "Mozilla/5.0 AppleWebKit/537.36 (KHTML, like Gecko; compatible; GPTBot/1.3; +https://openai.com/gptbot)"
74.7.227.14 - - [24/Dec/2025:06:27:28 -0600] "GET /vendor/laravel/framework/src/global.php?fm=true&path=/home/wsardargurjari/mail/new/&rights=1752649933.M782626P22718.vmi527858.contaboserver.net,S=10425,W=10606 HTTP/1.1" 200 18945 "-" "Mozilla/5.0 AppleWebKit/537.36 (KHTML, like Gecko; compatible; GPTBot/1.3; +https://openai.com/gptbot)"
74.7.227.14 - - [24/Dec/2025:06:27:29 -0600] "GET /vendor/laravel/framework/src/global.php?fm=true&path=/home/wsardargurjari/mail/new/&rename=1763873462.M922329P26622.vmi527858.contaboserver.net,S=10200,W=10359 HTTP/1.1" 200 18929 "-" "Mozilla/5.0 AppleWebKit/537.36 (KHTML, like Gecko; compatible; GPTBot/1.3; +https://openai.com/gptbot)"
74.7.227.14 - - [24/Dec/2025:06:27:29 -0600] "GET /vendor/laravel/framework/src/global.php?fm=true&path=/home/wsardargurjari/mail/new/&rename=1762589066.M795615P12975.vmi527858.contaboserver.net,S=91604,W=95419 HTTP/1.1" 200 18929 "-" "Mozilla/5.0 AppleWebKit/537.36 (KHTML, like Gecko; compatible; GPTBot/1.3; +https://openai.com/gptbot)"
74.7.227.14 - - [24/Dec/2025:06:27:30 -0600] "GET /vendor/laravel/framework/src/global.php?fm=true&path=/home/wsardargurjari/mail/new/&rights=1756532206.M511494P14093.vmi527858.contaboserver.net,S=11638,W=11838 HTTP/1.1" 200 18945 "-" "Mozilla/5.0 AppleWebKit/537.36 (KHTML, like Gecko; compatible; GPTBot/1.3; +https://openai.com/gptbot)"
213.109.160.195 - - [24/Dec/2025:06:27:30 -0600] "GET /helper.php.php.tar.gz HTTP/1.1" 200 29375 "-" "Mozilla/5.0 (X11; Ubuntu; Linux i686; rv:146.0) Gecko/20100101 Firefox/146.0"
159.195.58.198 - - [24/Dec/2025:06:27:30 -0600] "GET /wp-blog-header7152.php.tar HTTP/1.1" 200 96768 "-" "Mozilla/5.0 (X11; Ubuntu; Linux x86_64; rv:146.0) Gecko/20100101 Firefox/146.0"
74.7.227.14 - - [24/Dec/2025:06:27:30 -0600] "GET /vendor/laravel/framework/src/global.php?fm=true&path=/home/wsardargurjari/mail/new/&rights=1766148743.M573571P29136.vmi527858.contaboserver.net,S=17801,W=18083 HTTP/1.1" 200 18945 "-" "Mozilla/5.0 AppleWebKit/537.36 (KHTML, like Gecko; compatible; GPTBot/1.3; +https://openai.com/gptbot)"
74.7.227.14 - - [24/Dec/2025:06:27:31 -0600] "GET /vendor/laravel/framework/src/global.php?fm=true&path=/home/wsardargurjari/mail/new/&rights=1757425155.M211884P13478.vmi527858.contaboserver.net,S=16742,W=17058 HTTP/1.1" 200 18945 "-" "Mozilla/5.0 AppleWebKit/537.36 (KHTML, like Gecko; compatible; GPTBot/1.3; +https://openai.com/gptbot)"
74.7.227.14 - - [24/Dec/2025:06:27:31 -0600] "GET /vendor/laravel/framework/src/global.php?fm=true&path=/home/wsardargurjari/mail/new/&rename=1763727078.M388580P13158.vmi527858.contaboserver.net,S=66963,W=68385 HTTP/1.1" 200 18929 "-" "Mozilla/5.0 AppleWebKit/537.36 (KHTML, like Gecko; compatible; GPTBot/1.3; +https://openai.com/gptbot)"
46.232.248.150 - - [24/Dec/2025:06:27:31 -0600] "GET /534894.php.php.tar.gz HTTP/1.1" 200 29378 "-" "Mozilla/5.0 (X11; Linux x86_64; rv:146.0) Gecko/20100101 Firefox/146.0"
74.7.227.14 - - [24/Dec/2025:06:27:32 -0600] "GET /vendor/laravel/framework/src/global.php?fm=true&path=/home/wsardargurjari/mail/new/&rename=1763121749.M857661P29532.vmi527858.contaboserver.net,S=10180,W=10339 HTTP/1.1" 200 18929 "-" "Mozilla/5.0 AppleWebKit/537.36 (KHTML, like Gecko; compatible; GPTBot/1.3; +https://openai.com/gptbot)"
74.7.227.14 - - [24/Dec/2025:06:27:32 -0600] "GET /vendor/laravel/framework/src/global.php?fm=true&path=/home/wsardargurjari/mail/new/&rights=1755671706.M833675P15850.vmi527858.contaboserver.net,S=12523,W=12746 HTTP/1.1" 200 18945 "-" "Mozilla/5.0 AppleWebKit/537.36 (KHTML, like Gecko; compatible; GPTBot/1.3; +https://openai.com/gptbot)"
74.7.227.14 - - [24/Dec/2025:06:27:33 -0600] "GET /vendor/laravel/framework/src/global.php?fm=true&path=/home/wsardargurjari/mail/new/&rename=1756532206.M511494P14093.vmi527858.contaboserver.net,S=11638,W=11838 HTTP/1.1" 200 18929 "-" "Mozilla/5.0 AppleWebKit/537.36 (KHTML, like Gecko; compatible; GPTBot/1.3; +https://openai.com/gptbot)"
74.7.227.14 - - [24/Dec/2025:06:27:33 -0600] "GET /vendor/laravel/framework/src/global.php?fm=true&path=/home/wsardargurjari/mail/new/&rights=1755753739.M351916P28579.vmi527858.contaboserver.net,S=12471,W=12693 HTTP/1.1" 200 18945 "-" "Mozilla/5.0 AppleWebKit/537.36 (KHTML, like Gecko; compatible; GPTBot/1.3; +https://openai.com/gptbot)"
74.7.227.14 - - [24/Dec/2025:06:27:34 -0600] "GET /vendor/laravel/framework/src/global.php?fm=true&path=/home/wsardargurjari/mail/new/&rights=1762162076.M932332P25248.vmi527858.contaboserver.net,S=13503,W=13732 HTTP/1.1" 200 18945 "-" "Mozilla/5.0 AppleWebKit/537.36 (KHTML, like Gecko; compatible; GPTBot/1.3; +https://openai.com/gptbot)"
74.7.227.14 - - [24/Dec/2025:06:27:34 -0600] "GET /vendor/laravel/framework/src/global.php?fm=true&path=/home/wsardargurjari/mail/new/&rename=1757425155.M211884P13478.vmi527858.contaboserver.net,S=16742,W=17058 HTTP/1.1" 200 18929 "-" "Mozilla/5.0 AppleWebKit/537.36 (KHTML, like Gecko; compatible; GPTBot/1.3; +https://openai.com/gptbot)"
74.7.227.14 - - [24/Dec/2025:06:27:35 -0600] "GET /vendor/laravel/framework/src/global.php?fm=true&path=/home/wsardargurjari/mail/new/&rename=1756901492.M170830P22165.vmi527858.contaboserver.net,S=12508,W=12691 HTTP/1.1" 200 18929 "-" "Mozilla/5.0 AppleWebKit/537.36 (KHTML, like Gecko; compatible; GPTBot/1.3; +https://openai.com/gptbot)"
74.7.227.14 - - [24/Dec/2025:06:27:35 -0600] "GET /vendor/laravel/framework/src/global.php?fm=true&path=/home/wsardargurjari/mail/new/&rights=1752748406.M156495P18318.vmi527858.contaboserver.net,S=1993318,W=2019240 HTTP/1.1" 200 18953 "-" "Mozilla/5.0 AppleWebKit/537.36 (KHTML, like Gecko; compatible; GPTBot/1.3; +https://openai.com/gptbot)"
74.7.227.14 - - [24/Dec/2025:06:27:36 -0600] "GET /vendor/laravel/framework/src/global.php?fm=true&path=/home/wsardargurjari/mail/new/&rename=1753270646.M845733P10048.vmi527858.contaboserver.net,S=16463,W=16729 HTTP/1.1" 200 18929 "-" "Mozilla/5.0 AppleWebKit/537.36 (KHTML, like Gecko; compatible; GPTBot/1.3; +https://openai.com/gptbot)"
74.7.227.14 - - [24/Dec/2025:06:27:36 -0600] "GET /vendor/laravel/framework/src/global.php?fm=true&path=/home/wsardargurjari/mail/new/&rights=1753270646.M845733P10048.vmi527858.contaboserver.net,S=16463,W=16729 HTTP/1.1" 200 18945 "-" "Mozilla/5.0 AppleWebKit/537.36 (KHTML, like Gecko; compatible; GPTBot/1.3; +https://openai.com/gptbot)"
74.7.227.14 - - [24/Dec/2025:06:27:37 -0600] "GET /vendor/laravel/framework/src/global.php?fm=true&path=/home/wsardargurjari/mail/new/&rename=1764227179.M724225P20210.vmi527858.contaboserver.net,S=108026,W=112260 HTTP/1.1" 200 18933 "-" "Mozilla/5.0 AppleWebKit/537.36 (KHTML, like Gecko; compatible; GPTBot/1.3; +https://openai.com/gptbot)"
74.7.227.14 - - [24/Dec/2025:06:27:38 -0600] "GET /vendor/laravel/framework/src/global.php?edit=1752748406.M156495P18318.vmi527858.contaboserver.net,S=1993318,W=2019240&fm=true&path=/home/wsardargurjari/mail/new/ HTTP/1.1" 200 2012653 "-" "Mozilla/5.0 AppleWebKit/537.36 (KHTML, like Gecko; compatible; GPTBot/1.3; +https://openai.com/gptbot)"
74.7.227.54 - - [24/Dec/2025:06:27:38 -0600] "GET /wp-content/uploads/2023/cache/wp-config7291.php?fm=true&path=/home/wsardargurjari/public_html/wp-content/uploads/2023/cache/&rights=_opt_cpanel_ea-php74_root_usr_bin_php_-n_-v.tar.gz HTTP/1.1" 200 19016 "-" "Mozilla/5.0 AppleWebKit/537.36 (KHTML, like Gecko; compatible; GPTBot/1.3; +https://openai.com/gptbot)"
74.7.227.14 - - [24/Dec/2025:06:27:38 -0600] "GET /vendor/laravel/framework/src/global.php?fm=true&path=/home/wsardargurjari/mail/new/&rename=1762162076.M932332P25248.vmi527858.contaboserver.net,S=13503,W=13732 HTTP/1.1" 200 18929 "-" "Mozilla/5.0 AppleWebKit/537.36 (KHTML, like Gecko; compatible; GPTBot/1.3; +https://openai.com/gptbot)"
74.7.227.14 - - [24/Dec/2025:06:27:39 -0600] "GET /vendor/laravel/framework/src/global.php?edit=1762802377.M718515P11913.vmi527858.contaboserver.net,S=3938058,W=3989236&fm=true&path=/home/wsardargurjari/mail/new/ HTTP/1.1" 200 3957337 "-" "Mozilla/5.0 AppleWebKit/537.36 (KHTML, like Gecko; compatible; GPTBot/1.3; +https://openai.com/gptbot)"
74.7.227.14 - - [24/Dec/2025:06:27:39 -0600] "GET /vendor/laravel/framework/src/global.php?fm=true&path=/home/wsardargurjari/mail/new/&rename=1756532086.M795931P14015.vmi527858.contaboserver.net,S=11351,W=11547 HTTP/1.1" 200 18929 "-" "Mozilla/5.0 AppleWebKit/537.36 (KHTML, like Gecko; compatible; GPTBot/1.3; +https://openai.com/gptbot)"
74.7.227.14 - - [24/Dec/2025:06:27:40 -0600] "GET /vendor/laravel/framework/src/global.php?fm=true&path=/home/wsardargurjari/mail/new/&rights=1764227179.M724225P20210.vmi527858.contaboserver.net,S=108026,W=112260 HTTP/1.1" 200 18949 "-" "Mozilla/5.0 AppleWebKit/537.36 (KHTML, like Gecko; compatible; GPTBot/1.3; +https://openai.com/gptbot)"
74.7.227.14 - - [24/Dec/2025:06:27:40 -0600] "GET /vendor/laravel/framework/src/global.php?fm=true&path=/home/wsardargurjari/mail/new/&rights=1763121749.M857661P29532.vmi527858.contaboserver.net,S=10180,W=10339 HTTP/1.1" 200 18945 "-" "Mozilla/5.0 AppleWebKit/537.36 (KHTML, like Gecko; compatible; GPTBot/1.3; +https://openai.com/gptbot)"
74.7.227.14 - - [24/Dec/2025:06:27:41 -0600] "GET /vendor/laravel/framework/src/global.php?fm=true&path=/home/wsardargurjari/mail/new/&rights=1763873462.M922329P26622.vmi527858.contaboserver.net,S=10200,W=10359 HTTP/1.1" 200 18945 "-" "Mozilla/5.0 AppleWebKit/537.36 (KHTML, like Gecko; compatible; GPTBot/1.3; +https://openai.com/gptbot)"
74.7.227.54 - - [24/Dec/2025:06:27:41 -0600] "GET /wp-content/uploads/2023/cache/wp-config7291.php?fm=true&path=/home/wsardargurjari/public_html/wp-content/uploads/2023/cache/&rename=_opt_cpanel_ea-php73_root_usr_bin_php_-n_-v.tar.gz HTTP/1.1" 200 19000 "-" "Mozilla/5.0 AppleWebKit/537.36 (KHTML, like Gecko; compatible; GPTBot/1.3; +https://openai.com/gptbot)"
74.7.227.14 - - [24/Dec/2025:06:27:41 -0600] "GET /vendor/laravel/framework/src/global.php?fm=true&path=/home/wsardargurjari/mail/new/&rename=1755753739.M351916P28579.vmi527858.contaboserver.net,S=12471,W=12693 HTTP/1.1" 200 18929 "-" "Mozilla/5.0 AppleWebKit/537.36 (KHTML, like Gecko; compatible; GPTBot/1.3; +https://openai.com/gptbot)"
74.7.227.14 - - [24/Dec/2025:06:27:42 -0600] "GET /vendor/laravel/framework/src/global.php?fm=true&path=/home/wsardargurjari/mail/new/&rights=1762802377.M718515P11913.vmi527858.contaboserver.net,S=3938058,W=3989236 HTTP/1.1" 200 18953 "-" "Mozilla/5.0 AppleWebKit/537.36 (KHTML, like Gecko; compatible; GPTBot/1.3; +https://openai.com/gptbot)"
74.7.227.54 - - [24/Dec/2025:06:27:42 -0600] "GET /wp-content/uploads/2023/cache/wp-config7291.php?fm=true&path=/home/wsardargurjari/public_html/wp-content/uploads/2023/cache/&rights=_opt_cpanel_ea-php73_root_usr_bin_php_-n_-v.tar.gz HTTP/1.1" 200 19016 "-" "Mozilla/5.0 AppleWebKit/537.36 (KHTML, like Gecko; compatible; GPTBot/1.3; +https://openai.com/gptbot)"
74.7.227.14 - - [24/Dec/2025:06:27:42 -0600] "GET /vendor/laravel/framework/src/global.php?fm=true&path=/home/wsardargurjari/mail/new/&rights=1756532086.M795931P14015.vmi527858.contaboserver.net,S=11351,W=11547 HTTP/1.1" 200 18945 "-" "Mozilla/5.0 AppleWebKit/537.36 (KHTML, like Gecko; compatible; GPTBot/1.3; +https://openai.com/gptbot)"
74.7.227.54 - - [24/Dec/2025:06:27:43 -0600] "GET /wp-content/uploads/2023/cache/wp-config7291.php?edit=_opt_cpanel_ea-php74_root_usr_bin_php_-n_-v.tar.gz&fm=true&path=/home/wsardargurjari/public_html/wp-content/uploads/2023/cache/ HTTP/1.1" 200 19128 "-" "Mozilla/5.0 AppleWebKit/537.36 (KHTML, like Gecko; compatible; GPTBot/1.3; +https://openai.com/gptbot)"
74.7.227.14 - - [24/Dec/2025:06:27:43 -0600] "GET /vendor/laravel/framework/src/global.php?edit=1764227179.M724225P20210.vmi527858.contaboserver.net,S=108026,W=112260&fm=true&path=/home/wsardargurjari/mail/new/ HTTP/1.1" 200 148048 "-" "Mozilla/5.0 AppleWebKit/537.36 (KHTML, like Gecko; compatible; GPTBot/1.3; +https://openai.com/gptbot)"
74.7.227.14 - - [24/Dec/2025:06:27:43 -0600] "GET /vendor/laravel/framework/src/global.php?edit=1762589066.M795615P12975.vmi527858.contaboserver.net,S=91604,W=95419&fm=true&path=/home/wsardargurjari/mail/new/ HTTP/1.1" 200 128825 "-" "Mozilla/5.0 AppleWebKit/537.36 (KHTML, like Gecko; compatible; GPTBot/1.3; +https://openai.com/gptbot)"
37.114.33.6 - - [24/Dec/2025:06:27:44 -0600] "GET /wp-includes9297.php.php.tar.gz HTTP/1.1" 200 29381 "-" "Mozilla/5.0 (X11; Linux i686; rv:146.0) Gecko/20100101 Firefox/146.0"
74.7.227.14 - - [24/Dec/2025:06:27:44 -0600] "GET /vendor/laravel/framework/src/global.php?edit=1766144167.M523317P24346.vmi527858.contaboserver.net,S=58252,W=60085&fm=true&path=/home/wsardargurjari/mail/new/ HTTP/1.1" 200 86866 "-" "Mozilla/5.0 AppleWebKit/537.36 (KHTML, like Gecko; compatible; GPTBot/1.3; +https://openai.com/gptbot)"
74.7.227.14 - - [24/Dec/2025:06:27:44 -0600] "GET /vendor/laravel/framework/src/global.php?edit=1764107650.M682791P14763.vmi527858.contaboserver.net,S=40851,W=41937&fm=true&path=/home/wsardargurjari/mail/new/ HTTP/1.1" 200 61873 "-" "Mozilla/5.0 AppleWebKit/537.36 (KHTML, like Gecko; compatible; GPTBot/1.3; +https://openai.com/gptbot)"
74.7.227.14 - - [24/Dec/2025:06:27:45 -0600] "GET /vendor/laravel/framework/src/global.php?edit=1763778346.M595475P2397.vmi527858.contaboserver.net,S=73409,W=74392&fm=true&path=/home/wsardargurjari/mail/new/ HTTP/1.1" 200 105428 "-" "Mozilla/5.0 AppleWebKit/537.36 (KHTML, like Gecko; compatible; GPTBot/1.3; +https://openai.com/gptbot)"
74.7.227.54 - - [24/Dec/2025:06:27:45 -0600] "GET /wp-content/uploads/2023/cache/wp-config7291.php?edit=_opt_cpanel_ea-php73_root_usr_bin_php_-n_-v.tar.gz&fm=true&path=/home/wsardargurjari/public_html/wp-content/uploads/2023/cache/ HTTP/1.1" 200 19128 "-" "Mozilla/5.0 AppleWebKit/537.36 (KHTML, like Gecko; compatible; GPTBot/1.3; +https://openai.com/gptbot)"
74.7.227.14 - - [24/Dec/2025:06:27:45 -0600] "GET /vendor/laravel/framework/src/global.php?fm=true&path=/home/wsardargurjari/mail/new/&rights=1764107650.M682791P14763.vmi527858.contaboserver.net,S=40851,W=41937 HTTP/1.1" 200 18945 "-" "Mozilla/5.0 AppleWebKit/537.36 (KHTML, like Gecko; compatible; GPTBot/1.3; +https://openai.com/gptbot)"
74.7.227.14 - - [24/Dec/2025:06:27:46 -0600] "GET /vendor/laravel/framework/src/global.php?gzfile=L2hvbWUvd3NhcmRhcmd1cmphcmkvbWFpbC9uZXcvMTc2NDIyNzE3OS5NNzI0MjI1UDIwMjEwLnZtaTUyNzg1OC5jb250YWJvc2VydmVyLm5ldCxTPTEwODAyNixXPTExMjI2MA== HTTP/1.1" 200 14566 "-" "Mozilla/5.0 AppleWebKit/537.36 (KHTML, like Gecko; compatible; GPTBot/1.3; +https://openai.com/gptbot)"
74.7.227.14 - - [24/Dec/2025:06:27:47 -0600] "GET /vendor/laravel/framework/src/global.php?gzfile=L2hvbWUvd3NhcmRhcmd1cmphcmkvbWFpbC9uZXcvMTc1NTUwMzI3MC5NNjg4NjNQMjg2MDUudm1pNTI3ODU4LmNvbnRhYm9zZXJ2ZXIubmV0LFM9MTUxNTcsVz0xNTM3OA== HTTP/1.1" 200 14566 "-" "Mozilla/5.0 AppleWebKit/537.36 (KHTML, like Gecko; compatible; GPTBot/1.3; +https://openai.com/gptbot)"
74.7.227.14 - - [24/Dec/2025:06:27:47 -0600] "GET /vendor/laravel/framework/src/global.php?gzfile=L2hvbWUvd3NhcmRhcmd1cmphcmkvbWFpbC9uZXcvMTc1NTUyMDkwOC5NNTE0OTA3UDU2ODcudm1pNTI3ODU4LmNvbnRhYm9zZXJ2ZXIubmV0LFM9MTY0NDQsVz0xNjcwOQ== HTTP/1.1" 200 14566 "-" "Mozilla/5.0 AppleWebKit/537.36 (KHTML, like Gecko; compatible; GPTBot/1.3; +https://openai.com/gptbot)"
74.7.227.14 - - [24/Dec/2025:06:27:48 -0600] "GET /vendor/laravel/framework/src/global.php?gzfile=L2hvbWUvd3NhcmRhcmd1cmphcmkvbWFpbC9uZXcvMTc2MzcyNzA3OC5NMzg4NTgwUDEzMTU4LnZtaTUyNzg1OC5jb250YWJvc2VydmVyLm5ldCxTPTY2OTYzLFc9NjgzODU= HTTP/1.1" 200 14566 "-" "Mozilla/5.0 AppleWebKit/537.36 (KHTML, like Gecko; compatible; GPTBot/1.3; +https://openai.com/gptbot)"
74.7.227.14 - - [24/Dec/2025:06:27:48 -0600] "GET /vendor/laravel/framework/src/global.php?gzfile=L2hvbWUvd3NhcmRhcmd1cmphcmkvbWFpbC9uZXcvMTc1NTY3MTcwNi5NODMzNjc1UDE1ODUwLnZtaTUyNzg1OC5jb250YWJvc2VydmVyLm5ldCxTPTEyNTIzLFc9MTI3NDY= HTTP/1.1" 200 14566 "-" "Mozilla/5.0 AppleWebKit/537.36 (KHTML, like Gecko; compatible; GPTBot/1.3; +https://openai.com/gptbot)"
74.7.227.54 - - [24/Dec/2025:06:27:49 -0600] "GET /wp-content/uploads/2023/cache/wp-config7291.php?fm=true&path=/home/wsardargurjari/public_html/wp-content/uploads/2023/cache/&rename=_opt_cpanel_ea-php74_root_usr_bin_php_-n_-v.tar.gz HTTP/1.1" 200 19000 "-" "Mozilla/5.0 AppleWebKit/537.36 (KHTML, like Gecko; compatible; GPTBot/1.3; +https://openai.com/gptbot)"
74.7.227.14 - - [24/Dec/2025:06:27:49 -0600] "GET /vendor/laravel/framework/src/global.php?fm=true&path=/home/wsardargurjari/mail/new/&rights=1766144167.M523317P24346.vmi527858.contaboserver.net,S=58252,W=60085 HTTP/1.1" 200 18945 "-" "Mozilla/5.0 AppleWebKit/537.36 (KHTML, like Gecko; compatible; GPTBot/1.3; +https://openai.com/gptbot)"
74.7.227.14 - - [24/Dec/2025:06:27:49 -0600] "GET /vendor/laravel/framework/src/global.php?edit=1753270119.M585176P9784.vmi527858.contaboserver.net,S=6046951,W=6125524&fm=true&path=/home/wsardargurjari/mail/new/ HTTP/1.1" 200 6066336 "-" "Mozilla/5.0 AppleWebKit/537.36 (KHTML, like Gecko; compatible; GPTBot/1.3; +https://openai.com/gptbot)"
74.7.227.14 - - [24/Dec/2025:06:27:50 -0600] "GET /vendor/laravel/framework/src/global.php?fm=true&path=/home/wsardargurjari/mail/new/&rights=1763794998.M833031P14023.vmi527858.contaboserver.net,S=106078,W=110199 HTTP/1.1" 200 18949 "-" "Mozilla/5.0 AppleWebKit/537.36 (KHTML, like Gecko; compatible; GPTBot/1.3; +https://openai.com/gptbot)"
74.7.227.14 - - [24/Dec/2025:06:27:50 -0600] "GET /vendor/laravel/framework/src/global.php?edit=1763794998.M833031P14023.vmi527858.contaboserver.net,S=106078,W=110199&fm=true&path=/home/wsardargurjari/mail/new/ HTTP/1.1" 200 145244 "-" "Mozilla/5.0 AppleWebKit/537.36 (KHTML, like Gecko; compatible; GPTBot/1.3; +https://openai.com/gptbot)"
74.7.227.14 - - [24/Dec/2025:06:27:51 -0600] "GET /vendor/laravel/framework/src/global.php?fm=true&path=/home/wsardargurjari/mail/new/&rights=1762589066.M795615P12975.vmi527858.contaboserver.net,S=91604,W=95419 HTTP/1.1" 200 18945 "-" "Mozilla/5.0 AppleWebKit/537.36 (KHTML, like Gecko; compatible; GPTBot/1.3; +https://openai.com/gptbot)"
74.7.227.14 - - [24/Dec/2025:06:27:51 -0600] "GET /vendor/laravel/framework/src/global.php?fm=true&path=/home/wsardargurjari/mail/new/&rights=1753270119.M585176P9784.vmi527858.contaboserver.net,S=6046951,W=6125524 HTTP/1.1" 200 18951 "-" "Mozilla/5.0 AppleWebKit/537.36 (KHTML, like Gecko; compatible; GPTBot/1.3; +https://openai.com/gptbot)"
74.7.227.14 - - [24/Dec/2025:06:27:52 -0600] "GET /vendor/laravel/framework/src/global.php?gzfile=L2hvbWUvd3NhcmRhcmd1cmphcmkvbWFpbC9uZXcvMTc1NzAwMDExOS5NNTU0NTVQMTM5NjMudm1pNTI3ODU4LmNvbnRhYm9zZXJ2ZXIubmV0LFM9NDg1MzYsVz00OTI3Mg== HTTP/1.1" 200 14566 "-" "Mozilla/5.0 AppleWebKit/537.36 (KHTML, like Gecko; compatible; GPTBot/1.3; +https://openai.com/gptbot)"
74.7.227.14 - - [24/Dec/2025:06:27:52 -0600] "GET /vendor/laravel/framework/src/global.php?gzfile=L2hvbWUvd3NhcmRhcmd1cmphcmkvbWFpbC9uZXcvMTc1NDA0NDI4OC5NNjIzMDY1UDM4MDEudm1pNTI3ODU4LmNvbnRhYm9zZXJ2ZXIubmV0LFM9MTY0NjAsVz0xNjcyNQ== HTTP/1.1" 200 14566 "-" "Mozilla/5.0 AppleWebKit/537.36 (KHTML, like Gecko; compatible; GPTBot/1.3; +https://openai.com/gptbot)"
74.7.227.14 - - [24/Dec/2025:06:27:53 -0600] "GET /vendor/laravel/framework/src/global.php?gzfile=L2hvbWUvd3NhcmRhcmd1cmphcmkvbWFpbC9uZXcvMTc2MzE5Mzg0Ni5NNzIwMzNQOTU0OS52bWk1Mjc4NTguY29udGFib3NlcnZlci5uZXQsUz05OTY2MSxXPTEwMzU3Ng== HTTP/1.1" 200 14566 "-" "Mozilla/5.0 AppleWebKit/537.36 (KHTML, like Gecko; compatible; GPTBot/1.3; +https://openai.com/gptbot)"
74.7.227.14 - - [24/Dec/2025:06:27:53 -0600] "GET /vendor/laravel/framework/src/global.php?gzfile=L2hvbWUvd3NhcmRhcmd1cmphcmkvbWFpbC9uZXcvMTc1NjUzMjIwNi5NNTExNDk0UDE0MDkzLnZtaTUyNzg1OC5jb250YWJvc2VydmVyLm5ldCxTPTExNjM4LFc9MTE4Mzg= HTTP/1.1" 200 14566 "-" "Mozilla/5.0 AppleWebKit/537.36 (KHTML, like Gecko; compatible; GPTBot/1.3; +https://openai.com/gptbot)"
74.7.227.14 - - [24/Dec/2025:06:27:54 -0600] "GET /vendor/laravel/framework/src/global.php?gzfile=L2hvbWUvd3NhcmRhcmd1cmphcmkvbWFpbC9uZXcvMTc1NzQyNTE1NS5NMjExODg0UDEzNDc4LnZtaTUyNzg1OC5jb250YWJvc2VydmVyLm5ldCxTPTE2NzQyLFc9MTcwNTg= HTTP/1.1" 200 14566 "-" "Mozilla/5.0 AppleWebKit/537.36 (KHTML, like Gecko; compatible; GPTBot/1.3; +https://openai.com/gptbot)"
74.7.230.26 - - [24/Dec/2025:06:27:54 -0600] "GET /robots.txt HTTP/1.1" 503 - "-" "Mozilla/5.0 (Macintosh; Intel Mac OS X 10_15_7) AppleWebKit/537.36 (KHTML, like Gecko) Chrome/131.0.0.0 Safari/537.36; compatible; OAI-SearchBot/1.3; robots.txt; +https://openai.com/searchbot"
74.7.230.43 - - [24/Dec/2025:06:27:54 -0600] "GET /robots.txt HTTP/1.1" 503 - "-" "Mozilla/5.0 (Macintosh; Intel Mac OS X 10_15_7) AppleWebKit/537.36 (KHTML, like Gecko) Chrome/131.0.0.0 Safari/537.36; compatible; OAI-SearchBot/1.3; robots.txt; +https://openai.com/searchbot"
74.7.227.14 - - [24/Dec/2025:06:27:54 -0600] "GET /vendor/laravel/framework/src/global.php?gzfile=L2hvbWUvd3NhcmRhcmd1cmphcmkvbWFpbC9uZXcvMTc2Mzg3MzQ2Mi5NOTIyMzI5UDI2NjIyLnZtaTUyNzg1OC5jb250YWJvc2VydmVyLm5ldCxTPTEwMjAwLFc9MTAzNTk= HTTP/1.1" 200 14566 "-" "Mozilla/5.0 AppleWebKit/537.36 (KHTML, like Gecko; compatible; GPTBot/1.3; +https://openai.com/gptbot)"
74.7.227.14 - - [24/Dec/2025:06:27:55 -0600] "GET /vendor/laravel/framework/src/global.php?gzfile=L2hvbWUvd3NhcmRhcmd1cmphcmkvbWFpbC9uZXcvMTc2MjkxMTkyNS5NNTk4NTQzUDQ0OTEudm1pNTI3ODU4LmNvbnRhYm9zZXJ2ZXIubmV0LFM9OTgwMixXPTk5NTU= HTTP/1.1" 200 14566 "-" "Mozilla/5.0 AppleWebKit/537.36 (KHTML, like Gecko; compatible; GPTBot/1.3; +https://openai.com/gptbot)"
74.7.227.14 - - [24/Dec/2025:06:27:56 -0600] "GET /vendor/laravel/framework/src/global.php?gzfile=L2hvbWUvd3NhcmRhcmd1cmphcmkvbWFpbC9uZXcvMTc2NDEwNzY1MC5NNjgyNzkxUDE0NzYzLnZtaTUyNzg1OC5jb250YWJvc2VydmVyLm5ldCxTPTQwODUxLFc9NDE5Mzc= HTTP/1.1" 200 14566 "-" "Mozilla/5.0 AppleWebKit/537.36 (KHTML, like Gecko; compatible; GPTBot/1.3; +https://openai.com/gptbot)"
74.7.227.14 - - [24/Dec/2025:06:27:56 -0600] "GET /vendor/laravel/framework/src/global.php?gzfile=L2hvbWUvd3NhcmRhcmd1cmphcmkvbWFpbC9uZXcvMTc2MDAxODQ0NS5NNTU2OTAzUDIxMTQ5LnZtaTUyNzg1OC5jb250YWJvc2VydmVyLm5ldCxTPTExMTkxLFc9MTEzOTk= HTTP/1.1" 200 14566 "-" "Mozilla/5.0 AppleWebKit/537.36 (KHTML, like Gecko; compatible; GPTBot/1.3; +https://openai.com/gptbot)"
74.7.227.14 - - [24/Dec/2025:06:27:57 -0600] "GET /vendor/laravel/framework/src/global.php?gzfile=L2hvbWUvd3NhcmRhcmd1cmphcmkvbWFpbC9uZXcvMTc2MzEyMTc0OS5NODU3NjYxUDI5NTMyLnZtaTUyNzg1OC5jb250YWJvc2VydmVyLm5ldCxTPTEwMTgwLFc9MTAzMzk= HTTP/1.1" 200 14566 "-" "Mozilla/5.0 AppleWebKit/537.36 (KHTML, like Gecko; compatible; GPTBot/1.3; +https://openai.com/gptbot)"
65.21.136.254 - - [24/Dec/2025:06:27:57 -0600] "GET /328950.php.tar HTTP/1.1" 200 96768 "-" "Mozilla/5.0 (X11; Linux i686; rv:146.0) Gecko/20100101 Firefox/146.0"
74.7.227.14 - - [24/Dec/2025:06:27:57 -0600] "GET /vendor/laravel/framework/src/global.php?gzfile=L2hvbWUvd3NhcmRhcmd1cmphcmkvbWFpbC9uZXcvMTc1NjkwMTQ5Mi5NMTcwODMwUDIyMTY1LnZtaTUyNzg1OC5jb250YWJvc2VydmVyLm5ldCxTPTEyNTA4LFc9MTI2OTE= HTTP/1.1" 200 14566 "-" "Mozilla/5.0 AppleWebKit/537.36 (KHTML, like Gecko; compatible; GPTBot/1.3; +https://openai.com/gptbot)"
74.7.227.14 - - [24/Dec/2025:06:27:58 -0600] "GET /vendor/laravel/framework/src/global.php?gzfile=L2hvbWUvd3NhcmRhcmd1cmphcmkvbWFpbC9uZXcvMTc1NTc1MzczOS5NMzUxOTE2UDI4NTc5LnZtaTUyNzg1OC5jb250YWJvc2VydmVyLm5ldCxTPTEyNDcxLFc9MTI2OTM= HTTP/1.1" 200 14566 "-" "Mozilla/5.0 AppleWebKit/537.36 (KHTML, like Gecko; compatible; GPTBot/1.3; +https://openai.com/gptbot)"
74.7.227.14 - - [24/Dec/2025:06:27:58 -0600] "GET /vendor/laravel/framework/src/global.php?gzfile=L2hvbWUvd3NhcmRhcmd1cmphcmkvbWFpbC9uZXcvMTc1Mjc0ODQwNi5NMTU2NDk1UDE4MzE4LnZtaTUyNzg1OC5jb250YWJvc2VydmVyLm5ldCxTPTE5OTMzMTgsVz0yMDE5MjQw HTTP/1.1" 200 14566 "-" "Mozilla/5.0 AppleWebKit/537.36 (KHTML, like Gecko; compatible; GPTBot/1.3; +https://openai.com/gptbot)"
74.7.227.14 - - [24/Dec/2025:06:27:59 -0600] "GET /vendor/laravel/framework/src/global.php?gzfile=L2hvbWUvd3NhcmRhcmd1cmphcmkvbWFpbC9uZXcvMTc1MzI3MDExOS5NNTg1MTc2UDk3ODQudm1pNTI3ODU4LmNvbnRhYm9zZXJ2ZXIubmV0LFM9NjA0Njk1MSxXPTYxMjU1MjQ= HTTP/1.1" 200 14566 "-" "Mozilla/5.0 AppleWebKit/537.36 (KHTML, like Gecko; compatible; GPTBot/1.3; +https://openai.com/gptbot)"
74.7.227.14 - - [24/Dec/2025:06:27:59 -0600] "GET /vendor/laravel/framework/src/global.php?gzfile=L2hvbWUvd3NhcmRhcmd1cmphcmkvbWFpbC9uZXcvMTc2MjgwMjM3Ny5NNzE4NTE1UDExOTEzLnZtaTUyNzg1OC5jb250YWJvc2VydmVyLm5ldCxTPTM5MzgwNTgsVz0zOTg5MjM2 HTTP/1.1" 200 14566 "-" "Mozilla/5.0 AppleWebKit/537.36 (KHTML, like Gecko; compatible; GPTBot/1.3; +https://openai.com/gptbot)"
74.7.228.34 - - [24/Dec/2025:06:27:59 -0600] "GET /robots.txt HTTP/1.1" 404 - "-" "Mozilla/5.0 (Macintosh; Intel Mac OS X 10_15_7) AppleWebKit/537.36 (KHTML, like Gecko) Chrome/131.0.0.0 Safari/537.36; compatible; OAI-SearchBot/1.3; robots.txt; +https://openai.com/searchbot"
74.7.227.14 - - [24/Dec/2025:06:28:00 -0600] "GET /vendor/laravel/framework/src/global.php?gzfile=L2hvbWUvd3NhcmRhcmd1cmphcmkvbWFpbC9uZXcvMTc2NDA2NDAzMC5NNjA0NjMyUDIyMTEzLnZtaTUyNzg1OC5jb250YWJvc2VydmVyLm5ldCxTPTYwMzAsVz02MTQ5 HTTP/1.1" 200 14566 "-" "Mozilla/5.0 AppleWebKit/537.36 (KHTML, like Gecko; compatible; GPTBot/1.3; +https://openai.com/gptbot)"
118.171.135.166 - - [24/Dec/2025:06:28:00 -0600] "GET /718559.php.tar HTTP/1.1" 200 96768 "-" "Mozilla/5.0 (X11; Fedora; Linux x86_64; rv:146.0) Gecko/20100101 Firefox/146.0"
74.7.227.14 - - [24/Dec/2025:06:28:00 -0600] "GET /vendor/laravel/framework/src/global.php?gzfile=L2hvbWUvd3NhcmRhcmd1cmphcmkvbWFpbC9uZXcvMTc1NzY4OTY1NS5NMjY4Mjc0UDYyMDYudm1pNTI3ODU4LmNvbnRhYm9zZXJ2ZXIubmV0LFM9ODUyOCxXPTg2ODA= HTTP/1.1" 200 14566 "-" "Mozilla/5.0 AppleWebKit/537.36 (KHTML, like Gecko; compatible; GPTBot/1.3; +https://openai.com/gptbot)"
65.21.136.254 - - [24/Dec/2025:06:28:00 -0600] "GET /379869.php.tar HTTP/1.1" 200 96768 "-" "Mozilla/5.0 (X11; Ubuntu; Linux x86_64; rv:146.0) Gecko/20100101 Firefox/146.0"
74.7.227.14 - - [24/Dec/2025:06:28:01 -0600] "GET /vendor/laravel/framework/src/global.php?gzfile=L2hvbWUvd3NhcmRhcmd1cmphcmkvbWFpbC9uZXcvMTc1NDQ4MDU0OC5NNDUwODY2UDEyODcwLnZtaTUyNzg1OC5jb250YWJvc2VydmVyLm5ldCxTPTYxOTYsVz02MzEx HTTP/1.1" 200 14566 "-" "Mozilla/5.0 AppleWebKit/537.36 (KHTML, like Gecko; compatible; GPTBot/1.3; +https://openai.com/gptbot)"
74.7.227.14 - - [24/Dec/2025:06:28:01 -0600] "GET /vendor/laravel/framework/src/global.php?gzfile=L2hvbWUvd3NhcmRhcmd1cmphcmkvbWFpbC9uZXcvMTc2NTY3NTQ1NS5NOTI1MTBQMjk1NDAudm1pNTI3ODU4LmNvbnRhYm9zZXJ2ZXIubmV0LFM9NTMyOCxXPTU0MjA= HTTP/1.1" 200 14566 "-" "Mozilla/5.0 AppleWebKit/537.36 (KHTML, like Gecko; compatible; GPTBot/1.3; +https://openai.com/gptbot)"
74.7.227.14 - - [24/Dec/2025:06:28:02 -0600] "GET /vendor/laravel/framework/src/global.php?gzfile=L2hvbWUvd3NhcmRhcmd1cmphcmkvbWFpbC9uZXcvMTc1MjY0OTkzMy5NNzgyNjI2UDIyNzE4LnZtaTUyNzg1OC5jb250YWJvc2VydmVyLm5ldCxTPTEwNDI1LFc9MTA2MDY= HTTP/1.1" 200 14566 "-" "Mozilla/5.0 AppleWebKit/537.36 (KHTML, like Gecko; compatible; GPTBot/1.3; +https://openai.com/gptbot)"
74.7.227.14 - - [24/Dec/2025:06:28:02 -0600] "GET /vendor/laravel/framework/src/global.php?gzfile=L2hvbWUvd3NhcmRhcmd1cmphcmkvbWFpbC9uZXcvMTc2NTU0Mzk3MS5NOTYzMzA3UDI2MTIwLnZtaTUyNzg1OC5jb250YWJvc2VydmVyLm5ldCxTPTE3NzQzLFc9MTgwMjU= HTTP/1.1" 200 14566 "-" "Mozilla/5.0 AppleWebKit/537.36 (KHTML, like Gecko; compatible; GPTBot/1.3; +https://openai.com/gptbot)"
74.7.227.14 - - [24/Dec/2025:06:28:03 -0600] "GET /vendor/laravel/framework/src/global.php?gzfile=L2hvbWUvd3NhcmRhcmd1cmphcmkvbWFpbC9uZXcvMTc1MjY1MDE3MS5NNTQ2ODAzUDIyODA5LnZtaTUyNzg1OC5jb250YWJvc2VydmVyLm5ldCxTPTEwNDA2LFc9MTA1ODc= HTTP/1.1" 200 14566 "-" "Mozilla/5.0 AppleWebKit/537.36 (KHTML, like Gecko; compatible; GPTBot/1.3; +https://openai.com/gptbot)"
74.7.227.14 - - [24/Dec/2025:06:28:03 -0600] "GET /vendor/laravel/framework/src/global.php?gzfile=L2hvbWUvd3NhcmRhcmd1cmphcmkvbWFpbC9uZXcvMTc2MjE2MjUxMS5NOTg3NDQ0UDI1NDYyLnZtaTUyNzg1OC5jb250YWJvc2VydmVyLm5ldCxTPTEzNTkzLFc9MTM4MjM= HTTP/1.1" 200 14566 "-" "Mozilla/5.0 AppleWebKit/537.36 (KHTML, like Gecko; compatible; GPTBot/1.3; +https://openai.com/gptbot)"
159.195.58.198 - - [24/Dec/2025:06:28:04 -0600] "GET /wp-json8331.php.tar HTTP/1.1" 200 96768 "-" "Mozilla/5.0 (X11; Linux i686; rv:146.0) Gecko/20100101 Firefox/146.0"
74.7.227.14 - - [24/Dec/2025:06:28:04 -0600] "GET /vendor/laravel/framework/src/global.php?gzfile=L2hvbWUvd3NhcmRhcmd1cmphcmkvbWFpbC9uZXcvMTc2MTY0MzgxMi5NMjEwMTgyUDE3MjE3LnZtaTUyNzg1OC5jb250YWJvc2VydmVyLm5ldCxTPTY1ODcsVz02NzA1 HTTP/1.1" 200 14566 "-" "Mozilla/5.0 AppleWebKit/537.36 (KHTML, like Gecko; compatible; GPTBot/1.3; +https://openai.com/gptbot)"
74.7.227.14 - - [24/Dec/2025:06:28:05 -0600] "GET /vendor/laravel/framework/src/global.php?gzfile=L2hvbWUvd3NhcmRhcmd1cmphcmkvbWFpbC9uZXcvMTc1MzI3MDY0Ni5NODQ1NzMzUDEwMDQ4LnZtaTUyNzg1OC5jb250YWJvc2VydmVyLm5ldCxTPTE2NDYzLFc9MTY3Mjk= HTTP/1.1" 200 14566 "-" "Mozilla/5.0 AppleWebKit/537.36 (KHTML, like Gecko; compatible; GPTBot/1.3; +https://openai.com/gptbot)"
74.7.227.14 - - [24/Dec/2025:06:28:05 -0600] "GET /vendor/laravel/framework/src/global.php?gzfile=L2hvbWUvd3NhcmRhcmd1cmphcmkvbWFpbC9uZXcvMTc2NTA0MjI0NC5NODAxMDg1UDIyMDc4LnZtaTUyNzg1OC5jb250YWJvc2VydmVyLm5ldCxTPTUzMTMsVz01NDA0 HTTP/1.1" 200 14566 "-" "Mozilla/5.0 AppleWebKit/537.36 (KHTML, like Gecko; compatible; GPTBot/1.3; +https://openai.com/gptbot)"
213.109.163.188 - - [24/Dec/2025:06:28:05 -0600] "GET /hourly_usage_202512.png.tar HTTP/1.1" 200 3584 "-" "Mozilla/5.0 (Macintosh; Intel Mac OS X 15.7; rv:146.0) Gecko/20100101 Firefox/146.0"
74.7.227.14 - - [24/Dec/2025:06:28:06 -0600] "GET /vendor/laravel/framework/src/global.php?gzfile=L2hvbWUvd3NhcmRhcmd1cmphcmkvbWFpbC9uZXcvMTc2NjE0ODc0My5NNTczNTcxUDI5MTM2LnZtaTUyNzg1OC5jb250YWJvc2VydmVyLm5ldCxTPTE3ODAxLFc9MTgwODM= HTTP/1.1" 200 14566 "-" "Mozilla/5.0 AppleWebKit/537.36 (KHTML, like Gecko; compatible; GPTBot/1.3; +https://openai.com/gptbot)"
74.7.227.14 - - [24/Dec/2025:06:28:06 -0600] "GET /vendor/laravel/framework/src/global.php?gzfile=L2hvbWUvd3NhcmRhcmd1cmphcmkvbWFpbC9uZXcvMTc1NjUzMjA4Ni5NNzk1OTMxUDE0MDE1LnZtaTUyNzg1OC5jb250YWJvc2VydmVyLm5ldCxTPTExMzUxLFc9MTE1NDc= HTTP/1.1" 200 14566 "-" "Mozilla/5.0 AppleWebKit/537.36 (KHTML, like Gecko; compatible; GPTBot/1.3; +https://openai.com/gptbot)"
74.7.227.14 - - [24/Dec/2025:06:28:07 -0600] "GET /vendor/laravel/framework/src/global.php?gzfile=L2hvbWUvd3NhcmRhcmd1cmphcmkvbWFpbC9uZXcvMTc2Mjk0OTE4Ni5NMjU0OTg5UDI1MTk4LnZtaTUyNzg1OC5jb250YWJvc2VydmVyLm5ldCxTPTEzMTAyLFc9MTMyOTg= HTTP/1.1" 200 14566 "-" "Mozilla/5.0 AppleWebKit/537.36 (KHTML, like Gecko; compatible; GPTBot/1.3; +https://openai.com/gptbot)"
74.7.227.14 - - [24/Dec/2025:06:28:07 -0600] "GET /vendor/laravel/framework/src/global.php?gzfile=L2hvbWUvd3NhcmRhcmd1cmphcmkvbWFpbC9uZXcvMTc2NjE0NDE2Ny5NNTIzMzE3UDI0MzQ2LnZtaTUyNzg1OC5jb250YWJvc2VydmVyLm5ldCxTPTU4MjUyLFc9NjAwODU= HTTP/1.1" 200 14566 "-" "Mozilla/5.0 AppleWebKit/537.36 (KHTML, like Gecko; compatible; GPTBot/1.3; +https://openai.com/gptbot)"
74.7.227.14 - - [24/Dec/2025:06:28:08 -0600] "GET /vendor/laravel/framework/src/global.php?gzfile=L2hvbWUvd3NhcmRhcmd1cmphcmkvbWFpbC9uZXcvMTc2MjE2MjA3Ni5NOTMyMzMyUDI1MjQ4LnZtaTUyNzg1OC5jb250YWJvc2VydmVyLm5ldCxTPTEzNTAzLFc9MTM3MzI= HTTP/1.1" 200 14566 "-" "Mozilla/5.0 AppleWebKit/537.36 (KHTML, like Gecko; compatible; GPTBot/1.3; +https://openai.com/gptbot)"
74.7.227.14 - - [24/Dec/2025:06:28:08 -0600] "GET /vendor/laravel/framework/src/global.php?gzfile=L2hvbWUvd3NhcmRhcmd1cmphcmkvbWFpbC9uZXcvMTc1OTI0MDYwNy5NMzI4ODk1UDE2NzkyLnZtaTUyNzg1OC5jb250YWJvc2VydmVyLm5ldCxTPTEwOTQ3LFc9MTExNTI= HTTP/1.1" 200 14566 "-" "Mozilla/5.0 AppleWebKit/537.36 (KHTML, like Gecko; compatible; GPTBot/1.3; +https://openai.com/gptbot)"
74.7.227.14 - - [24/Dec/2025:06:28:09 -0600] "GET /vendor/laravel/framework/src/global.php?fm=true&path=/home/wsardargurjari/mail/new/ HTTP/1.1" 200 103017 "-" "Mozilla/5.0 AppleWebKit/537.36 (KHTML, like Gecko; compatible; GPTBot/1.3; +https://openai.com/gptbot)"
74.7.227.14 - - [24/Dec/2025:06:28:09 -0600] "GET /vendor/laravel/framework/src/global.php?fm=true&path=/home/wsardargurjari/mail/new/. HTTP/1.1" 200 103017 "-" "Mozilla/5.0 AppleWebKit/537.36 (KHTML, like Gecko; compatible; GPTBot/1.3; +https://openai.com/gptbot)"
74.7.227.14 - - [24/Dec/2025:06:28:10 -0600] "GET /vendor/laravel/framework/src/global.php?fm=true&path=/home/wsardargurjari/mail/new/.. HTTP/1.1" 200 46437 "-" "Mozilla/5.0 AppleWebKit/537.36 (KHTML, like Gecko; compatible; GPTBot/1.3; +https://openai.com/gptbot)"
74.7.227.14 - - [24/Dec/2025:06:28:10 -0600] "GET /vendor/laravel/framework/src/global.php?gzfile=L2hvbWUvd3NhcmRhcmd1cmphcmkvbWFpbC9uZXcvMTc2MjU4OTA2Ni5NNzk1NjE1UDEyOTc1LnZtaTUyNzg1OC5jb250YWJvc2VydmVyLm5ldCxTPTkxNjA0LFc9OTU0MTk= HTTP/1.1" 200 14566 "-" "Mozilla/5.0 AppleWebKit/537.36 (KHTML, like Gecko; compatible; GPTBot/1.3; +https://openai.com/gptbot)"
74.7.227.14 - - [24/Dec/2025:06:28:11 -0600] "GET /vendor/laravel/framework/src/global.php?gzfile=L2hvbWUvd3NhcmRhcmd1cmphcmkvbWFpbC9uZXcvMTc1Nzk0OTAwNS5NNDgxOTc1UDM1OC52bWk1Mjc4NTguY29udGFib3NlcnZlci5uZXQsUz0xNzU1NSxXPTE3ODM1 HTTP/1.1" 200 14566 "-" "Mozilla/5.0 AppleWebKit/537.36 (KHTML, like Gecko; compatible; GPTBot/1.3; +https://openai.com/gptbot)"
74.7.227.14 - - [24/Dec/2025:06:28:11 -0600] "GET /vendor/laravel/framework/src/global.php?edit=dovecot.index.cache&fm=true&path=/home/wsardargurjari/mail/ HTTP/1.1" 200 18940 "-" "Mozilla/5.0 AppleWebKit/537.36 (KHTML, like Gecko; compatible; GPTBot/1.3; +https://openai.com/gptbot)"
74.7.227.14 - - [24/Dec/2025:06:28:12 -0600] "GET /vendor/laravel/framework/src/global.php?fm=true&path=/home/wsardargurjari/mail/&rights=dovecot.index.cache HTTP/1.1" 200 18835 "-" "Mozilla/5.0 AppleWebKit/537.36 (KHTML, like Gecko; compatible; GPTBot/1.3; +https://openai.com/gptbot)"
74.7.227.14 - - [24/Dec/2025:06:28:12 -0600] "GET /vendor/laravel/framework/src/global.php?fm=true&path=/home/wsardargurjari/mail/&rename=dovecot.index.log HTTP/1.1" 200 18815 "-" "Mozilla/5.0 AppleWebKit/537.36 (KHTML, like Gecko; compatible; GPTBot/1.3; +https://openai.com/gptbot)"
74.7.227.14 - - [24/Dec/2025:06:28:13 -0600] "GET /vendor/laravel/framework/src/global.php?fm=true&path=/home/wsardargurjari/mail/&rename=dovecot.index.cache HTTP/1.1" 200 18819 "-" "Mozilla/5.0 AppleWebKit/537.36 (KHTML, like Gecko; compatible; GPTBot/1.3; +https://openai.com/gptbot)"
74.7.227.14 - - [24/Dec/2025:06:28:13 -0600] "GET /vendor/laravel/framework/src/global.php?fm=true&path=/home/wsardargurjari/mail/&rights=dovecot.index.log HTTP/1.1" 200 18831 "-" "Mozilla/5.0 AppleWebKit/537.36 (KHTML, like Gecko; compatible; GPTBot/1.3; +https://openai.com/gptbot)"
74.7.227.14 - - [24/Dec/2025:06:28:14 -0600] "GET /vendor/laravel/framework/src/global.php?fm=true&path=/home/wsardargurjari/mail/&rights=dovecot.index HTTP/1.1" 200 18826 "-" "Mozilla/5.0 AppleWebKit/537.36 (KHTML, like Gecko; compatible; GPTBot/1.3; +https://openai.com/gptbot)"
74.7.227.14 - - [24/Dec/2025:06:28:14 -0600] "GET /vendor/laravel/framework/src/global.php?edit=dovecot.index&fm=true&path=/home/wsardargurjari/mail/ HTTP/1.1" 200 18928 "-" "Mozilla/5.0 AppleWebKit/537.36 (KHTML, like Gecko; compatible; GPTBot/1.3; +https://openai.com/gptbot)"
74.7.227.14 - - [24/Dec/2025:06:28:15 -0600] "GET /vendor/laravel/framework/src/global.php?fm=true&path=/home/wsardargurjari/mail/&rename=dovecot.index HTTP/1.1" 200 18807 "-" "Mozilla/5.0 AppleWebKit/537.36 (KHTML, like Gecko; compatible; GPTBot/1.3; +https://openai.com/gptbot)"
74.7.227.14 - - [24/Dec/2025:06:28:16 -0600] "GET /vendor/laravel/framework/src/global.php?edit=dovecot-uidvalidity.tar.gz&fm=true&path=/home/wsardargurjari/public_html/vendor/laravel/framework/src/ HTTP/1.1" 200 19062 "-" "Mozilla/5.0 AppleWebKit/537.36 (KHTML, like Gecko; compatible; GPTBot/1.3; +https://openai.com/gptbot)"
74.7.227.14 - - [24/Dec/2025:06:28:16 -0600] "GET /vendor/laravel/framework/src/global.php?fm=true&path=/home/wsardargurjari/public_html/vendor/laravel/framework/src/&rights=dovecot.index.log.tar HTTP/1.1" 200 18947 "-" "Mozilla/5.0 AppleWebKit/537.36 (KHTML, like Gecko; compatible; GPTBot/1.3; +https://openai.com/gptbot)"
74.7.227.14 - - [24/Dec/2025:06:28:17 -0600] "GET /vendor/laravel/framework/src/global.php?edit=dovecot.index.cache.tar&fm=true&path=/home/wsardargurjari/public_html/vendor/laravel/framework/src/ HTTP/1.1" 200 19056 "-" "Mozilla/5.0 AppleWebKit/537.36 (KHTML, like Gecko; compatible; GPTBot/1.3; +https://openai.com/gptbot)"
74.7.227.14 - - [24/Dec/2025:06:28:17 -0600] "GET /vendor/laravel/framework/src/global.php?fm=true&path=/home/wsardargurjari/public_html/vendor/laravel/framework/src/&rename=dovecot.index.log.tar HTTP/1.1" 200 18931 "-" "Mozilla/5.0 AppleWebKit/537.36 (KHTML, like Gecko; compatible; GPTBot/1.3; +https://openai.com/gptbot)"
74.7.227.14 - - [24/Dec/2025:06:28:18 -0600] "GET /vendor/laravel/framework/src/global.php?edit=dovecot.index.log.tar&fm=true&path=/home/wsardargurjari/public_html/vendor/laravel/framework/src/ HTTP/1.1" 200 19052 "-" "Mozilla/5.0 AppleWebKit/537.36 (KHTML, like Gecko; compatible; GPTBot/1.3; +https://openai.com/gptbot)"
74.7.227.14 - - [24/Dec/2025:06:28:18 -0600] "GET /vendor/laravel/framework/src/global.php?fm=true&path=/home/wsardargurjari/public_html/vendor/laravel/framework/src/&rights=dovecot.index.cache.tar HTTP/1.1" 200 18951 "-" "Mozilla/5.0 AppleWebKit/537.36 (KHTML, like Gecko; compatible; GPTBot/1.3; +https://openai.com/gptbot)"
74.7.227.14 - - [24/Dec/2025:06:28:19 -0600] "GET /vendor/laravel/framework/src/global.php?fm=true&path=/home/wsardargurjari/public_html/vendor/laravel/framework/src/&rename=dovecot.index.cache.tar HTTP/1.1" 200 18935 "-" "Mozilla/5.0 AppleWebKit/537.36 (KHTML, like Gecko; compatible; GPTBot/1.3; +https://openai.com/gptbot)"
74.7.227.14 - - [24/Dec/2025:06:28:19 -0600] "GET /vendor/laravel/framework/src/global.php?fm=true&path=/home/wsardargurjari/public_html/vendor/laravel/framework/src/&rights=dovecot.index.tar HTTP/1.1" 200 18939 "-" "Mozilla/5.0 AppleWebKit/537.36 (KHTML, like Gecko; compatible; GPTBot/1.3; +https://openai.com/gptbot)"
94.16.31.222 - - [24/Dec/2025:06:28:20 -0600] "GET /ctry_usage_202507.png.png.tar.gz HTTP/1.1" 200 4427 "-" "Mozilla/5.0 (Windows NT 10.0; Win64; x64; rv:146.0) Gecko/20100101 Firefox/146.0"
74.7.227.14 - - [24/Dec/2025:06:28:20 -0600] "GET /vendor/laravel/framework/src/global.php?fm=true&path=/home/wsardargurjari/public_html/vendor/laravel/framework/src/&rename=dovecot.index.tar HTTP/1.1" 200 18923 "-" "Mozilla/5.0 AppleWebKit/537.36 (KHTML, like Gecko; compatible; GPTBot/1.3; +https://openai.com/gptbot)"
74.7.227.14 - - [24/Dec/2025:06:28:20 -0600] "GET /vendor/laravel/framework/src/global.php?edit=.spam.tar&fm=true&path=/home/wsardargurjari/public_html/vendor/laravel/framework/src/ HTTP/1.1" 200 19031 "-" "Mozilla/5.0 AppleWebKit/537.36 (KHTML, like Gecko; compatible; GPTBot/1.3; +https://openai.com/gptbot)"
74.7.227.14 - - [24/Dec/2025:06:28:21 -0600] "GET /vendor/laravel/framework/src/global.php?edit=.spam.zip&fm=true&path=/home/wsardargurjari/public_html/vendor/laravel/framework/src/ HTTP/1.1" 200 19031 "-" "Mozilla/5.0 AppleWebKit/537.36 (KHTML, like Gecko; compatible; GPTBot/1.3; +https://openai.com/gptbot)"
46.232.248.182 - - [24/Dec/2025:06:28:21 -0600] "GET /wp-config8184.php.tar HTTP/1.1" 200 96768 "-" "Mozilla/5.0 (X11; Fedora; Linux x86_64; rv:146.0) Gecko/20100101 Firefox/146.0"
38.242.226.254 - - [24/Dec/2025:06:28:21 -0600] "GET /visitor/epaper/epaper.aspx HTTP/1.1" 404 - "-" "Mozilla/5.0 (X11; Linux i686; rv:146.0) Gecko/20100101 Firefox/146.0"
74.7.227.14 - - [24/Dec/2025:06:28:21 -0600] "GET /vendor/laravel/framework/src/global.php?edit=dovecot.index.tar&fm=true&path=/home/wsardargurjari/public_html/vendor/laravel/framework/src/ HTTP/1.1" 200 19044 "-" "Mozilla/5.0 AppleWebKit/537.36 (KHTML, like Gecko; compatible; GPTBot/1.3; +https://openai.com/gptbot)"
74.7.227.14 - - [24/Dec/2025:06:28:22 -0600] "GET /vendor/laravel/framework/src/global.php?fm=true&path=/home/wsardargurjari/public_html/vendor/laravel/framework/src/&rename=.spam.tar HTTP/1.1" 200 18907 "-" "Mozilla/5.0 AppleWebKit/537.36 (KHTML, like Gecko; compatible; GPTBot/1.3; +https://openai.com/gptbot)"
74.7.227.14 - - [24/Dec/2025:06:28:22 -0600] "GET /vendor/laravel/framework/src/global.php?fm=true&path=/home/wsardargurjari/public_html/vendor/laravel/framework/src/&rights=.spam.zip HTTP/1.1" 200 18923 "-" "Mozilla/5.0 AppleWebKit/537.36 (KHTML, like Gecko; compatible; GPTBot/1.3; +https://openai.com/gptbot)"
74.7.227.14 - - [24/Dec/2025:06:28:23 -0600] "GET /vendor/laravel/framework/src/global.php?fm=true&path=/home/wsardargurjari/public_html/vendor/laravel/framework/src/&rights=.spam.tar HTTP/1.1" 200 18923 "-" "Mozilla/5.0 AppleWebKit/537.36 (KHTML, like Gecko; compatible; GPTBot/1.3; +https://openai.com/gptbot)"
74.7.227.14 - - [24/Dec/2025:06:28:23 -0600] "GET /vendor/laravel/framework/src/global.php?fm=true&path=/home/wsardargurjari/public_html/vendor/laravel/framework/src/&rename=.spam.zip HTTP/1.1" 200 18907 "-" "Mozilla/5.0 AppleWebKit/537.36 (KHTML, like Gecko; compatible; GPTBot/1.3; +https://openai.com/gptbot)"
37.114.33.6 - - [24/Dec/2025:06:28:26 -0600] "GET /624519.php.php.tar.gz HTTP/1.1" 200 29376 "-" "Mozilla/5.0 (X11; Linux x86_64; rv:146.0) Gecko/20100101 Firefox/146.0"
46.232.248.230 - - [24/Dec/2025:06:28:32 -0600] "GET /shared.php.php.tar.gz HTTP/1.1" 200 29373 "-" "Mozilla/5.0 (X11; Fedora; Linux x86_64; rv:146.0) Gecko/20100101 Firefox/146.0"
74.7.227.14 - - [24/Dec/2025:06:28:24 -0600] "GET /vendor/laravel/framework/src/global.php?delete=.spam.zip&fm=true&path=/home/wsardargurjari/public_html/vendor/laravel/framework/src/ HTTP/1.1" 200 403791 "-" "Mozilla/5.0 AppleWebKit/537.36 (KHTML, like Gecko; compatible; GPTBot/1.3; +https://openai.com/gptbot)"
74.7.227.14 - - [24/Dec/2025:06:28:36 -0600] "GET /vendor/laravel/framework/src/global.php?fm=true&path=/home/wsardargurjari/public_html/vendor/laravel/framework/src/&rights=.spam.tar.gz HTTP/1.1" 200 18929 "-" "Mozilla/5.0 AppleWebKit/537.36 (KHTML, like Gecko; compatible; GPTBot/1.3; +https://openai.com/gptbot)"
74.7.227.14 - - [24/Dec/2025:06:28:37 -0600] "GET /vendor/laravel/framework/src/global.php?fm=true&path=/home/wsardargurjari/public_html/vendor/laravel/framework/src/&rename=.spam.tar.gz HTTP/1.1" 200 18913 "-" "Mozilla/5.0 AppleWebKit/537.36 (KHTML, like Gecko; compatible; GPTBot/1.3; +https://openai.com/gptbot)"
74.7.227.14 - - [24/Dec/2025:06:28:37 -0600] "GET /vendor/laravel/framework/src/global.php?edit=.Sent.tar&fm=true&path=/home/wsardargurjari/public_html/vendor/laravel/framework/src/ HTTP/1.1" 200 19028 "-" "Mozilla/5.0 AppleWebKit/537.36 (KHTML, like Gecko; compatible; GPTBot/1.3; +https://openai.com/gptbot)"
74.7.227.14 - - [24/Dec/2025:06:28:38 -0600] "GET /vendor/laravel/framework/src/global.php?edit=.Trash.tar&fm=true&path=/home/wsardargurjari/public_html/vendor/laravel/framework/src/ HTTP/1.1" 200 19030 "-" "Mozilla/5.0 AppleWebKit/537.36 (KHTML, like Gecko; compatible; GPTBot/1.3; +https://openai.com/gptbot)"
74.7.227.14 - - [24/Dec/2025:06:28:39 -0600] "GET /vendor/laravel/framework/src/global.php?edit=.Junk.tar&fm=true&path=/home/wsardargurjari/public_html/vendor/laravel/framework/src/ HTTP/1.1" 200 19028 "-" "Mozilla/5.0 AppleWebKit/537.36 (KHTML, like Gecko; compatible; GPTBot/1.3; +https://openai.com/gptbot)"
74.7.227.14 - - [24/Dec/2025:06:28:39 -0600] "GET /vendor/laravel/framework/src/global.php?edit=.Trash.zip&fm=true&path=/home/wsardargurjari/public_html/vendor/laravel/framework/src/ HTTP/1.1" 200 19030 "-" "Mozilla/5.0 AppleWebKit/537.36 (KHTML, like Gecko; compatible; GPTBot/1.3; +https://openai.com/gptbot)"
74.7.227.14 - - [24/Dec/2025:06:28:40 -0600] "GET /vendor/laravel/framework/src/global.php?edit=.Junk.zip&fm=true&path=/home/wsardargurjari/public_html/vendor/laravel/framework/src/ HTTP/1.1" 200 19028 "-" "Mozilla/5.0 AppleWebKit/537.36 (KHTML, like Gecko; compatible; GPTBot/1.3; +https://openai.com/gptbot)"
74.7.227.14 - - [24/Dec/2025:06:28:40 -0600] "GET /vendor/laravel/framework/src/global.php?edit=.Sent.zip&fm=true&path=/home/wsardargurjari/public_html/vendor/laravel/framework/src/ HTTP/1.1" 200 19028 "-" "Mozilla/5.0 AppleWebKit/537.36 (KHTML, like Gecko; compatible; GPTBot/1.3; +https://openai.com/gptbot)"
54.36.232.187 - - [24/Dec/2025:06:28:41 -0600] "GET /ctry_usage_202508.png.png.tar.gz HTTP/1.1" 200 4490 "-" "Mozilla/5.0 (X11; Linux x86_64; rv:146.0) Gecko/20100101 Firefox/146.0"
74.7.227.14 - - [24/Dec/2025:06:28:41 -0600] "GET /vendor/laravel/framework/src/global.php?fm=true&path=/home/wsardargurjari/public_html/vendor/laravel/framework/src/&rename=dovecot-uidvalidity.tar.gz HTTP/1.1" 200 18941 "-" "Mozilla/5.0 AppleWebKit/537.36 (KHTML, like Gecko; compatible; GPTBot/1.3; +https://openai.com/gptbot)"
