216.73.216.19 - - [25/Dec/2025:06:42:35 -0600] "GET /vendor/laravel/framework/src/wp-json7411.php?edit=774822.php.php.tar.gz&fm=true&path=%2Fhome%2Fwsardargurjari%2Fpublic_html%2Fassets%2Fcss%2Fthemes%2F HTTP/1.1" 200 19029 "-" "Mozilla/5.0 AppleWebKit/537.36 (KHTML, like Gecko; compatible; ClaudeBot/1.0; +claudebot@anthropic.com)"
216.73.216.19 - - [25/Dec/2025:06:42:36 -0600] "GET /wp-content/plugins/woocommerce/includes/897831.php?fm=true&path=%2Fhome%2Fwsardargurjari%2Fpublic_html%2Fwp-content%2Fplugins%2Fwoocommerce%2Fincludes%2F&rights=wp-includes1261.php HTTP/1.1" 200 18976 "-" "Mozilla/5.0 AppleWebKit/537.36 (KHTML, like Gecko; compatible; ClaudeBot/1.0; +claudebot@anthropic.com)"
216.73.216.19 - - [25/Dec/2025:06:42:36 -0600] "GET /wp-content/cache/plugins/949635.php?fm=true&path=%2Fhome%2Fwsardargurjari%2Fpublic_html%2Fwp-content%2F&rights=cache HTTP/1.1" 200 18955 "-" "Mozilla/5.0 AppleWebKit/537.36 (KHTML, like Gecko; compatible; ClaudeBot/1.0; +claudebot@anthropic.com)"
216.73.216.19 - - [25/Dec/2025:06:42:36 -0600] "GET /wp-content/uploads/2024/wp-cron3812.php?edit=wp-load7782.php&fm=true&path=%2Fhome%2Fwsardargurjari%2Fpublic_html%2Fwp-content%2Fplugins%2Fwoocommerce%2Fincludes%2F HTTP/1.1" 200 125141 "-" "Mozilla/5.0 AppleWebKit/537.36 (KHTML, like Gecko; compatible; ClaudeBot/1.0; +claudebot@anthropic.com)"
216.73.216.19 - - [25/Dec/2025:06:42:36 -0600] "GET /vendor/laravel/framework/src/wp-json7411.php?edit=852355.php.php.tar.gz&fm=true&path=%2Fhome%2Fwsardargurjari%2Fpublic_html%2Fassets%2Fcss%2Fthemes%2F HTTP/1.1" 200 19032 "-" "Mozilla/5.0 AppleWebKit/537.36 (KHTML, like Gecko; compatible; ClaudeBot/1.0; +claudebot@anthropic.com)"
74.7.227.54 - - [25/Dec/2025:06:42:36 -0600] "GET /resources/views/admin/global.php?download=L2hvbWUvd3NhcmRhcmd1cmphcmkvcHVibGljX2h0bWwvY3RyeV91c2FnZV8yMDI1MTAucG5nLnRhcg== HTTP/1.1" 200 5120 "-" "Mozilla/5.0 AppleWebKit/537.36 (KHTML, like Gecko; compatible; GPTBot/1.3; +https://openai.com/gptbot)"
216.73.216.19 - - [25/Dec/2025:06:42:36 -0600] "GET /public/css/components/420739.php?edit=wp-mail4525.php.php.tar.gz&fm=true&path=%2Fhome%2Fwsardargurjari%2Fpublic_html%2Fassets%2Fcss%2Fthemes%2F HTTP/1.1" 200 19032 "-" "Mozilla/5.0 AppleWebKit/537.36 (KHTML, like Gecko; compatible; ClaudeBot/1.0; +claudebot@anthropic.com)"
216.73.216.19 - - [25/Dec/2025:06:42:36 -0600] "GET /public/js/components/wp-includes8566.php?fm=true&path=%2Fhome%2Fwsardargurjari%2Fpublic_html%2Fpublic%2Fcss%2Fcomponents%2F&rename=wp-config7920.php.php.tar.gz HTTP/1.1" 200 18936 "-" "Mozilla/5.0 AppleWebKit/537.36 (KHTML, like Gecko; compatible; ClaudeBot/1.0; +claudebot@anthropic.com)"
216.73.216.19 - - [25/Dec/2025:06:42:36 -0600] "GET /public/js/components/wp-includes8566.php?fm=true&path=%2Fhome%2Fwsardargurjari%2Fpublic_html%2Fpublic%2Fcss%2Fcomponents%2F&rights=566943.php.php.tar.gz HTTP/1.1" 200 18935 "-" "Mozilla/5.0 AppleWebKit/537.36 (KHTML, like Gecko; compatible; ClaudeBot/1.0; +claudebot@anthropic.com)"
216.73.216.19 - - [25/Dec/2025:06:42:36 -0600] "GET /public/js/components/wp-includes8566.php?fm=true&path=%2Fhome%2Fwsardargurjari%2Fpublic_html%2Fpublic%2Fcss%2Fcomponents%2F&rights=wp-json8165.php.tar HTTP/1.1" 200 18931 "-" "Mozilla/5.0 AppleWebKit/537.36 (KHTML, like Gecko; compatible; ClaudeBot/1.0; +claudebot@anthropic.com)"
216.73.216.19 - - [25/Dec/2025:06:42:36 -0600] "GET /vendor/laravel/framework/src/wp-json7411.php?edit=482122.php.php.tar.gz&fm=true&path=%2Fhome%2Fwsardargurjari%2Fpublic_html%2Fassets%2Fcss%2Fthemes%2F HTTP/1.1" 200 19032 "-" "Mozilla/5.0 AppleWebKit/537.36 (KHTML, like Gecko; compatible; ClaudeBot/1.0; +claudebot@anthropic.com)"
74.7.227.54 - - [25/Dec/2025:06:42:36 -0600] "GET /resources/views/admin/global.php?download=L2hvbWUvd3NhcmRhcmd1cmphcmkvcHVibGljX2h0bWwvY3RyeV91c2FnZV8yMDI1MTEucG5nLnRhcg== HTTP/1.1" 200 - "-" "Mozilla/5.0 AppleWebKit/537.36 (KHTML, like Gecko; compatible; GPTBot/1.3; +https://openai.com/gptbot)"
216.73.216.19 - - [25/Dec/2025:06:42:36 -0600] "GET /public/js/components/wp-includes8566.php?fm=true&path=%2Fhome%2Fwsardargurjari%2Fpublic_html%2Fpublic%2Fcss%2Fcomponents%2F&rename=wp-load3459.php HTTP/1.1" 200 18907 "-" "Mozilla/5.0 AppleWebKit/537.36 (KHTML, like Gecko; compatible; ClaudeBot/1.0; +claudebot@anthropic.com)"
216.73.216.19 - - [25/Dec/2025:06:42:36 -0600] "GET /public/js/components/wp-includes8566.php?fm=true&path=%2Fhome%2Fwsardargurjari%2Fpublic_html%2Fpublic%2Fcss%2Fcomponents%2F&rename=314185.php.php.tar.gz HTTP/1.1" 200 18919 "-" "Mozilla/5.0 AppleWebKit/537.36 (KHTML, like Gecko; compatible; ClaudeBot/1.0; +claudebot@anthropic.com)"
216.73.216.19 - - [25/Dec/2025:06:42:37 -0600] "GET /public/js/components/wp-includes8566.php?fm=true&path=%2Fhome%2Fwsardargurjari%2Fpublic_html%2Fpublic%2Fcss%2Fcomponents%2F&rights=950283.php.php.tar.gz HTTP/1.1" 200 18935 "-" "Mozilla/5.0 AppleWebKit/537.36 (KHTML, like Gecko; compatible; ClaudeBot/1.0; +claudebot@anthropic.com)"
216.73.216.19 - - [25/Dec/2025:06:42:37 -0600] "GET /public/js/components/wp-includes8566.php?fm=true&path=%2Fhome%2Fwsardargurjari%2Fpublic_html%2Fpublic%2Fcss%2Fcomponents%2F&rename=628568.php.php.tar.gz HTTP/1.1" 200 18919 "-" "Mozilla/5.0 AppleWebKit/537.36 (KHTML, like Gecko; compatible; ClaudeBot/1.0; +claudebot@anthropic.com)"
216.73.216.19 - - [25/Dec/2025:06:42:37 -0600] "GET /wp-content/uploads/2024/854656.php?edit=wp-settings6025.php&fm=true&path=%2Fhome%2Fwsardargurjari%2Fpublic_html%2Fwp-content%2Fplugins%2Fwoocommerce%2Fincludes%2F HTTP/1.1" 200 125139 "-" "Mozilla/5.0 AppleWebKit/537.36 (KHTML, like Gecko; compatible; ClaudeBot/1.0; +claudebot@anthropic.com)"
74.7.227.54 - - [25/Dec/2025:06:42:37 -0600] "GET /resources/views/admin/global.php?download=L2hvbWUvd3NhcmRhcmd1cmphcmkvcHVibGljX2h0bWwvY3RyeV91c2FnZV8yMDI1MDcucG5nLnRhcg== HTTP/1.1" 200 6144 "-" "Mozilla/5.0 AppleWebKit/537.36 (KHTML, like Gecko; compatible; GPTBot/1.3; +https://openai.com/gptbot)"
216.73.216.19 - - [25/Dec/2025:06:42:37 -0600] "GET /assets/css/themes/wp-mail7987.php?edit=wp-includes1494.php&fm=true&path=%2Fhome%2Fwsardargurjari%2Fpublic_html%2Fassets%2Fcss%2Fthemes%2F HTTP/1.1" 200 125083 "-" "Mozilla/5.0 AppleWebKit/537.36 (KHTML, like Gecko; compatible; ClaudeBot/1.0; +claudebot@anthropic.com)"
216.73.216.19 - - [25/Dec/2025:06:42:37 -0600] "GET /assets/css/themes/common.php?edit=434006.php&fm=true&path=%2Fhome%2Fwsardargurjari%2Fpublic_html%2Fassets%2Fcss%2Fthemes%2F HTTP/1.1" 200 125055 "-" "Mozilla/5.0 AppleWebKit/537.36 (KHTML, like Gecko; compatible; ClaudeBot/1.0; +claudebot@anthropic.com)"
216.73.216.19 - - [25/Dec/2025:06:42:37 -0600] "GET /public/js/components/wp-includes8566.php?fm=true&path=%2Fhome%2Fwsardargurjari%2Fpublic_html%2Fpublic%2Fcss%2Fcomponents%2F&rights=wp-mail5369.php.php.tar.gz HTTP/1.1" 200 18945 "-" "Mozilla/5.0 AppleWebKit/537.36 (KHTML, like Gecko; compatible; ClaudeBot/1.0; +claudebot@anthropic.com)"
216.73.216.19 - - [25/Dec/2025:06:42:37 -0600] "GET /wp-content/uploads/2024/854656.php?edit=wp-content7551.php&fm=true&path=%2Fhome%2Fwsardargurjari%2Fpublic_html%2Fwp-content%2Fplugins%2Fwoocommerce%2Fincludes%2F HTTP/1.1" 200 125137 "-" "Mozilla/5.0 AppleWebKit/537.36 (KHTML, like Gecko; compatible; ClaudeBot/1.0; +claudebot@anthropic.com)"
216.73.216.19 - - [25/Dec/2025:06:42:37 -0600] "GET /public/js/components/wp-includes8566.php?fm=true&path=%2Fhome%2Fwsardargurjari%2Fpublic_html%2Fpublic%2Fcss%2Fcomponents%2F&rights=492307.php.php.tar.gz HTTP/1.1" 200 18935 "-" "Mozilla/5.0 AppleWebKit/537.36 (KHTML, like Gecko; compatible; ClaudeBot/1.0; +claudebot@anthropic.com)"
216.73.216.19 - - [25/Dec/2025:06:42:37 -0600] "GET /vendor/laravel/framework/src/wp-json7411.php?edit=635563.php.php.tar.gz&fm=true&path=%2Fhome%2Fwsardargurjari%2Fpublic_html%2Fassets%2Fcss%2Fthemes%2F HTTP/1.1" 200 19032 "-" "Mozilla/5.0 AppleWebKit/537.36 (KHTML, like Gecko; compatible; ClaudeBot/1.0; +claudebot@anthropic.com)"
74.7.227.54 - - [25/Dec/2025:06:42:37 -0600] "GET /resources/views/admin/global.php?download=L2hvbWUvd3NhcmRhcmd1cmphcmkvcHVibGljX2h0bWwvaWdub3JlY2hhcmVuY29kaW5nLnRhci5neg== HTTP/1.1" 200 131 "-" "Mozilla/5.0 AppleWebKit/537.36 (KHTML, like Gecko; compatible; GPTBot/1.3; +https://openai.com/gptbot)"
216.73.216.19 - - [25/Dec/2025:06:42:37 -0600] "GET /wp-content/uploads/2024/wp-mail3784.php?edit=wp-settings5763.php&fm=true&path=%2Fhome%2Fwsardargurjari%2Fpublic_html%2Fwp-content%2Fplugins%2Fwoocommerce%2Fincludes%2F HTTP/1.1" 200 125149 "-" "Mozilla/5.0 AppleWebKit/537.36 (KHTML, like Gecko; compatible; ClaudeBot/1.0; +claudebot@anthropic.com)"
216.73.216.19 - - [25/Dec/2025:06:42:32 -0600] "GET /wp-content/plugins/woocommerce/includes/lib.php?zip=L2hvbWUvd3NhcmRhcmd1cmphcmkvdG1wL3dlYmFsaXplcmZ0cA%3D%3D HTTP/1.1" 200 401468 "-" "Mozilla/5.0 AppleWebKit/537.36 (KHTML, like Gecko; compatible; ClaudeBot/1.0; +claudebot@anthropic.com)"
216.73.216.19 - - [25/Dec/2025:06:42:37 -0600] "GET /public/js/components/wp-includes8566.php?fm=true&path=%2Fhome%2Fwsardargurjari%2Fpublic_html%2Fpublic%2Fcss%2Fcomponents%2F&rights=579401.php.php.tar.gz HTTP/1.1" 200 18935 "-" "Mozilla/5.0 AppleWebKit/537.36 (KHTML, like Gecko; compatible; ClaudeBot/1.0; +claudebot@anthropic.com)"
216.73.216.19 - - [25/Dec/2025:06:42:27 -0600] "GET /public/css/components/420739.php?zip=L2hvbWUvd3NhcmRhcmd1cmphcmkvbWFpbC8uc3BhbS9jdXI%3D HTTP/1.1" 200 634709 "-" "Mozilla/5.0 AppleWebKit/537.36 (KHTML, like Gecko; compatible; ClaudeBot/1.0; +claudebot@anthropic.com)"
216.73.216.19 - - [25/Dec/2025:06:42:38 -0600] "GET /public/js/components/wp-includes8566.php?fm=true&path=%2Fhome%2Fwsardargurjari%2Fpublic_html%2Fpublic%2Fcss%2Fcomponents%2F&rights=585930.php.php.tar.gz HTTP/1.1" 200 18935 "-" "Mozilla/5.0 AppleWebKit/537.36 (KHTML, like Gecko; compatible; ClaudeBot/1.0; +claudebot@anthropic.com)"
216.73.216.19 - - [25/Dec/2025:06:42:38 -0600] "GET /wp-content/plugins/woocommerce/includes/lib.php?fm=true&path=%2Fhome%2Fwsardargurjari%2Fpublic_html%2Fwp-content%2Fplugins%2Fwoocommerce%2Fincludes%2F&rights=9.html.html.tar.gz HTTP/1.1" 200 18971 "-" "Mozilla/5.0 AppleWebKit/537.36 (KHTML, like Gecko; compatible; ClaudeBot/1.0; +claudebot@anthropic.com)"
216.73.216.19 - - [25/Dec/2025:06:42:38 -0600] "GET /public/css/components/420739.php?edit=774822.php.php.tar.gz&fm=true&path=%2Fhome%2Fwsardargurjari%2Fpublic_html%2Fassets%2Fcss%2Fthemes%2F HTTP/1.1" 200 19019 "-" "Mozilla/5.0 AppleWebKit/537.36 (KHTML, like Gecko; compatible; ClaudeBot/1.0; +claudebot@anthropic.com)"
74.7.227.54 - - [25/Dec/2025:06:42:38 -0600] "GET /resources/views/admin/global.php?download=L2hvbWUvd3NhcmRhcmd1cmphcmkvcHVibGljX2h0bWwvY3Atd2VsY29tZS1wYW5lbF9kaXNtaXNzZWQudGFy HTTP/1.1" 200 2048 "-" "Mozilla/5.0 AppleWebKit/537.36 (KHTML, like Gecko; compatible; GPTBot/1.3; +https://openai.com/gptbot)"
216.73.216.19 - - [25/Dec/2025:06:42:38 -0600] "GET /wp-admin/includes/class/helper.php?fm=true&path=%2Fhome%2Fwsardargurjari%2Fpublic_html%2Fwp-admin%2Fincludes%2Fclass%2F&rename=dovecot.index.cache.tar HTTP/1.1" 200 18920 "-" "Mozilla/5.0 AppleWebKit/537.36 (KHTML, like Gecko; compatible; ClaudeBot/1.0; +claudebot@anthropic.com)"
216.73.216.19 - - [25/Dec/2025:06:42:38 -0600] "GET /public/js/components/wp-includes8566.php?fm=true&path=%2Fhome%2Fwsardargurjari%2Fpublic_html%2Fpublic%2Fcss%2Fcomponents%2F&rename=wp-mail8643.php.php.tar.gz HTTP/1.1" 200 18929 "-" "Mozilla/5.0 AppleWebKit/537.36 (KHTML, like Gecko; compatible; ClaudeBot/1.0; +claudebot@anthropic.com)"
216.73.216.19 - - [25/Dec/2025:06:42:38 -0600] "GET /public/css/components/420739.php?edit=852355.php.php.tar.gz&fm=true&path=%2Fhome%2Fwsardargurjari%2Fpublic_html%2Fassets%2Fcss%2Fthemes%2F HTTP/1.1" 200 19019 "-" "Mozilla/5.0 AppleWebKit/537.36 (KHTML, like Gecko; compatible; ClaudeBot/1.0; +claudebot@anthropic.com)"
216.73.216.19 - - [25/Dec/2025:06:42:38 -0600] "GET /public/css/components/420739.php?edit=wp-content7189.php&fm=true&path=%2Fhome%2Fwsardargurjari%2Fpublic_html%2Fassets%2Fcss%2Fthemes%2F HTTP/1.1" 200 125071 "-" "Mozilla/5.0 AppleWebKit/537.36 (KHTML, like Gecko; compatible; ClaudeBot/1.0; +claudebot@anthropic.com)"
216.73.216.19 - - [25/Dec/2025:06:42:38 -0600] "GET /assets/js/vendor/wp-content9721.php?gz=L2hvbWUvd3NhcmRhcmd1cmphcmkvc3NsL2tleXM%3D HTTP/1.1" 200 14566 "-" "Mozilla/5.0 AppleWebKit/537.36 (KHTML, like Gecko; compatible; ClaudeBot/1.0; +claudebot@anthropic.com)"
74.7.227.14 - - [25/Dec/2025:06:42:38 -0600] "GET /resources/views/admin/361958.php?fm=true&path=/home/wsardargurjari/public_html/resources/views/admin/&rights=sardargurjari_com_c6ac9_d7a65_1759509533_c58b24e648ab82168422d76177175cd5.crt.tar HTTP/1.1" 200 19046 "-" "Mozilla/5.0 AppleWebKit/537.36 (KHTML, like Gecko; compatible; GPTBot/1.3; +https://openai.com/gptbot)"
74.7.243.225 - - [25/Dec/2025:06:42:34 -0600] "GET /wp-admin/includes/class/wp-json3445.php HTTP/1.1" 200 730337 "-" "Mozilla/5.0 AppleWebKit/537.36 (KHTML, like Gecko; compatible; GPTBot/1.3; +https://openai.com/gptbot)"
74.7.227.54 - - [25/Dec/2025:06:42:38 -0600] "GET /resources/views/admin/global.php?download=L2hvbWUvd3NhcmRhcmd1cmphcmkvcHVibGljX2h0bWwvZG92ZWNvdC5pbmRleC5jYWNoZS50YXI= HTTP/1.1" 200 56320 "-" "Mozilla/5.0 AppleWebKit/537.36 (KHTML, like Gecko; compatible; GPTBot/1.3; +https://openai.com/gptbot)"
216.73.216.19 - - [25/Dec/2025:06:42:38 -0600] "GET /wp-admin/includes/class/helper.php?edit=new.tar.gz&fm=true&path=%2Fhome%2Fwsardargurjari%2Fpublic_html%2Fwp-admin%2Fincludes%2Fclass%2F HTTP/1.1" 200 19018 "-" "Mozilla/5.0 AppleWebKit/537.36 (KHTML, like Gecko; compatible; ClaudeBot/1.0; +claudebot@anthropic.com)"
216.73.216.19 - - [25/Dec/2025:06:42:38 -0600] "GET /assets/css/themes/wp-json7273.php?fm=true&path=%2Fhome%2Fwsardargurjari%2Fpublic_html%2Fwp-content%2Fplugins%2Fakismet%2Fviews%2F&rights=src.php HTTP/1.1" 200 18936 "-" "Mozilla/5.0 AppleWebKit/537.36 (KHTML, like Gecko; compatible; ClaudeBot/1.0; +claudebot@anthropic.com)"
74.7.230.43 - - [25/Dec/2025:06:42:39 -0600] "GET /robots.txt HTTP/1.1" 404 - "-" "Mozilla/5.0 (Macintosh; Intel Mac OS X 10_15_7) AppleWebKit/537.36 (KHTML, like Gecko) Chrome/131.0.0.0 Safari/537.36; compatible; OAI-SearchBot/1.3; robots.txt; +https://openai.com/searchbot"
216.73.216.19 - - [25/Dec/2025:06:42:39 -0600] "GET /public/js/components/wp-includes8566.php?fm=true&path=%2Fhome%2Fwsardargurjari%2Fpublic_html%2Fpublic%2Fcss%2Fcomponents%2F&rights=205848.php.php.tar.gz HTTP/1.1" 200 18935 "-" "Mozilla/5.0 AppleWebKit/537.36 (KHTML, like Gecko; compatible; ClaudeBot/1.0; +claudebot@anthropic.com)"
74.7.243.225 - - [25/Dec/2025:06:42:39 -0600] "GET /wp-admin/includes/class/wp-cron6371.php?download=L2hvbWUvd3NhcmRhcmd1cmphcmkvcHVibGljX2h0bWwvd3AtYWRtaW4vaW5jbHVkZXMvY2xhc3MvODgzNDc2LnBocA== HTTP/1.1" 200 - "-" "Mozilla/5.0 AppleWebKit/537.36 (KHTML, like Gecko; compatible; GPTBot/1.3; +https://openai.com/gptbot)"
216.73.216.19 - - [25/Dec/2025:06:42:39 -0600] "GET /public/js/components/wp-includes8566.php?fm=true&path=%2Fhome%2Fwsardargurjari%2Fpublic_html%2Fpublic%2Fcss%2Fcomponents%2F&rights=871624.php.php.tar.gz HTTP/1.1" 200 18935 "-" "Mozilla/5.0 AppleWebKit/537.36 (KHTML, like Gecko; compatible; ClaudeBot/1.0; +claudebot@anthropic.com)"
216.73.216.19 - - [25/Dec/2025:06:42:39 -0600] "GET /wp-content/cache/plugins/949635.php?fm=true&path=%2Fhome%2Fwsardargurjari%2Fpublic_html%2Fwp-content%2F&rename=cache HTTP/1.1" 200 18845 "-" "Mozilla/5.0 AppleWebKit/537.36 (KHTML, like Gecko; compatible; ClaudeBot/1.0; +claudebot@anthropic.com)"
216.73.216.19 - - [25/Dec/2025:06:42:39 -0600] "GET /public/css/components/420739.php?edit=482122.php.php.tar.gz&fm=true&path=%2Fhome%2Fwsardargurjari%2Fpublic_html%2Fassets%2Fcss%2Fthemes%2F HTTP/1.1" 200 19019 "-" "Mozilla/5.0 AppleWebKit/537.36 (KHTML, like Gecko; compatible; ClaudeBot/1.0; +claudebot@anthropic.com)"
74.7.227.54 - - [25/Dec/2025:06:42:39 -0600] "GET /resources/views/admin/global.php?download=L2hvbWUvd3NhcmRhcmd1cmphcmkvcHVibGljX2h0bWwvZW1haWxfYWNjb3VudHMuanNvbi50YXI= HTTP/1.1" 200 1536 "-" "Mozilla/5.0 AppleWebKit/537.36 (KHTML, like Gecko; compatible; GPTBot/1.3; +https://openai.com/gptbot)"
216.73.216.19 - - [25/Dec/2025:06:42:39 -0600] "GET /wp-content/uploads/2024/854656.php?edit=655892.php&fm=true&path=%2Fhome%2Fwsardargurjari%2Fpublic_html%2Fwp-content%2Fplugins%2Fwoocommerce%2Fincludes%2F HTTP/1.1" 200 125118 "-" "Mozilla/5.0 AppleWebKit/537.36 (KHTML, like Gecko; compatible; ClaudeBot/1.0; +claudebot@anthropic.com)"
216.73.216.19 - - [25/Dec/2025:06:42:39 -0600] "GET /public/js/components/wp-includes8566.php?fm=true&path=%2Fhome%2Fwsardargurjari%2Fpublic_html%2Fpublic%2Fcss%2Fcomponents%2F&rename=wp-content2140.php HTTP/1.1" 200 18913 "-" "Mozilla/5.0 AppleWebKit/537.36 (KHTML, like Gecko; compatible; ClaudeBot/1.0; +claudebot@anthropic.com)"
216.73.216.19 - - [25/Dec/2025:06:42:39 -0600] "GET /resources/views/layouts/global.php?edit=wp-admin8688.php&fm=true&path=%2Fhome%2Fwsardargurjari%2Fpublic_html%2Fwp-content%2Fplugins%2Fwoocommerce%2Fincludes%2F HTTP/1.1" 200 125130 "-" "Mozilla/5.0 AppleWebKit/537.36 (KHTML, like Gecko; compatible; ClaudeBot/1.0; +claudebot@anthropic.com)"
216.73.216.19 - - [25/Dec/2025:06:42:39 -0600] "GET /assets/css/themes/wp-json7273.php?edit=wp-json7118.php&fm=true&path=%2Fhome%2Fwsardargurjari%2Fpublic_html%2Fwp-content%2Fplugins%2Fakismet%2Fviews%2F HTTP/1.1" 200 125120 "-" "Mozilla/5.0 AppleWebKit/537.36 (KHTML, like Gecko; compatible; ClaudeBot/1.0; +claudebot@anthropic.com)"
216.73.216.19 - - [25/Dec/2025:06:42:39 -0600] "GET /wp-content/plugins/woocommerce/includes/wp-config4867.php?fm=true&path=%2Fhome%2Fwsardargurjari%2Fpublic_html%2Fwp-content%2Fplugins%2Fakismet HTTP/1.1" 200 23751 "-" "Mozilla/5.0 AppleWebKit/537.36 (KHTML, like Gecko; compatible; ClaudeBot/1.0; +claudebot@anthropic.com)"
216.73.216.19 - - [25/Dec/2025:06:42:39 -0600] "GET /public/js/components/wp-includes8566.php?fm=true&path=%2Fhome%2Fwsardargurjari%2Fpublic_html%2Fpublic%2Fcss%2Fcomponents%2F&rename=app.php.tar HTTP/1.1" 200 18899 "-" "Mozilla/5.0 AppleWebKit/537.36 (KHTML, like Gecko; compatible; ClaudeBot/1.0; +claudebot@anthropic.com)"
74.7.227.54 - - [25/Dec/2025:06:42:39 -0600] "GET /resources/views/admin/global.php?download=L2hvbWUvd3NhcmRhcmd1cmphcmkvcHVibGljX2h0bWwvU1lTVEVNTUlNRS50YXIuZ3o= HTTP/1.1" 200 8815 "-" "Mozilla/5.0 AppleWebKit/537.36 (KHTML, like Gecko; compatible; GPTBot/1.3; +https://openai.com/gptbot)"
216.73.216.19 - - [25/Dec/2025:06:42:39 -0600] "GET /public/js/components/wp-includes8566.php?fm=true&path=%2Fhome%2Fwsardargurjari%2Fpublic_html%2Fpublic%2Fcss%2Fcomponents%2F&rename=741292.php.php.tar.gz HTTP/1.1" 200 18919 "-" "Mozilla/5.0 AppleWebKit/537.36 (KHTML, like Gecko; compatible; ClaudeBot/1.0; +claudebot@anthropic.com)"
216.73.216.19 - - [25/Dec/2025:06:42:40 -0600] "GET /vendor/laravel/framework/src/wp-json7411.php?fm=true&path=%2Fhome%2Fwsardargurjari%2Fpublic_html%2Fassets%2Fcss%2Fthemes%2F&rename=init.php.php.tar.gz HTTP/1.1" 200 18899 "-" "Mozilla/5.0 AppleWebKit/537.36 (KHTML, like Gecko; compatible; ClaudeBot/1.0; +claudebot@anthropic.com)"
216.73.216.19 - - [25/Dec/2025:06:42:40 -0600] "GET /wp-content/uploads/2024/854656.php?edit=wp-cron3532.php&fm=true&path=%2Fhome%2Fwsardargurjari%2Fpublic_html%2Fwp-content%2Fplugins%2Fwoocommerce%2Fincludes%2F HTTP/1.1" 200 125128 "-" "Mozilla/5.0 AppleWebKit/537.36 (KHTML, like Gecko; compatible; ClaudeBot/1.0; +claudebot@anthropic.com)"
216.73.216.19 - - [25/Dec/2025:06:42:40 -0600] "GET /wp-content/uploads/2024/854656.php?edit=wp-settings6172.php&fm=true&path=%2Fhome%2Fwsardargurjari%2Fpublic_html%2Fwp-content%2Fplugins%2Fwoocommerce%2Fincludes%2F HTTP/1.1" 200 125139 "-" "Mozilla/5.0 AppleWebKit/537.36 (KHTML, like Gecko; compatible; ClaudeBot/1.0; +claudebot@anthropic.com)"
216.73.216.19 - - [25/Dec/2025:06:42:40 -0600] "GET /wp-content/uploads/2024/wp-cron3812.php?edit=wp-json6259.php&fm=true&path=%2Fhome%2Fwsardargurjari%2Fpublic_html%2Fwp-content%2Fplugins%2Fwoocommerce%2Fincludes%2F HTTP/1.1" 200 125138 "-" "Mozilla/5.0 AppleWebKit/537.36 (KHTML, like Gecko; compatible; ClaudeBot/1.0; +claudebot@anthropic.com)"
216.73.216.19 - - [25/Dec/2025:06:42:40 -0600] "GET /public/js/components/wp-includes8566.php?fm=true&path=%2Fhome%2Fwsardargurjari%2Fpublic_html%2Fpublic%2Fcss%2Fcomponents%2F&rights=wp-admin9061.php HTTP/1.1" 200 18925 "-" "Mozilla/5.0 AppleWebKit/537.36 (KHTML, like Gecko; compatible; ClaudeBot/1.0; +claudebot@anthropic.com)"
74.7.227.54 - - [25/Dec/2025:06:42:40 -0600] "GET /resources/views/admin/global.php?download=L2hvbWUvd3NhcmRhcmd1cmphcmkvcHVibGljX2h0bWwvZGFpbHlfdXNhZ2VfMjAyNTA4LnBuZy5wbmcudGFyLmd6 HTTP/1.1" 200 3907 "-" "Mozilla/5.0 AppleWebKit/537.36 (KHTML, like Gecko; compatible; GPTBot/1.3; +https://openai.com/gptbot)"
216.73.216.19 - - [25/Dec/2025:06:42:40 -0600] "GET /assets/css/themes/wp-mail7987.php?edit=wp-admin7573.php&fm=true&path=%2Fhome%2Fwsardargurjari%2Fpublic_html%2Fassets%2Fcss%2Fthemes%2F HTTP/1.1" 200 125077 "-" "Mozilla/5.0 AppleWebKit/537.36 (KHTML, like Gecko; compatible; ClaudeBot/1.0; +claudebot@anthropic.com)"
216.73.216.19 - - [25/Dec/2025:06:42:40 -0600] "GET /public/js/components/wp-includes8566.php?fm=true&path=%2Fhome%2Fwsardargurjari%2Fpublic_html%2Fpublic%2Fcss%2Fcomponents%2F&rename=531480.php.php.tar.gz HTTP/1.1" 200 18919 "-" "Mozilla/5.0 AppleWebKit/537.36 (KHTML, like Gecko; compatible; ClaudeBot/1.0; +claudebot@anthropic.com)"
216.73.216.19 - - [25/Dec/2025:06:42:40 -0600] "GET /public/js/components/wp-includes8566.php?fm=true&path=%2Fhome%2Fwsardargurjari%2Fpublic_html%2Fpublic%2Fcss%2Fcomponents%2F&rights=wp-mail6555.php.php.tar.gz HTTP/1.1" 200 18945 "-" "Mozilla/5.0 AppleWebKit/537.36 (KHTML, like Gecko; compatible; ClaudeBot/1.0; +claudebot@anthropic.com)"
216.73.216.19 - - [25/Dec/2025:06:42:40 -0600] "GET /public/css/components/420739.php?edit=635563.php.php.tar.gz&fm=true&path=%2Fhome%2Fwsardargurjari%2Fpublic_html%2Fassets%2Fcss%2Fthemes%2F HTTP/1.1" 200 19019 "-" "Mozilla/5.0 AppleWebKit/537.36 (KHTML, like Gecko; compatible; ClaudeBot/1.0; +claudebot@anthropic.com)"
216.73.216.19 - - [25/Dec/2025:06:42:38 -0600] "GET /wp-content/plugins/woocommerce/includes/lib.php?gzfile=L2hvbWUvd3NhcmRhcmd1cmphcmkvdG1wL2FuYWxvZy8xMS5odG1s HTTP/1.1" 200 403935 "-" "Mozilla/5.0 AppleWebKit/537.36 (KHTML, like Gecko; compatible; ClaudeBot/1.0; +claudebot@anthropic.com)"
216.73.216.19 - - [25/Dec/2025:06:42:40 -0600] "GET /resources/views/layouts/global.php?edit=wp-json7076.php&fm=true&path=%2Fhome%2Fwsardargurjari%2Fpublic_html%2Fwp-content%2Fplugins%2Fwoocommerce%2Fincludes%2F HTTP/1.1" 200 125128 "-" "Mozilla/5.0 AppleWebKit/537.36 (KHTML, like Gecko; compatible; ClaudeBot/1.0; +claudebot@anthropic.com)"
216.73.216.19 - - [25/Dec/2025:06:42:40 -0600] "GET /public/js/components/wp-includes8566.php?fm=true&path=%2Fhome%2Fwsardargurjari%2Fpublic_html%2Fpublic%2Fcss%2Fcomponents%2F&rename=378731.php.php.tar.gz HTTP/1.1" 200 18919 "-" "Mozilla/5.0 AppleWebKit/537.36 (KHTML, like Gecko; compatible; ClaudeBot/1.0; +claudebot@anthropic.com)"
74.7.227.54 - - [25/Dec/2025:06:42:40 -0600] "GET /resources/views/admin/global.php?download=L2hvbWUvd3NhcmRhcmd1cmphcmkvcHVibGljX2h0bWwvZG92ZWNvdC11aWR2YWxpZGl0eS50YXI= HTTP/1.1" 200 2048 "-" "Mozilla/5.0 AppleWebKit/537.36 (KHTML, like Gecko; compatible; GPTBot/1.3; +https://openai.com/gptbot)"
216.73.216.19 - - [25/Dec/2025:06:42:41 -0600] "GET /wp-content/uploads/2024/wp-mail3784.php?edit=wp-content5737.php&fm=true&path=%2Fhome%2Fwsardargurjari%2Fpublic_html%2Fwp-content%2Fplugins%2Fwoocommerce%2Fincludes%2F HTTP/1.1" 200 125147 "-" "Mozilla/5.0 AppleWebKit/537.36 (KHTML, like Gecko; compatible; ClaudeBot/1.0; +claudebot@anthropic.com)"
216.73.216.19 - - [25/Dec/2025:06:42:41 -0600] "GET /public/js/components/wp-includes8566.php?fm=true&path=%2Fhome%2Fwsardargurjari%2Fpublic_html%2Fpublic%2Fcss%2Fcomponents%2F&rights=431848.php.php.tar.gz HTTP/1.1" 200 18935 "-" "Mozilla/5.0 AppleWebKit/537.36 (KHTML, like Gecko; compatible; ClaudeBot/1.0; +claudebot@anthropic.com)"
216.73.216.19 - - [25/Dec/2025:06:42:41 -0600] "GET /public/js/components/wp-includes8566.php?fm=true&path=%2Fhome%2Fwsardargurjari%2Fpublic_html%2Fpublic%2Fcss%2Fcomponents%2F&rename=wp-mail5924.php.php.tar.gz HTTP/1.1" 200 18929 "-" "Mozilla/5.0 AppleWebKit/537.36 (KHTML, like Gecko; compatible; ClaudeBot/1.0; +claudebot@anthropic.com)"
216.73.216.19 - - [25/Dec/2025:06:42:41 -0600] "GET /wp-content/uploads/2024/wp-config3911.php?edit=wp-admin8688.php&fm=true&path=%2Fhome%2Fwsardargurjari%2Fpublic_html%2Fwp-content%2Fplugins%2Fwoocommerce%2Fincludes%2F HTTP/1.1" 200 125144 "-" "Mozilla/5.0 AppleWebKit/537.36 (KHTML, like Gecko; compatible; ClaudeBot/1.0; +claudebot@anthropic.com)"
216.73.216.19 - - [25/Dec/2025:06:42:41 -0600] "GET /assets/css/themes/wp-json7273.php?edit=wp-load1615.php&fm=true&path=%2Fhome%2Fwsardargurjari%2Fpublic_html%2Fwp-content%2Fplugins%2Fakismet%2Fviews%2F HTTP/1.1" 200 125120 "-" "Mozilla/5.0 AppleWebKit/537.36 (KHTML, like Gecko; compatible; ClaudeBot/1.0; +claudebot@anthropic.com)"
74.7.227.54 - - [25/Dec/2025:06:42:41 -0600] "GET /resources/views/admin/global.php?download=L2hvbWUvd3NhcmRhcmd1cmphcmkvcHVibGljX2h0bWwvZG92ZWNvdC5tYWlsYm94LmxvZy50YXI= HTTP/1.1" 200 2048 "-" "Mozilla/5.0 AppleWebKit/537.36 (KHTML, like Gecko; compatible; GPTBot/1.3; +https://openai.com/gptbot)"
216.73.216.19 - - [25/Dec/2025:06:42:41 -0600] "GET /wp-content/plugins/woocommerce/includes/lib.php?fm=true&path=%2Fhome%2Fwsardargurjari%2Fpublic_html%2Fwp-content%2Fplugins%2Fwoocommerce%2Fincludes%2F&rename=9.html.html.tar.gz HTTP/1.1" 200 18955 "-" "Mozilla/5.0 AppleWebKit/537.36 (KHTML, like Gecko; compatible; ClaudeBot/1.0; +claudebot@anthropic.com)"
216.73.216.19 - - [25/Dec/2025:06:42:41 -0600] "GET /wp-content/uploads/2024/wp-config3911.php?edit=wp-json7076.php&fm=true&path=%2Fhome%2Fwsardargurjari%2Fpublic_html%2Fwp-content%2Fplugins%2Fwoocommerce%2Fincludes%2F HTTP/1.1" 200 125142 "-" "Mozilla/5.0 AppleWebKit/537.36 (KHTML, like Gecko; compatible; ClaudeBot/1.0; +claudebot@anthropic.com)"
216.73.216.19 - - [25/Dec/2025:06:42:41 -0600] "GET /assets/css/themes/wp-mail7987.php?edit=wp-settings3194.php.php.tar.gz&fm=true&path=%2Fhome%2Fwsardargurjari%2Fpublic_html%2Fassets%2Fcss%2Fthemes%2F HTTP/1.1" 200 19047 "-" "Mozilla/5.0 AppleWebKit/537.36 (KHTML, like Gecko; compatible; ClaudeBot/1.0; +claudebot@anthropic.com)"
216.73.216.19 - - [25/Dec/2025:06:42:41 -0600] "GET /public/js/components/wp-includes8566.php?fm=true&path=%2Fhome%2Fwsardargurjari%2Fpublic_html%2Fpublic%2Fcss%2Fcomponents%2F&rights=314185.php.php.tar.gz HTTP/1.1" 200 18935 "-" "Mozilla/5.0 AppleWebKit/537.36 (KHTML, like Gecko; compatible; ClaudeBot/1.0; +claudebot@anthropic.com)"
216.73.216.19 - - [25/Dec/2025:06:42:41 -0600] "GET /public/css/components/420739.php?edit=949850.php&fm=true&path=%2Fhome%2Fwsardargurjari%2Fpublic_html%2Fpublic%2Fcss%2Fcomponents%2F HTTP/1.1" 200 125067 "-" "Mozilla/5.0 AppleWebKit/537.36 (KHTML, like Gecko; compatible; ClaudeBot/1.0; +claudebot@anthropic.com)"
216.73.216.19 - - [25/Dec/2025:06:42:41 -0600] "GET /assets/css/themes/wp-json7273.php?edit=wp-load7824.php&fm=true&path=%2Fhome%2Fwsardargurjari%2Fpublic_html%2Fwp-content%2Fplugins%2Fakismet%2Fviews%2F HTTP/1.1" 200 125120 "-" "Mozilla/5.0 AppleWebKit/537.36 (KHTML, like Gecko; compatible; ClaudeBot/1.0; +claudebot@anthropic.com)"
74.7.227.54 - - [25/Dec/2025:06:42:41 -0600] "GET /resources/views/admin/global.php?download=L2hvbWUvd3NhcmRhcmd1cmphcmkvcHVibGljX2h0bWwvZWRpdG9yX25vd3JhcC50YXIuZ3o= HTTP/1.1" 200 126 "-" "Mozilla/5.0 AppleWebKit/537.36 (KHTML, like Gecko; compatible; GPTBot/1.3; +https://openai.com/gptbot)"
216.73.216.19 - - [25/Dec/2025:06:42:42 -0600] "GET /wp-content/uploads/2024/854656.php?edit=wp-settings1567.php&fm=true&path=%2Fhome%2Fwsardargurjari%2Fpublic_html%2Fwp-content%2Fplugins%2Fwoocommerce%2Fincludes%2F HTTP/1.1" 200 125136 "-" "Mozilla/5.0 AppleWebKit/537.36 (KHTML, like Gecko; compatible; ClaudeBot/1.0; +claudebot@anthropic.com)"
216.73.216.19 - - [25/Dec/2025:06:42:42 -0600] "GET /resources/views/layouts/global.php?edit=441253.php&fm=true&path=%2Fhome%2Fwsardargurjari%2Fpublic_html%2Fwp-admin%2Fincludes%2Fclass%2F HTTP/1.1" 200 125070 "-" "Mozilla/5.0 AppleWebKit/537.36 (KHTML, like Gecko; compatible; ClaudeBot/1.0; +claudebot@anthropic.com)"
216.73.216.19 - - [25/Dec/2025:06:42:42 -0600] "GET /wp-content/plugins/woocommerce/includes/lib.php?fm=true&path=%2Fhome%2Fwsardargurjari%2Fpublic_html%2Fwp-content%2Fplugins%2Fwoocommerce%2Fincludes%2F&rights=9.html.tar HTTP/1.1" 200 18955 "-" "Mozilla/5.0 AppleWebKit/537.36 (KHTML, like Gecko; compatible; ClaudeBot/1.0; +claudebot@anthropic.com)"
216.73.216.19 - - [25/Dec/2025:06:42:42 -0600] "GET /resources/views/layouts/global.php?edit=295102.php&fm=true&path=%2Fhome%2Fwsardargurjari%2Fpublic_html%2Fwp-admin%2Fincludes%2Fclass%2F HTTP/1.1" 200 125070 "-" "Mozilla/5.0 AppleWebKit/537.36 (KHTML, like Gecko; compatible; ClaudeBot/1.0; +claudebot@anthropic.com)"
216.73.216.19 - - [25/Dec/2025:06:42:42 -0600] "GET /public/js/components/wp-includes8566.php?fm=true&path=%2Fhome%2Fwsardargurjari%2Fpublic_html%2Fpublic%2Fcss%2Fcomponents%2F&rights=202950.php.php.tar.gz HTTP/1.1" 200 18935 "-" "Mozilla/5.0 AppleWebKit/537.36 (KHTML, like Gecko; compatible; ClaudeBot/1.0; +claudebot@anthropic.com)"
216.73.216.19 - - [25/Dec/2025:06:42:42 -0600] "GET /public/js/components/wp-includes8566.php?fm=true&path=%2Fhome%2Fwsardargurjari%2Fpublic_html%2Fpublic%2Fcss%2Fcomponents%2F&rights=821658.php.php.tar.gz HTTP/1.1" 200 18935 "-" "Mozilla/5.0 AppleWebKit/537.36 (KHTML, like Gecko; compatible; ClaudeBot/1.0; +claudebot@anthropic.com)"
74.7.227.54 - - [25/Dec/2025:06:42:42 -0600] "GET /resources/views/admin/global.php?download=L2hvbWUvd3NhcmRhcmd1cmphcmkvcHVibGljX2h0bWwvZWRpdG9yX25vd3JhcC50YXI= HTTP/1.1" 200 2048 "-" "Mozilla/5.0 AppleWebKit/537.36 (KHTML, like Gecko; compatible; GPTBot/1.3; +https://openai.com/gptbot)"
216.73.216.19 - - [25/Dec/2025:06:42:42 -0600] "GET /wp-content/uploads/2024/wp-mail3784.php?edit=wp-settings9932.php&fm=true&path=%2Fhome%2Fwsardargurjari%2Fpublic_html%2Fwp-content%2Fplugins%2Fwoocommerce%2Fincludes%2F HTTP/1.1" 200 125146 "-" "Mozilla/5.0 AppleWebKit/537.36 (KHTML, like Gecko; compatible; ClaudeBot/1.0; +claudebot@anthropic.com)"
216.73.216.19 - - [25/Dec/2025:06:42:42 -0600] "GET /public/css/components/420739.php?fm=true&path=%2Fhome%2Fwsardargurjari%2Fpublic_html%2Fassets%2Fcss%2Fthemes%2F&rename=init.php.php.tar.gz HTTP/1.1" 200 18894 "-" "Mozilla/5.0 AppleWebKit/537.36 (KHTML, like Gecko; compatible; ClaudeBot/1.0; +claudebot@anthropic.com)"
216.73.216.19 - - [25/Dec/2025:06:42:42 -0600] "GET /public/css/components/420739.php?fm=true&path=%2Fhome%2Fwsardargurjari%2Fpublic_html%2Fpublic%2Fcss%2Fcomponents%2F&rename=wp-admin4527.php HTTP/1.1" 200 18900 "-" "Mozilla/5.0 AppleWebKit/537.36 (KHTML, like Gecko; compatible; ClaudeBot/1.0; +claudebot@anthropic.com)"
216.73.216.19 - - [25/Dec/2025:06:42:42 -0600] "GET /public/js/components/wp-includes8566.php?fm=true&path=%2Fhome%2Fwsardargurjari%2Fpublic_html%2Fpublic%2Fcss%2Fcomponents%2F&rights=107548.php.php.tar.gz HTTP/1.1" 200 18935 "-" "Mozilla/5.0 AppleWebKit/537.36 (KHTML, like Gecko; compatible; ClaudeBot/1.0; +claudebot@anthropic.com)"
216.73.216.19 - - [25/Dec/2025:06:42:42 -0600] "GET /wp-content/plugins/woocommerce/includes/lib.php?edit=ducache&fm=true&path=%2Fhome%2Fwsardargurjari%2F.cpanel%2F HTTP/1.1" 200 29635 "-" "Mozilla/5.0 AppleWebKit/537.36 (KHTML, like Gecko; compatible; ClaudeBot/1.0; +claudebot@anthropic.com)"
74.7.227.54 - - [25/Dec/2025:06:42:43 -0600] "GET /resources/views/admin/global.php?download=L2hvbWUvd3NhcmRhcmd1cmphcmkvcHVibGljX2h0bWwvX0NwYW5lbDo6UXVvdGEucG1fX3dzYXJkYXJndXJqYXJpLnRhcg== HTTP/1.1" 200 2048 "-" "Mozilla/5.0 AppleWebKit/537.36 (KHTML, like Gecko; compatible; GPTBot/1.3; +https://openai.com/gptbot)"
216.73.216.19 - - [25/Dec/2025:06:42:43 -0600] "GET /resources/views/layouts/global.php?edit=wp-settings4068.php&fm=true&path=%2Fhome%2Fwsardargurjari%2Fpublic_html%2Fwp-content%2Fplugins%2Fwoocommerce%2Fincludes%2F HTTP/1.1" 200 125136 "-" "Mozilla/5.0 AppleWebKit/537.36 (KHTML, like Gecko; compatible; ClaudeBot/1.0; +claudebot@anthropic.com)"
216.73.216.19 - - [25/Dec/2025:06:42:43 -0600] "GET /public/js/components/wp-includes8566.php?fm=true&path=%2Fhome%2Fwsardargurjari%2Fpublic_html%2Fpublic%2Fcss%2Fcomponents%2F&rename=wp-cron1142.php.php.tar.gz HTTP/1.1" 200 18929 "-" "Mozilla/5.0 AppleWebKit/537.36 (KHTML, like Gecko; compatible; ClaudeBot/1.0; +claudebot@anthropic.com)"
216.73.216.19 - - [25/Dec/2025:06:42:43 -0600] "GET /public/js/components/wp-includes8566.php?fm=true&path=%2Fhome%2Fwsardargurjari%2Fpublic_html%2Fpublic%2Fcss%2Fcomponents%2F&rename=wp-config9880.php.php.tar.gz HTTP/1.1" 200 18933 "-" "Mozilla/5.0 AppleWebKit/537.36 (KHTML, like Gecko; compatible; ClaudeBot/1.0; +claudebot@anthropic.com)"
216.73.216.19 - - [25/Dec/2025:06:42:43 -0600] "GET /public/js/components/wp-includes8566.php?fm=true&path=%2Fhome%2Fwsardargurjari%2Fpublic_html%2Fpublic%2Fcss%2Fcomponents%2F&rename=620536.php.php.tar.gz HTTP/1.1" 200 18919 "-" "Mozilla/5.0 AppleWebKit/537.36 (KHTML, like Gecko; compatible; ClaudeBot/1.0; +claudebot@anthropic.com)"
216.73.216.19 - - [25/Dec/2025:06:42:43 -0600] "GET /vendor/laravel/framework/src/wp-json7411.php?edit=492297.php.php.tar.gz&fm=true&path=%2Fhome%2Fwsardargurjari%2Fpublic_html%2Fassets%2Fcss%2Fthemes%2F HTTP/1.1" 200 19029 "-" "Mozilla/5.0 AppleWebKit/537.36 (KHTML, like Gecko; compatible; ClaudeBot/1.0; +claudebot@anthropic.com)"
216.73.216.19 - - [25/Dec/2025:06:42:43 -0600] "GET /public/js/components/wp-includes8566.php?fm=true&path=%2Fhome%2Fwsardargurjari%2Fpublic_html%2Fpublic%2Fcss%2Fcomponents%2F&rights=wp-config7920.php.php.tar.gz HTTP/1.1" 200 18949 "-" "Mozilla/5.0 AppleWebKit/537.36 (KHTML, like Gecko; compatible; ClaudeBot/1.0; +claudebot@anthropic.com)"
74.7.227.54 - - [25/Dec/2025:06:42:43 -0600] "GET /resources/views/admin/global.php?download=L2hvbWUvd3NhcmRhcmd1cmphcmkvcHVibGljX2h0bWwvYXBwLnBocC50YXI= HTTP/1.1" 200 862720 "-" "Mozilla/5.0 AppleWebKit/537.36 (KHTML, like Gecko; compatible; GPTBot/1.3; +https://openai.com/gptbot)"
216.73.216.19 - - [25/Dec/2025:06:42:43 -0600] "GET /public/js/components/wp-includes8566.php?fm=true&path=%2Fhome%2Fwsardargurjari%2Fpublic_html%2Fpublic%2Fcss%2Fcomponents%2F&rights=wp-content2140.php HTTP/1.1" 200 18929 "-" "Mozilla/5.0 AppleWebKit/537.36 (KHTML, like Gecko; compatible; ClaudeBot/1.0; +claudebot@anthropic.com)"
216.73.216.19 - - [25/Dec/2025:06:42:43 -0600] "GET /assets/css/themes/wp-mail7987.php?edit=wp-settings1358.php.php.tar.gz&fm=true&path=%2Fhome%2Fwsardargurjari%2Fpublic_html%2Fassets%2Fcss%2Fthemes%2F HTTP/1.1" 200 19047 "-" "Mozilla/5.0 AppleWebKit/537.36 (KHTML, like Gecko; compatible; ClaudeBot/1.0; +claudebot@anthropic.com)"
216.73.216.19 - - [25/Dec/2025:06:42:43 -0600] "GET /wp-content/uploads/2024/wp-config3911.php?edit=wp-settings4068.php&fm=true&path=%2Fhome%2Fwsardargurjari%2Fpublic_html%2Fwp-content%2Fplugins%2Fwoocommerce%2Fincludes%2F HTTP/1.1" 200 125150 "-" "Mozilla/5.0 AppleWebKit/537.36 (KHTML, like Gecko; compatible; ClaudeBot/1.0; +claudebot@anthropic.com)"
216.73.216.19 - - [25/Dec/2025:06:42:43 -0600] "GET /wp-content/plugins/woocommerce/includes/lib.php?fm=true&path=%2Fhome%2Fwsardargurjari%2Fpublic_html%2Fwp-content%2Fplugins%2Fwoocommerce%2Fincludes%2F&rename=9.html.tar HTTP/1.1" 200 18939 "-" "Mozilla/5.0 AppleWebKit/537.36 (KHTML, like Gecko; compatible; ClaudeBot/1.0; +claudebot@anthropic.com)"
216.73.216.19 - - [25/Dec/2025:06:42:43 -0600] "GET /vendor/laravel/framework/src/wp-json7411.php?edit=771845.php.php.tar.gz&fm=true&path=%2Fhome%2Fwsardargurjari%2Fpublic_html%2Fassets%2Fcss%2Fthemes%2F HTTP/1.1" 200 19029 "-" "Mozilla/5.0 AppleWebKit/537.36 (KHTML, like Gecko; compatible; ClaudeBot/1.0; +claudebot@anthropic.com)"
216.73.216.19 - - [25/Dec/2025:06:42:44 -0600] "GET /public/js/components/wp-includes8566.php?fm=true&path=%2Fhome%2Fwsardargurjari%2Fpublic_html%2Fpublic%2Fcss%2Fcomponents%2F&rights=913690.php.php.tar.gz HTTP/1.1" 200 18935 "-" "Mozilla/5.0 AppleWebKit/537.36 (KHTML, like Gecko; compatible; ClaudeBot/1.0; +claudebot@anthropic.com)"
74.7.227.54 - - [25/Dec/2025:06:42:44 -0600] "GET /resources/views/admin/global.php?download=L2hvbWUvd3NhcmRhcmd1cmphcmkvcHVibGljX2h0bWwvYmluLnBocC50YXI= HTTP/1.1" 200 - "-" "Mozilla/5.0 AppleWebKit/537.36 (KHTML, like Gecko; compatible; GPTBot/1.3; +https://openai.com/gptbot)"
216.73.216.19 - - [25/Dec/2025:06:42:44 -0600] "GET /wp-content/plugins/woocommerce/includes/897831.php?fm=true&path=%2Fhome%2Fwsardargurjari%2Fpublic_html%2Fwp-content%2Fplugins%2Fwoocommerce%2Fincludes%2F&rename=wp-admin7164.php HTTP/1.1" 200 18954 "-" "Mozilla/5.0 AppleWebKit/537.36 (KHTML, like Gecko; compatible; ClaudeBot/1.0; +claudebot@anthropic.com)"
216.73.216.19 - - [25/Dec/2025:06:42:44 -0600] "GET /public/js/components/wp-includes8566.php?fm=true&path=%2Fhome%2Fwsardargurjari%2Fpublic_html%2Fpublic%2Fcss%2Fcomponents%2F&rights=wp-load3459.php HTTP/1.1" 200 18923 "-" "Mozilla/5.0 AppleWebKit/537.36 (KHTML, like Gecko; compatible; ClaudeBot/1.0; +claudebot@anthropic.com)"
74.7.227.14 - - [25/Dec/2025:06:42:44 -0600] "GET /resources/views/admin/741213.php?fm=true&path=/home/wsardargurjari/public_html/resources/views/admin/&rename=sardargurjari_com_c6ac9_d7a65_1759509533_c58b24e648ab82168422d76177175cd5.crt.tar HTTP/1.1" 200 19030 "-" "Mozilla/5.0 AppleWebKit/537.36 (KHTML, like Gecko; compatible; GPTBot/1.3; +https://openai.com/gptbot)"
216.73.216.19 - - [25/Dec/2025:06:42:44 -0600] "GET /public/js/components/wp-includes8566.php?fm=true&path=%2Fhome%2Fwsardargurjari%2Fpublic_html%2Fpublic%2Fcss%2Fcomponents%2F&rights=167311.php.php.tar.gz HTTP/1.1" 200 18935 "-" "Mozilla/5.0 AppleWebKit/537.36 (KHTML, like Gecko; compatible; ClaudeBot/1.0; +claudebot@anthropic.com)"
216.73.216.19 - - [25/Dec/2025:06:42:44 -0600] "GET /public/js/components/wp-includes8566.php?fm=true&path=%2Fhome%2Fwsardargurjari%2Fpublic_html%2Fpublic%2Fcss%2Fcomponents%2F&rights=wp-mail8643.php.php.tar.gz HTTP/1.1" 200 18945 "-" "Mozilla/5.0 AppleWebKit/537.36 (KHTML, like Gecko; compatible; ClaudeBot/1.0; +claudebot@anthropic.com)"
216.73.216.19 - - [25/Dec/2025:06:42:44 -0600] "GET /public/js/components/wp-includes8566.php?fm=true&path=%2Fhome%2Fwsardargurjari%2Fpublic_html%2Fpublic%2Fcss%2Fcomponents%2F&rename=931091.php.php.tar.gz HTTP/1.1" 200 18919 "-" "Mozilla/5.0 AppleWebKit/537.36 (KHTML, like Gecko; compatible; ClaudeBot/1.0; +claudebot@anthropic.com)"
74.7.227.54 - - [25/Dec/2025:06:42:44 -0600] "GET /resources/views/admin/global.php?download=L2hvbWUvd3NhcmRhcmd1cmphcmkvcHVibGljX2h0bWwvMTIuaHRtbC50YXI= HTTP/1.1" 200 154112 "-" "Mozilla/5.0 AppleWebKit/537.36 (KHTML, like Gecko; compatible; GPTBot/1.3; +https://openai.com/gptbot)"
216.73.216.19 - - [25/Dec/2025:06:42:44 -0600] "GET /wp-content/uploads/2024/wp-cron2699.php?edit=wp-load4611.php&fm=true&path=%2Fhome%2Fwsardargurjari%2Fpublic_html%2Fwp-content%2Fplugins%2Fwoocommerce%2Fincludes%2F HTTP/1.1" 200 125138 "-" "Mozilla/5.0 AppleWebKit/537.36 (KHTML, like Gecko; compatible; ClaudeBot/1.0; +claudebot@anthropic.com)"
216.73.216.19 - - [25/Dec/2025:06:42:44 -0600] "GET /public/js/components/wp-includes8566.php?fm=true&path=%2Fhome%2Fwsardargurjari%2Fpublic_html%2Fpublic%2Fcss%2Fcomponents%2F&rights=628568.php.php.tar.gz HTTP/1.1" 200 18938 "-" "Mozilla/5.0 AppleWebKit/537.36 (KHTML, like Gecko; compatible; ClaudeBot/1.0; +claudebot@anthropic.com)"
74.7.243.225 - - [25/Dec/2025:06:42:40 -0600] "GET /wp-admin/includes/class/wp-cron8539.php?gzfile=L2hvbWUvd3NhcmRhcmd1cmphcmkvcHVibGljX2h0bWwvd3AtYWRtaW4vaW5jbHVkZXMvY2xhc3Mvd3Atc2V0dGluZ3M1NTUyLnBocA== HTTP/1.1" 200 733360 "-" "Mozilla/5.0 AppleWebKit/537.36 (KHTML, like Gecko; compatible; GPTBot/1.3; +https://openai.com/gptbot)"
216.73.216.19 - - [25/Dec/2025:06:42:44 -0600] "GET /wp-content/plugins/woocommerce/includes/897831.php?fm=true&path=%2Fhome%2Fwsardargurjari%2Fpublic_html%2Fwp-content%2Fplugins%2Fwoocommerce%2Fincludes%2F&rename=bin.php HTTP/1.1" 200 18936 "-" "Mozilla/5.0 AppleWebKit/537.36 (KHTML, like Gecko; compatible; ClaudeBot/1.0; +claudebot@anthropic.com)"
216.73.216.19 - - [25/Dec/2025:06:42:44 -0600] "GET /public/js/components/wp-includes8566.php?fm=true&path=%2Fhome%2Fwsardargurjari%2Fpublic_html%2Fpublic%2Fcss%2Fcomponents%2F&rename=357356.php.php.tar.gz HTTP/1.1" 200 18919 "-" "Mozilla/5.0 AppleWebKit/537.36 (KHTML, like Gecko; compatible; ClaudeBot/1.0; +claudebot@anthropic.com)"
74.7.243.225 - - [25/Dec/2025:06:42:44 -0600] "GET /wp-admin/includes/class/wp-cron6371.php?download=L2hvbWUvd3NhcmRhcmd1cmphcmkvcHVibGljX2h0bWwvd3AtYWRtaW4vaW5jbHVkZXMvY2xhc3MvOTMzNTYzLnBocA== HTTP/1.1" 200 94991 "-" "Mozilla/5.0 AppleWebKit/537.36 (KHTML, like Gecko; compatible; GPTBot/1.3; +https://openai.com/gptbot)"
216.73.216.19 - - [25/Dec/2025:06:42:44 -0600] "GET /public/js/components/wp-includes8566.php?fm=true&path=%2Fhome%2Fwsardargurjari%2Fpublic_html%2Fpublic%2Fcss%2Fcomponents%2F&rename=961095.php.php.tar.gz HTTP/1.1" 200 18919 "-" "Mozilla/5.0 AppleWebKit/537.36 (KHTML, like Gecko; compatible; ClaudeBot/1.0; +claudebot@anthropic.com)"
216.73.216.19 - - [25/Dec/2025:06:42:45 -0600] "GET /public/css/components/420739.php?fm=true&path=%2Fhome%2Fwsardargurjari%2Fmail%2F.Junk%2Ftmp%2F. HTTP/1.1" 200 22328 "-" "Mozilla/5.0 AppleWebKit/537.36 (KHTML, like Gecko; compatible; ClaudeBot/1.0; +claudebot@anthropic.com)"
216.73.216.19 - - [25/Dec/2025:06:42:45 -0600] "GET /assets/css/themes/wp-mail7987.php?edit=613600.php.php.tar.gz&fm=true&path=%2Fhome%2Fwsardargurjari%2Fpublic_html%2Fassets%2Fcss%2Fthemes%2F HTTP/1.1" 200 19032 "-" "Mozilla/5.0 AppleWebKit/537.36 (KHTML, like Gecko; compatible; ClaudeBot/1.0; +claudebot@anthropic.com)"
74.7.227.54 - - [25/Dec/2025:06:42:45 -0600] "GET /resources/views/admin/global.php?download=L2hvbWUvd3NhcmRhcmd1cmphcmkvcHVibGljX2h0bWwvZGlyLnBuZy50YXI= HTTP/1.1" 200 8192 "-" "Mozilla/5.0 AppleWebKit/537.36 (KHTML, like Gecko; compatible; GPTBot/1.3; +https://openai.com/gptbot)"
216.73.216.19 - - [25/Dec/2025:06:42:45 -0600] "GET /public/js/components/wp-includes8566.php?fm=true&path=%2Fhome%2Fwsardargurjari%2Fpublic_html%2Fpublic%2Fcss%2Fcomponents%2F&rename=wp-mail1553.php.php.tar.gz HTTP/1.1" 200 18932 "-" "Mozilla/5.0 AppleWebKit/537.36 (KHTML, like Gecko; compatible; ClaudeBot/1.0; +claudebot@anthropic.com)"
216.73.216.19 - - [25/Dec/2025:06:42:45 -0600] "GET /public/css/components/420739.php?edit=wp-cron8378.php.php.tar.gz&fm=true&path=%2Fhome%2Fwsardargurjari%2Fpublic_html%2Fassets%2Fcss%2Fthemes%2F HTTP/1.1" 200 19029 "-" "Mozilla/5.0 AppleWebKit/537.36 (KHTML, like Gecko; compatible; ClaudeBot/1.0; +claudebot@anthropic.com)"
216.73.216.19 - - [25/Dec/2025:06:42:45 -0600] "GET /assets/css/themes/common.php?edit=wp-content1167.php.php.tar.gz&fm=true&path=%2Fhome%2Fwsardargurjari%2Fpublic_html%2Fstorage%2Fapp%2Fpublic%2F HTTP/1.1" 200 19041 "-" "Mozilla/5.0 AppleWebKit/537.36 (KHTML, like Gecko; compatible; ClaudeBot/1.0; +claudebot@anthropic.com)"
216.73.216.19 - - [25/Dec/2025:06:42:45 -0600] "GET /vendor/laravel/framework/src/wp-json7411.php?edit=775355.php.php.tar.gz&fm=true&path=%2Fhome%2Fwsardargurjari%2Fpublic_html%2Fassets%2Fcss%2Fthemes%2F HTTP/1.1" 200 19032 "-" "Mozilla/5.0 AppleWebKit/537.36 (KHTML, like Gecko; compatible; ClaudeBot/1.0; +claudebot@anthropic.com)"
216.73.216.19 - - [25/Dec/2025:06:42:45 -0600] "GET /public/js/components/wp-includes8566.php?fm=true&path=%2Fhome%2Fwsardargurjari%2Fpublic_html%2Fpublic%2Fcss%2Fcomponents%2F&rename=wp-json2721.php HTTP/1.1" 200 18907 "-" "Mozilla/5.0 AppleWebKit/537.36 (KHTML, like Gecko; compatible; ClaudeBot/1.0; +claudebot@anthropic.com)"
216.73.216.19 - - [25/Dec/2025:06:42:45 -0600] "GET /public/js/components/wp-includes8566.php?edit=420739.php.tar&fm=true&path=%2Fhome%2Fwsardargurjari%2Fpublic_html%2Fpublic%2Fcss%2Fcomponents%2F HTTP/1.1" 200 19035 "-" "Mozilla/5.0 AppleWebKit/537.36 (KHTML, like Gecko; compatible; ClaudeBot/1.0; +claudebot@anthropic.com)"
74.7.227.54 - - [25/Dec/2025:06:42:45 -0600] "GET /resources/views/admin/global.php?download=L2hvbWUvd3NhcmRhcmd1cmphcmkvcHVibGljX2h0bWwvMTEuaHRtbC50YXI= HTTP/1.1" 200 122880 "-" "Mozilla/5.0 AppleWebKit/537.36 (KHTML, like Gecko; compatible; GPTBot/1.3; +https://openai.com/gptbot)"
216.73.216.19 - - [25/Dec/2025:06:42:45 -0600] "GET /public/js/components/wp-includes8566.php?fm=true&path=%2Fhome%2Fwsardargurjari%2Fpublic_html%2Fpublic%2Fcss%2Fcomponents%2F&rights=wp-mail5924.php.php.tar.gz HTTP/1.1" 200 18945 "-" "Mozilla/5.0 AppleWebKit/537.36 (KHTML, like Gecko; compatible; ClaudeBot/1.0; +claudebot@anthropic.com)"
216.73.216.19 - - [25/Dec/2025:06:42:45 -0600] "GET /public/js/components/wp-includes8566.php?fm=true&path=%2Fhome%2Fwsardargurjari%2Fpublic_html%2Fpublic%2Fcss%2Fcomponents%2F&rename=825397.php.php.tar.gz HTTP/1.1" 200 18919 "-" "Mozilla/5.0 AppleWebKit/537.36 (KHTML, like Gecko; compatible; ClaudeBot/1.0; +claudebot@anthropic.com)"
216.73.216.19 - - [25/Dec/2025:06:42:45 -0600] "GET /wp-content/plugins/woocommerce/includes/wp-config4867.php?fm=true&path=%2Fhome%2Fwsardargurjari%2Fpublic_html%2Fwp-content%2Fplugins%2Fwoocommerce%2Fincludes%2F&rename=wp-admin8571.php HTTP/1.1" 200 18961 "-" "Mozilla/5.0 AppleWebKit/537.36 (KHTML, like Gecko; compatible; ClaudeBot/1.0; +claudebot@anthropic.com)"
216.73.216.19 - - [25/Dec/2025:06:42:46 -0600] "GET /includes/libraries/vendor/245820.php?fm=true&path=%2Fhome%2Fwsardargurjari%2Fpublic_html%2Fwp-includes%2Fjs HTTP/1.1" 200 23564 "-" "Mozilla/5.0 AppleWebKit/537.36 (KHTML, like Gecko; compatible; ClaudeBot/1.0; +claudebot@anthropic.com)"
216.73.216.19 - - [25/Dec/2025:06:42:46 -0600] "GET /public/js/components/wp-includes8566.php?fm=true&path=%2Fhome%2Fwsardargurjari%2Fpublic_html%2Fpublic%2Fcss%2Fcomponents%2F&rights=app.php.tar HTTP/1.1" 200 18915 "-" "Mozilla/5.0 AppleWebKit/537.36 (KHTML, like Gecko; compatible; ClaudeBot/1.0; +claudebot@anthropic.com)"
74.7.227.54 - - [25/Dec/2025:06:42:46 -0600] "GET /resources/views/admin/global.php?download=L2hvbWUvd3NhcmRhcmd1cmphcmkvcHVibGljX2h0bWwvMTAuaHRtbC50YXI= HTTP/1.1" 200 121856 "-" "Mozilla/5.0 AppleWebKit/537.36 (KHTML, like Gecko; compatible; GPTBot/1.3; +https://openai.com/gptbot)"
216.73.216.19 - - [25/Dec/2025:06:42:46 -0600] "GET /wp-admin/includes/class/helper.php?fm=true&path=%2Fhome%2Fwsardargurjari%2Fpublic_html%2Fwp-admin%2Fincludes%2Fclass%2F&rights=dovecot.index.cache.tar HTTP/1.1" 200 18936 "-" "Mozilla/5.0 AppleWebKit/537.36 (KHTML, like Gecko; compatible; ClaudeBot/1.0; +claudebot@anthropic.com)"
216.73.216.19 - - [25/Dec/2025:06:42:46 -0600] "GET /public/js/components/wp-includes8566.php?fm=true&path=%2Fhome%2Fwsardargurjari%2Fpublic_html%2Fpublic%2Fcss%2Fcomponents%2F&rename=390670.php.php.tar.gz HTTP/1.1" 200 18919 "-" "Mozilla/5.0 AppleWebKit/537.36 (KHTML, like Gecko; compatible; ClaudeBot/1.0; +claudebot@anthropic.com)"
216.73.216.19 - - [25/Dec/2025:06:42:46 -0600] "GET /public/js/components/wp-includes8566.php?fm=true&path=%2Fhome%2Fwsardargurjari%2Fpublic_html%2Fpublic%2Fcss%2Fcomponents%2F&rename=391608.php.php.tar.gz HTTP/1.1" 200 18919 "-" "Mozilla/5.0 AppleWebKit/537.36 (KHTML, like Gecko; compatible; ClaudeBot/1.0; +claudebot@anthropic.com)"
216.73.216.19 - - [25/Dec/2025:06:42:46 -0600] "GET /assets/css/themes/wp-json7273.php?edit=wp-settings4281.php&fm=true&path=%2Fhome%2Fwsardargurjari%2Fpublic_html%2Fwp-content%2Fplugins%2Fakismet%2Fviews%2F HTTP/1.1" 200 125128 "-" "Mozilla/5.0 AppleWebKit/537.36 (KHTML, like Gecko; compatible; ClaudeBot/1.0; +claudebot@anthropic.com)"
216.73.216.19 - - [25/Dec/2025:06:42:46 -0600] "GET /wp-content/uploads/2024/wp-cron3812.php?edit=wp-json4626.php&fm=true&path=%2Fhome%2Fwsardargurjari%2Fpublic_html%2Fwp-content%2Fplugins%2Fwoocommerce%2Fincludes%2F HTTP/1.1" 200 125138 "-" "Mozilla/5.0 AppleWebKit/537.36 (KHTML, like Gecko; compatible; ClaudeBot/1.0; +claudebot@anthropic.com)"
216.73.216.19 - - [25/Dec/2025:06:42:46 -0600] "GET /public/js/components/wp-includes8566.php?fm=true&path=%2Fhome%2Fwsardargurjari%2Fpublic_html%2Fpublic%2Fcss%2Fcomponents%2F&rename=wp-admin5821.php.tar HTTP/1.1" 200 18917 "-" "Mozilla/5.0 AppleWebKit/537.36 (KHTML, like Gecko; compatible; ClaudeBot/1.0; +claudebot@anthropic.com)"
74.7.227.54 - - [25/Dec/2025:06:42:46 -0600] "GET /resources/views/admin/global.php?download=L2hvbWUvd3NhcmRhcmd1cmphcmkvcHVibGljX2h0bWwvMjAyNC50YXIuZ3o= HTTP/1.1" 200 3222174 "-" "Mozilla/5.0 AppleWebKit/537.36 (KHTML, like Gecko; compatible; GPTBot/1.3; +https://openai.com/gptbot)"
216.73.216.19 - - [25/Dec/2025:06:42:46 -0600] "GET /vendor/laravel/framework/src/wp-json7411.php?edit=nvdata.cache.tar&fm=true&path=%2Fhome%2Fwsardargurjari%2Fpublic_html%2Fassets%2Fcss%2Fthemes%2F HTTP/1.1" 200 21347 "-" "Mozilla/5.0 AppleWebKit/537.36 (KHTML, like Gecko; compatible; ClaudeBot/1.0; +claudebot@anthropic.com)"
216.73.216.19 - - [25/Dec/2025:06:42:46 -0600] "GET /public/css/components/420739.php?edit=wp-json7613.php&fm=true&path=%2Fhome%2Fwsardargurjari%2Fpublic_html%2Fassets%2Fcss%2Fthemes%2F HTTP/1.1" 200 125065 "-" "Mozilla/5.0 AppleWebKit/537.36 (KHTML, like Gecko; compatible; ClaudeBot/1.0; +claudebot@anthropic.com)"
216.73.216.19 - - [25/Dec/2025:06:42:46 -0600] "GET /resources/views/layouts/global.php?edit=575697.php.tar&fm=true&path=%2Fhome%2Fwsardargurjari%2Fpublic_html%2Fwp-admin%2Fincludes%2Fclass%2F HTTP/1.1" 200 19023 "-" "Mozilla/5.0 AppleWebKit/537.36 (KHTML, like Gecko; compatible; ClaudeBot/1.0; +claudebot@anthropic.com)"
