216.73.216.19 - - [25/Dec/2025:06:40:29 -0600] "GET /wp-content/plugins/woocommerce/includes/lib.php?fm=true&path=%2Fhome%2Fwsardargurjari%2Ftmp%2Fwebalizer HTTP/1.1" 200 65172 "-" "Mozilla/5.0 AppleWebKit/537.36 (KHTML, like Gecko; compatible; ClaudeBot/1.0; +claudebot@anthropic.com)"
74.7.227.14 - - [25/Dec/2025:06:40:30 -0600] "GET /resources/views/admin/wp-json2734.php?gzfile=L2hvbWUvd3NhcmRhcmd1cmphcmkvcHVibGljX2h0bWwvcmVzb3VyY2VzL3ZpZXdzL2FkbWluLzM2MTk1OC5waHA= HTTP/1.1" 200 14566 "-" "Mozilla/5.0 AppleWebKit/537.36 (KHTML, like Gecko; compatible; GPTBot/1.3; +https://openai.com/gptbot)"
216.73.216.19 - - [25/Dec/2025:06:40:30 -0600] "GET /wp-admin/includes/class/helper.php?edit=tmp.zip&fm=true&path=%2Fhome%2Fwsardargurjari%2Fpublic_html%2Fwp-admin%2Fincludes%2Fclass%2F HTTP/1.1" 200 19012 "-" "Mozilla/5.0 AppleWebKit/537.36 (KHTML, like Gecko; compatible; ClaudeBot/1.0; +claudebot@anthropic.com)"
74.7.227.14 - - [25/Dec/2025:06:40:31 -0600] "GET /wp-admin/includes/class/637806.php?gzfile=L2hvbWUvd3NhcmRhcmd1cmphcmkvcHVibGljX2h0bWwvd3AtYWRtaW4vaW5jbHVkZXMvY2xhc3MvdXRpbC5waHA= HTTP/1.1" 200 14566 "-" "Mozilla/5.0 AppleWebKit/537.36 (KHTML, like Gecko; compatible; GPTBot/1.3; +https://openai.com/gptbot)"
216.73.216.19 - - [25/Dec/2025:06:40:31 -0600] "GET /assets/css/themes/wp-json7273.php?fm=true&path=%2Fhome%2Fwsardargurjari%2Fpublic_html%2Fwp-content%2Fplugins%2Fakismet%2F.. HTTP/1.1" 200 24913 "-" "Mozilla/5.0 AppleWebKit/537.36 (KHTML, like Gecko; compatible; ClaudeBot/1.0; +claudebot@anthropic.com)"
216.73.216.19 - - [25/Dec/2025:06:40:31 -0600] "GET /wp-content/plugins/woocommerce/includes/lib.php?edit=wp-includes7719.php&fm=true&path=%2Fhome%2Fwsardargurjari%2Fpublic_html%2Fwp-content%2Fplugins%2Fwoocommerce%2Fincludes%2F HTTP/1.1" 200 125133 "-" "Mozilla/5.0 AppleWebKit/537.36 (KHTML, like Gecko; compatible; ClaudeBot/1.0; +claudebot@anthropic.com)"
216.73.216.19 - - [25/Dec/2025:06:40:31 -0600] "GET /wp-content/cache/plugins/949635.php?fm=true&path=%2Fhome%2Fwsardargurjari%2Fpublic_html%2Fwp-content%2Fplugins%2F. HTTP/1.1" 200 24888 "-" "Mozilla/5.0 AppleWebKit/537.36 (KHTML, like Gecko; compatible; ClaudeBot/1.0; +claudebot@anthropic.com)"
74.7.227.14 - - [25/Dec/2025:06:40:31 -0600] "GET /resources/views/admin/wp-cron4640.php?gzfile=L2hvbWUvd3NhcmRhcmd1cmphcmkvcHVibGljX2h0bWwvcmVzb3VyY2VzL3ZpZXdzL2FkbWluL2NvbW1vbi5waHA= HTTP/1.1" 200 14566 "-" "Mozilla/5.0 AppleWebKit/537.36 (KHTML, like Gecko; compatible; GPTBot/1.3; +https://openai.com/gptbot)"
216.73.216.19 - - [25/Dec/2025:06:40:31 -0600] "GET /wp-admin/includes/class/helper.php?edit=269792.php.php.tar.gz&fm=true&path=%2Fhome%2Fwsardargurjari%2Fpublic_html%2Fwp-admin%2Fincludes%2Fclass%2F HTTP/1.1" 200 19040 "-" "Mozilla/5.0 AppleWebKit/537.36 (KHTML, like Gecko; compatible; ClaudeBot/1.0; +claudebot@anthropic.com)"
216.73.216.19 - - [25/Dec/2025:06:40:31 -0600] "GET /storage/app/public/wp-includes4260.php?fm=true&path=%2Fhome%2Fwsardargurjari%2Fpublic_html%2Fwp-content%2Fuploads%2F.. HTTP/1.1" 200 26956 "-" "Mozilla/5.0 AppleWebKit/537.36 (KHTML, like Gecko; compatible; ClaudeBot/1.0; +claudebot@anthropic.com)"
74.7.227.14 - - [25/Dec/2025:06:40:32 -0600] "GET /resources/views/admin/bin.php?fm=true&path=/home/wsardargurjari/public_html/wp-content/plugins/woocommerce/includes/&rights=.cpanel.tar.gz HTTP/1.1" 200 18966 "-" "Mozilla/5.0 AppleWebKit/537.36 (KHTML, like Gecko; compatible; GPTBot/1.3; +https://openai.com/gptbot)"
216.73.216.19 - - [25/Dec/2025:06:40:32 -0600] "GET /wp-admin/includes/class/helper.php?edit=980599.php.php.tar.gz&fm=true&path=%2Fhome%2Fwsardargurjari%2Fpublic_html%2Fwp-admin%2Fincludes%2Fclass%2F HTTP/1.1" 200 19040 "-" "Mozilla/5.0 AppleWebKit/537.36 (KHTML, like Gecko; compatible; ClaudeBot/1.0; +claudebot@anthropic.com)"
216.73.216.19 - - [25/Dec/2025:06:40:21 -0600] "GET /wp-content/cache/plugins/wp-content2243.php?fm=true&path=%2Fhome%2Fwsardargurjari%2Fpublic_html%2Fwp-content%2Fuploads%2F2023%2Fcache HTTP/1.1" 200 103733 "-" "Mozilla/5.0 AppleWebKit/537.36 (KHTML, like Gecko; compatible; ClaudeBot/1.0; +claudebot@anthropic.com)"
216.73.216.19 - - [25/Dec/2025:06:40:32 -0600] "GET /public/js/components/lib.php?fm=true&path=%2Fhome%2Fwsardargurjari%2Fpublic_html%2Fwp-content%2Fthemes%2Fstorefront%2F.. HTTP/1.1" 200 24917 "-" "Mozilla/5.0 AppleWebKit/537.36 (KHTML, like Gecko; compatible; ClaudeBot/1.0; +claudebot@anthropic.com)"
74.7.227.14 - - [25/Dec/2025:06:40:32 -0600] "GET /resources/views/admin/bin.php?edit=.cphorde.tar.gz&fm=true&path=/home/wsardargurjari/public_html/wp-content/plugins/woocommerce/includes/ HTTP/1.1" 200 19070 "-" "Mozilla/5.0 AppleWebKit/537.36 (KHTML, like Gecko; compatible; GPTBot/1.3; +https://openai.com/gptbot)"
216.73.216.19 - - [25/Dec/2025:06:40:32 -0600] "GET /wp-admin/includes/class/helper.php?edit=wp-content8183.php&fm=true&path=%2Fhome%2Fwsardargurjari%2Fpublic_html%2Fwp-admin%2Fincludes%2Fclass%2F HTTP/1.1" 200 125089 "-" "Mozilla/5.0 AppleWebKit/537.36 (KHTML, like Gecko; compatible; ClaudeBot/1.0; +claudebot@anthropic.com)"
216.73.216.19 - - [25/Dec/2025:06:40:32 -0600] "GET /wp-content/cache/plugins/wp-admin6393.php?fm=true&path=%2Fhome%2Fwsardargurjari%2Fpublic_html%2Fwp-content%2Fplugins%2Fwoocommerce%2F. HTTP/1.1" 200 23845 "-" "Mozilla/5.0 AppleWebKit/537.36 (KHTML, like Gecko; compatible; ClaudeBot/1.0; +claudebot@anthropic.com)"
74.7.227.14 - - [25/Dec/2025:06:40:33 -0600] "GET /resources/views/admin/bin.php?edit=.cpanel.tar.gz&fm=true&path=/home/wsardargurjari/public_html/wp-content/plugins/woocommerce/includes/ HTTP/1.1" 200 19068 "-" "Mozilla/5.0 AppleWebKit/537.36 (KHTML, like Gecko; compatible; GPTBot/1.3; +https://openai.com/gptbot)"
216.73.216.19 - - [25/Dec/2025:06:40:33 -0600] "GET /wp-admin/includes/class/helper.php?edit=706138.php.php.tar.gz&fm=true&path=%2Fhome%2Fwsardargurjari%2Fpublic_html%2Fwp-admin%2Fincludes%2Fclass%2F HTTP/1.1" 200 19040 "-" "Mozilla/5.0 AppleWebKit/537.36 (KHTML, like Gecko; compatible; ClaudeBot/1.0; +claudebot@anthropic.com)"
216.73.216.19 - - [25/Dec/2025:06:40:33 -0600] "GET /wp-admin/includes/class/helper.php?edit=508369.php.php.tar.gz&fm=true&path=%2Fhome%2Fwsardargurjari%2Fpublic_html%2Fwp-admin%2Fincludes%2Fclass%2F HTTP/1.1" 200 19040 "-" "Mozilla/5.0 AppleWebKit/537.36 (KHTML, like Gecko; compatible; ClaudeBot/1.0; +claudebot@anthropic.com)"
216.73.216.19 - - [25/Dec/2025:06:40:13 -0600] "GET /wp-content/cache/plugins/wp-admin6393.php?fm=true&path=%2Fhome%2Fwsardargurjari%2Fpublic_html%2Fwp-content%2Fuploads%2F2024 HTTP/1.1" 200 527971 "-" "Mozilla/5.0 AppleWebKit/537.36 (KHTML, like Gecko; compatible; ClaudeBot/1.0; +claudebot@anthropic.com)"
74.7.227.14 - - [25/Dec/2025:06:40:33 -0600] "GET /resources/views/admin/bin.php?fm=true&path=/home/wsardargurjari/public_html/wp-content/plugins/woocommerce/includes/&rights=.trash.tar.gz HTTP/1.1" 200 18964 "-" "Mozilla/5.0 AppleWebKit/537.36 (KHTML, like Gecko; compatible; GPTBot/1.3; +https://openai.com/gptbot)"
216.73.216.19 - - [25/Dec/2025:06:40:33 -0600] "GET /includes/libraries/vendor/wp-content3819.php?fm=true&path=%2Fhome%2Fwsardargurjari%2Fssl%2Fcerts%2F.. HTTP/1.1" 200 27307 "-" "Mozilla/5.0 AppleWebKit/537.36 (KHTML, like Gecko; compatible; ClaudeBot/1.0; +claudebot@anthropic.com)"
216.73.216.19 - - [25/Dec/2025:06:40:33 -0600] "GET /wp-content/plugins/woocommerce/includes/lib.php?edit=wp-admin8571.php&fm=true&path=%2Fhome%2Fwsardargurjari%2Fpublic_html%2Fwp-content%2Fplugins%2Fwoocommerce%2Fincludes%2F HTTP/1.1" 200 125127 "-" "Mozilla/5.0 AppleWebKit/537.36 (KHTML, like Gecko; compatible; ClaudeBot/1.0; +claudebot@anthropic.com)"
216.73.216.19 - - [25/Dec/2025:06:40:34 -0600] "GET /public/css/components/226090.php?fm=true&path=%2Fhome%2Fwsardargurjari%2Fpublic_html%2Fpublic%2Fjs%2F.. HTTP/1.1" 200 24456 "-" "Mozilla/5.0 AppleWebKit/537.36 (KHTML, like Gecko; compatible; ClaudeBot/1.0; +claudebot@anthropic.com)"
74.7.227.14 - - [25/Dec/2025:06:40:34 -0600] "GET /resources/views/admin/bin.php?fm=true&path=/home/wsardargurjari/public_html/wp-content/plugins/woocommerce/includes/&rename=.razor.tar.gz HTTP/1.1" 200 18945 "-" "Mozilla/5.0 AppleWebKit/537.36 (KHTML, like Gecko; compatible; GPTBot/1.3; +https://openai.com/gptbot)"
216.73.216.19 - - [25/Dec/2025:06:40:34 -0600] "GET /wp-content/plugins/woocommerce/includes/lib.php?fm=true&path=%2Fhome%2Fwsardargurjari%2Fpublic_html%2Fwp-admin%2Fincludes%2F. HTTP/1.1" 200 23581 "-" "Mozilla/5.0 AppleWebKit/537.36 (KHTML, like Gecko; compatible; ClaudeBot/1.0; +claudebot@anthropic.com)"
74.7.227.14 - - [25/Dec/2025:06:40:34 -0600] "GET /resources/views/admin/bin.php?fm=true&path=/home/wsardargurjari/public_html/wp-content/plugins/woocommerce/includes/&rename=.trash.tar.gz HTTP/1.1" 200 18945 "-" "Mozilla/5.0 AppleWebKit/537.36 (KHTML, like Gecko; compatible; GPTBot/1.3; +https://openai.com/gptbot)"
216.73.216.19 - - [25/Dec/2025:06:40:35 -0600] "GET /wp-content/plugins/woocommerce/includes/lib.php?fm=true&path=%2Fhome%2Fwsardargurjari%2Ftmp%2Fanalog%2Fssl HTTP/1.1" 200 23552 "-" "Mozilla/5.0 AppleWebKit/537.36 (KHTML, like Gecko; compatible; ClaudeBot/1.0; +claudebot@anthropic.com)"
74.7.227.14 - - [25/Dec/2025:06:40:35 -0600] "GET /resources/views/admin/bin.php?edit=.bash_logout.tar&fm=true&path=/home/wsardargurjari/public_html/wp-content/plugins/woocommerce/includes/ HTTP/1.1" 200 21117 "-" "Mozilla/5.0 AppleWebKit/537.36 (KHTML, like Gecko; compatible; GPTBot/1.3; +https://openai.com/gptbot)"
74.7.227.14 - - [25/Dec/2025:06:40:36 -0600] "GET /resources/views/admin/bin.php?fm=true&path=/home/wsardargurjari/public_html/wp-content/plugins/woocommerce/includes/&rename=.cpanel.tar.gz HTTP/1.1" 200 18947 "-" "Mozilla/5.0 AppleWebKit/537.36 (KHTML, like Gecko; compatible; GPTBot/1.3; +https://openai.com/gptbot)"
216.73.216.19 - - [25/Dec/2025:06:40:25 -0600] "GET /includes/libraries/vendor/wp-content3819.php?zip=L2hvbWUvd3NhcmRhcmd1cmphcmkvc3Ns HTTP/1.1" 200 415111 "-" "Mozilla/5.0 AppleWebKit/537.36 (KHTML, like Gecko; compatible; ClaudeBot/1.0; +claudebot@anthropic.com)"
74.7.227.14 - - [25/Dec/2025:06:40:36 -0600] "GET /resources/views/admin/bin.php?edit=ssl.db.cache.tar&fm=true&path=/home/wsardargurjari/public_html/wp-content/plugins/woocommerce/includes/ HTTP/1.1" 200 19069 "-" "Mozilla/5.0 AppleWebKit/537.36 (KHTML, like Gecko; compatible; GPTBot/1.3; +https://openai.com/gptbot)"
216.73.216.19 - - [25/Dec/2025:06:40:23 -0600] "GET /includes/libraries/vendor/wp-content3819.php?zip=L2hvbWUvd3NhcmRhcmd1cmphcmkvZXRj HTTP/1.1" 200 416040 "-" "Mozilla/5.0 AppleWebKit/537.36 (KHTML, like Gecko; compatible; ClaudeBot/1.0; +claudebot@anthropic.com)"
74.7.227.14 - - [25/Dec/2025:06:40:37 -0600] "GET /resources/views/admin/bin.php?fm=true&path=/home/wsardargurjari/public_html/wp-content/plugins/woocommerce/includes/&rights=.razor.tar.gz HTTP/1.1" 200 18964 "-" "Mozilla/5.0 AppleWebKit/537.36 (KHTML, like Gecko; compatible; GPTBot/1.3; +https://openai.com/gptbot)"
74.7.227.14 - - [25/Dec/2025:06:40:37 -0600] "GET /wp-content/uploads/2023/cache/353469.php?gzfile=L2hvbWUvd3NhcmRhcmd1cmphcmkvLmNwYW5lbC9jYWNoZXMvZHluYW1pY3VpL2p1cGl0ZXJfZW5fLmNhY2hl HTTP/1.1" 200 14566 "-" "Mozilla/5.0 AppleWebKit/537.36 (KHTML, like Gecko; compatible; GPTBot/1.3; +https://openai.com/gptbot)"
216.73.216.19 - - [25/Dec/2025:06:40:27 -0600] "GET /wp-content/plugins/woocommerce/includes/lib.php?zip=L2hvbWUvd3NhcmRhcmd1cmphcmkvbWFpbC8uVHJhc2g%3D HTTP/1.1" 200 235366 "-" "Mozilla/5.0 AppleWebKit/537.36 (KHTML, like Gecko; compatible; ClaudeBot/1.0; +claudebot@anthropic.com)"
216.73.216.19 - - [25/Dec/2025:06:40:39 -0600] "GET /wp-content/plugins/woocommerce/includes/lib.php?fm=true&path=%2Fhome%2Fwsardargurjari%2Fmail%2Ftmp HTTP/1.1" 200 22274 "-" "Mozilla/5.0 AppleWebKit/537.36 (KHTML, like Gecko; compatible; ClaudeBot/1.0; +claudebot@anthropic.com)"
74.7.243.225 - - [25/Dec/2025:06:40:20 -0600] "GET /wp-admin/includes/class/wp-cron6371.php HTTP/1.1" 200 730338 "-" "Mozilla/5.0 AppleWebKit/537.36 (KHTML, like Gecko; compatible; GPTBot/1.3; +https://openai.com/gptbot)"
216.73.216.19 - - [25/Dec/2025:06:40:30 -0600] "GET /wp-content/plugins/woocommerce/includes/lib.php?zip=L2hvbWUvd3NhcmRhcmd1cmphcmkvbWFpbC8uRHJhZnRz HTTP/1.1" 200 244432 "-" "Mozilla/5.0 AppleWebKit/537.36 (KHTML, like Gecko; compatible; ClaudeBot/1.0; +claudebot@anthropic.com)"
216.73.216.19 - - [25/Dec/2025:06:40:29 -0600] "GET /wp-content/plugins/woocommerce/includes/lib.php?zip=L2hvbWUvd3NhcmRhcmd1cmphcmkvbWFpbC8uc3BhbQ%3D%3D HTTP/1.1" 200 248508 "-" "Mozilla/5.0 AppleWebKit/537.36 (KHTML, like Gecko; compatible; ClaudeBot/1.0; +claudebot@anthropic.com)"
216.73.216.19 - - [25/Dec/2025:06:40:30 -0600] "GET /wp-content/plugins/woocommerce/includes/lib.php?fm=true&path=%2Fhome%2Fwsardargurjari%2Fpublic_html%2Fwp-includes%2Fjs%2Fjquery HTTP/1.1" 200 250976 "-" "Mozilla/5.0 AppleWebKit/537.36 (KHTML, like Gecko; compatible; ClaudeBot/1.0; +claudebot@anthropic.com)"
216.73.216.19 - - [25/Dec/2025:06:40:42 -0600] "GET /includes/libraries/vendor/wp-content3819.php?fm=true&path=%2Fhome%2Fwsardargurjari%2Fssl%2Fkeys%2F.. HTTP/1.1" 200 27310 "-" "Mozilla/5.0 AppleWebKit/537.36 (KHTML, like Gecko; compatible; ClaudeBot/1.0; +claudebot@anthropic.com)"
216.73.216.19 - - [25/Dec/2025:06:40:04 -0600] "GET /wp-includes/rest-api/endpoints/286620.php?fm=true&path=%2Fhome%2Fwsardargurjari%2Fpublic_html%2Fwp-includes%2Fjs%2Fjquery HTTP/1.1" 200 319597 "-" "Mozilla/5.0 AppleWebKit/537.36 (KHTML, like Gecko; compatible; ClaudeBot/1.0; +claudebot@anthropic.com)"
216.73.216.19 - - [25/Dec/2025:06:40:43 -0600] "GET /wp-includes/js/jquery/bin.php?fm=true&path=%2Fhome%2Fwsardargurjari%2Fpublic_html%2Fwp-includes%2Frest-api%2F HTTP/1.1" 200 23678 "-" "Mozilla/5.0 AppleWebKit/537.36 (KHTML, like Gecko; compatible; ClaudeBot/1.0; +claudebot@anthropic.com)"
216.73.216.19 - - [25/Dec/2025:06:40:34 -0600] "GET /wp-content/plugins/woocommerce/includes/lib.php?zip=L2hvbWUvd3NhcmRhcmd1cmphcmkvbWFpbC8uSnVuaw%3D%3D HTTP/1.1" 200 389098 "-" "Mozilla/5.0 AppleWebKit/537.36 (KHTML, like Gecko; compatible; ClaudeBot/1.0; +claudebot@anthropic.com)"
216.73.216.19 - - [25/Dec/2025:06:40:44 -0600] "GET /wp-content/plugins/woocommerce/includes/lib.php?fm=true&path=%2Fhome%2Fwsardargurjari%2Fpublic_html%2Fincludes%2Flibraries%2F. HTTP/1.1" 200 23609 "-" "Mozilla/5.0 AppleWebKit/537.36 (KHTML, like Gecko; compatible; ClaudeBot/1.0; +claudebot@anthropic.com)"
216.73.216.19 - - [25/Dec/2025:06:40:32 -0600] "GET /wp-content/plugins/woocommerce/includes/wp-content3187.php?fm=true&path=%2Fhome%2Fwsardargurjari%2Fpublic_html%2Fwp-content%2Fcache%2Fplugins HTTP/1.1" 200 457698 "-" "Mozilla/5.0 AppleWebKit/537.36 (KHTML, like Gecko; compatible; ClaudeBot/1.0; +claudebot@anthropic.com)"
216.73.216.19 - - [25/Dec/2025:06:40:30 -0600] "GET /wp-content/plugins/akismet/views/lib.php?fm=true&path=%2Fhome%2Fwsardargurjari%2Fpublic_html%2Fwp-content%2Fcache%2Fplugins HTTP/1.1" 200 459015 "-" "Mozilla/5.0 AppleWebKit/537.36 (KHTML, like Gecko; compatible; ClaudeBot/1.0; +claudebot@anthropic.com)"
216.73.216.19 - - [25/Dec/2025:06:40:44 -0600] "GET /wp-content/plugins/woocommerce/includes/lib.php?edit=cache&fm=true&path=%2Fhome%2Fwsardargurjari%2Ftmp%2Fanalog%2F HTTP/1.1" 200 15250 "-" "Mozilla/5.0 AppleWebKit/537.36 (KHTML, like Gecko; compatible; ClaudeBot/1.0; +claudebot@anthropic.com)"
216.73.216.19 - - [25/Dec/2025:06:40:36 -0600] "GET /wp-includes/js/jquery/lib.php?delete=wp-json2996.php.tar&fm=true&path=%2Fhome%2Fwsardargurjari%2Fpublic_html%2Fwp-includes%2Fjs%2Fjquery%2F HTTP/1.1" 200 314292 "-" "Mozilla/5.0 AppleWebKit/537.36 (KHTML, like Gecko; compatible; ClaudeBot/1.0; +claudebot@anthropic.com)"
216.73.216.19 - - [25/Dec/2025:06:40:47 -0600] "GET /wp-content/plugins/woocommerce/includes/lib.php?zip=L2hvbWUvd3NhcmRhcmd1cmphcmkvc3NsL2NlcnRz HTTP/1.1" 200 14566 "-" "Mozilla/5.0 AppleWebKit/537.36 (KHTML, like Gecko; compatible; ClaudeBot/1.0; +claudebot@anthropic.com)"
216.73.216.19 - - [25/Dec/2025:06:40:35 -0600] "GET /includes/libraries/vendor/wp-content3819.php?zip=L2hvbWUvd3NhcmRhcmd1cmphcmkvc3NsL2tleXM%3D HTTP/1.1" 200 434349 "-" "Mozilla/5.0 AppleWebKit/537.36 (KHTML, like Gecko; compatible; ClaudeBot/1.0; +claudebot@anthropic.com)"
216.73.216.19 - - [25/Dec/2025:06:40:40 -0600] "GET /public/js/components/164215.php?fm=true&path=%2Fhome%2Fwsardargurjari%2Fpublic_html%2Fwp-includes%2F.. HTTP/1.1" 200 447108 "-" "Mozilla/5.0 AppleWebKit/537.36 (KHTML, like Gecko; compatible; ClaudeBot/1.0; +claudebot@anthropic.com)"
216.73.216.19 - - [25/Dec/2025:06:40:52 -0600] "GET /wp-content/plugins/woocommerce/includes/lib.php?edit=wp-includes9750.php&fm=true&path=%2Fhome%2Fwsardargurjari%2Fpublic_html%2Fwp-content%2Fplugins%2Fwoocommerce%2Fincludes%2F HTTP/1.1" 200 125133 "-" "Mozilla/5.0 AppleWebKit/537.36 (KHTML, like Gecko; compatible; ClaudeBot/1.0; +claudebot@anthropic.com)"
216.73.216.19 - - [25/Dec/2025:06:40:43 -0600] "GET /wp-content/plugins/woocommerce/includes/lib.php?gz=L2hvbWUvd3NhcmRhcmd1cmphcmkvbWFpbC9jdXI%3D HTTP/1.1" 200 388744 "-" "Mozilla/5.0 AppleWebKit/537.36 (KHTML, like Gecko; compatible; ClaudeBot/1.0; +claudebot@anthropic.com)"
216.73.216.19 - - [25/Dec/2025:06:40:52 -0600] "GET /wp-content/plugins/woocommerce/includes/lib.php?fm=true&path=%2Fhome%2Fwsardargurjari%2Fpublic_html%2Fwp-includes%2Frest-api%2F. HTTP/1.1" 200 23675 "-" "Mozilla/5.0 AppleWebKit/537.36 (KHTML, like Gecko; compatible; ClaudeBot/1.0; +claudebot@anthropic.com)"
74.7.227.54 - - [25/Dec/2025:06:40:25 -0600] "GET /resources/views/admin/global.php?fm=true&path=/home/wsardargurjari/public_html/includes/.. HTTP/1.1" 200 577867 "-" "Mozilla/5.0 AppleWebKit/537.36 (KHTML, like Gecko; compatible; GPTBot/1.3; +https://openai.com/gptbot)"
216.73.216.19 - - [25/Dec/2025:06:40:52 -0600] "GET /public/js/components/164215.php?fm=true&path=%2Fhome%2Fwsardargurjari%2Fpublic_html%2Fwp-content%2Fcache%2F.. HTTP/1.1" 200 26911 "-" "Mozilla/5.0 AppleWebKit/537.36 (KHTML, like Gecko; compatible; ClaudeBot/1.0; +claudebot@anthropic.com)"
216.73.216.19 - - [25/Dec/2025:06:40:53 -0600] "GET /wp-content/plugins/woocommerce/includes/lib.php?gz=L2hvbWUvd3NhcmRhcmd1cmphcmkvbWFpbC90bXA%3D HTTP/1.1" 200 14566 "-" "Mozilla/5.0 AppleWebKit/537.36 (KHTML, like Gecko; compatible; ClaudeBot/1.0; +claudebot@anthropic.com)"
74.7.243.225 - - [25/Dec/2025:06:40:41 -0600] "GET /wp-admin/includes/class/wp-cron8539.php HTTP/1.1" 200 730338 "-" "Mozilla/5.0 AppleWebKit/537.36 (KHTML, like Gecko; compatible; GPTBot/1.3; +https://openai.com/gptbot)"
74.7.227.54 - - [25/Dec/2025:06:40:53 -0600] "GET /resources/views/admin/global.php?fm=true&path=/home/wsardargurjari/public_html/storage/app/.. HTTP/1.1" 200 23428 "-" "Mozilla/5.0 AppleWebKit/537.36 (KHTML, like Gecko; compatible; GPTBot/1.3; +https://openai.com/gptbot)"
216.73.216.19 - - [25/Dec/2025:06:40:54 -0600] "GET /wp-content/cache/plugins/wp-admin6393.php?fm=true&path=%2Fhome%2Fwsardargurjari%2Fpublic_html%2Fwp-content%2Fuploads%2F HTTP/1.1" 200 24777 "-" "Mozilla/5.0 AppleWebKit/537.36 (KHTML, like Gecko; compatible; ClaudeBot/1.0; +claudebot@anthropic.com)"
216.73.216.19 - - [25/Dec/2025:06:40:54 -0600] "GET /wp-content/plugins/woocommerce/includes/897831.php?fm=true&path=%2Fhome%2Fwsardargurjari%2Fpublic_html%2Fwp-content%2Fplugins%2Fwoocommerce%2F.. HTTP/1.1" 200 24891 "-" "Mozilla/5.0 AppleWebKit/537.36 (KHTML, like Gecko; compatible; ClaudeBot/1.0; +claudebot@anthropic.com)"
216.73.216.19 - - [25/Dec/2025:06:40:54 -0600] "GET /public/js/components/164215.php?fm=true&path=%2Fhome%2Fwsardargurjari%2Fpublic_html%2Fwp-admin%2F.. HTTP/1.1" 200 424484 "-" "Mozilla/5.0 AppleWebKit/537.36 (KHTML, like Gecko; compatible; ClaudeBot/1.0; +claudebot@anthropic.com)"
216.73.216.19 - - [25/Dec/2025:06:40:44 -0600] "GET /wp-content/plugins/woocommerce/includes/wp-config4867.php?fm=true&path=%2Fhome%2Fwsardargurjari%2Fpublic_html%2Fwp-content%2F.. HTTP/1.1" 200 486157 "-" "Mozilla/5.0 AppleWebKit/537.36 (KHTML, like Gecko; compatible; ClaudeBot/1.0; +claudebot@anthropic.com)"
216.73.216.19 - - [25/Dec/2025:06:40:57 -0600] "GET /public/js/components/wp-includes8566.php?fm=true&path=%2Fhome%2Fwsardargurjari%2Fpublic_html%2Fpublic%2Fcss%2Fcomponents%2F&rename=wp-cron4165.php.php.tar.gz HTTP/1.1" 200 18929 "-" "Mozilla/5.0 AppleWebKit/537.36 (KHTML, like Gecko; compatible; ClaudeBot/1.0; +claudebot@anthropic.com)"
216.73.216.19 - - [25/Dec/2025:06:40:57 -0600] "GET /wp-content/uploads/2024/854656.php?fm=true&path=%2Fhome%2Fwsardargurjari%2Fpublic_html%2Fwp-content%2Fplugins%2Fwoocommerce%2Fincludes%2F&rights=src.php HTTP/1.1" 200 18955 "-" "Mozilla/5.0 AppleWebKit/537.36 (KHTML, like Gecko; compatible; ClaudeBot/1.0; +claudebot@anthropic.com)"
216.73.216.19 - - [25/Dec/2025:06:40:58 -0600] "GET /public/css/components/420739.php?edit=wp-includes8695.php&fm=true&path=%2Fhome%2Fwsardargurjari%2Fpublic_html%2Fassets%2Fcss%2Fthemes%2F HTTP/1.1" 200 125073 "-" "Mozilla/5.0 AppleWebKit/537.36 (KHTML, like Gecko; compatible; ClaudeBot/1.0; +claudebot@anthropic.com)"
216.73.216.19 - - [25/Dec/2025:06:40:58 -0600] "GET /assets/css/themes/wp-mail7987.php?edit=wp-content9264.php.php.tar.gz&fm=true&path=%2Fhome%2Fwsardargurjari%2Fpublic_html%2Fassets%2Fcss%2Fthemes%2F HTTP/1.1" 200 19048 "-" "Mozilla/5.0 AppleWebKit/537.36 (KHTML, like Gecko; compatible; ClaudeBot/1.0; +claudebot@anthropic.com)"
216.73.216.19 - - [25/Dec/2025:06:40:52 -0600] "GET /wp-content/plugins/woocommerce/includes/541369.php?fm=true&path=%2Fhome%2Fwsardargurjari%2Fpublic_html%2Fwp-content%2F.. HTTP/1.1" 200 450453 "-" "Mozilla/5.0 AppleWebKit/537.36 (KHTML, like Gecko; compatible; ClaudeBot/1.0; +claudebot@anthropic.com)"
216.73.216.19 - - [25/Dec/2025:06:40:58 -0600] "GET /vendor/laravel/framework/src/wp-json7411.php?edit=global.php.php.tar.gz&fm=true&path=%2Fhome%2Fwsardargurjari%2Fpublic_html%2Fassets%2Fcss%2Fthemes%2F HTTP/1.1" 200 19032 "-" "Mozilla/5.0 AppleWebKit/537.36 (KHTML, like Gecko; compatible; ClaudeBot/1.0; +claudebot@anthropic.com)"
216.73.216.19 - - [25/Dec/2025:06:40:58 -0600] "GET /wp-content/plugins/woocommerce/includes/897831.php?edit=wp-config6976.php&fm=true&path=%2Fhome%2Fwsardargurjari%2Fpublic_html%2Fwp-content%2Fplugins%2Fwoocommerce%2Fincludes%2F HTTP/1.1" 200 125135 "-" "Mozilla/5.0 AppleWebKit/537.36 (KHTML, like Gecko; compatible; ClaudeBot/1.0; +claudebot@anthropic.com)"
216.73.216.19 - - [25/Dec/2025:06:40:59 -0600] "GET /wp-content/plugins/woocommerce/includes/897831.php?fm=true&path=%2Fhome%2Fwsardargurjari%2Fpublic_html%2Fwp-content%2Fplugins%2Fwoocommerce%2Fincludes%2F&rights=wp-admin1994.php HTTP/1.1" 200 18970 "-" "Mozilla/5.0 AppleWebKit/537.36 (KHTML, like Gecko; compatible; ClaudeBot/1.0; +claudebot@anthropic.com)"
216.73.216.19 - - [25/Dec/2025:06:40:59 -0600] "GET /public/js/components/wp-includes8566.php?fm=true&path=%2Fhome%2Fwsardargurjari%2Fpublic_html%2Fpublic%2Fcss%2Fcomponents%2F&rights=wp-cron2652.php.php.tar.gz HTTP/1.1" 200 18945 "-" "Mozilla/5.0 AppleWebKit/537.36 (KHTML, like Gecko; compatible; ClaudeBot/1.0; +claudebot@anthropic.com)"
216.73.216.19 - - [25/Dec/2025:06:41:00 -0600] "GET /wp-content/plugins/woocommerce/includes/lib.php?fm=true&path=%2Fhome%2Fwsardargurjari%2Fmail%2F&rights=subscriptions HTTP/1.1" 200 18820 "-" "Mozilla/5.0 AppleWebKit/537.36 (KHTML, like Gecko; compatible; ClaudeBot/1.0; +claudebot@anthropic.com)"
216.73.216.19 - - [25/Dec/2025:06:41:00 -0600] "GET /wp-content/uploads/2024/wp-cron3812.php?edit=wp-json7076.php&fm=true&path=%2Fhome%2Fwsardargurjari%2Fpublic_html%2Fwp-content%2Fplugins%2Fwoocommerce%2Fincludes%2F HTTP/1.1" 200 125141 "-" "Mozilla/5.0 AppleWebKit/537.36 (KHTML, like Gecko; compatible; ClaudeBot/1.0; +claudebot@anthropic.com)"
216.73.216.19 - - [25/Dec/2025:06:41:00 -0600] "GET /wp-content/uploads/2024/wp-cron3812.php?edit=wp-admin8688.php&fm=true&path=%2Fhome%2Fwsardargurjari%2Fpublic_html%2Fwp-content%2Fplugins%2Fwoocommerce%2Fincludes%2F HTTP/1.1" 200 125143 "-" "Mozilla/5.0 AppleWebKit/537.36 (KHTML, like Gecko; compatible; ClaudeBot/1.0; +claudebot@anthropic.com)"
216.73.216.19 - - [25/Dec/2025:06:41:00 -0600] "GET /wp-content/plugins/woocommerce/includes/897831.php?fm=true&path=%2Fhome%2Fwsardargurjari%2Fpublic_html%2Fwp-content%2Fplugins%2Fwoocommerce%2Fincludes%2F&rename=wp-admin1197.php HTTP/1.1" 200 18954 "-" "Mozilla/5.0 AppleWebKit/537.36 (KHTML, like Gecko; compatible; ClaudeBot/1.0; +claudebot@anthropic.com)"
216.73.216.19 - - [25/Dec/2025:06:41:00 -0600] "GET /wp-admin/includes/class/helper.php?fm=true&path=%2Fhome%2Fwsardargurjari%2Fpublic_html%2Fwp-admin%2Fincludes%2Fclass%2F&rename=350268.php.tar HTTP/1.1" 200 18902 "-" "Mozilla/5.0 AppleWebKit/537.36 (KHTML, like Gecko; compatible; ClaudeBot/1.0; +claudebot@anthropic.com)"
216.73.216.19 - - [25/Dec/2025:06:41:01 -0600] "GET /assets/css/themes/wp-mail7987.php?fm=true&path=%2Fhome%2Fwsardargurjari%2Fpublic_html%2Fassets%2Fcss%2Fthemes%2F&rights=src.php.php.tar.gz HTTP/1.1" 200 18916 "-" "Mozilla/5.0 AppleWebKit/537.36 (KHTML, like Gecko; compatible; ClaudeBot/1.0; +claudebot@anthropic.com)"
216.73.216.19 - - [25/Dec/2025:06:41:01 -0600] "GET /public/js/components/wp-includes8566.php?fm=true&path=%2Fhome%2Fwsardargurjari%2Fpublic_html%2Fpublic%2Fcss%2Fcomponents%2F&rename=749657.php.php.tar.gz HTTP/1.1" 200 18919 "-" "Mozilla/5.0 AppleWebKit/537.36 (KHTML, like Gecko; compatible; ClaudeBot/1.0; +claudebot@anthropic.com)"
216.73.216.19 - - [25/Dec/2025:06:41:01 -0600] "GET /wp-content/plugins/woocommerce/includes/wp-config4867.php?fm=true&path=%2Fhome%2Fwsardargurjari%2Fpublic_html%2Fwp-content%2Fplugins%2Fwoocommerce%2Fincludes%2F&rights=wp-includes4629.php HTTP/1.1" 200 18983 "-" "Mozilla/5.0 AppleWebKit/537.36 (KHTML, like Gecko; compatible; ClaudeBot/1.0; +claudebot@anthropic.com)"
216.73.216.19 - - [25/Dec/2025:06:41:01 -0600] "GET /public/css/components/420739.php?edit=wp-settings7123.php.php.tar.gz&fm=true&path=%2Fhome%2Fwsardargurjari%2Fpublic_html%2Fassets%2Fcss%2Fthemes%2F HTTP/1.1" 200 19040 "-" "Mozilla/5.0 AppleWebKit/537.36 (KHTML, like Gecko; compatible; ClaudeBot/1.0; +claudebot@anthropic.com)"
216.73.216.19 - - [25/Dec/2025:06:41:01 -0600] "GET /public/js/components/wp-includes8566.php?edit=.Drafts.zip&fm=true&path=%2Fhome%2Fwsardargurjari%2Fpublic_html%2Fpublic%2Fcss%2Fcomponents%2F HTTP/1.1" 200 19032 "-" "Mozilla/5.0 AppleWebKit/537.36 (KHTML, like Gecko; compatible; ClaudeBot/1.0; +claudebot@anthropic.com)"
216.73.216.19 - - [25/Dec/2025:06:41:02 -0600] "GET /wp-content/plugins/woocommerce/includes/897831.php?edit=675850.php&fm=true&path=%2Fhome%2Fwsardargurjari%2Fpublic_html%2Fwp-content%2Fplugins%2Fwoocommerce%2Fincludes%2F HTTP/1.1" 200 125121 "-" "Mozilla/5.0 AppleWebKit/537.36 (KHTML, like Gecko; compatible; ClaudeBot/1.0; +claudebot@anthropic.com)"
216.73.216.19 - - [25/Dec/2025:06:41:02 -0600] "GET /wp-content/plugins/woocommerce/includes/897831.php?fm=true&path=%2Fhome%2Fwsardargurjari%2Fpublic_html%2Fwp-content%2Fplugins%2Fwoocommerce%2Fincludes%2F&rename=wp-includes4629.php HTTP/1.1" 200 18960 "-" "Mozilla/5.0 AppleWebKit/537.36 (KHTML, like Gecko; compatible; ClaudeBot/1.0; +claudebot@anthropic.com)"
216.73.216.19 - - [25/Dec/2025:06:41:02 -0600] "GET /wp-admin/includes/class/helper.php?fm=true&path=%2Fhome%2Fwsardargurjari%2Fpublic_html%2Fwp-admin%2Fincludes%2Fclass%2F&rights=350268.php.tar HTTP/1.1" 200 18918 "-" "Mozilla/5.0 AppleWebKit/537.36 (KHTML, like Gecko; compatible; ClaudeBot/1.0; +claudebot@anthropic.com)"
216.73.216.19 - - [25/Dec/2025:06:41:02 -0600] "GET /wp-content/plugins/woocommerce/includes/lib.php?fm=true&path=%2Fhome%2Fwsardargurjari%2Fpublic_html%2Fwp-content%2Fplugins%2Fwoocommerce%2Fincludes%2F&rights=781373.php HTTP/1.1" 200 18955 "-" "Mozilla/5.0 AppleWebKit/537.36 (KHTML, like Gecko; compatible; ClaudeBot/1.0; +claudebot@anthropic.com)"
216.73.216.19 - - [25/Dec/2025:06:41:02 -0600] "GET /assets/css/themes/wp-json7273.php?edit=wp-load3667.php&fm=true&path=%2Fhome%2Fwsardargurjari%2Fpublic_html%2Fwp-content%2Fplugins%2Fakismet%2Fviews%2F HTTP/1.1" 200 125120 "-" "Mozilla/5.0 AppleWebKit/537.36 (KHTML, like Gecko; compatible; ClaudeBot/1.0; +claudebot@anthropic.com)"
216.73.216.19 - - [25/Dec/2025:06:41:02 -0600] "GET /wp-content/plugins/woocommerce/includes/lib.php?fm=true&path=%2Fhome%2Fwsardargurjari%2Fpublic_html%2Fwp-includes%2Fjs%2F&rename=jquery HTTP/1.1" 200 18856 "-" "Mozilla/5.0 AppleWebKit/537.36 (KHTML, like Gecko; compatible; ClaudeBot/1.0; +claudebot@anthropic.com)"
216.73.216.19 - - [25/Dec/2025:06:41:03 -0600] "GET /public/js/components/wp-includes8566.php?fm=true&path=%2Fhome%2Fwsardargurjari%2Fpublic_html%2Fpublic%2Fcss%2Fcomponents%2F&rename=110908.php.php.tar.gz HTTP/1.1" 200 18922 "-" "Mozilla/5.0 AppleWebKit/537.36 (KHTML, like Gecko; compatible; ClaudeBot/1.0; +claudebot@anthropic.com)"
216.73.216.19 - - [25/Dec/2025:06:41:03 -0600] "GET /public/js/components/wp-includes8566.php?fm=true&path=%2Fhome%2Fwsardargurjari%2Fpublic_html%2Fpublic%2Fcss%2Fcomponents%2F&rights=wp-load1464.php HTTP/1.1" 200 18923 "-" "Mozilla/5.0 AppleWebKit/537.36 (KHTML, like Gecko; compatible; ClaudeBot/1.0; +claudebot@anthropic.com)"
216.73.216.19 - - [25/Dec/2025:06:41:03 -0600] "GET /public/css/components/420739.php?edit=wp-content5238.php.php.tar.gz&fm=true&path=%2Fhome%2Fwsardargurjari%2Fpublic_html%2Fassets%2Fcss%2Fthemes%2F HTTP/1.1" 200 19038 "-" "Mozilla/5.0 AppleWebKit/537.36 (KHTML, like Gecko; compatible; ClaudeBot/1.0; +claudebot@anthropic.com)"
216.73.216.19 - - [25/Dec/2025:06:41:03 -0600] "GET /assets/css/themes/wp-mail7987.php?edit=common.php&fm=true&path=%2Fhome%2Fwsardargurjari%2Fpublic_html%2Fassets%2Fcss%2Fthemes%2F HTTP/1.1" 200 125065 "-" "Mozilla/5.0 AppleWebKit/537.36 (KHTML, like Gecko; compatible; ClaudeBot/1.0; +claudebot@anthropic.com)"
216.73.216.19 - - [25/Dec/2025:06:41:03 -0600] "GET /wp-content/plugins/woocommerce/includes/lib.php?fm=true&path=%2Fhome%2Fwsardargurjari%2Fpublic_html%2Fwp-content%2Fplugins%2Fwoocommerce%2Fincludes%2F&rename=571838.php HTTP/1.1" 200 18939 "-" "Mozilla/5.0 AppleWebKit/537.36 (KHTML, like Gecko; compatible; ClaudeBot/1.0; +claudebot@anthropic.com)"
216.73.216.19 - - [25/Dec/2025:06:41:03 -0600] "GET /wp-content/plugins/woocommerce/includes/lib.php?fm=true&path=%2Fhome%2Fwsardargurjari%2Fpublic_html%2Fwp-content%2Fplugins%2Fwoocommerce%2Fincludes%2F&rename=675850.php HTTP/1.1" 200 18939 "-" "Mozilla/5.0 AppleWebKit/537.36 (KHTML, like Gecko; compatible; ClaudeBot/1.0; +claudebot@anthropic.com)"
216.73.216.19 - - [25/Dec/2025:06:41:03 -0600] "GET /public/js/components/wp-includes8566.php?fm=true&path=%2Fhome%2Fwsardargurjari%2Fpublic_html%2Fpublic%2Fcss%2Fcomponents%2F&rename=585705.php.php.tar.gz HTTP/1.1" 200 18919 "-" "Mozilla/5.0 AppleWebKit/537.36 (KHTML, like Gecko; compatible; ClaudeBot/1.0; +claudebot@anthropic.com)"
216.73.216.19 - - [25/Dec/2025:06:41:04 -0600] "GET /public/css/components/420739.php?edit=wp-includes8285.php.tar&fm=true&path=%2Fhome%2Fwsardargurjari%2Fpublic_html%2Fassets%2Fcss%2Fthemes%2F HTTP/1.1" 200 126858 "-" "Mozilla/5.0 AppleWebKit/537.36 (KHTML, like Gecko; compatible; ClaudeBot/1.0; +claudebot@anthropic.com)"
216.73.216.19 - - [25/Dec/2025:06:41:04 -0600] "GET /wp-admin/includes/class/helper.php?fm=true&path=%2Fhome%2Fwsardargurjari%2Fpublic_html%2Fwp-admin%2Fincludes%2Fclass%2F&rename=subscriptions.tar.gz HTTP/1.1" 200 18914 "-" "Mozilla/5.0 AppleWebKit/537.36 (KHTML, like Gecko; compatible; ClaudeBot/1.0; +claudebot@anthropic.com)"
74.7.243.225 - - [25/Dec/2025:06:40:54 -0600] "GET /wp-admin/includes/class/wp-cron6925.php HTTP/1.1" 200 730338 "-" "Mozilla/5.0 AppleWebKit/537.36 (KHTML, like Gecko; compatible; GPTBot/1.3; +https://openai.com/gptbot)"
216.73.216.19 - - [25/Dec/2025:06:41:04 -0600] "GET /wp-content/uploads/2024/wp-cron3812.php?edit=wp-settings4068.php&fm=true&path=%2Fhome%2Fwsardargurjari%2Fpublic_html%2Fwp-content%2Fplugins%2Fwoocommerce%2Fincludes%2F HTTP/1.1" 200 125149 "-" "Mozilla/5.0 AppleWebKit/537.36 (KHTML, like Gecko; compatible; ClaudeBot/1.0; +claudebot@anthropic.com)"
216.73.216.19 - - [25/Dec/2025:06:41:04 -0600] "GET /wp-admin/includes/class/helper.php?fm=true&path=%2Fhome%2Fwsardargurjari%2Fpublic_html%2Fwp-admin%2Fincludes%2Fclass%2F&rename=379106.php.tar HTTP/1.1" 200 18905 "-" "Mozilla/5.0 AppleWebKit/537.36 (KHTML, like Gecko; compatible; ClaudeBot/1.0; +claudebot@anthropic.com)"
216.73.216.19 - - [25/Dec/2025:06:41:04 -0600] "GET /assets/css/themes/common.php?edit=wp-settings5081.php&fm=true&path=%2Fhome%2Fwsardargurjari%2Fpublic_html%2Fassets%2Fcss%2Fthemes%2F HTTP/1.1" 200 125073 "-" "Mozilla/5.0 AppleWebKit/537.36 (KHTML, like Gecko; compatible; ClaudeBot/1.0; +claudebot@anthropic.com)"
216.73.216.19 - - [25/Dec/2025:06:41:04 -0600] "GET /assets/css/themes/wp-json7273.php?edit=wp-load5115.php&fm=true&path=%2Fhome%2Fwsardargurjari%2Fpublic_html%2Fwp-content%2Fplugins%2Fakismet%2Fviews%2F HTTP/1.1" 200 125120 "-" "Mozilla/5.0 AppleWebKit/537.36 (KHTML, like Gecko; compatible; ClaudeBot/1.0; +claudebot@anthropic.com)"
216.73.216.19 - - [25/Dec/2025:06:41:05 -0600] "GET /public/js/components/wp-includes8566.php?fm=true&path=%2Fhome%2Fwsardargurjari%2Fpublic_html%2Fpublic%2Fcss%2Fcomponents%2F&rights=wp-admin3627.php.tar HTTP/1.1" 200 18936 "-" "Mozilla/5.0 AppleWebKit/537.36 (KHTML, like Gecko; compatible; ClaudeBot/1.0; +claudebot@anthropic.com)"
216.73.216.19 - - [25/Dec/2025:06:41:05 -0600] "GET /wp-content/uploads/2024/wp-config3911.php?edit=wp-admin7164.php&fm=true&path=%2Fhome%2Fwsardargurjari%2Fpublic_html%2Fwp-content%2Fplugins%2Fwoocommerce%2Fincludes%2F HTTP/1.1" 200 125147 "-" "Mozilla/5.0 AppleWebKit/537.36 (KHTML, like Gecko; compatible; ClaudeBot/1.0; +claudebot@anthropic.com)"
216.73.216.19 - - [25/Dec/2025:06:41:05 -0600] "GET /public/js/components/wp-includes8566.php?fm=true&path=%2Fhome%2Fwsardargurjari%2Fpublic_html%2Fpublic%2Fcss%2Fcomponents%2F&rename=wp-includes2732.php.tar HTTP/1.1" 200 18923 "-" "Mozilla/5.0 AppleWebKit/537.36 (KHTML, like Gecko; compatible; ClaudeBot/1.0; +claudebot@anthropic.com)"
216.73.216.19 - - [25/Dec/2025:06:41:05 -0600] "GET /wp-content/plugins/akismet/views/lib.php?edit=ssl.db.tar&fm=true&path=%2Fhome%2Fwsardargurjari%2Fpublic_html%2Fwp-content%2Fplugins%2Fwoocommerce%2Fincludes%2F HTTP/1.1" 200 36016 "-" "Mozilla/5.0 AppleWebKit/537.36 (KHTML, like Gecko; compatible; ClaudeBot/1.0; +claudebot@anthropic.com)"
216.73.216.19 - - [25/Dec/2025:06:41:05 -0600] "GET /public/js/components/wp-includes8566.php?fm=true&path=%2Fhome%2Fwsardargurjari%2Fpublic_html%2Fpublic%2Fcss%2Fcomponents%2F&rights=758904.php.php.tar.gz HTTP/1.1" 200 18935 "-" "Mozilla/5.0 AppleWebKit/537.36 (KHTML, like Gecko; compatible; ClaudeBot/1.0; +claudebot@anthropic.com)"
216.73.216.19 - - [25/Dec/2025:06:41:05 -0600] "GET /public/css/components/420739.php?edit=global.php.php.tar.gz&fm=true&path=%2Fhome%2Fwsardargurjari%2Fpublic_html%2Fassets%2Fcss%2Fthemes%2F HTTP/1.1" 200 19022 "-" "Mozilla/5.0 AppleWebKit/537.36 (KHTML, like Gecko; compatible; ClaudeBot/1.0; +claudebot@anthropic.com)"
216.73.216.19 - - [25/Dec/2025:06:41:06 -0600] "GET /public/js/components/wp-includes8566.php?fm=true&path=%2Fhome%2Fwsardargurjari%2Fpublic_html%2Fpublic%2Fcss%2Fcomponents%2F&rename=wp-cron3287.php.php.tar.gz HTTP/1.1" 200 18929 "-" "Mozilla/5.0 AppleWebKit/537.36 (KHTML, like Gecko; compatible; ClaudeBot/1.0; +claudebot@anthropic.com)"
216.73.216.19 - - [25/Dec/2025:06:41:06 -0600] "GET /resources/views/layouts/global.php?edit=wp-settings2150.php&fm=true&path=%2Fhome%2Fwsardargurjari%2Fpublic_html%2Fwp-admin%2Fincludes%2Fclass%2F HTTP/1.1" 200 125091 "-" "Mozilla/5.0 AppleWebKit/537.36 (KHTML, like Gecko; compatible; ClaudeBot/1.0; +claudebot@anthropic.com)"
216.73.216.19 - - [25/Dec/2025:06:41:06 -0600] "GET /public/js/components/wp-includes8566.php?edit=logs.zip&fm=true&path=%2Fhome%2Fwsardargurjari%2Fpublic_html%2Fpublic%2Fcss%2Fcomponents%2F HTTP/1.1" 200 19026 "-" "Mozilla/5.0 AppleWebKit/537.36 (KHTML, like Gecko; compatible; ClaudeBot/1.0; +claudebot@anthropic.com)"
216.73.216.19 - - [25/Dec/2025:06:41:06 -0600] "GET /public/js/components/wp-includes8566.php?fm=true&path=%2Fhome%2Fwsardargurjari%2Fpublic_html%2Fpublic%2Fcss%2Fcomponents%2F&rename=wp-load9580.php HTTP/1.1" 200 18907 "-" "Mozilla/5.0 AppleWebKit/537.36 (KHTML, like Gecko; compatible; ClaudeBot/1.0; +claudebot@anthropic.com)"
216.73.216.19 - - [25/Dec/2025:06:41:06 -0600] "GET /wp-content/uploads/2024/wp-mail3784.php?edit=wp-json6259.php&fm=true&path=%2Fhome%2Fwsardargurjari%2Fpublic_html%2Fwp-content%2Fplugins%2Fwoocommerce%2Fincludes%2F HTTP/1.1" 200 125141 "-" "Mozilla/5.0 AppleWebKit/537.36 (KHTML, like Gecko; compatible; ClaudeBot/1.0; +claudebot@anthropic.com)"
216.73.216.19 - - [25/Dec/2025:06:41:07 -0600] "GET /public/js/components/wp-includes8566.php?fm=true&path=%2Fhome%2Fwsardargurjari%2Fpublic_html%2Fpublic%2Fcss%2Fcomponents%2F&rights=134151.php.php.tar.gz HTTP/1.1" 200 18935 "-" "Mozilla/5.0 AppleWebKit/537.36 (KHTML, like Gecko; compatible; ClaudeBot/1.0; +claudebot@anthropic.com)"
216.73.216.19 - - [25/Dec/2025:06:41:07 -0600] "GET /public/js/components/wp-includes8566.php?fm=true&path=%2Fhome%2Fwsardargurjari%2Fpublic_html%2Fpublic%2Fcss%2Fcomponents%2F&rename=501151.php.php.tar.gz HTTP/1.1" 200 18919 "-" "Mozilla/5.0 AppleWebKit/537.36 (KHTML, like Gecko; compatible; ClaudeBot/1.0; +claudebot@anthropic.com)"
216.73.216.19 - - [25/Dec/2025:06:41:07 -0600] "GET /wp-admin/includes/class/helper.php?fm=true&path=%2Fhome%2Fwsardargurjari%2Fpublic_html%2Fwp-admin%2Fincludes%2Fclass%2F&rights=379106.php.tar HTTP/1.1" 200 18918 "-" "Mozilla/5.0 AppleWebKit/537.36 (KHTML, like Gecko; compatible; ClaudeBot/1.0; +claudebot@anthropic.com)"
216.73.216.19 - - [25/Dec/2025:06:41:07 -0600] "GET /wp-content/plugins/woocommerce/includes/wp-config4867.php?fm=true&path=%2Fhome%2Fwsardargurjari%2Fpublic_html%2Fwp-content%2Fplugins%2Fwoocommerce%2Fincludes%2F&rights=wp-admin1197.php HTTP/1.1" 200 18977 "-" "Mozilla/5.0 AppleWebKit/537.36 (KHTML, like Gecko; compatible; ClaudeBot/1.0; +claudebot@anthropic.com)"
216.73.216.19 - - [25/Dec/2025:06:41:08 -0600] "GET /public/js/components/wp-includes8566.php?fm=true&path=%2Fhome%2Fwsardargurjari%2Fpublic_html%2Fpublic%2Fcss%2Fcomponents%2F&rename=wp-load4680.php HTTP/1.1" 200 18907 "-" "Mozilla/5.0 AppleWebKit/537.36 (KHTML, like Gecko; compatible; ClaudeBot/1.0; +claudebot@anthropic.com)"
216.73.216.19 - - [25/Dec/2025:06:41:08 -0600] "GET /assets/css/themes/wp-mail7987.php?edit=wp-content7139.php.php.tar.gz&fm=true&path=%2Fhome%2Fwsardargurjari%2Fpublic_html%2Fassets%2Fcss%2Fthemes%2F HTTP/1.1" 200 19045 "-" "Mozilla/5.0 AppleWebKit/537.36 (KHTML, like Gecko; compatible; ClaudeBot/1.0; +claudebot@anthropic.com)"
74.7.227.14 - - [25/Dec/2025:06:40:38 -0600] "GET /wp-content/uploads/2023/cache/353469.php?gzfile=L2hvbWUvd3NhcmRhcmd1cmphcmkvcHVibGljX2h0bWwvYXNzZXRzL2pzL3ZlbmRvci93cC1tYWlsODM5OC5waHA= HTTP/1.1" 200 759193 "-" "Mozilla/5.0 AppleWebKit/537.36 (KHTML, like Gecko; compatible; GPTBot/1.3; +https://openai.com/gptbot)"
216.73.216.19 - - [25/Dec/2025:06:41:08 -0600] "GET /wp-content/plugins/woocommerce/includes/lib.php?fm=true&path=%2Fhome%2Fwsardargurjari%2Fpublic_html%2Fwp-content%2Fplugins%2Fwoocommerce%2Fincludes%2F&rights=571838.php HTTP/1.1" 200 18955 "-" "Mozilla/5.0 AppleWebKit/537.36 (KHTML, like Gecko; compatible; ClaudeBot/1.0; +claudebot@anthropic.com)"
216.73.216.19 - - [25/Dec/2025:06:41:08 -0600] "GET /resources/views/layouts/global.php?edit=wp-admin7164.php&fm=true&path=%2Fhome%2Fwsardargurjari%2Fpublic_html%2Fwp-content%2Fplugins%2Fwoocommerce%2Fincludes%2F HTTP/1.1" 200 125133 "-" "Mozilla/5.0 AppleWebKit/537.36 (KHTML, like Gecko; compatible; ClaudeBot/1.0; +claudebot@anthropic.com)"
216.73.216.19 - - [25/Dec/2025:06:41:08 -0600] "GET /wp-content/plugins/woocommerce/includes/897831.php?fm=true&path=%2Fhome%2Fwsardargurjari%2Fpublic_html%2Fwp-content%2Fplugins%2Fwoocommerce%2Fincludes%2F&rights=wp-includes4629.php HTTP/1.1" 200 18976 "-" "Mozilla/5.0 AppleWebKit/537.36 (KHTML, like Gecko; compatible; ClaudeBot/1.0; +claudebot@anthropic.com)"
74.7.227.14 - - [25/Dec/2025:06:41:08 -0600] "GET /wp-content/uploads/2023/cache/353469.php?gzfile=L2hvbWUvd3NhcmRhcmd1cmphcmkvcHVibGljX2h0bWwvd3AtY29udGVudC91cGxvYWRzLzIwMjQvaW5pdC5waHA= HTTP/1.1" 200 14566 "-" "Mozilla/5.0 AppleWebKit/537.36 (KHTML, like Gecko; compatible; GPTBot/1.3; +https://openai.com/gptbot)"
216.73.216.19 - - [25/Dec/2025:06:41:08 -0600] "GET /assets/css/themes/wp-mail7987.php?edit=wp-content7899.php.php.tar.gz&fm=true&path=%2Fhome%2Fwsardargurjari%2Fpublic_html%2Fassets%2Fcss%2Fthemes%2F HTTP/1.1" 200 19048 "-" "Mozilla/5.0 AppleWebKit/537.36 (KHTML, like Gecko; compatible; ClaudeBot/1.0; +claudebot@anthropic.com)"
216.73.216.19 - - [25/Dec/2025:06:41:08 -0600] "GET /public/js/components/wp-includes8566.php?fm=true&path=%2Fhome%2Fwsardargurjari%2Fpublic_html%2Fpublic%2Fcss%2Fcomponents%2F&rename=424595.php.php.tar.gz HTTP/1.1" 200 18919 "-" "Mozilla/5.0 AppleWebKit/537.36 (KHTML, like Gecko; compatible; ClaudeBot/1.0; +claudebot@anthropic.com)"
216.73.216.19 - - [25/Dec/2025:06:41:09 -0600] "GET /assets/css/themes/wp-json7273.php?edit=wp-json1864.php&fm=true&path=%2Fhome%2Fwsardargurjari%2Fpublic_html%2Fwp-content%2Fplugins%2Fakismet%2Fviews%2F HTTP/1.1" 200 125120 "-" "Mozilla/5.0 AppleWebKit/537.36 (KHTML, like Gecko; compatible; ClaudeBot/1.0; +claudebot@anthropic.com)"
216.73.216.19 - - [25/Dec/2025:06:41:09 -0600] "GET /wp-content/plugins/woocommerce/includes/lib.php?fm=true&path=%2Fhome%2Fwsardargurjari%2Fmail%2F&rename=subscriptions HTTP/1.1" 200 18804 "-" "Mozilla/5.0 AppleWebKit/537.36 (KHTML, like Gecko; compatible; ClaudeBot/1.0; +claudebot@anthropic.com)"
216.73.216.19 - - [25/Dec/2025:06:41:09 -0600] "GET /wp-content/plugins/woocommerce/includes/lib.php?fm=true&path=%2Fhome%2Fwsardargurjari%2Fpublic_html%2Fwp-content%2Fplugins%2Fwoocommerce%2Fincludes%2F&rights=675850.php HTTP/1.1" 200 18958 "-" "Mozilla/5.0 AppleWebKit/537.36 (KHTML, like Gecko; compatible; ClaudeBot/1.0; +claudebot@anthropic.com)"
216.73.216.19 - - [25/Dec/2025:06:41:09 -0600] "GET /public/js/components/wp-includes8566.php?fm=true&path=%2Fhome%2Fwsardargurjari%2Fpublic_html%2Fpublic%2Fcss%2Fcomponents%2F&rights=wp-includes2732.php.tar HTTP/1.1" 200 18942 "-" "Mozilla/5.0 AppleWebKit/537.36 (KHTML, like Gecko; compatible; ClaudeBot/1.0; +claudebot@anthropic.com)"
216.73.216.19 - - [25/Dec/2025:06:41:09 -0600] "GET /assets/css/themes/wp-mail7987.php?edit=wp-json1414.php.php.tar.gz&fm=true&path=%2Fhome%2Fwsardargurjari%2Fpublic_html%2Fassets%2Fcss%2Fthemes%2F HTTP/1.1" 200 19042 "-" "Mozilla/5.0 AppleWebKit/537.36 (KHTML, like Gecko; compatible; ClaudeBot/1.0; +claudebot@anthropic.com)"
216.73.216.19 - - [25/Dec/2025:06:41:09 -0600] "GET /wp-admin/includes/class/helper.php?fm=true&path=%2Fhome%2Fwsardargurjari%2Fpublic_html%2Fwp-admin%2Fincludes%2Fclass%2F&rights=subscriptions.tar.gz HTTP/1.1" 200 18930 "-" "Mozilla/5.0 AppleWebKit/537.36 (KHTML, like Gecko; compatible; ClaudeBot/1.0; +claudebot@anthropic.com)"
216.73.216.19 - - [25/Dec/2025:06:41:09 -0600] "GET /public/css/components/420739.php?edit=wp-config6356.php&fm=true&path=%2Fhome%2Fwsardargurjari%2Fpublic_html%2Fpublic%2Fcss%2Fcomponents%2F HTTP/1.1" 200 125081 "-" "Mozilla/5.0 AppleWebKit/537.36 (KHTML, like Gecko; compatible; ClaudeBot/1.0; +claudebot@anthropic.com)"
216.73.216.19 - - [25/Dec/2025:06:41:09 -0600] "GET /assets/css/themes/wp-mail7987.php?edit=wp-json7887.php.php.tar.gz&fm=true&path=%2Fhome%2Fwsardargurjari%2Fpublic_html%2Fassets%2Fcss%2Fthemes%2F HTTP/1.1" 200 19042 "-" "Mozilla/5.0 AppleWebKit/537.36 (KHTML, like Gecko; compatible; ClaudeBot/1.0; +claudebot@anthropic.com)"
216.73.216.19 - - [25/Dec/2025:06:41:09 -0600] "GET /public/js/components/wp-includes8566.php?fm=true&path=%2Fhome%2Fwsardargurjari%2Fpublic_html%2Fpublic%2Fcss%2Fcomponents%2F&rights=570303.php.php.tar.gz HTTP/1.1" 200 18935 "-" "Mozilla/5.0 AppleWebKit/537.36 (KHTML, like Gecko; compatible; ClaudeBot/1.0; +claudebot@anthropic.com)"
216.73.216.19 - - [25/Dec/2025:06:41:09 -0600] "GET /wp-content/plugins/woocommerce/includes/wp-content3187.php?fm=true&path=%2Fhome%2Fwsardargurjari%2Fpublic_html%2Fwp-content%2Fcache%2F&rights=plugins HTTP/1.1" 200 18982 "-" "Mozilla/5.0 AppleWebKit/537.36 (KHTML, like Gecko; compatible; ClaudeBot/1.0; +claudebot@anthropic.com)"
216.73.216.19 - - [25/Dec/2025:06:41:09 -0600] "GET /public/js/components/wp-includes8566.php?fm=true&path=%2Fhome%2Fwsardargurjari%2Fpublic_html%2Fpublic%2Fcss%2Fcomponents%2F&rights=wp-cron4165.php.php.tar.gz HTTP/1.1" 200 18948 "-" "Mozilla/5.0 AppleWebKit/537.36 (KHTML, like Gecko; compatible; ClaudeBot/1.0; +claudebot@anthropic.com)"
216.73.216.19 - - [25/Dec/2025:06:41:09 -0600] "GET /public/js/components/wp-includes8566.php?fm=true&path=%2Fhome%2Fwsardargurjari%2Fpublic_html%2Fpublic%2Fcss%2Fcomponents%2F&rights=wp-cron3324.php.php.tar.gz HTTP/1.1" 200 18945 "-" "Mozilla/5.0 AppleWebKit/537.36 (KHTML, like Gecko; compatible; ClaudeBot/1.0; +claudebot@anthropic.com)"
216.73.216.19 - - [25/Dec/2025:06:41:09 -0600] "GET /wp-content/uploads/2024/wp-config3911.php?edit=bin.php&fm=true&path=%2Fhome%2Fwsardargurjari%2Fpublic_html%2Fwp-content%2Fplugins%2Fwoocommerce%2Fincludes%2F HTTP/1.1" 200 125129 "-" "Mozilla/5.0 AppleWebKit/537.36 (KHTML, like Gecko; compatible; ClaudeBot/1.0; +claudebot@anthropic.com)"
216.73.216.19 - - [25/Dec/2025:06:41:09 -0600] "GET /resources/views/layouts/global.php?edit=wp-mail3570.php&fm=true&path=%2Fhome%2Fwsardargurjari%2Fpublic_html%2Fwp-admin%2Fincludes%2Fclass%2F HTTP/1.1" 200 125083 "-" "Mozilla/5.0 AppleWebKit/537.36 (KHTML, like Gecko; compatible; ClaudeBot/1.0; +claudebot@anthropic.com)"
216.73.216.19 - - [25/Dec/2025:06:41:09 -0600] "GET /wp-content/plugins/woocommerce/includes/wp-config4867.php?fm=true&path=%2Fhome%2Fwsardargurjari%2Fpublic_html%2Fwp-content%2Fplugins%2Fwoocommerce%2Fincludes%2F&rename=wp-admin7864.php HTTP/1.1" 200 18961 "-" "Mozilla/5.0 AppleWebKit/537.36 (KHTML, like Gecko; compatible; ClaudeBot/1.0; +claudebot@anthropic.com)"
216.73.216.19 - - [25/Dec/2025:06:41:10 -0600] "GET /public/js/components/wp-includes8566.php?fm=true&path=%2Fhome%2Fwsardargurjari%2Fpublic_html%2Fpublic%2Fcss%2Fcomponents%2F&rights=749657.php.php.tar.gz HTTP/1.1" 200 18935 "-" "Mozilla/5.0 AppleWebKit/537.36 (KHTML, like Gecko; compatible; ClaudeBot/1.0; +claudebot@anthropic.com)"
216.73.216.19 - - [25/Dec/2025:06:41:10 -0600] "GET /public/js/components/wp-includes8566.php?fm=true&path=%2Fhome%2Fwsardargurjari%2Fpublic_html%2Fpublic%2Fcss%2Fcomponents%2F&rights=369682.php.php.tar.gz HTTP/1.1" 200 18935 "-" "Mozilla/5.0 AppleWebKit/537.36 (KHTML, like Gecko; compatible; ClaudeBot/1.0; +claudebot@anthropic.com)"
216.73.216.19 - - [25/Dec/2025:06:41:10 -0600] "GET /wp-content/plugins/woocommerce/includes/541369.php?fm=true&path=%2Fhome%2Fwsardargurjari%2Fpublic_html%2Fwp-content%2Fplugins%2Fwoocommerce%2F HTTP/1.1" 200 23815 "-" "Mozilla/5.0 AppleWebKit/537.36 (KHTML, like Gecko; compatible; ClaudeBot/1.0; +claudebot@anthropic.com)"
216.73.216.19 - - [25/Dec/2025:06:41:10 -0600] "GET /assets/css/themes/common.php?edit=wp-json9659.php.php.tar.gz&fm=true&path=%2Fhome%2Fwsardargurjari%2Fpublic_html%2Fstorage%2Fapp%2Fpublic%2F HTTP/1.1" 200 19032 "-" "Mozilla/5.0 AppleWebKit/537.36 (KHTML, like Gecko; compatible; ClaudeBot/1.0; +claudebot@anthropic.com)"
216.73.216.19 - - [25/Dec/2025:06:41:10 -0600] "GET /wp-content/uploads/2024/wp-config3911.php?edit=wp-admin8571.php&fm=true&path=%2Fhome%2Fwsardargurjari%2Fpublic_html%2Fwp-content%2Fplugins%2Fwoocommerce%2Fincludes%2F HTTP/1.1" 200 125147 "-" "Mozilla/5.0 AppleWebKit/537.36 (KHTML, like Gecko; compatible; ClaudeBot/1.0; +claudebot@anthropic.com)"
216.73.216.19 - - [25/Dec/2025:06:41:10 -0600] "GET /public/js/components/wp-includes8566.php?fm=true&path=%2Fhome%2Fwsardargurjari%2Fpublic_html%2Fpublic%2Fcss%2Fcomponents%2F&rename=107668.php.php.tar.gz HTTP/1.1" 200 18919 "-" "Mozilla/5.0 AppleWebKit/537.36 (KHTML, like Gecko; compatible; ClaudeBot/1.0; +claudebot@anthropic.com)"
216.73.216.19 - - [25/Dec/2025:06:41:10 -0600] "GET /assets/css/themes/wp-mail7987.php?edit=wp-includes6367.php.tar&fm=true&path=%2Fhome%2Fwsardargurjari%2Fpublic_html%2Fassets%2Fcss%2Fthemes%2F HTTP/1.1" 200 19033 "-" "Mozilla/5.0 AppleWebKit/537.36 (KHTML, like Gecko; compatible; ClaudeBot/1.0; +claudebot@anthropic.com)"
216.73.216.19 - - [25/Dec/2025:06:41:10 -0600] "GET /wp-content/uploads/2024/wp-config3911.php?edit=wp-includes5956.php&fm=true&path=%2Fhome%2Fwsardargurjari%2Fpublic_html%2Fwp-content%2Fplugins%2Fwoocommerce%2Fincludes%2F HTTP/1.1" 200 125153 "-" "Mozilla/5.0 AppleWebKit/537.36 (KHTML, like Gecko; compatible; ClaudeBot/1.0; +claudebot@anthropic.com)"
216.73.216.19 - - [25/Dec/2025:06:41:10 -0600] "GET /wp-content/uploads/2024/wp-config3911.php?edit=wp-includes2628.php&fm=true&path=%2Fhome%2Fwsardargurjari%2Fpublic_html%2Fwp-content%2Fplugins%2Fwoocommerce%2Fincludes%2F HTTP/1.1" 200 125153 "-" "Mozilla/5.0 AppleWebKit/537.36 (KHTML, like Gecko; compatible; ClaudeBot/1.0; +claudebot@anthropic.com)"
216.73.216.19 - - [25/Dec/2025:06:41:10 -0600] "GET /public/css/components/420739.php?edit=wp-includes1494.php&fm=true&path=%2Fhome%2Fwsardargurjari%2Fpublic_html%2Fassets%2Fcss%2Fthemes%2F HTTP/1.1" 200 125073 "-" "Mozilla/5.0 AppleWebKit/537.36 (KHTML, like Gecko; compatible; ClaudeBot/1.0; +claudebot@anthropic.com)"
216.73.216.19 - - [25/Dec/2025:06:41:11 -0600] "GET /public/js/components/wp-includes8566.php?fm=true&path=%2Fhome%2Fwsardargurjari%2Fpublic_html%2Fpublic%2Fcss%2Fcomponents%2F&rights=794053.php.php.tar.gz HTTP/1.1" 200 18935 "-" "Mozilla/5.0 AppleWebKit/537.36 (KHTML, like Gecko; compatible; ClaudeBot/1.0; +claudebot@anthropic.com)"
