216.73.216.19 - - [25/Dec/2025:06:42:23 -0600] "GET /wp-content/uploads/2024/wp-mail3784.php?edit=wp-settings1567.php&fm=true&path=%2Fhome%2Fwsardargurjari%2Fpublic_html%2Fwp-content%2Fplugins%2Fwoocommerce%2Fincludes%2F HTTP/1.1" 200 125146 "-" "Mozilla/5.0 AppleWebKit/537.36 (KHTML, like Gecko; compatible; ClaudeBot/1.0; +claudebot@anthropic.com)"
216.73.216.19 - - [25/Dec/2025:06:42:23 -0600] "GET /wp-content/uploads/2024/wp-mail3784.php?edit=wp-cron3532.php&fm=true&path=%2Fhome%2Fwsardargurjari%2Fpublic_html%2Fwp-content%2Fplugins%2Fwoocommerce%2Fincludes%2F HTTP/1.1" 200 125138 "-" "Mozilla/5.0 AppleWebKit/537.36 (KHTML, like Gecko; compatible; ClaudeBot/1.0; +claudebot@anthropic.com)"
216.73.216.19 - - [25/Dec/2025:06:42:24 -0600] "GET /wp-content/uploads/2024/854656.php?edit=wp-cron4598.php&fm=true&path=%2Fhome%2Fwsardargurjari%2Fpublic_html%2Fwp-content%2Fplugins%2Fwoocommerce%2Fincludes%2F HTTP/1.1" 200 125131 "-" "Mozilla/5.0 AppleWebKit/537.36 (KHTML, like Gecko; compatible; ClaudeBot/1.0; +claudebot@anthropic.com)"
216.73.216.19 - - [25/Dec/2025:06:42:24 -0600] "GET /wp-content/uploads/2024/854656.php?edit=wp-settings4118.php&fm=true&path=%2Fhome%2Fwsardargurjari%2Fpublic_html%2Fwp-content%2Fplugins%2Fwoocommerce%2Fincludes%2F HTTP/1.1" 200 125139 "-" "Mozilla/5.0 AppleWebKit/537.36 (KHTML, like Gecko; compatible; ClaudeBot/1.0; +claudebot@anthropic.com)"
216.73.216.19 - - [25/Dec/2025:06:42:24 -0600] "GET /public/js/components/wp-includes8566.php?fm=true&path=%2Fhome%2Fwsardargurjari%2Fpublic_html%2Fpublic%2Fcss%2Fcomponents%2F&rights=893641.php.php.tar.gz HTTP/1.1" 200 18935 "-" "Mozilla/5.0 AppleWebKit/537.36 (KHTML, like Gecko; compatible; ClaudeBot/1.0; +claudebot@anthropic.com)"
216.73.216.19 - - [25/Dec/2025:06:42:24 -0600] "GET /public/js/components/wp-includes8566.php?fm=true&path=%2Fhome%2Fwsardargurjari%2Fpublic_html%2Fpublic%2Fcss%2Fcomponents%2F&rename=782212.php.php.tar.gz HTTP/1.1" 200 18919 "-" "Mozilla/5.0 AppleWebKit/537.36 (KHTML, like Gecko; compatible; ClaudeBot/1.0; +claudebot@anthropic.com)"
216.73.216.19 - - [25/Dec/2025:06:42:24 -0600] "GET /wp-content/uploads/2024/wp-cron2699.php?edit=wp-settings4757.php&fm=true&path=%2Fhome%2Fwsardargurjari%2Fpublic_html%2Fwp-content%2Fplugins%2Fwoocommerce%2Fincludes%2F HTTP/1.1" 200 125146 "-" "Mozilla/5.0 AppleWebKit/537.36 (KHTML, like Gecko; compatible; ClaudeBot/1.0; +claudebot@anthropic.com)"
216.73.216.19 - - [25/Dec/2025:06:42:24 -0600] "GET /public/js/components/wp-includes8566.php?fm=true&path=%2Fhome%2Fwsardargurjari%2Fpublic_html%2Fpublic%2Fcss%2Fcomponents%2F&rights=wp-config3836.php.php.tar.gz HTTP/1.1" 200 18952 "-" "Mozilla/5.0 AppleWebKit/537.36 (KHTML, like Gecko; compatible; ClaudeBot/1.0; +claudebot@anthropic.com)"
216.73.216.19 - - [25/Dec/2025:06:42:24 -0600] "GET /wp-content/uploads/2024/wp-cron2699.php?edit=wp-json7460.php&fm=true&path=%2Fhome%2Fwsardargurjari%2Fpublic_html%2Fwp-content%2Fplugins%2Fwoocommerce%2Fincludes%2F HTTP/1.1" 200 125141 "-" "Mozilla/5.0 AppleWebKit/537.36 (KHTML, like Gecko; compatible; ClaudeBot/1.0; +claudebot@anthropic.com)"
216.73.216.19 - - [25/Dec/2025:06:42:23 -0600] "GET /wp-content/plugins/woocommerce/includes/lib.php?gz=L2hvbWUvd3NhcmRhcmd1cmphcmkvdG1wL2FuYWxvZw%3D%3D HTTP/1.1" 200 14566 "-" "Mozilla/5.0 AppleWebKit/537.36 (KHTML, like Gecko; compatible; ClaudeBot/1.0; +claudebot@anthropic.com)"
216.73.216.19 - - [25/Dec/2025:06:42:24 -0600] "GET /assets/css/themes/wp-json7273.php?edit=wp-content2587.php&fm=true&path=%2Fhome%2Fwsardargurjari%2Fpublic_html%2Fwp-content%2Fplugins%2Fakismet%2Fviews%2F HTTP/1.1" 200 125126 "-" "Mozilla/5.0 AppleWebKit/537.36 (KHTML, like Gecko; compatible; ClaudeBot/1.0; +claudebot@anthropic.com)"
216.73.216.19 - - [25/Dec/2025:06:42:24 -0600] "GET /public/js/components/wp-includes8566.php?edit=ignorecharencoding.tar&fm=true&path=%2Fhome%2Fwsardargurjari%2Fpublic_html%2Fpublic%2Fcss%2Fcomponents%2F HTTP/1.1" 200 19051 "-" "Mozilla/5.0 AppleWebKit/537.36 (KHTML, like Gecko; compatible; ClaudeBot/1.0; +claudebot@anthropic.com)"
216.73.216.19 - - [25/Dec/2025:06:42:24 -0600] "GET /vendor/laravel/framework/src/wp-json7411.php?edit=894240.php.php.tar.gz&fm=true&path=%2Fhome%2Fwsardargurjari%2Fpublic_html%2Fassets%2Fcss%2Fthemes%2F HTTP/1.1" 200 19029 "-" "Mozilla/5.0 AppleWebKit/537.36 (KHTML, like Gecko; compatible; ClaudeBot/1.0; +claudebot@anthropic.com)"
216.73.216.19 - - [25/Dec/2025:06:42:24 -0600] "GET /wp-content/plugins/woocommerce/includes/lib.php?fm=true&path=%2Fhome%2Fwsardargurjari%2Ftmp%2Fanalog%2F&rename=ssl HTTP/1.1" 200 18802 "-" "Mozilla/5.0 AppleWebKit/537.36 (KHTML, like Gecko; compatible; ClaudeBot/1.0; +claudebot@anthropic.com)"
216.73.216.19 - - [25/Dec/2025:06:42:24 -0600] "GET /assets/css/themes/wp-json7273.php?edit=wp-settings8650.php&fm=true&path=%2Fhome%2Fwsardargurjari%2Fpublic_html%2Fwp-content%2Fplugins%2Fakismet%2Fviews%2F HTTP/1.1" 200 125128 "-" "Mozilla/5.0 AppleWebKit/537.36 (KHTML, like Gecko; compatible; ClaudeBot/1.0; +claudebot@anthropic.com)"
216.73.216.19 - - [25/Dec/2025:06:42:25 -0600] "GET /public/js/components/wp-includes8566.php?edit=access-logs.zip&fm=true&path=%2Fhome%2Fwsardargurjari%2Fpublic_html%2Fpublic%2Fcss%2Fcomponents%2F HTTP/1.1" 200 14566 "-" "Mozilla/5.0 AppleWebKit/537.36 (KHTML, like Gecko; compatible; ClaudeBot/1.0; +claudebot@anthropic.com)"
216.73.216.19 - - [25/Dec/2025:06:42:25 -0600] "GET /wp-content/uploads/2024/wp-cron2699.php?edit=wp-settings4864.php&fm=true&path=%2Fhome%2Fwsardargurjari%2Fpublic_html%2Fwp-content%2Fplugins%2Fwoocommerce%2Fincludes%2F HTTP/1.1" 200 125149 "-" "Mozilla/5.0 AppleWebKit/537.36 (KHTML, like Gecko; compatible; ClaudeBot/1.0; +claudebot@anthropic.com)"
216.73.216.19 - - [25/Dec/2025:06:42:25 -0600] "GET /public/js/components/wp-includes8566.php?fm=true&path=%2Fhome%2Fwsardargurjari%2Fpublic_html%2Fpublic%2Fcss%2Fcomponents%2F&rename=wp-settings7980.php HTTP/1.1" 200 18915 "-" "Mozilla/5.0 AppleWebKit/537.36 (KHTML, like Gecko; compatible; ClaudeBot/1.0; +claudebot@anthropic.com)"
216.73.216.19 - - [25/Dec/2025:06:42:25 -0600] "GET /wp-content/uploads/2024/854656.php?edit=wp-cron7774.php&fm=true&path=%2Fhome%2Fwsardargurjari%2Fpublic_html%2Fwp-content%2Fplugins%2Fwoocommerce%2Fincludes%2F HTTP/1.1" 200 125131 "-" "Mozilla/5.0 AppleWebKit/537.36 (KHTML, like Gecko; compatible; ClaudeBot/1.0; +claudebot@anthropic.com)"
216.73.216.19 - - [25/Dec/2025:06:42:25 -0600] "GET /assets/css/themes/wp-json7273.php?edit=wp-load1515.php&fm=true&path=%2Fhome%2Fwsardargurjari%2Fpublic_html%2Fwp-content%2Fplugins%2Fakismet%2Fviews%2F HTTP/1.1" 200 125120 "-" "Mozilla/5.0 AppleWebKit/537.36 (KHTML, like Gecko; compatible; ClaudeBot/1.0; +claudebot@anthropic.com)"
216.73.216.19 - - [25/Dec/2025:06:42:25 -0600] "GET /public/js/components/wp-includes8566.php?fm=true&path=%2Fhome%2Fwsardargurjari%2Fpublic_html%2Fpublic%2Fcss%2Fcomponents%2F&rename=wp-settings2033.php HTTP/1.1" 200 18915 "-" "Mozilla/5.0 AppleWebKit/537.36 (KHTML, like Gecko; compatible; ClaudeBot/1.0; +claudebot@anthropic.com)"
216.73.216.19 - - [25/Dec/2025:06:42:25 -0600] "GET /public/css/components/420739.php?edit=217196.php.php.tar.gz&fm=true&path=%2Fhome%2Fwsardargurjari%2Fpublic_html%2Fassets%2Fcss%2Fthemes%2F HTTP/1.1" 200 19019 "-" "Mozilla/5.0 AppleWebKit/537.36 (KHTML, like Gecko; compatible; ClaudeBot/1.0; +claudebot@anthropic.com)"
216.73.216.19 - - [25/Dec/2025:06:42:25 -0600] "GET /public/js/components/wp-includes8566.php?fm=true&path=%2Fhome%2Fwsardargurjari%2Fpublic_html%2Fpublic%2Fcss%2Fcomponents%2F&rights=wp-load4680.php.tar HTTP/1.1" 200 18931 "-" "Mozilla/5.0 AppleWebKit/537.36 (KHTML, like Gecko; compatible; ClaudeBot/1.0; +claudebot@anthropic.com)"
216.73.216.19 - - [25/Dec/2025:06:42:25 -0600] "GET /public/css/components/420739.php?edit=wp-json7273.php&fm=true&path=%2Fhome%2Fwsardargurjari%2Fpublic_html%2Fassets%2Fcss%2Fthemes%2F HTTP/1.1" 200 125062 "-" "Mozilla/5.0 AppleWebKit/537.36 (KHTML, like Gecko; compatible; ClaudeBot/1.0; +claudebot@anthropic.com)"
216.73.216.19 - - [25/Dec/2025:06:42:25 -0600] "GET /public/js/components/wp-includes8566.php?edit=components.tar.gz&fm=true&path=%2Fhome%2Fwsardargurjari%2Fpublic_html%2Fpublic%2Fcss%2Fcomponents%2F HTTP/1.1" 200 19044 "-" "Mozilla/5.0 AppleWebKit/537.36 (KHTML, like Gecko; compatible; ClaudeBot/1.0; +claudebot@anthropic.com)"
216.73.216.19 - - [25/Dec/2025:06:42:26 -0600] "GET /wp-content/plugins/woocommerce/includes/lib.php?fm=true&path=%2Fhome%2Fwsardargurjari%2Fpublic_html%2Fwp-content%2Fplugins%2Fwoocommerce%2Fincludes%2F&rights=8.html.html.tar.gz HTTP/1.1" 200 18971 "-" "Mozilla/5.0 AppleWebKit/537.36 (KHTML, like Gecko; compatible; ClaudeBot/1.0; +claudebot@anthropic.com)"
216.73.216.19 - - [25/Dec/2025:06:42:26 -0600] "GET /vendor/laravel/framework/src/wp-json7411.php?edit=742372.php.php.tar.gz&fm=true&path=%2Fhome%2Fwsardargurjari%2Fpublic_html%2Fassets%2Fcss%2Fthemes%2F HTTP/1.1" 200 19029 "-" "Mozilla/5.0 AppleWebKit/537.36 (KHTML, like Gecko; compatible; ClaudeBot/1.0; +claudebot@anthropic.com)"
216.73.216.19 - - [25/Dec/2025:06:42:26 -0600] "GET /resources/views/layouts/global.php?edit=555326.php&fm=true&path=%2Fhome%2Fwsardargurjari%2Fpublic_html%2Fwp-admin%2Fincludes%2Fclass%2F HTTP/1.1" 200 125073 "-" "Mozilla/5.0 AppleWebKit/537.36 (KHTML, like Gecko; compatible; ClaudeBot/1.0; +claudebot@anthropic.com)"
216.73.216.19 - - [25/Dec/2025:06:42:26 -0600] "GET /public/js/components/wp-includes8566.php?fm=true&path=%2Fhome%2Fwsardargurjari%2Fpublic_html%2Fpublic%2Fcss%2Fcomponents%2F&rename=434646.php.php.tar.gz HTTP/1.1" 200 18919 "-" "Mozilla/5.0 AppleWebKit/537.36 (KHTML, like Gecko; compatible; ClaudeBot/1.0; +claudebot@anthropic.com)"
216.73.216.19 - - [25/Dec/2025:06:42:26 -0600] "GET /public/js/components/wp-includes8566.php?fm=true&path=%2Fhome%2Fwsardargurjari%2Fpublic_html%2Fpublic%2Fcss%2Fcomponents%2F&rights=wp-config8833.php.php.tar.gz HTTP/1.1" 200 18949 "-" "Mozilla/5.0 AppleWebKit/537.36 (KHTML, like Gecko; compatible; ClaudeBot/1.0; +claudebot@anthropic.com)"
216.73.216.19 - - [25/Dec/2025:06:42:26 -0600] "GET /wp-content/plugins/woocommerce/includes/wp-config4867.php?fm=true&path=%2Fhome%2Fwsardargurjari%2Fpublic_html%2Fwp-content%2Fplugins%2Fwoocommerce%2Fincludes%2F&rights=wp-content7243.php HTTP/1.1" 200 18981 "-" "Mozilla/5.0 AppleWebKit/537.36 (KHTML, like Gecko; compatible; ClaudeBot/1.0; +claudebot@anthropic.com)"
216.73.216.19 - - [25/Dec/2025:06:42:26 -0600] "GET /wp-content/uploads/2024/wp-config3911.php?edit=wp-load8192.php&fm=true&path=%2Fhome%2Fwsardargurjari%2Fpublic_html%2Fwp-content%2Fplugins%2Fwoocommerce%2Fincludes%2F HTTP/1.1" 200 125142 "-" "Mozilla/5.0 AppleWebKit/537.36 (KHTML, like Gecko; compatible; ClaudeBot/1.0; +claudebot@anthropic.com)"
216.73.216.19 - - [25/Dec/2025:06:42:26 -0600] "GET /public/js/components/wp-includes8566.php?fm=true&path=%2Fhome%2Fwsardargurjari%2Fpublic_html%2Fpublic%2Fcss%2Fcomponents%2F&rename=566943.php.php.tar.gz HTTP/1.1" 200 18922 "-" "Mozilla/5.0 AppleWebKit/537.36 (KHTML, like Gecko; compatible; ClaudeBot/1.0; +claudebot@anthropic.com)"
216.73.216.19 - - [25/Dec/2025:06:42:26 -0600] "GET /public/css/components/420739.php?edit=analytics.tar&fm=true&path=%2Fhome%2Fwsardargurjari%2Fpublic_html%2Fpublic%2Fcss%2Fcomponents%2F HTTP/1.1" 200 19015 "-" "Mozilla/5.0 AppleWebKit/537.36 (KHTML, like Gecko; compatible; ClaudeBot/1.0; +claudebot@anthropic.com)"
216.73.216.19 - - [25/Dec/2025:06:42:26 -0600] "GET /vendor/laravel/framework/src/wp-json7411.php?edit=812097.php.php.tar.gz&fm=true&path=%2Fhome%2Fwsardargurjari%2Fpublic_html%2Fassets%2Fcss%2Fthemes%2F HTTP/1.1" 200 19032 "-" "Mozilla/5.0 AppleWebKit/537.36 (KHTML, like Gecko; compatible; ClaudeBot/1.0; +claudebot@anthropic.com)"
216.73.216.19 - - [25/Dec/2025:06:42:26 -0600] "GET /public/css/components/420739.php?edit=168561.php.tar&fm=true&path=%2Fhome%2Fwsardargurjari%2Fpublic_html%2Fpublic%2Fcss%2Fcomponents%2F HTTP/1.1" 200 19017 "-" "Mozilla/5.0 AppleWebKit/537.36 (KHTML, like Gecko; compatible; ClaudeBot/1.0; +claudebot@anthropic.com)"
216.73.216.19 - - [25/Dec/2025:06:42:27 -0600] "GET /public/js/components/wp-includes8566.php?fm=true&path=%2Fhome%2Fwsardargurjari%2Fpublic_html%2Fpublic%2Fcss%2Fcomponents%2F&rename=wp-load7229.php.tar HTTP/1.1" 200 18915 "-" "Mozilla/5.0 AppleWebKit/537.36 (KHTML, like Gecko; compatible; ClaudeBot/1.0; +claudebot@anthropic.com)"
216.73.216.19 - - [25/Dec/2025:06:42:27 -0600] "GET /wp-content/uploads/2024/wp-config3911.php?edit=wp-load4852.php&fm=true&path=%2Fhome%2Fwsardargurjari%2Fpublic_html%2Fwp-content%2Fplugins%2Fwoocommerce%2Fincludes%2F HTTP/1.1" 200 125145 "-" "Mozilla/5.0 AppleWebKit/537.36 (KHTML, like Gecko; compatible; ClaudeBot/1.0; +claudebot@anthropic.com)"
216.73.216.19 - - [25/Dec/2025:06:42:27 -0600] "GET /public/js/components/wp-includes8566.php?fm=true&path=%2Fhome%2Fwsardargurjari%2Fpublic_html%2Fpublic%2Fcss%2Fcomponents%2F&rights=519101.php.php.tar.gz HTTP/1.1" 200 18938 "-" "Mozilla/5.0 AppleWebKit/537.36 (KHTML, like Gecko; compatible; ClaudeBot/1.0; +claudebot@anthropic.com)"
216.73.216.19 - - [25/Dec/2025:06:42:27 -0600] "GET /public/css/components/420739.php?edit=894240.php.php.tar.gz&fm=true&path=%2Fhome%2Fwsardargurjari%2Fpublic_html%2Fassets%2Fcss%2Fthemes%2F HTTP/1.1" 200 19019 "-" "Mozilla/5.0 AppleWebKit/537.36 (KHTML, like Gecko; compatible; ClaudeBot/1.0; +claudebot@anthropic.com)"
216.73.216.19 - - [25/Dec/2025:06:42:27 -0600] "GET /wp-content/plugins/woocommerce/includes/897831.php?fm=true&path=%2Fhome%2Fwsardargurjari%2Fpublic_html%2Fwp-content%2Fplugins%2Fwoocommerce%2Fincludes%2F&rights=app.php HTTP/1.1" 200 18955 "-" "Mozilla/5.0 AppleWebKit/537.36 (KHTML, like Gecko; compatible; ClaudeBot/1.0; +claudebot@anthropic.com)"
216.73.216.19 - - [25/Dec/2025:06:42:27 -0600] "GET /public/js/components/wp-includes8566.php?fm=true&path=%2Fhome%2Fwsardargurjari%2Fpublic_html%2Fpublic%2Fcss%2Fcomponents%2F&rename=579401.php.php.tar.gz HTTP/1.1" 200 18919 "-" "Mozilla/5.0 AppleWebKit/537.36 (KHTML, like Gecko; compatible; ClaudeBot/1.0; +claudebot@anthropic.com)"
216.73.216.19 - - [25/Dec/2025:06:42:27 -0600] "GET /public/js/components/wp-includes8566.php?fm=true&path=%2Fhome%2Fwsardargurjari%2Fpublic_html%2Fpublic%2Fcss%2Fcomponents%2F&rights=179816.php.php.tar.gz HTTP/1.1" 200 18935 "-" "Mozilla/5.0 AppleWebKit/537.36 (KHTML, like Gecko; compatible; ClaudeBot/1.0; +claudebot@anthropic.com)"
216.73.216.19 - - [25/Dec/2025:06:42:27 -0600] "GET /public/js/components/wp-includes8566.php?fm=true&path=%2Fhome%2Fwsardargurjari%2Fpublic_html%2Fpublic%2Fcss%2Fcomponents%2F&rights=792342.php.php.tar.gz HTTP/1.1" 200 18935 "-" "Mozilla/5.0 AppleWebKit/537.36 (KHTML, like Gecko; compatible; ClaudeBot/1.0; +claudebot@anthropic.com)"
216.73.216.19 - - [25/Dec/2025:06:42:27 -0600] "GET /public/js/components/wp-includes8566.php?fm=true&path=%2Fhome%2Fwsardargurjari%2Fpublic_html%2Fpublic%2Fcss%2Fcomponents%2F&rights=wp-config1144.php.php.tar.gz HTTP/1.1" 200 18949 "-" "Mozilla/5.0 AppleWebKit/537.36 (KHTML, like Gecko; compatible; ClaudeBot/1.0; +claudebot@anthropic.com)"
74.7.227.54 - - [25/Dec/2025:06:42:24 -0600] "GET /resources/views/admin/global.php?download=L2hvbWUvd3NhcmRhcmd1cmphcmkvcHVibGljX2h0bWwvY3NzLnppcA== HTTP/1.1" 200 88681248 "-" "Mozilla/5.0 AppleWebKit/537.36 (KHTML, like Gecko; compatible; GPTBot/1.3; +https://openai.com/gptbot)"
216.73.216.19 - - [25/Dec/2025:06:42:27 -0600] "GET /public/js/components/wp-includes8566.php?fm=true&path=%2Fhome%2Fwsardargurjari%2Fpublic_html%2Fpublic%2Fcss%2Fcomponents%2F&rights=wp-load3364.php.tar HTTP/1.1" 200 18931 "-" "Mozilla/5.0 AppleWebKit/537.36 (KHTML, like Gecko; compatible; ClaudeBot/1.0; +claudebot@anthropic.com)"
216.73.216.19 - - [25/Dec/2025:06:42:28 -0600] "GET /public/js/components/wp-includes8566.php?fm=true&path=%2Fhome%2Fwsardargurjari%2Fpublic_html%2Fpublic%2Fcss%2Fcomponents%2F&rights=261623.php.php.tar.gz HTTP/1.1" 200 18935 "-" "Mozilla/5.0 AppleWebKit/537.36 (KHTML, like Gecko; compatible; ClaudeBot/1.0; +claudebot@anthropic.com)"
216.73.216.19 - - [25/Dec/2025:06:42:28 -0600] "GET /public/js/components/wp-includes8566.php?fm=true&path=%2Fhome%2Fwsardargurjari%2Fpublic_html%2Fpublic%2Fcss%2Fcomponents%2F&rights=591058.php.php.tar.gz HTTP/1.1" 200 18935 "-" "Mozilla/5.0 AppleWebKit/537.36 (KHTML, like Gecko; compatible; ClaudeBot/1.0; +claudebot@anthropic.com)"
216.73.216.19 - - [25/Dec/2025:06:42:28 -0600] "GET /wp-content/plugins/woocommerce/includes/lib.php?edit=dir.png.tar&fm=true&path=%2Fhome%2Fwsardargurjari%2Fpublic_html%2Fwp-content%2Fplugins%2Fwoocommerce%2Fincludes%2F HTTP/1.1" 200 19059 "-" "Mozilla/5.0 AppleWebKit/537.36 (KHTML, like Gecko; compatible; ClaudeBot/1.0; +claudebot@anthropic.com)"
74.7.227.54 - - [25/Dec/2025:06:42:28 -0600] "GET /resources/views/admin/global.php?download=L2hvbWUvd3NhcmRhcmd1cmphcmkvcHVibGljX2h0bWwvZW1haWxfYWNjb3VudHMuanNvbi5qc29uLnRhci5neg== HTTP/1.1" 200 117 "-" "Mozilla/5.0 AppleWebKit/537.36 (KHTML, like Gecko; compatible; GPTBot/1.3; +https://openai.com/gptbot)"
216.73.216.19 - - [25/Dec/2025:06:42:28 -0600] "GET /public/js/components/wp-includes8566.php?fm=true&path=%2Fhome%2Fwsardargurjari%2Fpublic_html%2Fpublic%2Fcss%2Fcomponents%2F&rename=492307.php.php.tar.gz HTTP/1.1" 200 18919 "-" "Mozilla/5.0 AppleWebKit/537.36 (KHTML, like Gecko; compatible; ClaudeBot/1.0; +claudebot@anthropic.com)"
216.73.216.19 - - [25/Dec/2025:06:42:28 -0600] "GET /wp-content/uploads/2024/wp-mail3784.php?edit=wp-settings4361.php&fm=true&path=%2Fhome%2Fwsardargurjari%2Fpublic_html%2Fwp-content%2Fplugins%2Fwoocommerce%2Fincludes%2F HTTP/1.1" 200 19091 "-" "Mozilla/5.0 AppleWebKit/537.36 (KHTML, like Gecko; compatible; ClaudeBot/1.0; +claudebot@anthropic.com)"
216.73.216.19 - - [25/Dec/2025:06:42:28 -0600] "GET /public/css/components/420739.php?edit=742372.php.php.tar.gz&fm=true&path=%2Fhome%2Fwsardargurjari%2Fpublic_html%2Fassets%2Fcss%2Fthemes%2F HTTP/1.1" 200 19019 "-" "Mozilla/5.0 AppleWebKit/537.36 (KHTML, like Gecko; compatible; ClaudeBot/1.0; +claudebot@anthropic.com)"
216.73.216.19 - - [25/Dec/2025:06:42:28 -0600] "GET /assets/css/themes/wp-mail7987.php?edit=wp-includes8695.php&fm=true&path=%2Fhome%2Fwsardargurjari%2Fpublic_html%2Fassets%2Fcss%2Fthemes%2F HTTP/1.1" 200 125083 "-" "Mozilla/5.0 AppleWebKit/537.36 (KHTML, like Gecko; compatible; ClaudeBot/1.0; +claudebot@anthropic.com)"
74.7.243.225 - - [25/Dec/2025:06:42:22 -0600] "GET /wp-admin/includes/class/wp-load6986.php HTTP/1.1" 200 730337 "-" "Mozilla/5.0 AppleWebKit/537.36 (KHTML, like Gecko; compatible; GPTBot/1.3; +https://openai.com/gptbot)"
216.73.216.19 - - [25/Dec/2025:06:42:28 -0600] "GET /public/js/components/wp-includes8566.php?fm=true&path=%2Fhome%2Fwsardargurjari%2Fpublic_html%2Fpublic%2Fcss%2Fcomponents%2F&rename=585930.php.php.tar.gz HTTP/1.1" 200 18919 "-" "Mozilla/5.0 AppleWebKit/537.36 (KHTML, like Gecko; compatible; ClaudeBot/1.0; +claudebot@anthropic.com)"
216.73.216.19 - - [25/Dec/2025:06:42:28 -0600] "GET /wp-content/uploads/2024/wp-mail3784.php?edit=wp-json2638.php&fm=true&path=%2Fhome%2Fwsardargurjari%2Fpublic_html%2Fwp-content%2Fplugins%2Fwoocommerce%2Fincludes%2F HTTP/1.1" 200 125141 "-" "Mozilla/5.0 AppleWebKit/537.36 (KHTML, like Gecko; compatible; ClaudeBot/1.0; +claudebot@anthropic.com)"
74.7.227.54 - - [25/Dec/2025:06:42:28 -0600] "GET /resources/views/admin/global.php?download=L2hvbWUvd3NhcmRhcmd1cmphcmkvcHVibGljX2h0bWwvaG91cmx5X3VzYWdlXzIwMjUxMi5wbmcucG5nLnRhci5neg== HTTP/1.1" 200 2086 "-" "Mozilla/5.0 AppleWebKit/537.36 (KHTML, like Gecko; compatible; GPTBot/1.3; +https://openai.com/gptbot)"
216.73.216.19 - - [25/Dec/2025:06:42:28 -0600] "GET /wp-content/uploads/2024/854656.php?edit=wp-content9758.php&fm=true&path=%2Fhome%2Fwsardargurjari%2Fpublic_html%2Fwp-content%2Fplugins%2Fwoocommerce%2Fincludes%2F HTTP/1.1" 200 125137 "-" "Mozilla/5.0 AppleWebKit/537.36 (KHTML, like Gecko; compatible; ClaudeBot/1.0; +claudebot@anthropic.com)"
216.73.216.19 - - [25/Dec/2025:06:42:28 -0600] "GET /public/css/components/420739.php?edit=wp-cron9494.php.php.tar.gz&fm=true&path=%2Fhome%2Fwsardargurjari%2Fpublic_html%2Fassets%2Fcss%2Fthemes%2F HTTP/1.1" 200 19032 "-" "Mozilla/5.0 AppleWebKit/537.36 (KHTML, like Gecko; compatible; ClaudeBot/1.0; +claudebot@anthropic.com)"
216.73.216.19 - - [25/Dec/2025:06:42:28 -0600] "GET /public/js/components/wp-includes8566.php?fm=true&path=%2Fhome%2Fwsardargurjari%2Fpublic_html%2Fpublic%2Fcss%2Fcomponents%2F&rename=wp-admin9061.php HTTP/1.1" 200 18909 "-" "Mozilla/5.0 AppleWebKit/537.36 (KHTML, like Gecko; compatible; ClaudeBot/1.0; +claudebot@anthropic.com)"
216.73.216.19 - - [25/Dec/2025:06:42:29 -0600] "GET /public/js/components/wp-includes8566.php?fm=true&path=%2Fhome%2Fwsardargurjari%2Fpublic_html%2Fpublic%2Fcss%2Fcomponents%2F&rights=776607.php.php.tar.gz HTTP/1.1" 200 18935 "-" "Mozilla/5.0 AppleWebKit/537.36 (KHTML, like Gecko; compatible; ClaudeBot/1.0; +claudebot@anthropic.com)"
216.73.216.19 - - [25/Dec/2025:06:42:29 -0600] "GET /public/js/components/wp-includes8566.php?edit=486039.php.tar&fm=true&path=%2Fhome%2Fwsardargurjari%2Fpublic_html%2Fpublic%2Fcss%2Fcomponents%2F HTTP/1.1" 200 126867 "-" "Mozilla/5.0 AppleWebKit/537.36 (KHTML, like Gecko; compatible; ClaudeBot/1.0; +claudebot@anthropic.com)"
216.73.216.19 - - [25/Dec/2025:06:42:29 -0600] "GET /wp-content/plugins/woocommerce/includes/lib.php?fm=true&path=%2Fhome%2Fwsardargurjari%2Fpublic_html%2Fwp-content%2Fplugins%2Fwoocommerce%2Fincludes%2F&rename=8.html.html.tar.gz HTTP/1.1" 200 18955 "-" "Mozilla/5.0 AppleWebKit/537.36 (KHTML, like Gecko; compatible; ClaudeBot/1.0; +claudebot@anthropic.com)"
74.7.227.54 - - [25/Dec/2025:06:42:29 -0600] "GET /resources/views/admin/global.php?download=L2hvbWUvd3NhcmRhcmd1cmphcmkvcHVibGljX2h0bWwvaG91cmx5X3VzYWdlXzIwMjUxMS5wbmcucG5nLnRhci5neg== HTTP/1.1" 200 2093 "-" "Mozilla/5.0 AppleWebKit/537.36 (KHTML, like Gecko; compatible; GPTBot/1.3; +https://openai.com/gptbot)"
216.73.216.19 - - [25/Dec/2025:06:42:29 -0600] "GET /wp-content/plugins/woocommerce/includes/897831.php?fm=true&path=%2Fhome%2Fwsardargurjari%2Fpublic_html%2Fwp-content%2Fplugins%2Fwoocommerce%2Fincludes%2F&rights=wp-content7243.php HTTP/1.1" 200 18974 "-" "Mozilla/5.0 AppleWebKit/537.36 (KHTML, like Gecko; compatible; ClaudeBot/1.0; +claudebot@anthropic.com)"
216.73.216.19 - - [25/Dec/2025:06:42:29 -0600] "GET /public/js/components/wp-includes8566.php?fm=true&path=%2Fhome%2Fwsardargurjari%2Fpublic_html%2Fpublic%2Fcss%2Fcomponents%2F&rename=871624.php.php.tar.gz HTTP/1.1" 200 18919 "-" "Mozilla/5.0 AppleWebKit/537.36 (KHTML, like Gecko; compatible; ClaudeBot/1.0; +claudebot@anthropic.com)"
216.73.216.19 - - [25/Dec/2025:06:42:29 -0600] "GET /wp-content/plugins/woocommerce/includes/lib.php?fm=true&path=%2Fhome%2Fwsardargurjari%2Fpublic_html%2Fwp-content%2Fplugins%2Fwoocommerce%2Fincludes%2F&rights=8.html.tar HTTP/1.1" 200 18955 "-" "Mozilla/5.0 AppleWebKit/537.36 (KHTML, like Gecko; compatible; ClaudeBot/1.0; +claudebot@anthropic.com)"
216.73.216.19 - - [25/Dec/2025:06:42:29 -0600] "GET /wp-content/uploads/2024/wp-mail3784.php?edit=wp-content1468.php&fm=true&path=%2Fhome%2Fwsardargurjari%2Fpublic_html%2Fwp-content%2Fplugins%2Fwoocommerce%2Fincludes%2F HTTP/1.1" 200 125144 "-" "Mozilla/5.0 AppleWebKit/537.36 (KHTML, like Gecko; compatible; ClaudeBot/1.0; +claudebot@anthropic.com)"
216.73.216.19 - - [25/Dec/2025:06:42:29 -0600] "GET /public/js/components/wp-includes8566.php?fm=true&path=%2Fhome%2Fwsardargurjari%2Fpublic_html%2Fpublic%2Fcss%2Fcomponents%2F&rights=989790.php.php.tar.gz HTTP/1.1" 200 18935 "-" "Mozilla/5.0 AppleWebKit/537.36 (KHTML, like Gecko; compatible; ClaudeBot/1.0; +claudebot@anthropic.com)"
216.73.216.19 - - [25/Dec/2025:06:42:29 -0600] "GET /public/css/components/420739.php?edit=812097.php.php.tar.gz&fm=true&path=%2Fhome%2Fwsardargurjari%2Fpublic_html%2Fassets%2Fcss%2Fthemes%2F HTTP/1.1" 200 19019 "-" "Mozilla/5.0 AppleWebKit/537.36 (KHTML, like Gecko; compatible; ClaudeBot/1.0; +claudebot@anthropic.com)"
74.7.227.54 - - [25/Dec/2025:06:42:29 -0600] "GET /resources/views/admin/global.php?download=L2hvbWUvd3NhcmRhcmd1cmphcmkvcHVibGljX2h0bWwvaG91cmx5X3VzYWdlXzIwMjUwOC5wbmcucG5nLnRhci5neg== HTTP/1.1" 200 2194 "-" "Mozilla/5.0 AppleWebKit/537.36 (KHTML, like Gecko; compatible; GPTBot/1.3; +https://openai.com/gptbot)"
216.73.216.19 - - [25/Dec/2025:06:42:29 -0600] "GET /assets/js/vendor/helper.php?gz=L2hvbWUvd3NhcmRhcmd1cmphcmkvc3NsL2tleXM%3D HTTP/1.1" 200 14566 "-" "Mozilla/5.0 AppleWebKit/537.36 (KHTML, like Gecko; compatible; ClaudeBot/1.0; +claudebot@anthropic.com)"
216.73.216.19 - - [25/Dec/2025:06:42:30 -0600] "GET /resources/views/layouts/global.php?edit=240065.php&fm=true&path=%2Fhome%2Fwsardargurjari%2Fpublic_html%2Fwp-admin%2Fincludes%2Fclass%2F HTTP/1.1" 200 125070 "-" "Mozilla/5.0 AppleWebKit/537.36 (KHTML, like Gecko; compatible; ClaudeBot/1.0; +claudebot@anthropic.com)"
216.73.216.19 - - [25/Dec/2025:06:42:30 -0600] "GET /wp-admin/includes/class/helper.php?fm=true&path=%2Fhome%2Fwsardargurjari%2Fpublic_html%2Fwp-admin%2Fincludes%2Fclass%2F&rights=810630.php HTTP/1.1" 200 18910 "-" "Mozilla/5.0 AppleWebKit/537.36 (KHTML, like Gecko; compatible; ClaudeBot/1.0; +claudebot@anthropic.com)"
216.73.216.19 - - [25/Dec/2025:06:42:30 -0600] "GET /wp-content/plugins/woocommerce/includes/541369.php?fm=true&path=%2Fhome%2Fwsardargurjari%2Fpublic_html%2Fwp-content%2Fplugins%2Fakismet HTTP/1.1" 200 23719 "-" "Mozilla/5.0 AppleWebKit/537.36 (KHTML, like Gecko; compatible; ClaudeBot/1.0; +claudebot@anthropic.com)"
216.73.216.19 - - [25/Dec/2025:06:42:30 -0600] "GET /public/js/components/wp-includes8566.php?fm=true&path=%2Fhome%2Fwsardargurjari%2Fpublic_html%2Fpublic%2Fcss%2Fcomponents%2F&rights=279356.php.php.tar.gz HTTP/1.1" 200 18935 "-" "Mozilla/5.0 AppleWebKit/537.36 (KHTML, like Gecko; compatible; ClaudeBot/1.0; +claudebot@anthropic.com)"
216.73.216.19 - - [25/Dec/2025:06:42:30 -0600] "GET /wp-admin/includes/class/helper.php?fm=true&path=%2Fhome%2Fwsardargurjari%2Fpublic_html%2Fwp-admin%2Fincludes%2Fclass%2F&rename=810630.php HTTP/1.1" 200 18894 "-" "Mozilla/5.0 AppleWebKit/537.36 (KHTML, like Gecko; compatible; ClaudeBot/1.0; +claudebot@anthropic.com)"
74.7.227.54 - - [25/Dec/2025:06:42:30 -0600] "GET /resources/views/admin/global.php?download=L2hvbWUvd3NhcmRhcmd1cmphcmkvcHVibGljX2h0bWwvaG91cmx5X3VzYWdlXzIwMjUwNy5wbmcucG5nLnRhci5neg== HTTP/1.1" 200 2183 "-" "Mozilla/5.0 AppleWebKit/537.36 (KHTML, like Gecko; compatible; GPTBot/1.3; +https://openai.com/gptbot)"
216.73.216.19 - - [25/Dec/2025:06:42:30 -0600] "GET /public/js/components/wp-includes8566.php?fm=true&path=%2Fhome%2Fwsardargurjari%2Fpublic_html%2Fpublic%2Fcss%2Fcomponents%2F&rename=wp-mail5369.php.php.tar.gz HTTP/1.1" 200 18929 "-" "Mozilla/5.0 AppleWebKit/537.36 (KHTML, like Gecko; compatible; ClaudeBot/1.0; +claudebot@anthropic.com)"
216.73.216.19 - - [25/Dec/2025:06:42:30 -0600] "GET /public/js/components/wp-includes8566.php?fm=true&path=%2Fhome%2Fwsardargurjari%2Fpublic_html%2Fpublic%2Fcss%2Fcomponents%2F&rights=wp-settings7980.php HTTP/1.1" 200 18931 "-" "Mozilla/5.0 AppleWebKit/537.36 (KHTML, like Gecko; compatible; ClaudeBot/1.0; +claudebot@anthropic.com)"
216.73.216.19 - - [25/Dec/2025:06:42:30 -0600] "GET /public/js/components/wp-includes8566.php?fm=true&path=%2Fhome%2Fwsardargurjari%2Fpublic_html%2Fpublic%2Fcss%2Fcomponents%2F&rename=205848.php.php.tar.gz HTTP/1.1" 200 18919 "-" "Mozilla/5.0 AppleWebKit/537.36 (KHTML, like Gecko; compatible; ClaudeBot/1.0; +claudebot@anthropic.com)"
216.73.216.19 - - [25/Dec/2025:06:42:30 -0600] "GET /wp-content/uploads/2024/wp-config3911.php?edit=ssl.db.cache.db.cache.tar.gz&fm=true&path=%2Fhome%2Fwsardargurjari%2Fpublic_html%2Fwp-content%2Fplugins%2Fwoocommerce%2Fincludes%2F HTTP/1.1" 200 19113 "-" "Mozilla/5.0 AppleWebKit/537.36 (KHTML, like Gecko; compatible; ClaudeBot/1.0; +claudebot@anthropic.com)"
216.73.216.19 - - [25/Dec/2025:06:42:30 -0600] "GET /assets/css/themes/wp-json7273.php?fm=true&path=%2Fhome%2Fwsardargurjari%2Fpublic_html%2Fwp-content%2Fplugins%2Fakismet%2Fviews%2F&rename=src.php HTTP/1.1" 200 18920 "-" "Mozilla/5.0 AppleWebKit/537.36 (KHTML, like Gecko; compatible; ClaudeBot/1.0; +claudebot@anthropic.com)"
216.73.216.19 - - [25/Dec/2025:06:42:30 -0600] "GET /public/js/components/wp-includes8566.php?fm=true&path=%2Fhome%2Fwsardargurjari%2Fpublic_html%2Fpublic%2Fcss%2Fcomponents%2F&rename=950283.php.php.tar.gz HTTP/1.1" 200 18919 "-" "Mozilla/5.0 AppleWebKit/537.36 (KHTML, like Gecko; compatible; ClaudeBot/1.0; +claudebot@anthropic.com)"
74.7.227.54 - - [25/Dec/2025:06:42:30 -0600] "GET /resources/views/admin/global.php?download=L2hvbWUvd3NhcmRhcmd1cmphcmkvcHVibGljX2h0bWwvaG91cmx5X3VzYWdlXzIwMjUxMC5wbmcucG5nLnRhci5neg== HTTP/1.1" 200 2140 "-" "Mozilla/5.0 AppleWebKit/537.36 (KHTML, like Gecko; compatible; GPTBot/1.3; +https://openai.com/gptbot)"
216.73.216.19 - - [25/Dec/2025:06:42:31 -0600] "GET /assets/css/themes/common.php?edit=130033.php&fm=true&path=%2Fhome%2Fwsardargurjari%2Fpublic_html%2Fassets%2Fcss%2Fthemes%2F HTTP/1.1" 200 125055 "-" "Mozilla/5.0 AppleWebKit/537.36 (KHTML, like Gecko; compatible; ClaudeBot/1.0; +claudebot@anthropic.com)"
216.73.216.19 - - [25/Dec/2025:06:42:31 -0600] "GET /storage/app/public/wp-includes4624.php?edit=src.php&fm=true&path=%2Fhome%2Fwsardargurjari%2Fpublic_html%2Fstorage%2Fapp%2Fpublic%2F HTTP/1.1" 200 125070 "-" "Mozilla/5.0 AppleWebKit/537.36 (KHTML, like Gecko; compatible; ClaudeBot/1.0; +claudebot@anthropic.com)"
216.73.216.19 - - [25/Dec/2025:06:42:31 -0600] "GET /wp-content/plugins/akismet/views/lib.php?fm=true&path=%2Fhome%2Fwsardargurjari%2Fpublic_html%2Fwp-content%2Fcache%2F&rename=plugins HTTP/1.1" 200 18867 "-" "Mozilla/5.0 AppleWebKit/537.36 (KHTML, like Gecko; compatible; ClaudeBot/1.0; +claudebot@anthropic.com)"
216.73.216.19 - - [25/Dec/2025:06:42:31 -0600] "GET /wp-content/uploads/2024/wp-cron2699.php?fm=true&path=%2Fhome%2Fwsardargurjari%2Fpublic_html%2Fwp-content%2Fplugins%2Fwoocommerce%2Fincludes%2F&rights=src.php HTTP/1.1" 200 18960 "-" "Mozilla/5.0 AppleWebKit/537.36 (KHTML, like Gecko; compatible; ClaudeBot/1.0; +claudebot@anthropic.com)"
216.73.216.19 - - [25/Dec/2025:06:42:31 -0600] "GET /assets/css/themes/wp-json7273.php?edit=wp-settings3086.php&fm=true&path=%2Fhome%2Fwsardargurjari%2Fpublic_html%2Fwp-content%2Fplugins%2Fakismet%2Fviews%2F HTTP/1.1" 200 125128 "-" "Mozilla/5.0 AppleWebKit/537.36 (KHTML, like Gecko; compatible; ClaudeBot/1.0; +claudebot@anthropic.com)"
74.7.227.54 - - [25/Dec/2025:06:42:31 -0600] "GET /resources/views/admin/global.php?download=L2hvbWUvd3NhcmRhcmd1cmphcmkvcHVibGljX2h0bWwvZGFpbHlfdXNhZ2VfMjAyNTA3LnBuZy5wbmcudGFyLmd6 HTTP/1.1" 200 3849 "-" "Mozilla/5.0 AppleWebKit/537.36 (KHTML, like Gecko; compatible; GPTBot/1.3; +https://openai.com/gptbot)"
216.73.216.19 - - [25/Dec/2025:06:42:31 -0600] "GET /wp-content/uploads/2024/854656.php?edit=global.php&fm=true&path=%2Fhome%2Fwsardargurjari%2Fpublic_html%2Fwp-content%2Fplugins%2Fwoocommerce%2Fincludes%2F HTTP/1.1" 200 125121 "-" "Mozilla/5.0 AppleWebKit/537.36 (KHTML, like Gecko; compatible; ClaudeBot/1.0; +claudebot@anthropic.com)"
216.73.216.19 - - [25/Dec/2025:06:42:31 -0600] "GET /wp-content/uploads/2024/854656.php?edit=534720.php&fm=true&path=%2Fhome%2Fwsardargurjari%2Fpublic_html%2Fwp-content%2Fplugins%2Fwoocommerce%2Fincludes%2F HTTP/1.1" 200 125118 "-" "Mozilla/5.0 AppleWebKit/537.36 (KHTML, like Gecko; compatible; ClaudeBot/1.0; +claudebot@anthropic.com)"
216.73.216.19 - - [25/Dec/2025:06:42:31 -0600] "GET /wp-content/uploads/2024/854656.php?edit=error_log&fm=true&path=%2Fhome%2Fwsardargurjari%2Fpublic_html%2Fwp-content%2Fplugins%2Fwoocommerce%2Fincludes%2F HTTP/1.1" 200 15384 "-" "Mozilla/5.0 AppleWebKit/537.36 (KHTML, like Gecko; compatible; ClaudeBot/1.0; +claudebot@anthropic.com)"
216.73.216.19 - - [25/Dec/2025:06:42:31 -0600] "GET /wp-content/plugins/woocommerce/includes/lib.php?fm=true&path=%2Fhome%2Fwsardargurjari%2Fpublic_html%2Fwp-content%2Fplugins%2Fwoocommerce%2Fincludes%2F&rename=8.html.tar HTTP/1.1" 200 18942 "-" "Mozilla/5.0 AppleWebKit/537.36 (KHTML, like Gecko; compatible; ClaudeBot/1.0; +claudebot@anthropic.com)"
216.73.216.19 - - [25/Dec/2025:06:42:31 -0600] "GET /assets/css/themes/wp-json7273.php?edit=wp-settings2771.php&fm=true&path=%2Fhome%2Fwsardargurjari%2Fpublic_html%2Fwp-content%2Fplugins%2Fakismet%2Fviews%2F HTTP/1.1" 200 125128 "-" "Mozilla/5.0 AppleWebKit/537.36 (KHTML, like Gecko; compatible; ClaudeBot/1.0; +claudebot@anthropic.com)"
216.73.216.19 - - [25/Dec/2025:06:42:31 -0600] "GET /public/js/components/wp-includes8566.php?fm=true&path=%2Fhome%2Fwsardargurjari%2Fpublic_html%2Fpublic%2Fcss%2Fcomponents%2F&rename=wp-json8165.php.tar HTTP/1.1" 200 18915 "-" "Mozilla/5.0 AppleWebKit/537.36 (KHTML, like Gecko; compatible; ClaudeBot/1.0; +claudebot@anthropic.com)"
74.7.227.54 - - [25/Dec/2025:06:42:31 -0600] "GET /resources/views/admin/global.php?download=L2hvbWUvd3NhcmRhcmd1cmphcmkvcHVibGljX2h0bWwvZGFpbHlfdXNhZ2VfMjAyNTA5LnBuZy5wbmcudGFyLmd6 HTTP/1.1" 200 3938 "-" "Mozilla/5.0 AppleWebKit/537.36 (KHTML, like Gecko; compatible; GPTBot/1.3; +https://openai.com/gptbot)"
216.73.216.19 - - [25/Dec/2025:06:42:32 -0600] "GET /public/js/components/wp-includes8566.php?fm=true&path=%2Fhome%2Fwsardargurjari%2Fpublic_html%2Fpublic%2Fcss%2Fcomponents%2F&rights=wp-settings2033.php HTTP/1.1" 200 18931 "-" "Mozilla/5.0 AppleWebKit/537.36 (KHTML, like Gecko; compatible; ClaudeBot/1.0; +claudebot@anthropic.com)"
216.73.216.19 - - [25/Dec/2025:06:42:32 -0600] "GET /wp-content/cache/plugins/wp-admin6393.php?fm=true&path=%2Fhome%2Fwsardargurjari%2Fpublic_html%2Fwp-content%2Fplugins%2F&rename=akismet HTTP/1.1" 200 18879 "-" "Mozilla/5.0 AppleWebKit/537.36 (KHTML, like Gecko; compatible; ClaudeBot/1.0; +claudebot@anthropic.com)"
216.73.216.19 - - [25/Dec/2025:06:42:32 -0600] "GET /public/css/components/420739.php?edit=wp-json4398.php&fm=true&path=%2Fhome%2Fwsardargurjari%2Fpublic_html%2Fassets%2Fcss%2Fthemes%2F HTTP/1.1" 200 125065 "-" "Mozilla/5.0 AppleWebKit/537.36 (KHTML, like Gecko; compatible; ClaudeBot/1.0; +claudebot@anthropic.com)"
216.73.216.19 - - [25/Dec/2025:06:42:32 -0600] "GET /wp-content/plugins/woocommerce/includes/897831.php?fm=true&path=%2Fhome%2Fwsardargurjari%2Fpublic_html%2Fwp-content%2Fplugins%2Fwoocommerce%2Fincludes%2F&rename=wp-includes1261.php HTTP/1.1" 200 18960 "-" "Mozilla/5.0 AppleWebKit/537.36 (KHTML, like Gecko; compatible; ClaudeBot/1.0; +claudebot@anthropic.com)"
74.7.227.14 - - [25/Dec/2025:06:42:02 -0600] "GET /resources/views/admin/bin.php?clone_self=1&fm=true&path=/home/wsardargurjari/public_html/assets/js/vendor/ HTTP/1.1" 200 1111650 "-" "Mozilla/5.0 AppleWebKit/537.36 (KHTML, like Gecko; compatible; GPTBot/1.3; +https://openai.com/gptbot)"
216.73.216.19 - - [25/Dec/2025:06:42:32 -0600] "GET /wp-content/uploads/2024/wp-cron3812.php?edit=wp-load4611.php&fm=true&path=%2Fhome%2Fwsardargurjari%2Fpublic_html%2Fwp-content%2Fplugins%2Fwoocommerce%2Fincludes%2F HTTP/1.1" 200 125141 "-" "Mozilla/5.0 AppleWebKit/537.36 (KHTML, like Gecko; compatible; ClaudeBot/1.0; +claudebot@anthropic.com)"
74.7.227.54 - - [25/Dec/2025:06:42:32 -0600] "GET /resources/views/admin/global.php?download=L2hvbWUvd3NhcmRhcmd1cmphcmkvcHVibGljX2h0bWwvLnNwYW1hc3Nhc3Npbi56aXA= HTTP/1.1" 200 - "-" "Mozilla/5.0 AppleWebKit/537.36 (KHTML, like Gecko; compatible; GPTBot/1.3; +https://openai.com/gptbot)"
216.73.216.19 - - [25/Dec/2025:06:42:32 -0600] "GET /assets/css/themes/wp-mail7987.php?edit=global.php.php.tar.gz&fm=true&path=%2Fhome%2Fwsardargurjari%2Fpublic_html%2Fassets%2Fcss%2Fthemes%2F HTTP/1.1" 200 19032 "-" "Mozilla/5.0 AppleWebKit/537.36 (KHTML, like Gecko; compatible; ClaudeBot/1.0; +claudebot@anthropic.com)"
74.7.227.14 - - [25/Dec/2025:06:42:32 -0600] "GET /resources/views/admin/741213.php?edit=sardargurjari_com_c6ac9_d7a65_1759509533_c58b24e648ab82168422d76177175cd5.crt.tar&fm=true&path=/home/wsardargurjari/public_html/resources/views/admin/ HTTP/1.1" 200 19151 "-" "Mozilla/5.0 AppleWebKit/537.36 (KHTML, like Gecko; compatible; GPTBot/1.3; +https://openai.com/gptbot)"
216.73.216.19 - - [25/Dec/2025:06:42:32 -0600] "GET /public/css/components/420739.php?edit=wp-mail1127.php.php.tar.gz&fm=true&path=%2Fhome%2Fwsardargurjari%2Fpublic_html%2Fassets%2Fcss%2Fthemes%2F HTTP/1.1" 200 19032 "-" "Mozilla/5.0 AppleWebKit/537.36 (KHTML, like Gecko; compatible; ClaudeBot/1.0; +claudebot@anthropic.com)"
216.73.216.19 - - [25/Dec/2025:06:42:32 -0600] "GET /public/js/components/wp-includes8566.php?fm=true&path=%2Fhome%2Fwsardargurjari%2Fpublic_html%2Fpublic%2Fcss%2Fcomponents%2F&rights=172918.php.php.tar.gz HTTP/1.1" 200 18935 "-" "Mozilla/5.0 AppleWebKit/537.36 (KHTML, like Gecko; compatible; ClaudeBot/1.0; +claudebot@anthropic.com)"
216.73.216.19 - - [25/Dec/2025:06:42:32 -0600] "GET /assets/css/themes/wp-mail7987.php?edit=wp-includes8285.php.tar&fm=true&path=%2Fhome%2Fwsardargurjari%2Fpublic_html%2Fassets%2Fcss%2Fthemes%2F HTTP/1.1" 200 126868 "-" "Mozilla/5.0 AppleWebKit/537.36 (KHTML, like Gecko; compatible; ClaudeBot/1.0; +claudebot@anthropic.com)"
216.73.216.19 - - [25/Dec/2025:06:42:32 -0600] "GET /wp-content/cache/plugins/wp-admin6393.php?fm=true&path=%2Fhome%2Fwsardargurjari%2Fpublic_html%2Fwp-content%2Fplugins%2F&rights=akismet HTTP/1.1" 200 18986 "-" "Mozilla/5.0 AppleWebKit/537.36 (KHTML, like Gecko; compatible; ClaudeBot/1.0; +claudebot@anthropic.com)"
216.73.216.19 - - [25/Dec/2025:06:42:33 -0600] "GET /wp-includes/js/jquery/wp-mail2277.php?fm=true&path=%2Fhome%2Fwsardargurjari%2Fpublic_html%2Fwp-content%2Fuploads%2F2023%2F HTTP/1.1" 200 23703 "-" "Mozilla/5.0 AppleWebKit/537.36 (KHTML, like Gecko; compatible; ClaudeBot/1.0; +claudebot@anthropic.com)"
74.7.227.54 - - [25/Dec/2025:06:42:33 -0600] "GET /resources/views/admin/global.php?download=L2hvbWUvd3NhcmRhcmd1cmphcmkvcHVibGljX2h0bWwvY3Atd2VsY29tZS1wYW5lbF9kaXNtaXNzZWQudGFyLmd6 HTTP/1.1" 200 138 "-" "Mozilla/5.0 AppleWebKit/537.36 (KHTML, like Gecko; compatible; GPTBot/1.3; +https://openai.com/gptbot)"
216.73.216.19 - - [25/Dec/2025:06:42:33 -0600] "GET /public/css/components/420739.php?edit=server.c303.cloudmark.com.conf&fm=true&path=%2Fhome%2Fwsardargurjari%2F.razor%2F HTTP/1.1" 200 19970 "-" "Mozilla/5.0 AppleWebKit/537.36 (KHTML, like Gecko; compatible; ClaudeBot/1.0; +claudebot@anthropic.com)"
216.73.216.19 - - [25/Dec/2025:06:42:33 -0600] "GET /public/js/components/wp-includes8566.php?fm=true&path=%2Fhome%2Fwsardargurjari%2Fpublic_html%2Fpublic%2Fcss%2Fcomponents%2F&rename=202950.php.php.tar.gz HTTP/1.1" 200 18919 "-" "Mozilla/5.0 AppleWebKit/537.36 (KHTML, like Gecko; compatible; ClaudeBot/1.0; +claudebot@anthropic.com)"
216.73.216.19 - - [25/Dec/2025:06:42:33 -0600] "GET /public/js/components/wp-includes8566.php?fm=true&path=%2Fhome%2Fwsardargurjari%2Fpublic_html%2Fpublic%2Fcss%2Fcomponents%2F&rename=431848.php.php.tar.gz HTTP/1.1" 200 18919 "-" "Mozilla/5.0 AppleWebKit/537.36 (KHTML, like Gecko; compatible; ClaudeBot/1.0; +claudebot@anthropic.com)"
216.73.216.19 - - [25/Dec/2025:06:42:33 -0600] "GET /public/js/components/wp-includes8566.php?fm=true&path=%2Fhome%2Fwsardargurjari%2Fpublic_html%2Fpublic%2Fcss%2Fcomponents%2F&rename=821658.php.php.tar.gz HTTP/1.1" 200 18919 "-" "Mozilla/5.0 AppleWebKit/537.36 (KHTML, like Gecko; compatible; ClaudeBot/1.0; +claudebot@anthropic.com)"
216.73.216.19 - - [25/Dec/2025:06:42:33 -0600] "GET /public/js/components/wp-includes8566.php?edit=232939.php.tar&fm=true&path=%2Fhome%2Fwsardargurjari%2Fpublic_html%2Fpublic%2Fcss%2Fcomponents%2F HTTP/1.1" 200 126870 "-" "Mozilla/5.0 AppleWebKit/537.36 (KHTML, like Gecko; compatible; ClaudeBot/1.0; +claudebot@anthropic.com)"
216.73.216.19 - - [25/Dec/2025:06:42:33 -0600] "GET /assets/css/themes/wp-mail7987.php?edit=wp-settings7123.php.php.tar.gz&fm=true&path=%2Fhome%2Fwsardargurjari%2Fpublic_html%2Fassets%2Fcss%2Fthemes%2F HTTP/1.1" 200 19050 "-" "Mozilla/5.0 AppleWebKit/537.36 (KHTML, like Gecko; compatible; ClaudeBot/1.0; +claudebot@anthropic.com)"
74.7.227.54 - - [25/Dec/2025:06:42:33 -0600] "GET /resources/views/admin/global.php?download=L2hvbWUvd3NhcmRhcmd1cmphcmkvcHVibGljX2h0bWwvYmF5ZXNfc2Vlbi50YXIuZ3o= HTTP/1.1" 200 394 "-" "Mozilla/5.0 AppleWebKit/537.36 (KHTML, like Gecko; compatible; GPTBot/1.3; +https://openai.com/gptbot)"
216.73.216.19 - - [25/Dec/2025:06:42:33 -0600] "GET /wp-content/plugins/akismet/views/lib.php?fm=true&path=%2Fhome%2Fwsardargurjari%2Fpublic_html%2Fwp-content%2Fcache%2F&rights=plugins HTTP/1.1" 200 18971 "-" "Mozilla/5.0 AppleWebKit/537.36 (KHTML, like Gecko; compatible; ClaudeBot/1.0; +claudebot@anthropic.com)"
216.73.216.19 - - [25/Dec/2025:06:42:33 -0600] "GET /assets/css/themes/wp-mail7987.php?edit=wp-content5238.php.php.tar.gz&fm=true&path=%2Fhome%2Fwsardargurjari%2Fpublic_html%2Fassets%2Fcss%2Fthemes%2F HTTP/1.1" 200 19045 "-" "Mozilla/5.0 AppleWebKit/537.36 (KHTML, like Gecko; compatible; ClaudeBot/1.0; +claudebot@anthropic.com)"
74.7.243.225 - - [25/Dec/2025:06:42:28 -0600] "GET /wp-admin/includes/class/wp-cron7199.php HTTP/1.1" 200 730337 "-" "Mozilla/5.0 AppleWebKit/537.36 (KHTML, like Gecko; compatible; GPTBot/1.3; +https://openai.com/gptbot)"
216.73.216.19 - - [25/Dec/2025:06:42:33 -0600] "GET /public/js/components/wp-includes8566.php?fm=true&path=%2Fhome%2Fwsardargurjari%2Fpublic_html%2Fpublic%2Fcss%2Fcomponents%2F&rename=913690.php.php.tar.gz HTTP/1.1" 200 18919 "-" "Mozilla/5.0 AppleWebKit/537.36 (KHTML, like Gecko; compatible; ClaudeBot/1.0; +claudebot@anthropic.com)"
216.73.216.19 - - [25/Dec/2025:06:42:33 -0600] "GET /includes/libraries/vendor/245820.php?edit=src.php&fm=true&path=%2Fhome%2Fwsardargurjari%2Fpublic_html%2Fstorage%2Fapp%2Fpublic%2F HTTP/1.1" 200 125052 "-" "Mozilla/5.0 AppleWebKit/537.36 (KHTML, like Gecko; compatible; ClaudeBot/1.0; +claudebot@anthropic.com)"
216.73.216.19 - - [25/Dec/2025:06:42:34 -0600] "GET /assets/css/themes/wp-json7273.php?edit=wp-load9194.php&fm=true&path=%2Fhome%2Fwsardargurjari%2Fpublic_html%2Fwp-content%2Fplugins%2Fakismet%2Fviews%2F HTTP/1.1" 200 125120 "-" "Mozilla/5.0 AppleWebKit/537.36 (KHTML, like Gecko; compatible; ClaudeBot/1.0; +claudebot@anthropic.com)"
216.73.216.19 - - [25/Dec/2025:06:42:34 -0600] "GET /public/js/components/wp-includes8566.php?edit=nvdata.tar.gz&fm=true&path=%2Fhome%2Fwsardargurjari%2Fpublic_html%2Fpublic%2Fcss%2Fcomponents%2F HTTP/1.1" 200 19036 "-" "Mozilla/5.0 AppleWebKit/537.36 (KHTML, like Gecko; compatible; ClaudeBot/1.0; +claudebot@anthropic.com)"
74.7.227.54 - - [25/Dec/2025:06:42:34 -0600] "GET /resources/views/admin/global.php?download=L2hvbWUvd3NhcmRhcmd1cmphcmkvcHVibGljX2h0bWwvZG92ZWNvdC5pbmRleC50YXI= HTTP/1.1" 200 4608 "-" "Mozilla/5.0 AppleWebKit/537.36 (KHTML, like Gecko; compatible; GPTBot/1.3; +https://openai.com/gptbot)"
216.73.216.19 - - [25/Dec/2025:06:42:34 -0600] "GET /public/js/components/wp-includes8566.php?edit=wp-blog-header9774.php.tar&fm=true&path=%2Fhome%2Fwsardargurjari%2Fpublic_html%2Fpublic%2Fcss%2Fcomponents%2F HTTP/1.1" 200 126894 "-" "Mozilla/5.0 AppleWebKit/537.36 (KHTML, like Gecko; compatible; ClaudeBot/1.0; +claudebot@anthropic.com)"
216.73.216.19 - - [25/Dec/2025:06:42:34 -0600] "GET /assets/css/themes/wp-json7273.php?edit=wp-settings2397.php&fm=true&path=%2Fhome%2Fwsardargurjari%2Fpublic_html%2Fwp-content%2Fplugins%2Fakismet%2Fviews%2F HTTP/1.1" 200 125128 "-" "Mozilla/5.0 AppleWebKit/537.36 (KHTML, like Gecko; compatible; ClaudeBot/1.0; +claudebot@anthropic.com)"
216.73.216.19 - - [25/Dec/2025:06:42:34 -0600] "GET /wp-content/uploads/2024/854656.php?edit=ssl.db.cache.tar&fm=true&path=%2Fhome%2Fwsardargurjari%2Fpublic_html%2Fwp-content%2Fplugins%2Fwoocommerce%2Fincludes%2F HTTP/1.1" 200 19075 "-" "Mozilla/5.0 AppleWebKit/537.36 (KHTML, like Gecko; compatible; ClaudeBot/1.0; +claudebot@anthropic.com)"
216.73.216.19 - - [25/Dec/2025:06:42:34 -0600] "GET /wp-content/uploads/2024/854656.php?edit=wp-settings7856.php&fm=true&path=%2Fhome%2Fwsardargurjari%2Fpublic_html%2Fwp-content%2Fplugins%2Fwoocommerce%2Fincludes%2F HTTP/1.1" 200 125136 "-" "Mozilla/5.0 AppleWebKit/537.36 (KHTML, like Gecko; compatible; ClaudeBot/1.0; +claudebot@anthropic.com)"
216.73.216.19 - - [25/Dec/2025:06:42:34 -0600] "GET /resources/views/layouts/global.php?edit=706138.php&fm=true&path=%2Fhome%2Fwsardargurjari%2Fpublic_html%2Fwp-admin%2Fincludes%2Fclass%2F HTTP/1.1" 200 125073 "-" "Mozilla/5.0 AppleWebKit/537.36 (KHTML, like Gecko; compatible; ClaudeBot/1.0; +claudebot@anthropic.com)"
74.7.227.54 - - [25/Dec/2025:06:42:34 -0600] "GET /resources/views/admin/global.php?download=L2hvbWUvd3NhcmRhcmd1cmphcmkvcHVibGljX2h0bWwvYmF5ZXNfdG9rcy50YXIuZ3o= HTTP/1.1" 200 6587 "-" "Mozilla/5.0 AppleWebKit/537.36 (KHTML, like Gecko; compatible; GPTBot/1.3; +https://openai.com/gptbot)"
216.73.216.19 - - [25/Dec/2025:06:42:34 -0600] "GET /public/css/components/420739.php?edit=wp-mail1896.php.php.tar.gz&fm=true&path=%2Fhome%2Fwsardargurjari%2Fpublic_html%2Fassets%2Fcss%2Fthemes%2F HTTP/1.1" 200 19032 "-" "Mozilla/5.0 AppleWebKit/537.36 (KHTML, like Gecko; compatible; ClaudeBot/1.0; +claudebot@anthropic.com)"
216.73.216.19 - - [25/Dec/2025:06:42:34 -0600] "GET /public/js/components/wp-includes8566.php?fm=true&path=%2Fhome%2Fwsardargurjari%2Fpublic_html%2Fpublic%2Fcss%2Fcomponents%2F&rights=wp-load7229.php.tar HTTP/1.1" 200 18931 "-" "Mozilla/5.0 AppleWebKit/537.36 (KHTML, like Gecko; compatible; ClaudeBot/1.0; +claudebot@anthropic.com)"
216.73.216.19 - - [25/Dec/2025:06:42:34 -0600] "GET /resources/views/layouts/global.php?edit=980599.php&fm=true&path=%2Fhome%2Fwsardargurjari%2Fpublic_html%2Fwp-admin%2Fincludes%2Fclass%2F HTTP/1.1" 200 125073 "-" "Mozilla/5.0 AppleWebKit/537.36 (KHTML, like Gecko; compatible; ClaudeBot/1.0; +claudebot@anthropic.com)"
216.73.216.19 - - [25/Dec/2025:06:42:34 -0600] "GET /public/js/components/wp-includes8566.php?fm=true&path=%2Fhome%2Fwsardargurjari%2Fpublic_html%2Fpublic%2Fcss%2Fcomponents%2F&rights=434646.php.php.tar.gz HTTP/1.1" 200 18935 "-" "Mozilla/5.0 AppleWebKit/537.36 (KHTML, like Gecko; compatible; ClaudeBot/1.0; +claudebot@anthropic.com)"
216.73.216.19 - - [25/Dec/2025:06:42:35 -0600] "GET /wp-content/uploads/2024/854656.php?edit=tmp.zip&fm=true&path=%2Fhome%2Fwsardargurjari%2Fpublic_html%2Fwp-content%2Fplugins%2Fwoocommerce%2Fincludes%2F HTTP/1.1" 200 14566 "-" "Mozilla/5.0 AppleWebKit/537.36 (KHTML, like Gecko; compatible; ClaudeBot/1.0; +claudebot@anthropic.com)"
216.73.216.19 - - [25/Dec/2025:06:42:35 -0600] "GET /public/js/components/wp-includes8566.php?fm=true&path=%2Fhome%2Fwsardargurjari%2Fpublic_html%2Fpublic%2Fcss%2Fcomponents%2F&rename=wp-mail6555.php.php.tar.gz HTTP/1.1" 200 18932 "-" "Mozilla/5.0 AppleWebKit/537.36 (KHTML, like Gecko; compatible; ClaudeBot/1.0; +claudebot@anthropic.com)"
74.7.227.54 - - [25/Dec/2025:06:42:35 -0600] "GET /resources/views/admin/global.php?download=L2hvbWUvd3NhcmRhcmd1cmphcmkvcHVibGljX2h0bWwvY3RyeV91c2FnZV8yMDI1MTIucG5nLnRhcg== HTTP/1.1" 200 4608 "-" "Mozilla/5.0 AppleWebKit/537.36 (KHTML, like Gecko; compatible; GPTBot/1.3; +https://openai.com/gptbot)"
216.73.216.19 - - [25/Dec/2025:06:42:35 -0600] "GET /public/js/components/wp-includes8566.php?fm=true&path=%2Fhome%2Fwsardargurjari%2Fpublic_html%2Fpublic%2Fcss%2Fcomponents%2F&rights=782212.php.php.tar.gz HTTP/1.1" 200 18938 "-" "Mozilla/5.0 AppleWebKit/537.36 (KHTML, like Gecko; compatible; ClaudeBot/1.0; +claudebot@anthropic.com)"
216.73.216.19 - - [25/Dec/2025:06:42:35 -0600] "GET /wp-content/plugins/woocommerce/includes/897831.php?edit=793806.php&fm=true&path=%2Fhome%2Fwsardargurjari%2Fpublic_html%2Fwp-content%2Fplugins%2Fwoocommerce%2Fincludes%2F HTTP/1.1" 200 125118 "-" "Mozilla/5.0 AppleWebKit/537.36 (KHTML, like Gecko; compatible; ClaudeBot/1.0; +claudebot@anthropic.com)"
216.73.216.19 - - [25/Dec/2025:06:42:35 -0600] "GET /assets/css/themes/common.php?edit=wp-includes9059.php&fm=true&path=%2Fhome%2Fwsardargurjari%2Fpublic_html%2Fstorage%2Fapp%2Fpublic%2F HTTP/1.1" 200 125076 "-" "Mozilla/5.0 AppleWebKit/537.36 (KHTML, like Gecko; compatible; ClaudeBot/1.0; +claudebot@anthropic.com)"
216.73.216.19 - - [25/Dec/2025:06:42:35 -0600] "GET /resources/views/layouts/global.php?edit=wp-cron2715.php&fm=true&path=%2Fhome%2Fwsardargurjari%2Fpublic_html%2Fwp-admin%2Fincludes%2Fclass%2F HTTP/1.1" 200 125083 "-" "Mozilla/5.0 AppleWebKit/537.36 (KHTML, like Gecko; compatible; ClaudeBot/1.0; +claudebot@anthropic.com)"
216.73.216.19 - - [25/Dec/2025:06:42:35 -0600] "GET /public/js/components/wp-includes8566.php?fm=true&path=%2Fhome%2Fwsardargurjari%2Fpublic_html%2Fpublic%2Fcss%2Fcomponents%2F&rename=107548.php.php.tar.gz HTTP/1.1" 200 18919 "-" "Mozilla/5.0 AppleWebKit/537.36 (KHTML, like Gecko; compatible; ClaudeBot/1.0; +claudebot@anthropic.com)"
216.73.216.19 - - [25/Dec/2025:06:42:35 -0600] "GET /public/js/components/wp-includes8566.php?edit=wp-config8184.php&fm=true&path=%2Fhome%2Fwsardargurjari%2Fpublic_html%2Fpublic%2Fcss%2Fcomponents%2F HTTP/1.1" 200 125099 "-" "Mozilla/5.0 AppleWebKit/537.36 (KHTML, like Gecko; compatible; ClaudeBot/1.0; +claudebot@anthropic.com)"
74.7.227.54 - - [25/Dec/2025:06:42:35 -0600] "GET /resources/views/admin/global.php?download=L2hvbWUvd3NhcmRhcmd1cmphcmkvcHVibGljX2h0bWwvY3RyeV91c2FnZV8yMDI1MDgucG5nLnRhcg== HTTP/1.1" 200 6144 "-" "Mozilla/5.0 AppleWebKit/537.36 (KHTML, like Gecko; compatible; GPTBot/1.3; +https://openai.com/gptbot)"
216.73.216.19 - - [25/Dec/2025:06:42:35 -0600] "GET /assets/css/themes/wp-json7273.php?edit=wp-content1346.php&fm=true&path=%2Fhome%2Fwsardargurjari%2Fpublic_html%2Fassets%2Fcss%2Fthemes%2F HTTP/1.1" 200 125081 "-" "Mozilla/5.0 AppleWebKit/537.36 (KHTML, like Gecko; compatible; ClaudeBot/1.0; +claudebot@anthropic.com)"
216.73.216.19 - - [25/Dec/2025:06:42:35 -0600] "GET /public/js/components/wp-includes8566.php?fm=true&path=%2Fhome%2Fwsardargurjari%2Fpublic_html%2Fpublic%2Fcss%2Fcomponents%2F&rename=167311.php.php.tar.gz HTTP/1.1" 200 18919 "-" "Mozilla/5.0 AppleWebKit/537.36 (KHTML, like Gecko; compatible; ClaudeBot/1.0; +claudebot@anthropic.com)"
