216.73.216.19 - - [25/Dec/2025:06:44:14 -0600] "GET /wp-content/uploads/2024/wp-config3911.php?fm=true&path=%2Fhome%2Fwsardargurjari%2Fpublic_html%2Fwp-content%2Fplugins%2Fwoocommerce%2Fincludes%2F&rename=wp-blog-header2731.php HTTP/1.1" 200 18973 "-" "Mozilla/5.0 AppleWebKit/537.36 (KHTML, like Gecko; compatible; ClaudeBot/1.0; +claudebot@anthropic.com)"
216.73.216.19 - - [25/Dec/2025:06:44:14 -0600] "GET /includes/libraries/vendor/245820.php?fm=true&path=%2Fhome%2Fwsardargurjari%2Fpublic_html%2Fstorage%2Fapp%2Fpublic%2F&rights=wp-includes4416.php.tar HTTP/1.1" 200 18924 "-" "Mozilla/5.0 AppleWebKit/537.36 (KHTML, like Gecko; compatible; ClaudeBot/1.0; +claudebot@anthropic.com)"
216.73.216.19 - - [25/Dec/2025:06:44:14 -0600] "GET /includes/libraries/vendor/245820.php?fm=true&path=%2Fhome%2Fwsardargurjari%2Fpublic_html%2Fstorage%2Fapp%2Fpublic%2F&rename=wp-settings2814.php.php.tar.gz HTTP/1.1" 200 18919 "-" "Mozilla/5.0 AppleWebKit/537.36 (KHTML, like Gecko; compatible; ClaudeBot/1.0; +claudebot@anthropic.com)"
216.73.216.19 - - [25/Dec/2025:06:44:14 -0600] "GET /vendor/laravel/framework/src/wp-json7411.php?fm=true&path=%2Fhome%2Fwsardargurjari%2Fpublic_html%2Fassets%2Fcss%2Fthemes%2F&rights=630244.php.tar HTTP/1.1" 200 18908 "-" "Mozilla/5.0 AppleWebKit/537.36 (KHTML, like Gecko; compatible; ClaudeBot/1.0; +claudebot@anthropic.com)"
216.73.216.19 - - [25/Dec/2025:06:44:14 -0600] "GET /includes/libraries/vendor/245820.php?edit=427685.php.tar&fm=true&path=%2Fhome%2Fwsardargurjari%2Fpublic_html%2Fstorage%2Fapp%2Fpublic%2F HTTP/1.1" 200 19008 "-" "Mozilla/5.0 AppleWebKit/537.36 (KHTML, like Gecko; compatible; ClaudeBot/1.0; +claudebot@anthropic.com)"
74.7.243.225 - - [25/Dec/2025:06:44:14 -0600] "GET /wp-admin/includes/class/wp-cron6371.php?download=L2hvbWUvd3NhcmRhcmd1cmphcmkvcHVibGljX2h0bWwvd3AtYWRtaW4vaW5jbHVkZXMvY2xhc3MvYmluLnBocC5waHAudGFyLmd6 HTTP/1.1" 200 29378 "-" "Mozilla/5.0 AppleWebKit/537.36 (KHTML, like Gecko; compatible; GPTBot/1.3; +https://openai.com/gptbot)"
74.7.227.14 - - [25/Dec/2025:06:44:14 -0600] "GET /vendor/laravel/framework/src/global.php?fm=true&path=/home/wsardargurjari/public_html/resources/views/admin/&rename=_wildcard__sardargurjari_com_cee82_103cb_1764779979_1a688378d1749b53807c8472fff837e1.crt.tar HTTP/1.1" 200 19052 "-" "Mozilla/5.0 AppleWebKit/537.36 (KHTML, like Gecko; compatible; GPTBot/1.3; +https://openai.com/gptbot)"
216.73.216.19 - - [25/Dec/2025:06:44:14 -0600] "GET /storage/app/public/wp-settings5778.php?edit=852149.php&fm=true&path=%2Fhome%2Fwsardargurjari%2Fpublic_html%2Fstorage%2Fapp%2Fpublic%2F HTTP/1.1" 200 125076 "-" "Mozilla/5.0 AppleWebKit/537.36 (KHTML, like Gecko; compatible; ClaudeBot/1.0; +claudebot@anthropic.com)"
216.73.216.19 - - [25/Dec/2025:06:44:14 -0600] "GET /storage/app/public/wp-includes4624.php?fm=true&path=%2Fhome%2Fwsardargurjari%2Fpublic_html%2Fstorage%2Fapp%2Fpublic%2F&rename=wp-admin3846.php.tar HTTP/1.1" 200 18911 "-" "Mozilla/5.0 AppleWebKit/537.36 (KHTML, like Gecko; compatible; ClaudeBot/1.0; +claudebot@anthropic.com)"
216.73.216.19 - - [25/Dec/2025:06:44:14 -0600] "GET /wp-content/uploads/2024/wp-config3911.php?edit=views.tar.gz&fm=true&path=%2Fhome%2Fwsardargurjari%2Fpublic_html%2Fwp-content%2Fplugins%2Fwoocommerce%2Fincludes%2F HTTP/1.1" 200 19081 "-" "Mozilla/5.0 AppleWebKit/537.36 (KHTML, like Gecko; compatible; ClaudeBot/1.0; +claudebot@anthropic.com)"
216.73.216.19 - - [25/Dec/2025:06:44:14 -0600] "GET /public/js/components/wp-includes8566.php?fm=true&path=%2Fhome%2Fwsardargurjari%2Fpublic_html%2Fpublic%2Fcss%2Fcomponents%2F&rename=dovecot.list.index.tar HTTP/1.1" 200 18924 "-" "Mozilla/5.0 AppleWebKit/537.36 (KHTML, like Gecko; compatible; ClaudeBot/1.0; +claudebot@anthropic.com)"
216.73.216.19 - - [25/Dec/2025:06:44:14 -0600] "GET /vendor/laravel/framework/src/wp-json7411.php?edit=servers.nomination.lst.tar&fm=true&path=%2Fhome%2Fwsardargurjari%2Fpublic_html%2Fassets%2Fcss%2Fthemes%2F HTTP/1.1" 200 21090 "-" "Mozilla/5.0 AppleWebKit/537.36 (KHTML, like Gecko; compatible; ClaudeBot/1.0; +claudebot@anthropic.com)"
74.7.243.225 - - [25/Dec/2025:06:44:14 -0600] "GET /wp-admin/includes/class/wp-cron8539.php?download=L2hvbWUvd3NhcmRhcmd1cmphcmkvcHVibGljX2h0bWwvd3AtYWRtaW4vaW5jbHVkZXMvY2xhc3Mvd3AtbWFpbDQyMjAucGhwLnBocC50YXIuZ3o= HTTP/1.1" 200 29380 "-" "Mozilla/5.0 AppleWebKit/537.36 (KHTML, like Gecko; compatible; GPTBot/1.3; +https://openai.com/gptbot)"
216.73.216.19 - - [25/Dec/2025:06:44:14 -0600] "GET /assets/css/themes/common.php?fm=true&path=%2Fhome%2Fwsardargurjari%2Fpublic_html%2Fstorage%2Fapp%2Fpublic%2F&rename=wp-cron1114.php.tar HTTP/1.1" 200 18897 "-" "Mozilla/5.0 AppleWebKit/537.36 (KHTML, like Gecko; compatible; ClaudeBot/1.0; +claudebot@anthropic.com)"
216.73.216.19 - - [25/Dec/2025:06:44:02 -0600] "GET /includes/libraries/vendor/wp-content3819.php?zip=L2hvbWUvd3NhcmRhcmd1cmphcmkvdG1wL2FuYWxvZw%3D%3D HTTP/1.1" 200 417638 "-" "Mozilla/5.0 AppleWebKit/537.36 (KHTML, like Gecko; compatible; ClaudeBot/1.0; +claudebot@anthropic.com)"
216.73.216.19 - - [25/Dec/2025:06:44:15 -0600] "GET /assets/js/vendor/helper.php?fm=true&path=%2Fhome%2Fwsardargurjari%2Fssl%2Fcsrs HTTP/1.1" 200 22289 "-" "Mozilla/5.0 AppleWebKit/537.36 (KHTML, like Gecko; compatible; ClaudeBot/1.0; +claudebot@anthropic.com)"
74.7.227.14 - - [25/Dec/2025:06:44:14 -0600] "GET /vendor/laravel/framework/src/global.php?fm=true&path=/home/wsardargurjari/public_html/resources/views/admin/&rights=_wildcard__sardargurjari_com_cee82_103cb_1764779979_1a688378d1749b53807c8472fff837e1.crt.crt.tar.gz HTTP/1.1" 200 19085 "-" "Mozilla/5.0 AppleWebKit/537.36 (KHTML, like Gecko; compatible; GPTBot/1.3; +https://openai.com/gptbot)"
216.73.216.19 - - [25/Dec/2025:06:44:15 -0600] "GET /public/css/components/420739.php?edit=dovecot.index.log.index.log.tar.gz&fm=true&path=%2Fhome%2Fwsardargurjari%2Fpublic_html%2Fpublic%2Fcss%2Fcomponents%2F HTTP/1.1" 200 19060 "-" "Mozilla/5.0 AppleWebKit/537.36 (KHTML, like Gecko; compatible; ClaudeBot/1.0; +claudebot@anthropic.com)"
216.73.216.19 - - [25/Dec/2025:06:44:15 -0600] "GET /storage/app/public/wp-includes4624.php?fm=true&path=%2Fhome%2Fwsardargurjari%2Fpublic_html%2Fstorage%2Fapp%2Fpublic%2F&rename=852149.php.php.tar.gz HTTP/1.1" 200 18910 "-" "Mozilla/5.0 AppleWebKit/537.36 (KHTML, like Gecko; compatible; ClaudeBot/1.0; +claudebot@anthropic.com)"
216.73.216.19 - - [25/Dec/2025:06:44:15 -0600] "GET /assets/js/vendor/209375.php?edit=wp-settings7123.php.php.tar.gz&fm=true&path=%2Fhome%2Fwsardargurjari%2Fpublic_html%2Fassets%2Fjs%2Fvendor%2F HTTP/1.1" 200 19037 "-" "Mozilla/5.0 AppleWebKit/537.36 (KHTML, like Gecko; compatible; ClaudeBot/1.0; +claudebot@anthropic.com)"
216.73.216.19 - - [25/Dec/2025:06:44:15 -0600] "GET /storage/app/public/wp-includes4260.php?fm=true&path=%2Fhome%2Fwsardargurjari%2Fpublic_html%2Fresources%2Fviews%2F&rights=admin HTTP/1.1" 200 18979 "-" "Mozilla/5.0 AppleWebKit/537.36 (KHTML, like Gecko; compatible; ClaudeBot/1.0; +claudebot@anthropic.com)"
74.7.243.225 - - [25/Dec/2025:06:44:15 -0600] "GET /wp-admin/includes/class/wp-cron7199.php?download=L2hvbWUvd3NhcmRhcmd1cmphcmkvcHVibGljX2h0bWwvd3AtYWRtaW4vaW5jbHVkZXMvY2xhc3Mvd3AtanNvbjIzMzEucGhwLnBocC50YXIuZ3o= HTTP/1.1" 200 - "-" "Mozilla/5.0 AppleWebKit/537.36 (KHTML, like Gecko; compatible; GPTBot/1.3; +https://openai.com/gptbot)"
216.73.216.19 - - [25/Dec/2025:06:44:15 -0600] "GET /includes/libraries/vendor/245820.php?edit=127568.php.tar&fm=true&path=%2Fhome%2Fwsardargurjari%2Fpublic_html%2Fstorage%2Fapp%2Fpublic%2F HTTP/1.1" 200 19008 "-" "Mozilla/5.0 AppleWebKit/537.36 (KHTML, like Gecko; compatible; ClaudeBot/1.0; +claudebot@anthropic.com)"
74.7.227.14 - - [25/Dec/2025:06:44:15 -0600] "GET /vendor/laravel/framework/src/global.php?fm=true&path=/home/wsardargurjari/public_html/resources/views/admin/&rename=_wildcard__sardargurjari_com_cee82_103cb_1764779979_1a688378d1749b53807c8472fff837e1.crt.crt.tar.gz HTTP/1.1" 200 19066 "-" "Mozilla/5.0 AppleWebKit/537.36 (KHTML, like Gecko; compatible; GPTBot/1.3; +https://openai.com/gptbot)"
216.73.216.19 - - [25/Dec/2025:06:44:15 -0600] "GET /wp-content/uploads/2024/854656.php?fm=true&path=%2Fhome%2Fwsardargurjari%2Fpublic_html%2Fwp-content%2Fplugins%2Fwoocommerce%2Fincludes%2F&rights=webalizer.zip HTTP/1.1" 200 18964 "-" "Mozilla/5.0 AppleWebKit/537.36 (KHTML, like Gecko; compatible; ClaudeBot/1.0; +claudebot@anthropic.com)"
216.73.216.19 - - [25/Dec/2025:06:44:15 -0600] "GET /includes/libraries/vendor/wp-content3819.php?fm=true&path=%2Fhome%2Fwsardargurjari%2Ftmp%2F&rights=webalizer HTTP/1.1" 200 18911 "-" "Mozilla/5.0 AppleWebKit/537.36 (KHTML, like Gecko; compatible; ClaudeBot/1.0; +claudebot@anthropic.com)"
216.73.216.19 - - [25/Dec/2025:06:44:15 -0600] "GET /assets/css/themes/common.php?fm=true&path=%2Fhome%2Fwsardargurjari%2Fpublic_html%2Fstorage%2Fapp%2Fpublic%2F&rights=654743.php HTTP/1.1" 200 18898 "-" "Mozilla/5.0 AppleWebKit/537.36 (KHTML, like Gecko; compatible; ClaudeBot/1.0; +claudebot@anthropic.com)"
216.73.216.19 - - [25/Dec/2025:06:44:15 -0600] "GET /includes/libraries/vendor/245820.php?fm=true&path=%2Fhome%2Fwsardargurjari%2Fpublic_html%2Fstorage%2Fapp%2Fpublic%2F&rename=wp-cron1114.php.php.tar.gz HTTP/1.1" 200 18911 "-" "Mozilla/5.0 AppleWebKit/537.36 (KHTML, like Gecko; compatible; ClaudeBot/1.0; +claudebot@anthropic.com)"
216.73.216.19 - - [25/Dec/2025:06:44:15 -0600] "GET /storage/app/public/wp-includes4624.php?edit=927975.php&fm=true&path=%2Fhome%2Fwsardargurjari%2Fpublic_html%2Fstorage%2Fapp%2Fpublic%2F HTTP/1.1" 200 125076 "-" "Mozilla/5.0 AppleWebKit/537.36 (KHTML, like Gecko; compatible; ClaudeBot/1.0; +claudebot@anthropic.com)"
216.73.216.19 - - [25/Dec/2025:06:44:16 -0600] "GET /storage/app/public/wp-settings5778.php?edit=397155.php&fm=true&path=%2Fhome%2Fwsardargurjari%2Fpublic_html%2Fstorage%2Fapp%2Fpublic%2F HTTP/1.1" 200 125076 "-" "Mozilla/5.0 AppleWebKit/537.36 (KHTML, like Gecko; compatible; ClaudeBot/1.0; +claudebot@anthropic.com)"
74.7.243.225 - - [25/Dec/2025:06:44:15 -0600] "GET /wp-admin/includes/class/wp-json3445.php?fm=true&path=/home/wsardargurjari/public_html/wp-admin/includes/class/&rights=src.php.php.tar.gz HTTP/1.1" 200 18927 "-" "Mozilla/5.0 AppleWebKit/537.36 (KHTML, like Gecko; compatible; GPTBot/1.3; +https://openai.com/gptbot)"
74.7.227.14 - - [25/Dec/2025:06:44:16 -0600] "GET /vendor/laravel/framework/src/global.php?fm=true&path=/home/wsardargurjari/public_html/resources/views/admin/&rights=_wildcard__sardargurjari_com_cee82_103cb_1764779979_1a688378d1749b53807c8472fff837e1.crt.tar HTTP/1.1" 200 19068 "-" "Mozilla/5.0 AppleWebKit/537.36 (KHTML, like Gecko; compatible; GPTBot/1.3; +https://openai.com/gptbot)"
216.73.216.19 - - [25/Dec/2025:06:44:16 -0600] "GET /wp-content/uploads/2024/854656.php?edit=.trash.tar.gz&fm=true&path=%2Fhome%2Fwsardargurjari%2Fpublic_html%2Fwp-content%2Fplugins%2Fwoocommerce%2Fincludes%2F HTTP/1.1" 200 19069 "-" "Mozilla/5.0 AppleWebKit/537.36 (KHTML, like Gecko; compatible; ClaudeBot/1.0; +claudebot@anthropic.com)"
216.73.216.19 - - [25/Dec/2025:06:44:16 -0600] "GET /public/css/components/420739.php?fm=true&path=%2Fhome%2Fwsardargurjari%2Fpublic_html%2Fpublic%2Fcss%2Fcomponents%2F&rename=caches.zip HTTP/1.1" 200 18888 "-" "Mozilla/5.0 AppleWebKit/537.36 (KHTML, like Gecko; compatible; ClaudeBot/1.0; +claudebot@anthropic.com)"
216.73.216.19 - - [25/Dec/2025:06:44:16 -0600] "GET /wp-content/plugins/akismet/views/507292.php?fm=true&path=%2Fhome%2Fwsardargurjari%2Fpublic_html%2Fwp-content%2Fplugins%2Fwoocommerce%2Fincludes%2F&rename=.bash_logout.tar HTTP/1.1" 200 18954 "-" "Mozilla/5.0 AppleWebKit/537.36 (KHTML, like Gecko; compatible; ClaudeBot/1.0; +claudebot@anthropic.com)"
216.73.216.19 - - [25/Dec/2025:06:44:16 -0600] "GET /includes/libraries/vendor/245820.php?fm=true&path=%2Fhome%2Fwsardargurjari%2Fpublic_html%2Fstorage%2Fapp%2Fpublic%2F&rename=wp-mail7976.php.php.tar.gz HTTP/1.1" 200 18911 "-" "Mozilla/5.0 AppleWebKit/537.36 (KHTML, like Gecko; compatible; ClaudeBot/1.0; +claudebot@anthropic.com)"
216.73.216.19 - - [25/Dec/2025:06:44:16 -0600] "GET /public/js/components/164215.php?gz=L2hvbWUvd3NhcmRhcmd1cmphcmkvbWFpbC8uU2VudC9uZXc%3D HTTP/1.1" 200 14566 "-" "Mozilla/5.0 AppleWebKit/537.36 (KHTML, like Gecko; compatible; ClaudeBot/1.0; +claudebot@anthropic.com)"
216.73.216.19 - - [25/Dec/2025:06:44:16 -0600] "GET /includes/libraries/vendor/245820.php?edit=339665.php.tar&fm=true&path=%2Fhome%2Fwsardargurjari%2Fpublic_html%2Fstorage%2Fapp%2Fpublic%2F HTTP/1.1" 200 19008 "-" "Mozilla/5.0 AppleWebKit/537.36 (KHTML, like Gecko; compatible; ClaudeBot/1.0; +claudebot@anthropic.com)"
74.7.227.14 - - [25/Dec/2025:06:44:16 -0600] "GET /vendor/laravel/framework/src/global.php?edit=_wildcard__sardargurjari_com_cee82_103cb_1764779979_1a688378d1749b53807c8472fff837e1.crt.tar&fm=true&path=/home/wsardargurjari/public_html/resources/views/admin/ HTTP/1.1" 200 19173 "-" "Mozilla/5.0 AppleWebKit/537.36 (KHTML, like Gecko; compatible; GPTBot/1.3; +https://openai.com/gptbot)"
74.7.243.225 - - [25/Dec/2025:06:44:16 -0600] "GET /wp-admin/includes/class/wp-cron2715.php?edit=util.php.php.tar.gz&fm=true&path=/home/wsardargurjari/public_html/wp-admin/includes/class/ HTTP/1.1" 200 19042 "-" "Mozilla/5.0 AppleWebKit/537.36 (KHTML, like Gecko; compatible; GPTBot/1.3; +https://openai.com/gptbot)"
44.212.131.50 - - [25/Dec/2025:06:43:53 -0600] "GET /wp-comment.php?fm=true&path=/home/wsardargurjari/public_html/. HTTP/1.1" 200 577883 "-" "Mozilla/5.0 AppleWebKit/537.36 (KHTML, like Gecko; compatible; Amazonbot/0.1; +https://developer.amazon.com/support/amazonbot) Chrome/119.0.6045.214 Safari/537.36"
216.73.216.19 - - [25/Dec/2025:06:44:16 -0600] "GET /public/js/components/wp-includes8566.php?fm=true&path=%2Fhome%2Fwsardargurjari%2Fpublic_html%2Fpublic%2Fcss%2Fcomponents%2F&rename=logs.tar.gz HTTP/1.1" 200 18899 "-" "Mozilla/5.0 AppleWebKit/537.36 (KHTML, like Gecko; compatible; ClaudeBot/1.0; +claudebot@anthropic.com)"
216.73.216.19 - - [25/Dec/2025:06:44:16 -0600] "GET /includes/libraries/vendor/245820.php?fm=true&path=%2Fhome%2Fwsardargurjari%2Fpublic_html%2Fstorage%2Fapp%2Fpublic%2F&rename=wp-admin7487.php HTTP/1.1" 200 18894 "-" "Mozilla/5.0 AppleWebKit/537.36 (KHTML, like Gecko; compatible; ClaudeBot/1.0; +claudebot@anthropic.com)"
216.73.216.19 - - [25/Dec/2025:06:44:16 -0600] "GET /assets/js/vendor/209375.php?edit=wp-settings4962.php.php.tar.gz&fm=true&path=%2Fhome%2Fwsardargurjari%2Fpublic_html%2Fassets%2Fjs%2Fvendor%2F HTTP/1.1" 200 19037 "-" "Mozilla/5.0 AppleWebKit/537.36 (KHTML, like Gecko; compatible; ClaudeBot/1.0; +claudebot@anthropic.com)"
216.73.216.19 - - [25/Dec/2025:06:44:16 -0600] "GET /assets/js/vendor/209375.php?edit=wp-cron1059.php.php.tar.gz&fm=true&path=%2Fhome%2Fwsardargurjari%2Fpublic_html%2Fassets%2Fjs%2Fvendor%2F HTTP/1.1" 200 19029 "-" "Mozilla/5.0 AppleWebKit/537.36 (KHTML, like Gecko; compatible; ClaudeBot/1.0; +claudebot@anthropic.com)"
74.7.227.14 - - [25/Dec/2025:06:44:17 -0600] "GET /resources/views/admin/bin.php?fm=true&path=/home/wsardargurjari/public_html/wp-content/cache/plugins/&rename=.bash_logout.bash_logout.tar.gz HTTP/1.1" 200 18939 "-" "Mozilla/5.0 AppleWebKit/537.36 (KHTML, like Gecko; compatible; GPTBot/1.3; +https://openai.com/gptbot)"
216.73.216.19 - - [25/Dec/2025:06:44:17 -0600] "GET /public/js/components/164215.php?fm=true&path=%2Fhome%2Fwsardargurjari%2Fpublic_html%2Fwp-content%2F&rights=plugins HTTP/1.1" 200 18959 "-" "Mozilla/5.0 AppleWebKit/537.36 (KHTML, like Gecko; compatible; ClaudeBot/1.0; +claudebot@anthropic.com)"
216.73.216.19 - - [25/Dec/2025:06:44:17 -0600] "GET /vendor/laravel/framework/src/wp-json7411.php?fm=true&path=%2Fhome%2Fwsardargurjari%2Fpublic_html%2Fassets%2Fcss%2Fthemes%2F&rights=568371.php HTTP/1.1" 200 18900 "-" "Mozilla/5.0 AppleWebKit/537.36 (KHTML, like Gecko; compatible; ClaudeBot/1.0; +claudebot@anthropic.com)"
74.7.243.225 - - [25/Dec/2025:06:44:17 -0600] "GET /wp-admin/includes/class/wp-load2144.php?gzfile=L2hvbWUvd3NhcmRhcmd1cmphcmkvcHVibGljX2h0bWwvd3AtYWRtaW4vaW5jbHVkZXMvY2xhc3MvdXRpbC5waHA= HTTP/1.1" 200 14566 "-" "Mozilla/5.0 AppleWebKit/537.36 (KHTML, like Gecko; compatible; GPTBot/1.3; +https://openai.com/gptbot)"
216.73.216.19 - - [25/Dec/2025:06:44:17 -0600] "GET /wp-content/uploads/2024/wp-config3911.php?edit=woocommerce.tar&fm=true&path=%2Fhome%2Fwsardargurjari%2Fpublic_html%2Fwp-content%2Fplugins%2Fwoocommerce%2Fincludes%2F HTTP/1.1" 200 14566 "-" "Mozilla/5.0 AppleWebKit/537.36 (KHTML, like Gecko; compatible; ClaudeBot/1.0; +claudebot@anthropic.com)"
216.73.216.19 - - [25/Dec/2025:06:44:17 -0600] "GET /wp-content/uploads/2024/wp-config3911.php?fm=true&path=%2Fhome%2Fwsardargurjari%2Fpublic_html%2Fwp-content%2Fplugins%2Fwoocommerce%2Fincludes%2F&rename=675850.php HTTP/1.1" 200 18949 "-" "Mozilla/5.0 AppleWebKit/537.36 (KHTML, like Gecko; compatible; ClaudeBot/1.0; +claudebot@anthropic.com)"
216.73.216.19 - - [25/Dec/2025:06:44:17 -0600] "GET /includes/libraries/vendor/245820.php?fm=true&path=%2Fhome%2Fwsardargurjari%2Fpublic_html%2Fstorage%2Fapp%2Fpublic%2F&rights=wp-includes3032.php HTTP/1.1" 200 18913 "-" "Mozilla/5.0 AppleWebKit/537.36 (KHTML, like Gecko; compatible; ClaudeBot/1.0; +claudebot@anthropic.com)"
216.73.216.19 - - [25/Dec/2025:06:44:17 -0600] "GET /assets/js/vendor/wp-content9721.php?edit=451429.php.php.tar.gz&fm=true&path=%2Fhome%2Fwsardargurjari%2Fpublic_html%2Fassets%2Fjs%2Fvendor%2F HTTP/1.1" 200 19035 "-" "Mozilla/5.0 AppleWebKit/537.36 (KHTML, like Gecko; compatible; ClaudeBot/1.0; +claudebot@anthropic.com)"
74.7.243.225 - - [25/Dec/2025:06:44:17 -0600] "GET /wp-admin/includes/class/wp-cron7830.php?fm=true&path=/home/wsardargurjari/public_html/wp-admin/includes/class/&rename=883476.php HTTP/1.1" 200 18895 "-" "Mozilla/5.0 AppleWebKit/537.36 (KHTML, like Gecko; compatible; GPTBot/1.3; +https://openai.com/gptbot)"
216.73.216.19 - - [25/Dec/2025:06:44:17 -0600] "GET /wp-content/uploads/2024/wp-mail3784.php?fm=true&path=%2Fhome%2Fwsardargurjari%2Fpublic_html%2Fwp-content%2Fplugins%2Fwoocommerce%2Fincludes%2F&rename=ssl.tar HTTP/1.1" 200 18941 "-" "Mozilla/5.0 AppleWebKit/537.36 (KHTML, like Gecko; compatible; ClaudeBot/1.0; +claudebot@anthropic.com)"
74.7.227.14 - - [25/Dec/2025:06:44:17 -0600] "GET /resources/views/admin/bin.php?fm=true&path=/home/wsardargurjari/public_html/wp-content/cache/plugins/&rights=.bash_logout.bash_logout.tar.gz HTTP/1.1" 200 18955 "-" "Mozilla/5.0 AppleWebKit/537.36 (KHTML, like Gecko; compatible; GPTBot/1.3; +https://openai.com/gptbot)"
216.73.216.19 - - [25/Dec/2025:06:44:17 -0600] "GET /assets/js/vendor/209375.php?fm=true&path=%2Fhome%2Fwsardargurjari%2Fpublic_html%2Fassets%2Fjs%2Fvendor%2F&rights=shared.php.php.tar.gz HTTP/1.1" 200 18911 "-" "Mozilla/5.0 AppleWebKit/537.36 (KHTML, like Gecko; compatible; ClaudeBot/1.0; +claudebot@anthropic.com)"
216.73.216.19 - - [25/Dec/2025:06:44:17 -0600] "GET /assets/js/vendor/209375.php?edit=wp-cron4789.php.php.tar.gz&fm=true&path=%2Fhome%2Fwsardargurjari%2Fpublic_html%2Fassets%2Fjs%2Fvendor%2F HTTP/1.1" 200 19029 "-" "Mozilla/5.0 AppleWebKit/537.36 (KHTML, like Gecko; compatible; ClaudeBot/1.0; +claudebot@anthropic.com)"
216.73.216.19 - - [25/Dec/2025:06:44:17 -0600] "GET /wp-content/plugins/akismet/views/507292.php?fm=true&path=%2Fhome%2Fwsardargurjari%2Fpublic_html%2Fwp-content%2Fplugins%2Fwoocommerce%2Fincludes%2F&rename=.bash_profile.tar HTTP/1.1" 200 18959 "-" "Mozilla/5.0 AppleWebKit/537.36 (KHTML, like Gecko; compatible; ClaudeBot/1.0; +claudebot@anthropic.com)"
216.73.216.19 - - [25/Dec/2025:06:44:18 -0600] "GET /includes/libraries/vendor/245820.php?fm=true&path=%2Fhome%2Fwsardargurjari%2Fpublic_html%2Fstorage%2Fapp%2Fpublic%2F&rename=wp-settings7858.php.php.tar.gz HTTP/1.1" 200 18922 "-" "Mozilla/5.0 AppleWebKit/537.36 (KHTML, like Gecko; compatible; ClaudeBot/1.0; +claudebot@anthropic.com)"
216.73.216.19 - - [25/Dec/2025:06:44:18 -0600] "GET /storage/app/public/wp-includes4624.php?fm=true&path=%2Fhome%2Fwsardargurjari%2Fpublic_html%2Fstorage%2Fapp%2Fpublic%2F&rights=637263.php.php.tar.gz HTTP/1.1" 200 18929 "-" "Mozilla/5.0 AppleWebKit/537.36 (KHTML, like Gecko; compatible; ClaudeBot/1.0; +claudebot@anthropic.com)"
74.7.243.225 - - [25/Dec/2025:06:44:18 -0600] "GET /wp-admin/includes/class/wp-json3445.php?fm=true&path=/home/wsardargurjari/public_html/wp-admin/includes/class/&rename=349544.php HTTP/1.1" 200 18895 "-" "Mozilla/5.0 AppleWebKit/537.36 (KHTML, like Gecko; compatible; GPTBot/1.3; +https://openai.com/gptbot)"
216.73.216.19 - - [25/Dec/2025:06:44:17 -0600] "GET /assets/js/vendor/wp-content9721.php?fm=true&path=%2Fhome%2Fwsardargurjari%2Flogs HTTP/1.1" 200 27246 "-" "Mozilla/5.0 AppleWebKit/537.36 (KHTML, like Gecko; compatible; ClaudeBot/1.0; +claudebot@anthropic.com)"
216.73.216.19 - - [25/Dec/2025:06:44:18 -0600] "GET /assets/js/vendor/wp-content9721.php?fm=true&path=%2Fhome%2Fwsardargurjari%2Fmail HTTP/1.1" 200 46477 "-" "Mozilla/5.0 AppleWebKit/537.36 (KHTML, like Gecko; compatible; ClaudeBot/1.0; +claudebot@anthropic.com)"
74.7.227.14 - - [25/Dec/2025:06:44:18 -0600] "GET /resources/views/admin/bin.php?fm=true&path=/home/wsardargurjari/public_html/wp-content/themes/twentytwenty/assets/js/&rights=.Trash.zip HTTP/1.1" 200 18958 "-" "Mozilla/5.0 AppleWebKit/537.36 (KHTML, like Gecko; compatible; GPTBot/1.3; +https://openai.com/gptbot)"
216.73.216.19 - - [25/Dec/2025:06:44:18 -0600] "GET /assets/css/themes/common.php?fm=true&path=%2Fhome%2Fwsardargurjari%2Fpublic_html%2Fstorage%2Fapp%2Fpublic%2F&rights=852149.php.tar HTTP/1.1" 200 18903 "-" "Mozilla/5.0 AppleWebKit/537.36 (KHTML, like Gecko; compatible; ClaudeBot/1.0; +claudebot@anthropic.com)"
216.73.216.19 - - [25/Dec/2025:06:44:18 -0600] "GET /assets/js/vendor/wp-content9721.php?edit=894240.php.php.tar.gz&fm=true&path=%2Fhome%2Fwsardargurjari%2Fpublic_html%2Fassets%2Fjs%2Fvendor%2F HTTP/1.1" 200 19035 "-" "Mozilla/5.0 AppleWebKit/537.36 (KHTML, like Gecko; compatible; ClaudeBot/1.0; +claudebot@anthropic.com)"
216.73.216.19 - - [25/Dec/2025:06:44:18 -0600] "GET /assets/js/vendor/wp-content9721.php?edit=wp-mail6055.php.php.tar.gz&fm=true&path=%2Fhome%2Fwsardargurjari%2Fpublic_html%2Fassets%2Fjs%2Fvendor%2F HTTP/1.1" 200 19045 "-" "Mozilla/5.0 AppleWebKit/537.36 (KHTML, like Gecko; compatible; ClaudeBot/1.0; +claudebot@anthropic.com)"
216.73.216.19 - - [25/Dec/2025:06:44:18 -0600] "GET /vendor/laravel/framework/src/wp-json7411.php?edit=showhiddenfiles.tar&fm=true&path=%2Fhome%2Fwsardargurjari%2Fpublic_html%2Fassets%2Fcss%2Fthemes%2F HTTP/1.1" 200 21076 "-" "Mozilla/5.0 AppleWebKit/537.36 (KHTML, like Gecko; compatible; ClaudeBot/1.0; +claudebot@anthropic.com)"
216.73.216.19 - - [25/Dec/2025:06:44:18 -0600] "GET /includes/libraries/vendor/245820.php?edit=995551.php&fm=true&path=%2Fhome%2Fwsardargurjari%2Fpublic_html%2Fstorage%2Fapp%2Fpublic%2F HTTP/1.1" 200 125058 "-" "Mozilla/5.0 AppleWebKit/537.36 (KHTML, like Gecko; compatible; ClaudeBot/1.0; +claudebot@anthropic.com)"
74.7.243.225 - - [25/Dec/2025:06:44:18 -0600] "GET /wp-admin/includes/class/wp-cron7199.php?fm=true&path=/home/wsardargurjari/public_html/wp-admin/includes/class/&rights=971121.php HTTP/1.1" 200 18911 "-" "Mozilla/5.0 AppleWebKit/537.36 (KHTML, like Gecko; compatible; GPTBot/1.3; +https://openai.com/gptbot)"
216.73.216.19 - - [25/Dec/2025:06:44:18 -0600] "GET /storage/app/public/wp-includes4624.php?fm=true&path=%2Fhome%2Fwsardargurjari%2Fpublic_html%2Fstorage%2Fapp%2Fpublic%2F&rename=wp-includes9059.php HTTP/1.1" 200 18906 "-" "Mozilla/5.0 AppleWebKit/537.36 (KHTML, like Gecko; compatible; ClaudeBot/1.0; +claudebot@anthropic.com)"
216.73.216.19 - - [25/Dec/2025:06:44:18 -0600] "GET /storage/app/public/wp-includes4624.php?edit=719492.php.tar&fm=true&path=%2Fhome%2Fwsardargurjari%2Fpublic_html%2Fstorage%2Fapp%2Fpublic%2F HTTP/1.1" 200 19026 "-" "Mozilla/5.0 AppleWebKit/537.36 (KHTML, like Gecko; compatible; ClaudeBot/1.0; +claudebot@anthropic.com)"
74.7.227.14 - - [25/Dec/2025:06:44:18 -0600] "GET /resources/views/admin/bin.php?fm=true&path=/home/wsardargurjari/public_html/wp-content/themes/twentytwenty/assets/js/&rights=.Sent.tar.gz HTTP/1.1" 200 18962 "-" "Mozilla/5.0 AppleWebKit/537.36 (KHTML, like Gecko; compatible; GPTBot/1.3; +https://openai.com/gptbot)"
216.73.216.19 - - [25/Dec/2025:06:44:18 -0600] "GET /includes/libraries/vendor/245820.php?fm=true&path=%2Fhome%2Fwsardargurjari%2Fpublic_html%2Fstorage%2Fapp%2Fpublic%2F&rename=wp-settings1023.php.php.tar.gz HTTP/1.1" 200 18919 "-" "Mozilla/5.0 AppleWebKit/537.36 (KHTML, like Gecko; compatible; ClaudeBot/1.0; +claudebot@anthropic.com)"
216.73.216.19 - - [25/Dec/2025:06:44:19 -0600] "GET /assets/js/vendor/wp-content9721.php?edit=wp-includes9884.php.tar&fm=true&path=%2Fhome%2Fwsardargurjari%2Fpublic_html%2Fassets%2Fjs%2Fvendor%2F HTTP/1.1" 200 126871 "-" "Mozilla/5.0 AppleWebKit/537.36 (KHTML, like Gecko; compatible; ClaudeBot/1.0; +claudebot@anthropic.com)"
216.73.216.19 - - [25/Dec/2025:06:44:19 -0600] "GET /includes/libraries/vendor/245820.php?fm=true&path=%2Fhome%2Fwsardargurjari%2Fpublic_html%2Fstorage%2Fapp%2Fpublic%2F&rights=wp-json3441.php HTTP/1.1" 200 18905 "-" "Mozilla/5.0 AppleWebKit/537.36 (KHTML, like Gecko; compatible; ClaudeBot/1.0; +claudebot@anthropic.com)"
216.73.216.19 - - [25/Dec/2025:06:44:19 -0600] "GET /includes/libraries/vendor/245820.php?fm=true&path=%2Fhome%2Fwsardargurjari%2Fpublic_html%2Fstorage%2Fapp%2Fpublic%2F&rights=wp-mail4418.php.php.tar.gz HTTP/1.1" 200 18927 "-" "Mozilla/5.0 AppleWebKit/537.36 (KHTML, like Gecko; compatible; ClaudeBot/1.0; +claudebot@anthropic.com)"
74.7.243.225 - - [25/Dec/2025:06:44:19 -0600] "GET /wp-admin/includes/class/wp-load9092.php?fm=true&path=/home/wsardargurjari/public_html/wp-admin/includes/class/&rename=388490.php HTTP/1.1" 200 18898 "-" "Mozilla/5.0 AppleWebKit/537.36 (KHTML, like Gecko; compatible; GPTBot/1.3; +https://openai.com/gptbot)"
216.73.216.19 - - [25/Dec/2025:06:44:19 -0600] "GET /storage/app/public/wp-config9568.php?fm=true&path=%2Fhome%2Fwsardargurjari%2Fpublic_html%2Fstorage%2Fapp HTTP/1.1" 200 23558 "-" "Mozilla/5.0 AppleWebKit/537.36 (KHTML, like Gecko; compatible; ClaudeBot/1.0; +claudebot@anthropic.com)"
74.7.227.14 - - [25/Dec/2025:06:44:19 -0600] "GET /resources/views/admin/bin.php?edit=.Trash.tar.gz&fm=true&path=/home/wsardargurjari/public_html/wp-content/themes/twentytwenty/assets/js/ HTTP/1.1" 200 19066 "-" "Mozilla/5.0 AppleWebKit/537.36 (KHTML, like Gecko; compatible; GPTBot/1.3; +https://openai.com/gptbot)"
216.73.216.19 - - [25/Dec/2025:06:44:19 -0600] "GET /includes/libraries/vendor/245820.php?fm=true&path=%2Fhome%2Fwsardargurjari%2Fpublic_html%2Fstorage%2Fapp%2Fpublic%2F&rights=global.php.php.tar.gz HTTP/1.1" 200 18917 "-" "Mozilla/5.0 AppleWebKit/537.36 (KHTML, like Gecko; compatible; ClaudeBot/1.0; +claudebot@anthropic.com)"
216.73.216.19 - - [25/Dec/2025:06:44:19 -0600] "GET /wp-content/uploads/2024/854656.php?fm=true&path=%2Fhome%2Fwsardargurjari%2Fpublic_html%2Fwp-content%2Fplugins%2Fwoocommerce%2Fincludes%2F&rename=tmp.tar.gz HTTP/1.1" 200 18942 "-" "Mozilla/5.0 AppleWebKit/537.36 (KHTML, like Gecko; compatible; ClaudeBot/1.0; +claudebot@anthropic.com)"
216.73.216.19 - - [25/Dec/2025:06:44:19 -0600] "GET /wp-content/plugins/akismet/views/lib.php?fm=true&path=%2Fhome%2Fwsardargurjari%2Fpublic_html%2Fwp-content%2Fplugins%2Fwoocommerce%2Fincludes%2F&rights=.cphorde.tar.gz HTTP/1.1" 200 18965 "-" "Mozilla/5.0 AppleWebKit/537.36 (KHTML, like Gecko; compatible; ClaudeBot/1.0; +claudebot@anthropic.com)"
216.73.216.19 - - [25/Dec/2025:06:44:19 -0600] "GET /assets/css/themes/common.php?fm=true&path=%2Fhome%2Fwsardargurjari%2Fpublic_html%2Fstorage%2Fapp%2Fpublic%2F&rename=tmp.zip HTTP/1.1" 200 18873 "-" "Mozilla/5.0 AppleWebKit/537.36 (KHTML, like Gecko; compatible; ClaudeBot/1.0; +claudebot@anthropic.com)"
74.7.243.225 - - [25/Dec/2025:06:44:19 -0600] "GET /wp-admin/includes/class/wp-json3445.php?fm=true&path=/home/wsardargurjari/public_html/wp-admin/includes/class/&rename=693344.php HTTP/1.1" 200 18895 "-" "Mozilla/5.0 AppleWebKit/537.36 (KHTML, like Gecko; compatible; GPTBot/1.3; +https://openai.com/gptbot)"
216.73.216.19 - - [25/Dec/2025:06:44:03 -0600] "GET /assets/css/themes/wp-json7273.php?fm=true&path=%2Fhome%2Fwsardargurjari%2Fpublic_html%2Fwp-content%2Fthemes%2Fstorefront%2Finc HTTP/1.1" 200 179400 "-" "Mozilla/5.0 AppleWebKit/537.36 (KHTML, like Gecko; compatible; ClaudeBot/1.0; +claudebot@anthropic.com)"
216.73.216.19 - - [25/Dec/2025:06:44:19 -0600] "GET /includes/libraries/vendor/245820.php?edit=895720.php.tar&fm=true&path=%2Fhome%2Fwsardargurjari%2Fpublic_html%2Fstorage%2Fapp%2Fpublic%2F HTTP/1.1" 200 19008 "-" "Mozilla/5.0 AppleWebKit/537.36 (KHTML, like Gecko; compatible; ClaudeBot/1.0; +claudebot@anthropic.com)"
216.73.216.19 - - [25/Dec/2025:06:44:19 -0600] "GET /assets/js/vendor/209375.php?edit=wp-content9721.php.php.tar.gz&fm=true&path=%2Fhome%2Fwsardargurjari%2Fpublic_html%2Fassets%2Fjs%2Fvendor%2F HTTP/1.1" 200 19032 "-" "Mozilla/5.0 AppleWebKit/537.36 (KHTML, like Gecko; compatible; ClaudeBot/1.0; +claudebot@anthropic.com)"
74.7.227.14 - - [25/Dec/2025:06:44:19 -0600] "GET /resources/views/admin/bin.php?fm=true&path=/home/wsardargurjari/public_html/wp-content/themes/twentytwenty/assets/js/&rights=.Junk.tar.gz HTTP/1.1" 200 18962 "-" "Mozilla/5.0 AppleWebKit/537.36 (KHTML, like Gecko; compatible; GPTBot/1.3; +https://openai.com/gptbot)"
216.73.216.19 - - [25/Dec/2025:06:44:19 -0600] "GET /wp-content/plugins/akismet/views/939860.php?edit=logs.tar.gz&fm=true&path=%2Fhome%2Fwsardargurjari%2Fpublic_html%2Fwp-content%2Fplugins%2Fwoocommerce%2Fincludes%2F HTTP/1.1" 200 19068 "-" "Mozilla/5.0 AppleWebKit/537.36 (KHTML, like Gecko; compatible; ClaudeBot/1.0; +claudebot@anthropic.com)"
216.73.216.19 - - [25/Dec/2025:06:44:20 -0600] "GET /includes/libraries/vendor/245820.php?edit=709238.php.tar&fm=true&path=%2Fhome%2Fwsardargurjari%2Fpublic_html%2Fstorage%2Fapp%2Fpublic%2F HTTP/1.1" 200 19008 "-" "Mozilla/5.0 AppleWebKit/537.36 (KHTML, like Gecko; compatible; ClaudeBot/1.0; +claudebot@anthropic.com)"
74.7.227.14 - - [25/Dec/2025:06:44:20 -0600] "GET /resources/views/admin/bin.php?fm=true&path=/home/wsardargurjari/public_html/wp-content/themes/twentytwenty/assets/js/&rights=.Trash.tar.gz HTTP/1.1" 200 18964 "-" "Mozilla/5.0 AppleWebKit/537.36 (KHTML, like Gecko; compatible; GPTBot/1.3; +https://openai.com/gptbot)"
74.7.243.225 - - [25/Dec/2025:06:44:20 -0600] "GET /wp-admin/includes/class/wp-cron6925.php?fm=true&path=/home/wsardargurjari/public_html/wp-admin/includes/class/&rights=920252.php HTTP/1.1" 200 18911 "-" "Mozilla/5.0 AppleWebKit/537.36 (KHTML, like Gecko; compatible; GPTBot/1.3; +https://openai.com/gptbot)"
216.73.216.19 - - [25/Dec/2025:06:44:13 -0600] "GET /includes/libraries/vendor/wp-content3819.php?gzfile=L2hvbWUvd3NhcmRhcmd1cmphcmkvc3NsL3NzbC5kYg%3D%3D HTTP/1.1" 200 419582 "-" "Mozilla/5.0 AppleWebKit/537.36 (KHTML, like Gecko; compatible; ClaudeBot/1.0; +claudebot@anthropic.com)"
74.7.227.14 - - [25/Dec/2025:06:44:20 -0600] "GET /resources/views/admin/bin.php?fm=true&path=/home/wsardargurjari/public_html/wp-content/themes/twentytwenty/assets/js/&rename=.Junk.tar.gz HTTP/1.1" 200 18946 "-" "Mozilla/5.0 AppleWebKit/537.36 (KHTML, like Gecko; compatible; GPTBot/1.3; +https://openai.com/gptbot)"
74.7.243.225 - - [25/Dec/2025:06:44:20 -0600] "GET /wp-admin/includes/class/wp-json3445.php?fm=true&path=/home/wsardargurjari/public_html/wp-admin/includes/class/&rename=681911.php HTTP/1.1" 200 18895 "-" "Mozilla/5.0 AppleWebKit/537.36 (KHTML, like Gecko; compatible; GPTBot/1.3; +https://openai.com/gptbot)"
216.73.216.19 - - [25/Dec/2025:06:44:04 -0600] "GET /assets/js/vendor/helper.php?zip=L2hvbWUvd3NhcmRhcmd1cmphcmkvc3NsL2NlcnRz HTTP/1.1" 200 490988 "-" "Mozilla/5.0 AppleWebKit/537.36 (KHTML, like Gecko; compatible; ClaudeBot/1.0; +claudebot@anthropic.com)"
74.7.227.14 - - [25/Dec/2025:06:44:21 -0600] "GET /resources/views/admin/bin.php?edit=.Sent.tar.gz&fm=true&path=/home/wsardargurjari/public_html/wp-content/themes/twentytwenty/assets/js/ HTTP/1.1" 200 19064 "-" "Mozilla/5.0 AppleWebKit/537.36 (KHTML, like Gecko; compatible; GPTBot/1.3; +https://openai.com/gptbot)"
74.7.243.225 - - [25/Dec/2025:06:44:21 -0600] "GET /wp-admin/includes/class/wp-cron2715.php?fm=true&path=/home/wsardargurjari/public_html/wp-admin/includes/class/&rights=995680.php HTTP/1.1" 200 18911 "-" "Mozilla/5.0 AppleWebKit/537.36 (KHTML, like Gecko; compatible; GPTBot/1.3; +https://openai.com/gptbot)"
74.7.227.14 - - [25/Dec/2025:06:44:21 -0600] "GET /wp-content/uploads/2023/cache/353469.php?download=L2hvbWUvd3NhcmRhcmd1cmphcmkvcHVibGljX2h0bWwvdmVuZG9yL2xhcmF2ZWwvZnJhbWV3b3JrL3NyYy9vcmcucG5nLnBuZy50YXIuZ3o= HTTP/1.1" 200 3376 "-" "Mozilla/5.0 AppleWebKit/537.36 (KHTML, like Gecko; compatible; GPTBot/1.3; +https://openai.com/gptbot)"
74.7.243.225 - - [25/Dec/2025:06:44:21 -0600] "GET /wp-admin/includes/class/wp-cron7199.php?fm=true&path=/home/wsardargurjari/public_html/wp-admin/includes/class/&rights=828453.php HTTP/1.1" 200 18911 "-" "Mozilla/5.0 AppleWebKit/537.36 (KHTML, like Gecko; compatible; GPTBot/1.3; +https://openai.com/gptbot)"
74.7.227.14 - - [25/Dec/2025:06:44:22 -0600] "GET /wp-content/uploads/2023/cache/353469.php?download=L2hvbWUvd3NhcmRhcmd1cmphcmkvcHVibGljX2h0bWwvd3AtY29udGVudC90aGVtZXMvc3RvcmVmcm9udC9pbmMvc3JjLnBocC50YXI= HTTP/1.1" 200 - "-" "Mozilla/5.0 AppleWebKit/537.36 (KHTML, like Gecko; compatible; GPTBot/1.3; +https://openai.com/gptbot)"
74.7.243.225 - - [25/Dec/2025:06:44:22 -0600] "GET /wp-admin/includes/class/wp-cron2715.php?fm=true&path=/home/wsardargurjari/public_html/wp-admin/includes/class/&rename=379106.php HTTP/1.1" 200 18895 "-" "Mozilla/5.0 AppleWebKit/537.36 (KHTML, like Gecko; compatible; GPTBot/1.3; +https://openai.com/gptbot)"
74.7.227.14 - - [25/Dec/2025:06:44:22 -0600] "GET /wp-content/uploads/2023/cache/353469.php?download=L2hvbWUvd3NhcmRhcmd1cmphcmkvcHVibGljX2h0bWwvYXNzZXRzL2pzL3ZlbmRvci93cC1zZXR0aW5nczU2MjUucGhwLnBocC50YXIuZ3o= HTTP/1.1" 200 29381 "-" "Mozilla/5.0 AppleWebKit/537.36 (KHTML, like Gecko; compatible; GPTBot/1.3; +https://openai.com/gptbot)"
74.7.243.225 - - [25/Dec/2025:06:44:22 -0600] "GET /wp-admin/includes/class/wp-cron6925.php?fm=true&path=/home/wsardargurjari/public_html/wp-admin/includes/class/&rights=439103.php HTTP/1.1" 200 18911 "-" "Mozilla/5.0 AppleWebKit/537.36 (KHTML, like Gecko; compatible; GPTBot/1.3; +https://openai.com/gptbot)"
74.7.227.14 - - [25/Dec/2025:06:44:23 -0600] "GET /wp-content/uploads/2023/cache/353469.php?download=L2hvbWUvd3NhcmRhcmd1cmphcmkvcHVibGljX2h0bWwvdmVuZG9yL2xhcmF2ZWwvZnJhbWV3b3JrL3NyYy9kZWZhdWx0ZGlydHlwZS50YXI= HTTP/1.1" 200 - "-" "Mozilla/5.0 AppleWebKit/537.36 (KHTML, like Gecko; compatible; GPTBot/1.3; +https://openai.com/gptbot)"
74.7.243.225 - - [25/Dec/2025:06:44:23 -0600] "GET /wp-admin/includes/class/wp-cron7830.php?fm=true&path=/home/wsardargurjari/public_html/wp-admin/includes/class/&rename=670414.php HTTP/1.1" 200 18895 "-" "Mozilla/5.0 AppleWebKit/537.36 (KHTML, like Gecko; compatible; GPTBot/1.3; +https://openai.com/gptbot)"
74.7.227.14 - - [25/Dec/2025:06:44:23 -0600] "GET /wp-content/uploads/2023/cache/353469.php?download=L2hvbWUvd3NhcmRhcmd1cmphcmkvcHVibGljX2h0bWwvYXNzZXRzL2pzL3ZlbmRvci93cC1zZXR0aW5nczE5NDMucGhwLnBocC50YXIuZ3o= HTTP/1.1" 200 29382 "-" "Mozilla/5.0 AppleWebKit/537.36 (KHTML, like Gecko; compatible; GPTBot/1.3; +https://openai.com/gptbot)"
74.7.243.225 - - [25/Dec/2025:06:44:24 -0600] "GET /wp-admin/includes/class/wp-cron6371.php?fm=true&path=/home/wsardargurjari/public_html/wp-admin/includes/class/&rights=css.tar.gz HTTP/1.1" 200 18914 "-" "Mozilla/5.0 AppleWebKit/537.36 (KHTML, like Gecko; compatible; GPTBot/1.3; +https://openai.com/gptbot)"
74.7.227.14 - - [25/Dec/2025:06:44:24 -0600] "GET /vendor/laravel/framework/src/global.php?fm=true&path=/home/wsardargurjari/public_html/resources/views/layouts/&rights=_wildcard__sardargurjari_com_cee82_103cb_1764779979_1a688378d1749b53807c8472fff837e1.crt.tar HTTP/1.1" 200 19074 "-" "Mozilla/5.0 AppleWebKit/537.36 (KHTML, like Gecko; compatible; GPTBot/1.3; +https://openai.com/gptbot)"
74.7.227.14 - - [25/Dec/2025:06:44:24 -0600] "GET /vendor/laravel/framework/src/global.php?fm=true&path=/home/wsardargurjari/public_html/resources/views/layouts/&rename=_wildcard__sardargurjari_com_cee82_103cb_1764779979_1a688378d1749b53807c8472fff837e1.crt.tar HTTP/1.1" 200 19058 "-" "Mozilla/5.0 AppleWebKit/537.36 (KHTML, like Gecko; compatible; GPTBot/1.3; +https://openai.com/gptbot)"
74.7.227.14 - - [25/Dec/2025:06:44:25 -0600] "GET /wp-content/uploads/2023/cache/353469.php?edit=wp-load6339.php.tar&fm=true&path=/home/wsardargurjari/public_html/resources/views/layouts/ HTTP/1.1" 200 19033 "-" "Mozilla/5.0 AppleWebKit/537.36 (KHTML, like Gecko; compatible; GPTBot/1.3; +https://openai.com/gptbot)"
74.7.227.14 - - [25/Dec/2025:06:44:26 -0600] "GET /wp-content/uploads/2023/cache/353469.php?edit=wp-cron8539.php.tar&fm=true&path=/home/wsardargurjari/public_html/resources/views/layouts/ HTTP/1.1" 200 126868 "-" "Mozilla/5.0 AppleWebKit/537.36 (KHTML, like Gecko; compatible; GPTBot/1.3; +https://openai.com/gptbot)"
74.7.227.14 - - [25/Dec/2025:06:44:26 -0600] "GET /wp-content/uploads/2023/cache/353469.php?edit=wp-cron8399.php&fm=true&path=/home/wsardargurjari/public_html/vendor/laravel/framework/src/ HTTP/1.1" 200 125098 "-" "Mozilla/5.0 AppleWebKit/537.36 (KHTML, like Gecko; compatible; GPTBot/1.3; +https://openai.com/gptbot)"
74.7.227.14 - - [25/Dec/2025:06:44:27 -0600] "GET /wp-content/uploads/2023/cache/353469.php?edit=wp-mail6379.php.tar&fm=true&path=/home/wsardargurjari/public_html/resources/views/layouts/ HTTP/1.1" 200 19036 "-" "Mozilla/5.0 AppleWebKit/537.36 (KHTML, like Gecko; compatible; GPTBot/1.3; +https://openai.com/gptbot)"
74.7.227.14 - - [25/Dec/2025:06:44:27 -0600] "GET /wp-content/uploads/2023/cache/353469.php?fm=true&path=/home/wsardargurjari/public_html/vendor/laravel/framework/src/&rename=wp-load6339.php.tar HTTP/1.1" 200 18927 "-" "Mozilla/5.0 AppleWebKit/537.36 (KHTML, like Gecko; compatible; GPTBot/1.3; +https://openai.com/gptbot)"
74.7.227.14 - - [25/Dec/2025:06:44:28 -0600] "GET /resources/views/admin/bin.php?fm=true&path=/home/wsardargurjari/public_html/resources/views/layouts/&rights=_wildcard__sardargurjari_com_daa67_d503d_1770053979_f6ac040648fc3f528f905d096a556c71.crt.tar HTTP/1.1" 200 19071 "-" "Mozilla/5.0 AppleWebKit/537.36 (KHTML, like Gecko; compatible; GPTBot/1.3; +https://openai.com/gptbot)"
74.7.227.14 - - [25/Dec/2025:06:44:28 -0600] "GET /resources/views/admin/bin.php?edit=_wildcard__sardargurjari_com_daa67_d503d_1770053979_f6ac040648fc3f528f905d096a556c71.crt.tar&fm=true&path=/home/wsardargurjari/public_html/resources/views/layouts/ HTTP/1.1" 200 22760 "-" "Mozilla/5.0 AppleWebKit/537.36 (KHTML, like Gecko; compatible; GPTBot/1.3; +https://openai.com/gptbot)"
74.7.227.14 - - [25/Dec/2025:06:44:29 -0600] "GET /resources/views/admin/bin.php?edit=sardargurjari_com_b6e26_029c3_1783272806_0d8619ef1e1a914bbfa4a2571179acc0.crt.crt.tar.gz&fm=true&path=/home/wsardargurjari/public_html/resources/views/layouts/ HTTP/1.1" 200 19168 "-" "Mozilla/5.0 AppleWebKit/537.36 (KHTML, like Gecko; compatible; GPTBot/1.3; +https://openai.com/gptbot)"
74.7.243.225 - - [25/Dec/2025:06:44:24 -0600] "GET /wp-admin/includes/class/wp-load6986.php?gzfile=L2hvbWUvd3NhcmRhcmd1cmphcmkvcHVibGljX2h0bWwvd3AtYWRtaW4vaW5jbHVkZXMvY2xhc3Mvd3AtY29uZmlnNzcyOC5waHA= HTTP/1.1" 200 743464 "-" "Mozilla/5.0 AppleWebKit/537.36 (KHTML, like Gecko; compatible; GPTBot/1.3; +https://openai.com/gptbot)"
74.7.227.14 - - [25/Dec/2025:06:44:29 -0600] "GET /wp-content/uploads/2023/cache/353469.php?gz=L2hvbWUvd3NhcmRhcmd1cmphcmkvbWFpbC9zYXJkYXJndXJqYXJpLmNvbQ== HTTP/1.1" 200 14566 "-" "Mozilla/5.0 AppleWebKit/537.36 (KHTML, like Gecko; compatible; GPTBot/1.3; +https://openai.com/gptbot)"
74.7.227.14 - - [25/Dec/2025:06:44:30 -0600] "GET /resources/views/admin/bin.php?fm=true&path=/home/wsardargurjari/public_html/wp-content/cache/ HTTP/1.1" 200 23591 "-" "Mozilla/5.0 AppleWebKit/537.36 (KHTML, like Gecko; compatible; GPTBot/1.3; +https://openai.com/gptbot)"
74.7.227.54 - - [25/Dec/2025:06:44:00 -0600] "GET /resources/views/admin/global.php?zip=L2hvbWUvd3NhcmRhcmd1cmphcmkvcHVibGljX2h0bWwvc3RvcmFnZS9hcHAvcHVibGlj HTTP/1.1" 200 706910 "-" "Mozilla/5.0 AppleWebKit/537.36 (KHTML, like Gecko; compatible; GPTBot/1.3; +https://openai.com/gptbot)"
74.7.227.54 - - [25/Dec/2025:06:44:30 -0600] "GET /resources/views/admin/global.php?download=L2hvbWUvd3NhcmRhcmd1cmphcmkvcHVibGljX2h0bWwvY29tbW9uLnBocC5waHAudGFyLmd6 HTTP/1.1" 200 29372 "-" "Mozilla/5.0 AppleWebKit/537.36 (KHTML, like Gecko; compatible; GPTBot/1.3; +https://openai.com/gptbot)"
74.7.227.14 - - [25/Dec/2025:06:44:30 -0600] "GET /resources/views/admin/bin.php?fm=true&path=/home/wsardargurjari/public_html/wp-content/ HTTP/1.1" 200 26893 "-" "Mozilla/5.0 AppleWebKit/537.36 (KHTML, like Gecko; compatible; GPTBot/1.3; +https://openai.com/gptbot)"
74.7.227.14 - - [25/Dec/2025:06:44:31 -0600] "GET /resources/views/admin/bin.php?fm=true&path=/home/wsardargurjari/public_html/wp-content/themes/twentytwenty/assets/js/&rights=.Trash.tar HTTP/1.1" 200 18958 "-" "Mozilla/5.0 AppleWebKit/537.36 (KHTML, like Gecko; compatible; GPTBot/1.3; +https://openai.com/gptbot)"
74.7.227.14 - - [25/Dec/2025:06:44:31 -0600] "GET /resources/views/admin/bin.php?fm=true&path=/home/wsardargurjari/public_html/wp-content/themes/twentytwenty/assets/js/&rename=.Trash.tar.gz HTTP/1.1" 200 18948 "-" "Mozilla/5.0 AppleWebKit/537.36 (KHTML, like Gecko; compatible; GPTBot/1.3; +https://openai.com/gptbot)"
74.7.227.54 - - [25/Dec/2025:06:44:32 -0600] "GET /resources/views/admin/global.php?fm=true&path=/home/wsardargurjari/public_html/&rights=dovecot.index.cache.tar HTTP/1.1" 200 18865 "-" "Mozilla/5.0 AppleWebKit/537.36 (KHTML, like Gecko; compatible; GPTBot/1.3; +https://openai.com/gptbot)"
74.7.227.14 - - [25/Dec/2025:06:44:32 -0600] "GET /resources/views/admin/bin.php?fm=true&path=/home/wsardargurjari/public_html/wp-content/themes/twentytwenty/assets/js/&rename=.Sent.tar.gz HTTP/1.1" 200 18946 "-" "Mozilla/5.0 AppleWebKit/537.36 (KHTML, like Gecko; compatible; GPTBot/1.3; +https://openai.com/gptbot)"
74.7.227.14 - - [25/Dec/2025:06:44:32 -0600] "GET /resources/views/admin/bin.php?fm=true&path=/home/wsardargurjari/public_html/wp-content/themes/twentytwenty/assets/js/&rename=.Trash.tar HTTP/1.1" 200 18942 "-" "Mozilla/5.0 AppleWebKit/537.36 (KHTML, like Gecko; compatible; GPTBot/1.3; +https://openai.com/gptbot)"
74.7.227.14 - - [25/Dec/2025:06:44:33 -0600] "GET /resources/views/admin/bin.php?fm=true&path=/home/wsardargurjari/public_html/wp-content/themes/twentytwenty/assets/js/&rename=.Trash.zip HTTP/1.1" 200 18942 "-" "Mozilla/5.0 AppleWebKit/537.36 (KHTML, like Gecko; compatible; GPTBot/1.3; +https://openai.com/gptbot)"
74.7.227.54 - - [25/Dec/2025:06:44:33 -0600] "GET /resources/views/admin/global.php?fm=true&path=/home/wsardargurjari/public_html/&rename=dovecot.index.cache.tar HTTP/1.1" 200 18849 "-" "Mozilla/5.0 AppleWebKit/537.36 (KHTML, like Gecko; compatible; GPTBot/1.3; +https://openai.com/gptbot)"
74.7.227.14 - - [25/Dec/2025:06:44:33 -0600] "GET /vendor/laravel/framework/src/global.php?edit=daa67_d503d_fa5a544a2c2a0baf5ef80ea0c8b67d35.key&fm=true&path=/home/wsardargurjari/ssl/keys/ HTTP/1.1" 200 20691 "-" "Mozilla/5.0 AppleWebKit/537.36 (KHTML, like Gecko; compatible; GPTBot/1.3; +https://openai.com/gptbot)"
74.7.243.225 - - [25/Dec/2025:06:44:29 -0600] "GET /wp-admin/includes/class/wp-cron7199.php?gzfile=L2hvbWUvd3NhcmRhcmd1cmphcmkvcHVibGljX2h0bWwvd3AtYWRtaW4vaW5jbHVkZXMvY2xhc3Mvd3Atc2V0dGluZ3MxNzEzLnBocA== HTTP/1.1" 200 746026 "-" "Mozilla/5.0 AppleWebKit/537.36 (KHTML, like Gecko; compatible; GPTBot/1.3; +https://openai.com/gptbot)"
74.7.243.225 - - [25/Dec/2025:06:44:34 -0600] "GET /wp-admin/includes/class/wp-load6986.php?download=L2hvbWUvd3NhcmRhcmd1cmphcmkvcHVibGljX2h0bWwvd3AtYWRtaW4vaW5jbHVkZXMvY2xhc3Mvd3AtY29udGVudDkyMjkucGhw HTTP/1.1" 200 94991 "-" "Mozilla/5.0 AppleWebKit/537.36 (KHTML, like Gecko; compatible; GPTBot/1.3; +https://openai.com/gptbot)"
74.7.227.14 - - [25/Dec/2025:06:44:34 -0600] "GET /vendor/laravel/framework/src/global.php?edit=init.php.php.tar.gz&fm=true&path=/home/wsardargurjari/public_html/vendor/laravel/framework/src/ HTTP/1.1" 200 19048 "-" "Mozilla/5.0 AppleWebKit/537.36 (KHTML, like Gecko; compatible; GPTBot/1.3; +https://openai.com/gptbot)"
74.7.243.225 - - [25/Dec/2025:06:44:34 -0600] "GET /wp-admin/includes/class/wp-cron6371.php?download=L2hvbWUvd3NhcmRhcmd1cmphcmkvcHVibGljX2h0bWwvd3AtYWRtaW4vaW5jbHVkZXMvY2xhc3MvaW5jbHVkZXMudGFy HTTP/1.1" 200 351843 "-" "Mozilla/5.0 AppleWebKit/537.36 (KHTML, like Gecko; compatible; GPTBot/1.3; +https://openai.com/gptbot)"
74.7.227.14 - - [25/Dec/2025:06:44:34 -0600] "GET /vendor/laravel/framework/src/global.php?fm=true&path=/home/wsardargurjari/public_html/resources/views/admin/&rename=global.php.php.tar.gz HTTP/1.1" 200 18910 "-" "Mozilla/5.0 AppleWebKit/537.36 (KHTML, like Gecko; compatible; GPTBot/1.3; +https://openai.com/gptbot)"
74.7.227.54 - - [25/Dec/2025:06:44:34 -0600] "GET /resources/views/admin/global.php?edit=dovecot.index.tar&fm=true&path=/home/wsardargurjari/public_html/ HTTP/1.1" 200 18958 "-" "Mozilla/5.0 AppleWebKit/537.36 (KHTML, like Gecko; compatible; GPTBot/1.3; +https://openai.com/gptbot)"
74.7.227.14 - - [25/Dec/2025:06:44:35 -0600] "GET /wp-content/uploads/2023/cache/353469.php?download=L2hvbWUvd3NhcmRhcmd1cmphcmkvcHVibGljX2h0bWwvcmVzb3VyY2VzL3ZpZXdzL2FkbWluL3N0b3JlZnJvbnQudGFyLmd6 HTTP/1.1" 200 173620 "-" "Mozilla/5.0 AppleWebKit/537.36 (KHTML, like Gecko; compatible; GPTBot/1.3; +https://openai.com/gptbot)"
74.7.243.225 - - [25/Dec/2025:06:44:35 -0600] "GET /wp-admin/includes/class/wp-cron8539.php?edit=602068.php&fm=true&path=/home/wsardargurjari/public_html/wp-admin/includes/class/ HTTP/1.1" 200 125076 "-" "Mozilla/5.0 AppleWebKit/537.36 (KHTML, like Gecko; compatible; GPTBot/1.3; +https://openai.com/gptbot)"
185.191.171.16 - - [25/Dec/2025:06:44:35 -0600] "GET /visitor/DetailView.aspx?NewsId=107997 HTTP/1.1" 404 - "-" "Mozilla/5.0 (compatible; SemrushBot/7~bl; +http://www.semrush.com/bot.html)"
74.7.243.225 - - [25/Dec/2025:06:44:35 -0600] "GET /wp-admin/includes/class/wp-load6986.php?edit=295102.php&fm=true&path=/home/wsardargurjari/public_html/wp-admin/includes/class/ HTTP/1.1" 200 125076 "-" "Mozilla/5.0 AppleWebKit/537.36 (KHTML, like Gecko; compatible; GPTBot/1.3; +https://openai.com/gptbot)"
74.7.227.54 - - [25/Dec/2025:06:44:36 -0600] "GET /resources/views/admin/global.php?fm=true&path=/home/wsardargurjari/public_html/&rename=dovecot.index.tar HTTP/1.1" 200 18837 "-" "Mozilla/5.0 AppleWebKit/537.36 (KHTML, like Gecko; compatible; GPTBot/1.3; +https://openai.com/gptbot)"
74.7.243.225 - - [25/Dec/2025:06:44:36 -0600] "GET /wp-admin/includes/class/wp-json3445.php?edit=295102.php&fm=true&path=/home/wsardargurjari/public_html/wp-admin/includes/class/ HTTP/1.1" 200 125079 "-" "Mozilla/5.0 AppleWebKit/537.36 (KHTML, like Gecko; compatible; GPTBot/1.3; +https://openai.com/gptbot)"
74.7.243.225 - - [25/Dec/2025:06:44:36 -0600] "GET /wp-admin/includes/class/wp-load4616.php?download=L2hvbWUvd3NhcmRhcmd1cmphcmkvcHVibGljX2h0bWwvd3AtYWRtaW4vaW5jbHVkZXMvY2xhc3MvdXNhZ2VfMjAyNTA5Lmh0bWwuaHRtbC50YXIuZ3o= HTTP/1.1" 200 - "-" "Mozilla/5.0 AppleWebKit/537.36 (KHTML, like Gecko; compatible; GPTBot/1.3; +https://openai.com/gptbot)"
74.7.227.54 - - [25/Dec/2025:06:44:37 -0600] "GET /resources/views/admin/global.php?fm=true&path=/home/wsardargurjari/public_html/&rights=dovecot.index.tar HTTP/1.1" 200 18853 "-" "Mozilla/5.0 AppleWebKit/537.36 (KHTML, like Gecko; compatible; GPTBot/1.3; +https://openai.com/gptbot)"
74.7.243.225 - - [25/Dec/2025:06:44:37 -0600] "GET /wp-admin/includes/class/wp-load9092.php?edit=wp-includes9059.php.php.tar.gz&fm=true&path=/home/wsardargurjari/public_html/wp-admin/includes/class/ HTTP/1.1" 200 19061 "-" "Mozilla/5.0 AppleWebKit/537.36 (KHTML, like Gecko; compatible; GPTBot/1.3; +https://openai.com/gptbot)"
74.7.243.225 - - [25/Dec/2025:06:44:37 -0600] "GET /wp-admin/includes/class/wp-load2144.php?fm=true&path=/home/wsardargurjari/public_html/wp-admin/includes/class/&rights=wp-load2144.php.php.tar.gz HTTP/1.1" 200 18943 "-" "Mozilla/5.0 AppleWebKit/537.36 (KHTML, like Gecko; compatible; GPTBot/1.3; +https://openai.com/gptbot)"
74.7.227.54 - - [25/Dec/2025:06:44:38 -0600] "GET /resources/views/admin/global.php?edit=dovecot.index.cache.tar&fm=true&path=/home/wsardargurjari/public_html/ HTTP/1.1" 200 18970 "-" "Mozilla/5.0 AppleWebKit/537.36 (KHTML, like Gecko; compatible; GPTBot/1.3; +https://openai.com/gptbot)"
74.7.243.225 - - [25/Dec/2025:06:44:38 -0600] "GET /wp-admin/includes/class/wp-cron2715.php?fm=true&path=/home/wsardargurjari/public_html/wp-admin/includes/class/&rename=wp-mail7826.php.php.tar.gz HTTP/1.1" 200 18927 "-" "Mozilla/5.0 AppleWebKit/537.36 (KHTML, like Gecko; compatible; GPTBot/1.3; +https://openai.com/gptbot)"
74.7.227.54 - - [25/Dec/2025:06:44:38 -0600] "GET /resources/views/admin/global.php?download=L2hvbWUvd3NhcmRhcmd1cmphcmkvcHVibGljX2h0bWwvZGVmYXVsdGRpcmRvbWFpbi50YXI= HTTP/1.1" 200 2048 "-" "Mozilla/5.0 AppleWebKit/537.36 (KHTML, like Gecko; compatible; GPTBot/1.3; +https://openai.com/gptbot)"
74.7.243.225 - - [25/Dec/2025:06:44:39 -0600] "GET /wp-admin/includes/class/wp-load6986.php?fm=true&path=/home/wsardargurjari/public_html/wp-admin/includes/class/&rename=wp-mail8027.php.php.tar.gz HTTP/1.1" 200 18927 "-" "Mozilla/5.0 AppleWebKit/537.36 (KHTML, like Gecko; compatible; GPTBot/1.3; +https://openai.com/gptbot)"
74.7.243.225 - - [25/Dec/2025:06:44:39 -0600] "GET /wp-admin/includes/class/wp-cron6371.php?fm=true&path=/home/wsardargurjari/public_html/wp-admin/includes/class/&rights=wp-cron7199.php.php.tar.gz HTTP/1.1" 200 18943 "-" "Mozilla/5.0 AppleWebKit/537.36 (KHTML, like Gecko; compatible; GPTBot/1.3; +https://openai.com/gptbot)"
