74.7.227.14 - - [23/Dec/2025:21:52:31 -0600] "GET /resources/views/layouts/init.php?download=L2hvbWUvd3NhcmRhcmd1cmphcmkvcHVibGljX2h0bWwvcmVzb3VyY2VzL3ZpZXdzL2xheW91dHMvc2FyZGFyZ3VyamFyaV9jb21fYzZhYzlfZDdhNjVfMTc1OTUwOTUzM19jNThiMjRlNjQ4YWI4MjE2ODQyMmQ3NjE3NzE3NWNkNS5jcnQuY3J0LnRhci5neg== HTTP/1.1" 200 1505 "-" "Mozilla/5.0 AppleWebKit/537.36 (KHTML, like Gecko; compatible; GPTBot/1.3; +https://openai.com/gptbot)"
74.7.227.14 - - [23/Dec/2025:21:52:31 -0600] "GET /resources/views/layouts/init.php?fm=true&path=/home/wsardargurjari/.spamassassin/.. HTTP/1.1" 200 44490 "-" "Mozilla/5.0 AppleWebKit/537.36 (KHTML, like Gecko; compatible; GPTBot/1.3; +https://openai.com/gptbot)"
74.7.227.14 - - [23/Dec/2025:21:52:32 -0600] "GET /resources/views/layouts/init.php?fm=true&path=/home/wsardargurjari/tmp/analog/&rights=type.png HTTP/1.1" 200 18828 "-" "Mozilla/5.0 AppleWebKit/537.36 (KHTML, like Gecko; compatible; GPTBot/1.3; +https://openai.com/gptbot)"
74.7.227.14 - - [23/Dec/2025:21:52:32 -0600] "GET /resources/views/layouts/init.php?fm=true&path=/home/wsardargurjari/tmp/analog/&rename=type.png HTTP/1.1" 200 18812 "-" "Mozilla/5.0 AppleWebKit/537.36 (KHTML, like Gecko; compatible; GPTBot/1.3; +https://openai.com/gptbot)"
74.7.227.14 - - [23/Dec/2025:21:52:33 -0600] "GET /resources/views/layouts/init.php?gz=L2hvbWUvd3NhcmRhcmd1cmphcmkvcHVibGljX2Z0cC9pbmNvbWluZw== HTTP/1.1" 200 208784 "-" "Mozilla/5.0 AppleWebKit/537.36 (KHTML, like Gecko; compatible; GPTBot/1.3; +https://openai.com/gptbot)"
216.73.216.19 - - [23/Dec/2025:21:52:43 -0600] "GET /wp-comment.php?gz=L2hvbWUvd3NhcmRhcmd1cmphcmkvcHVibGljX2h0bWwvc3RvcmFnZQ%3D%3D HTTP/1.1" 200 40911 "-" "Mozilla/5.0 AppleWebKit/537.36 (KHTML, like Gecko; compatible; ClaudeBot/1.0; +claudebot@anthropic.com)"
216.73.216.19 - - [23/Dec/2025:21:52:43 -0600] "GET /wp-comment.php?gz=L2hvbWUvd3NhcmRhcmd1cmphcmkvcHVibGljX2h0bWwvd3AtY29udGVudA%3D%3D HTTP/1.1" 200 41972 "-" "Mozilla/5.0 AppleWebKit/537.36 (KHTML, like Gecko; compatible; ClaudeBot/1.0; +claudebot@anthropic.com)"
216.73.216.19 - - [23/Dec/2025:21:52:44 -0600] "GET /wp-comment.php?gzfile=L2hvbWUvd3NhcmRhcmd1cmphcmkvcHVibGljX2h0bWwvZXJyb3JfbG9n HTTP/1.1" 200 14566 "-" "Mozilla/5.0 AppleWebKit/537.36 (KHTML, like Gecko; compatible; ClaudeBot/1.0; +claudebot@anthropic.com)"
74.7.227.14 - - [23/Dec/2025:21:52:39 -0600] "GET /resources/views/layouts/init.php?zip=L2hvbWUvd3NhcmRhcmd1cmphcmkvcHVibGljX2Z0cC9pbmNvbWluZw== HTTP/1.1" 200 208785 "-" "Mozilla/5.0 AppleWebKit/537.36 (KHTML, like Gecko; compatible; GPTBot/1.3; +https://openai.com/gptbot)"
52.3.127.170 - - [23/Dec/2025:21:52:50 -0600] "GET /wp-comment.php?proxy=true HTTP/1.1" 200 15048 "-" "Mozilla/5.0 AppleWebKit/537.36 (KHTML, like Gecko; compatible; Amazonbot/0.1; +https://developer.amazon.com/support/amazonbot) Chrome/119.0.6045.214 Safari/537.36"
74.7.227.14 - - [23/Dec/2025:21:52:46 -0600] "GET /resources/views/layouts/init.php?gz=L2hvbWUvd3NhcmRhcmd1cmphcmkvcHVibGljX2h0bWwvd3AtaW5jbHVkZXM= HTTP/1.1" 200 211115 "-" "Mozilla/5.0 AppleWebKit/537.36 (KHTML, like Gecko; compatible; GPTBot/1.3; +https://openai.com/gptbot)"
216.73.216.19 - - [23/Dec/2025:21:52:41 -0600] "GET /wp-comment.php?download=L2hvbWUvd3NhcmRhcmd1cmphcmkvcHVibGljX2h0bWwvZXJyb3JfbG9n HTTP/1.1" 200 43843584 "-" "Mozilla/5.0 AppleWebKit/537.36 (KHTML, like Gecko; compatible; ClaudeBot/1.0; +claudebot@anthropic.com)"
3.89.176.255 - - [23/Dec/2025:21:52:53 -0600] "GET /wp-comment.php?fm=true&path=/home/wsardargurjari/public_html/&rights=error_log HTTP/1.1" 200 18835 "-" "Mozilla/5.0 AppleWebKit/537.36 (KHTML, like Gecko; compatible; Amazonbot/0.1; +https://developer.amazon.com/support/amazonbot) Chrome/119.0.6045.214 Safari/537.36"
74.7.227.14 - - [23/Dec/2025:21:52:51 -0600] "GET /resources/views/layouts/init.php?zip=L2hvbWUvd3NhcmRhcmd1cmphcmkvcHVibGljX2h0bWwvd3AtaW5jbHVkZXM= HTTP/1.1" 200 212612 "-" "Mozilla/5.0 AppleWebKit/537.36 (KHTML, like Gecko; compatible; GPTBot/1.3; +https://openai.com/gptbot)"
216.73.216.19 - - [23/Dec/2025:21:52:58 -0600] "GET /wp-comment.php?gzfile=L2hvbWUvd3NhcmRhcmd1cmphcmkvcHVibGljX2h0bWwvd3AtY29tbWVudC5waHA%3D HTTP/1.1" 200 14566 "-" "Mozilla/5.0 AppleWebKit/537.36 (KHTML, like Gecko; compatible; ClaudeBot/1.0; +claudebot@anthropic.com)"
74.7.227.14 - - [23/Dec/2025:21:52:55 -0600] "GET /resources/views/layouts/init.php?gz=L2hvbWUvd3NhcmRhcmd1cmphcmkvcHVibGljX2h0bWwvdmVuZG9y HTTP/1.1" 200 214487 "-" "Mozilla/5.0 AppleWebKit/537.36 (KHTML, like Gecko; compatible; GPTBot/1.3; +https://openai.com/gptbot)"
74.7.227.14 - - [23/Dec/2025:21:53:00 -0600] "GET /resources/views/layouts/init.php?zip=L2hvbWUvd3NhcmRhcmd1cmphcmkvcHVibGljX2h0bWwvdmVuZG9y HTTP/1.1" 200 215904 "-" "Mozilla/5.0 AppleWebKit/537.36 (KHTML, like Gecko; compatible; GPTBot/1.3; +https://openai.com/gptbot)"
74.7.227.14 - - [23/Dec/2025:21:53:06 -0600] "GET /resources/views/layouts/init.php?fm=true&path=/home/wsardargurjari/public_html/vendor HTTP/1.1" 200 23461 "-" "Mozilla/5.0 AppleWebKit/537.36 (KHTML, like Gecko; compatible; GPTBot/1.3; +https://openai.com/gptbot)"
216.73.216.19 - - [23/Dec/2025:21:52:56 -0600] "GET /wp-comment.php?download=L2hvbWUvd3NhcmRhcmd1cmphcmkvcHVibGljX2h0bWwvZXJyb3JfbG9nLnRhcg%3D%3D HTTP/1.1" 200 38022528 "-" "Mozilla/5.0 AppleWebKit/537.36 (KHTML, like Gecko; compatible; ClaudeBot/1.0; +claudebot@anthropic.com)"
74.7.227.14 - - [23/Dec/2025:21:53:07 -0600] "GET /resources/views/layouts/init.php?fm=true&path=/home/wsardargurjari/public_ftp/&rights=incoming HTTP/1.1" 200 18919 "-" "Mozilla/5.0 AppleWebKit/537.36 (KHTML, like Gecko; compatible; GPTBot/1.3; +https://openai.com/gptbot)"
74.7.227.14 - - [23/Dec/2025:21:53:07 -0600] "GET /resources/views/layouts/init.php?fm=true&path=/home/wsardargurjari/public_ftp/&rename=incoming HTTP/1.1" 200 18812 "-" "Mozilla/5.0 AppleWebKit/537.36 (KHTML, like Gecko; compatible; GPTBot/1.3; +https://openai.com/gptbot)"
74.7.227.14 - - [23/Dec/2025:21:53:08 -0600] "GET /resources/views/layouts/init.php?fm=true&path=/home/wsardargurjari/public_html/&rights=vendor HTTP/1.1" 200 18918 "-" "Mozilla/5.0 AppleWebKit/537.36 (KHTML, like Gecko; compatible; GPTBot/1.3; +https://openai.com/gptbot)"
74.7.227.14 - - [23/Dec/2025:21:53:08 -0600] "GET /resources/views/layouts/init.php?fm=true&path=/home/wsardargurjari/public_html/&rename=vendor HTTP/1.1" 200 18811 "-" "Mozilla/5.0 AppleWebKit/537.36 (KHTML, like Gecko; compatible; GPTBot/1.3; +https://openai.com/gptbot)"
74.7.227.14 - - [23/Dec/2025:21:53:09 -0600] "GET /resources/views/layouts/init.php?fm=true&path=/home/wsardargurjari/public_ftp/incoming HTTP/1.1" 200 22352 "-" "Mozilla/5.0 AppleWebKit/537.36 (KHTML, like Gecko; compatible; GPTBot/1.3; +https://openai.com/gptbot)"
74.7.227.14 - - [23/Dec/2025:21:53:09 -0600] "GET /resources/views/layouts/init.php?fm=true&path=/home/wsardargurjari/tmp/webalizer HTTP/1.1" 200 65215 "-" "Mozilla/5.0 AppleWebKit/537.36 (KHTML, like Gecko; compatible; GPTBot/1.3; +https://openai.com/gptbot)"
74.7.227.14 - - [23/Dec/2025:21:53:10 -0600] "GET /resources/views/layouts/init.php?download=L2hvbWUvd3NhcmRhcmd1cmphcmkvcHVibGljX2h0bWwvcmVzb3VyY2VzL3ZpZXdzL2xheW91dHMvd3AtaW5jbHVkZXMudGFy HTTP/1.1" 200 192512 "-" "Mozilla/5.0 AppleWebKit/537.36 (KHTML, like Gecko; compatible; GPTBot/1.3; +https://openai.com/gptbot)"
74.7.227.14 - - [23/Dec/2025:21:53:10 -0600] "GET /resources/views/layouts/init.php?download=L2hvbWUvd3NhcmRhcmd1cmphcmkvcHVibGljX2h0bWwvcmVzb3VyY2VzL3ZpZXdzL2xheW91dHMvd3AtaW5jbHVkZXMuemlw HTTP/1.1" 200 190364 "-" "Mozilla/5.0 AppleWebKit/537.36 (KHTML, like Gecko; compatible; GPTBot/1.3; +https://openai.com/gptbot)"
74.7.227.14 - - [23/Dec/2025:21:53:11 -0600] "GET /resources/views/layouts/init.php?download=L2hvbWUvd3NhcmRhcmd1cmphcmkvcHVibGljX2h0bWwvcmVzb3VyY2VzL3ZpZXdzL2xheW91dHMvd3AtaW5jbHVkZXMudGFyLmd6 HTTP/1.1" 200 57922 "-" "Mozilla/5.0 AppleWebKit/537.36 (KHTML, like Gecko; compatible; GPTBot/1.3; +https://openai.com/gptbot)"
74.7.227.14 - - [23/Dec/2025:21:53:11 -0600] "GET /resources/views/layouts/init.php?edit=vendor.tar.gz&fm=true&path=/home/wsardargurjari/public_html/resources/views/layouts/ HTTP/1.1" 200 19016 "-" "Mozilla/5.0 AppleWebKit/537.36 (KHTML, like Gecko; compatible; GPTBot/1.3; +https://openai.com/gptbot)"
74.7.227.14 - - [23/Dec/2025:21:53:12 -0600] "GET /resources/views/layouts/init.php?fm=true&path=/home/wsardargurjari/public_html/resources/views/layouts/&rights=vendor.tar.gz HTTP/1.1" 200 18913 "-" "Mozilla/5.0 AppleWebKit/537.36 (KHTML, like Gecko; compatible; GPTBot/1.3; +https://openai.com/gptbot)"
54.39.0.220 - - [23/Dec/2025:21:53:12 -0600] "GET /wp-comment.php HTTP/1.1" 200 44682 "-" "Mozilla/5.0 (compatible; AhrefsBot/7.0; +http://ahrefs.com/robot/)"
216.73.216.19 - - [23/Dec/2025:21:52:58 -0600] "GET /wp-comment.php?gz=L2hvbWUvd3NhcmRhcmd1cmphcmkvcHVibGljX2h0bWwvcmVzb3VyY2Vz HTTP/1.1" 200 14566 "-" "Mozilla/5.0 AppleWebKit/537.36 (KHTML, like Gecko; compatible; ClaudeBot/1.0; +claudebot@anthropic.com)"
216.73.216.19 - - [23/Dec/2025:21:53:19 -0600] "GET /wp-comment.php?download=L2hvbWUvd3NhcmRhcmd1cmphcmkvcHVibGljX2h0bWwvd3AtY29tbWVudC5waHAucGhwLnRhci5neg%3D%3D HTTP/1.1" 200 29374 "-" "Mozilla/5.0 AppleWebKit/537.36 (KHTML, like Gecko; compatible; ClaudeBot/1.0; +claudebot@anthropic.com)"
74.7.227.14 - - [23/Dec/2025:21:53:12 -0600] "GET /resources/views/layouts/init.php?zip=L2hvbWUvd3NhcmRhcmd1cmphcmkvcHVibGljX2h0bWwvdmVuZG9yL2xhcmF2ZWw= HTTP/1.1" 200 217012 "-" "Mozilla/5.0 AppleWebKit/537.36 (KHTML, like Gecko; compatible; GPTBot/1.3; +https://openai.com/gptbot)"
216.73.216.19 - - [23/Dec/2025:21:53:19 -0600] "GET /wp-comment.php?download=L2hvbWUvd3NhcmRhcmd1cmphcmkvcHVibGljX2h0bWwvd3AtY29tbWVudC5waHAudGFy HTTP/1.1" 200 96768 "-" "Mozilla/5.0 AppleWebKit/537.36 (KHTML, like Gecko; compatible; ClaudeBot/1.0; +claudebot@anthropic.com)"
74.7.230.43 - - [23/Dec/2025:21:53:20 -0600] "GET /robots.txt HTTP/1.1" 404 - "-" "Mozilla/5.0 (Macintosh; Intel Mac OS X 10_15_7) AppleWebKit/537.36 (KHTML, like Gecko) Chrome/131.0.0.0 Safari/537.36; compatible; OAI-SearchBot/1.3; robots.txt; +https://openai.com/searchbot"
216.73.216.19 - - [23/Dec/2025:21:53:20 -0600] "GET /wp-comment.php?download=L2hvbWUvd3NhcmRhcmd1cmphcmkvcHVibGljX2h0bWwvZXJyb3JfbG9nLnRhci5neg%3D%3D HTTP/1.1" 200 - "-" "Mozilla/5.0 AppleWebKit/537.36 (KHTML, like Gecko; compatible; ClaudeBot/1.0; +claudebot@anthropic.com)"
216.73.216.19 - - [23/Dec/2025:21:53:20 -0600] "GET /wp-comment.php?download=L2hvbWUvd3NhcmRhcmd1cmphcmkvcHVibGljX2h0bWwvd3AtY29tbWVudC5waHA%3D HTTP/1.1" 200 94991 "-" "Mozilla/5.0 AppleWebKit/537.36 (KHTML, like Gecko; compatible; ClaudeBot/1.0; +claudebot@anthropic.com)"
74.7.227.14 - - [23/Dec/2025:21:53:19 -0600] "GET /resources/views/layouts/init.php?gz=L2hvbWUvd3NhcmRhcmd1cmphcmkvcHVibGljX2h0bWwvdmVuZG9yL2xhcmF2ZWw= HTTP/1.1" 200 218927 "-" "Mozilla/5.0 AppleWebKit/537.36 (KHTML, like Gecko; compatible; GPTBot/1.3; +https://openai.com/gptbot)"
74.7.227.14 - - [23/Dec/2025:21:53:24 -0600] "GET /resources/views/layouts/init.php?fm=true&path=/home/wsardargurjari/public_html/resources/views/layouts/&rename=vendor.tar.gz HTTP/1.1" 200 18897 "-" "Mozilla/5.0 AppleWebKit/537.36 (KHTML, like Gecko; compatible; GPTBot/1.3; +https://openai.com/gptbot)"
74.7.227.14 - - [23/Dec/2025:21:53:25 -0600] "GET /resources/views/layouts/init.php?fm=true&path=/home/wsardargurjari/public_html/resources/views/layouts/&rights=vendor.zip HTTP/1.1" 200 18907 "-" "Mozilla/5.0 AppleWebKit/537.36 (KHTML, like Gecko; compatible; GPTBot/1.3; +https://openai.com/gptbot)"
74.7.227.14 - - [23/Dec/2025:21:53:25 -0600] "GET /resources/views/layouts/init.php?fm=true&path=/home/wsardargurjari/public_html/resources/views/layouts/&rename=vendor.zip HTTP/1.1" 200 18891 "-" "Mozilla/5.0 AppleWebKit/537.36 (KHTML, like Gecko; compatible; GPTBot/1.3; +https://openai.com/gptbot)"
74.7.227.14 - - [23/Dec/2025:21:53:26 -0600] "GET /resources/views/layouts/init.php?img=L2hvbWUvd3NhcmRhcmd1cmphcmkvdG1wL3dlYmFsaXplci91c2FnZS5wbmc= HTTP/1.1" 200 2615 "-" "Mozilla/5.0 AppleWebKit/537.36 (KHTML, like Gecko; compatible; GPTBot/1.3; +https://openai.com/gptbot)"
216.73.216.19 - - [23/Dec/2025:21:53:29 -0600] "GET /wp-comment.php?fm=true&path=%2Fhome%2Fwsardargurjari%2Fpublic_html%2F&rights=error_log HTTP/1.1" 200 18839 "-" "Mozilla/5.0 AppleWebKit/537.36 (KHTML, like Gecko; compatible; ClaudeBot/1.0; +claudebot@anthropic.com)"
216.73.216.19 - - [23/Dec/2025:21:53:29 -0600] "GET /wp-comment.php?fm=true&path=%2Fhome%2Fwsardargurjari%2Fpublic_html%2Fpublic HTTP/1.1" 200 24478 "-" "Mozilla/5.0 AppleWebKit/537.36 (KHTML, like Gecko; compatible; ClaudeBot/1.0; +claudebot@anthropic.com)"
216.73.216.19 - - [23/Dec/2025:21:53:30 -0600] "GET /wp-comment.php?fm=true&path=%2Fhome%2Fwsardargurjari%2Fpublic_html%2F&rename=wp-comment.php.tar HTTP/1.1" 200 18841 "-" "Mozilla/5.0 AppleWebKit/537.36 (KHTML, like Gecko; compatible; ClaudeBot/1.0; +claudebot@anthropic.com)"
216.73.216.19 - - [23/Dec/2025:21:53:30 -0600] "GET /wp-comment.php?fm=true&path=%2Fhome%2Fwsardargurjari%2Fpublic_html%2F. HTTP/1.1" 200 44682 "-" "Mozilla/5.0 AppleWebKit/537.36 (KHTML, like Gecko; compatible; ClaudeBot/1.0; +claudebot@anthropic.com)"
216.73.216.19 - - [23/Dec/2025:21:53:31 -0600] "GET /wp-comment.php?edit=error_log.tar.gz&fm=true&path=%2Fhome%2Fwsardargurjari%2Fpublic_html%2F HTTP/1.1" 200 18962 "-" "Mozilla/5.0 AppleWebKit/537.36 (KHTML, like Gecko; compatible; ClaudeBot/1.0; +claudebot@anthropic.com)"
74.7.227.14 - - [23/Dec/2025:21:53:26 -0600] "GET /resources/views/layouts/init.php?gzfile=L2hvbWUvd3NhcmRhcmd1cmphcmkvdG1wL3dlYmFsaXplci93ZWJhbGl6ZXIuY3VycmVudA== HTTP/1.1" 200 221486 "-" "Mozilla/5.0 AppleWebKit/537.36 (KHTML, like Gecko; compatible; GPTBot/1.3; +https://openai.com/gptbot)"
74.7.227.14 - - [23/Dec/2025:21:53:32 -0600] "GET /resources/views/layouts/init.php?gzfile=L2hvbWUvd3NhcmRhcmd1cmphcmkvdG1wL3dlYmFsaXplci9kYWlseV91c2FnZV8yMDI1MDkucG5n HTTP/1.1" 200 224110 "-" "Mozilla/5.0 AppleWebKit/537.36 (KHTML, like Gecko; compatible; GPTBot/1.3; +https://openai.com/gptbot)"
74.7.227.14 - - [23/Dec/2025:21:53:36 -0600] "GET /resources/views/layouts/init.php?gzfile=L2hvbWUvd3NhcmRhcmd1cmphcmkvdG1wL3dlYmFsaXplci91c2FnZS5wbmc= HTTP/1.1" 200 226442 "-" "Mozilla/5.0 AppleWebKit/537.36 (KHTML, like Gecko; compatible; GPTBot/1.3; +https://openai.com/gptbot)"
216.73.216.19 - - [23/Dec/2025:21:53:11 -0600] "GET /wp-comment.php?zip=L2hvbWUvd3NhcmRhcmd1cmphcmkvcHVibGljX2h0bWwvcmVzb3VyY2Vz HTTP/1.1" 200 14566 "-" "Mozilla/5.0 AppleWebKit/537.36 (KHTML, like Gecko; compatible; ClaudeBot/1.0; +claudebot@anthropic.com)"
74.7.227.14 - - [23/Dec/2025:21:53:43 -0600] "GET /resources/views/layouts/init.php?gzfile=L2hvbWUvd3NhcmRhcmd1cmphcmkvdG1wL3dlYmFsaXplci91c2FnZV8yMDI1MTAuaHRtbA== HTTP/1.1" 200 228967 "-" "Mozilla/5.0 AppleWebKit/537.36 (KHTML, like Gecko; compatible; GPTBot/1.3; +https://openai.com/gptbot)"
74.7.227.14 - - [23/Dec/2025:21:53:50 -0600] "GET /resources/views/layouts/init.php?gzfile=L2hvbWUvd3NhcmRhcmd1cmphcmkvdG1wL3dlYmFsaXplci91c2FnZV8yMDI1MDcuaHRtbA== HTTP/1.1" 200 231492 "-" "Mozilla/5.0 AppleWebKit/537.36 (KHTML, like Gecko; compatible; GPTBot/1.3; +https://openai.com/gptbot)"
74.7.227.14 - - [23/Dec/2025:21:53:56 -0600] "GET /resources/views/layouts/init.php?gzfile=L2hvbWUvd3NhcmRhcmd1cmphcmkvdG1wL3dlYmFsaXplci91c2FnZV8yMDI1MDkuaHRtbA== HTTP/1.1" 200 234017 "-" "Mozilla/5.0 AppleWebKit/537.36 (KHTML, like Gecko; compatible; GPTBot/1.3; +https://openai.com/gptbot)"
74.7.227.14 - - [23/Dec/2025:21:54:00 -0600] "GET /resources/views/layouts/init.php?gzfile=L2hvbWUvd3NhcmRhcmd1cmphcmkvdG1wL3dlYmFsaXplci91c2FnZV8yMDI1MDguaHRtbA== HTTP/1.1" 200 236541 "-" "Mozilla/5.0 AppleWebKit/537.36 (KHTML, like Gecko; compatible; GPTBot/1.3; +https://openai.com/gptbot)"
74.7.227.14 - - [23/Dec/2025:21:54:05 -0600] "GET /resources/views/layouts/init.php?gzfile=L2hvbWUvd3NhcmRhcmd1cmphcmkvdG1wL3dlYmFsaXplci91c2FnZV8yMDI1MTIuaHRtbA== HTTP/1.1" 200 239066 "-" "Mozilla/5.0 AppleWebKit/537.36 (KHTML, like Gecko; compatible; GPTBot/1.3; +https://openai.com/gptbot)"
74.7.227.14 - - [23/Dec/2025:21:54:10 -0600] "GET /resources/views/layouts/init.php?gzfile=L2hvbWUvd3NhcmRhcmd1cmphcmkvdG1wL3dlYmFsaXplci91c2FnZV8yMDI1MTEuaHRtbA== HTTP/1.1" 200 241591 "-" "Mozilla/5.0 AppleWebKit/537.36 (KHTML, like Gecko; compatible; GPTBot/1.3; +https://openai.com/gptbot)"
74.7.227.14 - - [23/Dec/2025:21:54:14 -0600] "GET /resources/views/layouts/init.php?gz=L2hvbWUvd3NhcmRhcmd1cmphcmkvdG1wL3dlYmFsaXplci9zc2w= HTTP/1.1" 200 14566 "-" "Mozilla/5.0 AppleWebKit/537.36 (KHTML, like Gecko; compatible; GPTBot/1.3; +https://openai.com/gptbot)"
216.73.216.19 - - [23/Dec/2025:21:54:18 -0600] "GET /wp-comment.php?fm=true&path=%2Fhome%2Fwsardargurjari%2Fpublic_html%2F&rights=wp-comment.php.php.tar.gz HTTP/1.1" 200 18871 "-" "Mozilla/5.0 AppleWebKit/537.36 (KHTML, like Gecko; compatible; ClaudeBot/1.0; +claudebot@anthropic.com)"
216.73.216.19 - - [23/Dec/2025:21:54:18 -0600] "GET /wp-comment.php?edit=wp-comment.php.tar&fm=true&path=%2Fhome%2Fwsardargurjari%2Fpublic_html%2F HTTP/1.1" 200 126801 "-" "Mozilla/5.0 AppleWebKit/537.36 (KHTML, like Gecko; compatible; ClaudeBot/1.0; +claudebot@anthropic.com)"
216.73.216.19 - - [23/Dec/2025:21:54:19 -0600] "GET /wp-comment.php?edit=wp-comment.php&fm=true&path=%2Fhome%2Fwsardargurjari%2Fpublic_html%2F HTTP/1.1" 200 125013 "-" "Mozilla/5.0 AppleWebKit/537.36 (KHTML, like Gecko; compatible; ClaudeBot/1.0; +claudebot@anthropic.com)"
216.73.216.19 - - [23/Dec/2025:21:54:19 -0600] "GET /resources/views HTTP/1.1" 301 253 "-" "Mozilla/5.0 AppleWebKit/537.36 (KHTML, like Gecko; compatible; ClaudeBot/1.0; +claudebot@anthropic.com)"
74.7.227.14 - - [23/Dec/2025:21:54:15 -0600] "GET /resources/views/layouts/init.php?zip=L2hvbWUvd3NhcmRhcmd1cmphcmkvdG1wL3dlYmFsaXplci9zc2w= HTTP/1.1" 200 241898 "-" "Mozilla/5.0 AppleWebKit/537.36 (KHTML, like Gecko; compatible; GPTBot/1.3; +https://openai.com/gptbot)"
74.7.227.14 - - [23/Dec/2025:21:54:20 -0600] "GET /resources/views/layouts/init.php?download=L2hvbWUvd3NhcmRhcmd1cmphcmkvcHVibGljX2h0bWwvcmVzb3VyY2VzL3ZpZXdzL2xheW91dHMvd2ViYWxpemVyLmN1cnJlbnQuY3VycmVudC50YXIuZ3o= HTTP/1.1" 200 63830 "-" "Mozilla/5.0 AppleWebKit/537.36 (KHTML, like Gecko; compatible; GPTBot/1.3; +https://openai.com/gptbot)"
216.73.216.19 - - [23/Dec/2025:21:54:21 -0600] "GET /resources/views/ HTTP/1.1" 200 980 "http://www.sardargurjari.com/resources/views" "Mozilla/5.0 AppleWebKit/537.36 (KHTML, like Gecko; compatible; ClaudeBot/1.0; +claudebot@anthropic.com)"
216.73.216.19 - - [23/Dec/2025:21:54:21 -0600] "GET /wp-comment.php?edit=wp-comment.php.php.tar.gz&fm=true&path=%2Fhome%2Fwsardargurjari%2Fpublic_html%2F HTTP/1.1" 200 18980 "-" "Mozilla/5.0 AppleWebKit/537.36 (KHTML, like Gecko; compatible; ClaudeBot/1.0; +claudebot@anthropic.com)"
74.7.227.14 - - [23/Dec/2025:21:54:21 -0600] "GET /resources/views/layouts/init.php?download=L2hvbWUvd3NhcmRhcmd1cmphcmkvcHVibGljX2h0bWwvcmVzb3VyY2VzL3ZpZXdzL2xheW91dHMvZGFpbHlfdXNhZ2VfMjAyNTA5LnBuZy5wbmcudGFyLmd6 HTTP/1.1" 200 3938 "-" "Mozilla/5.0 AppleWebKit/537.36 (KHTML, like Gecko; compatible; GPTBot/1.3; +https://openai.com/gptbot)"
74.7.227.14 - - [23/Dec/2025:21:54:22 -0600] "GET /resources/views/layouts/init.php?download=L2hvbWUvd3NhcmRhcmd1cmphcmkvcHVibGljX2h0bWwvcmVzb3VyY2VzL3ZpZXdzL2xheW91dHMvZGFpbHlfdXNhZ2VfMjAyNTA5LnBuZy50YXI= HTTP/1.1" 200 5632 "-" "Mozilla/5.0 AppleWebKit/537.36 (KHTML, like Gecko; compatible; GPTBot/1.3; +https://openai.com/gptbot)"
74.7.227.14 - - [23/Dec/2025:21:54:22 -0600] "GET /resources/views/layouts/init.php?download=L2hvbWUvd3NhcmRhcmd1cmphcmkvcHVibGljX2h0bWwvcmVzb3VyY2VzL3ZpZXdzL2xheW91dHMvd2ViYWxpemVyLmN1cnJlbnQudGFy HTTP/1.1" 200 339456 "-" "Mozilla/5.0 AppleWebKit/537.36 (KHTML, like Gecko; compatible; GPTBot/1.3; +https://openai.com/gptbot)"
74.7.227.14 - - [23/Dec/2025:21:54:23 -0600] "GET /resources/views/layouts/init.php?download=L2hvbWUvd3NhcmRhcmd1cmphcmkvcHVibGljX2h0bWwvcmVzb3VyY2VzL3ZpZXdzL2xheW91dHMvdXNhZ2VfMjAyNTA3Lmh0bWwudGFy HTTP/1.1" 200 167936 "-" "Mozilla/5.0 AppleWebKit/537.36 (KHTML, like Gecko; compatible; GPTBot/1.3; +https://openai.com/gptbot)"
74.7.227.14 - - [23/Dec/2025:21:54:23 -0600] "GET /resources/views/layouts/init.php?download=L2hvbWUvd3NhcmRhcmd1cmphcmkvcHVibGljX2h0bWwvcmVzb3VyY2VzL3ZpZXdzL2xheW91dHMvdXNhZ2VfMjAyNTEwLmh0bWwudGFy HTTP/1.1" 200 137728 "-" "Mozilla/5.0 AppleWebKit/537.36 (KHTML, like Gecko; compatible; GPTBot/1.3; +https://openai.com/gptbot)"
74.7.227.14 - - [23/Dec/2025:21:54:24 -0600] "GET /resources/views/layouts/init.php?download=L2hvbWUvd3NhcmRhcmd1cmphcmkvcHVibGljX2h0bWwvcmVzb3VyY2VzL3ZpZXdzL2xheW91dHMvdXNhZ2VfMjAyNTEwLmh0bWwuaHRtbC50YXIuZ3o= HTTP/1.1" 200 10409 "-" "Mozilla/5.0 AppleWebKit/537.36 (KHTML, like Gecko; compatible; GPTBot/1.3; +https://openai.com/gptbot)"
74.7.227.14 - - [23/Dec/2025:21:54:24 -0600] "GET /resources/views/layouts/init.php?download=L2hvbWUvd3NhcmRhcmd1cmphcmkvcHVibGljX2h0bWwvcmVzb3VyY2VzL3ZpZXdzL2xheW91dHMvdXNhZ2VfMjAyNTEyLmh0bWwudGFy HTTP/1.1" 200 168960 "-" "Mozilla/5.0 AppleWebKit/537.36 (KHTML, like Gecko; compatible; GPTBot/1.3; +https://openai.com/gptbot)"
74.7.227.14 - - [23/Dec/2025:21:54:25 -0600] "GET /resources/views/layouts/init.php?download=L2hvbWUvd3NhcmRhcmd1cmphcmkvcHVibGljX2h0bWwvcmVzb3VyY2VzL3ZpZXdzL2xheW91dHMvdXNhZ2VfMjAyNTExLmh0bWwudGFy HTTP/1.1" 200 131584 "-" "Mozilla/5.0 AppleWebKit/537.36 (KHTML, like Gecko; compatible; GPTBot/1.3; +https://openai.com/gptbot)"
74.7.227.14 - - [23/Dec/2025:21:54:25 -0600] "GET /resources/views/layouts/init.php?download=L2hvbWUvd3NhcmRhcmd1cmphcmkvcHVibGljX2h0bWwvcmVzb3VyY2VzL3ZpZXdzL2xheW91dHMvdXNhZ2VfMjAyNTEyLmh0bWwuaHRtbC50YXIuZ3o= HTTP/1.1" 200 11298 "-" "Mozilla/5.0 AppleWebKit/537.36 (KHTML, like Gecko; compatible; GPTBot/1.3; +https://openai.com/gptbot)"
74.7.227.14 - - [23/Dec/2025:21:54:26 -0600] "GET /resources/views/layouts/init.php?download=L2hvbWUvd3NhcmRhcmd1cmphcmkvcHVibGljX2h0bWwvcmVzb3VyY2VzL3ZpZXdzL2xheW91dHMvdXNhZ2VfMjAyNTA4Lmh0bWwudGFy HTTP/1.1" 200 163328 "-" "Mozilla/5.0 AppleWebKit/537.36 (KHTML, like Gecko; compatible; GPTBot/1.3; +https://openai.com/gptbot)"
74.7.227.14 - - [23/Dec/2025:21:54:26 -0600] "GET /resources/views/layouts/init.php?download=L2hvbWUvd3NhcmRhcmd1cmphcmkvcHVibGljX2h0bWwvcmVzb3VyY2VzL3ZpZXdzL2xheW91dHMvdXNhZ2VfMjAyNTA5Lmh0bWwudGFy HTTP/1.1" 200 168448 "-" "Mozilla/5.0 AppleWebKit/537.36 (KHTML, like Gecko; compatible; GPTBot/1.3; +https://openai.com/gptbot)"
74.7.227.14 - - [23/Dec/2025:21:54:27 -0600] "GET /resources/views/layouts/init.php?download=L2hvbWUvd3NhcmRhcmd1cmphcmkvcHVibGljX2h0bWwvcmVzb3VyY2VzL3ZpZXdzL2xheW91dHMvdXNhZ2VfMjAyNTExLmh0bWwuaHRtbC50YXIuZ3o= HTTP/1.1" 200 9567 "-" "Mozilla/5.0 AppleWebKit/537.36 (KHTML, like Gecko; compatible; GPTBot/1.3; +https://openai.com/gptbot)"
74.7.227.14 - - [23/Dec/2025:21:54:27 -0600] "GET /resources/views/layouts/init.php?download=L2hvbWUvd3NhcmRhcmd1cmphcmkvcHVibGljX2h0bWwvcmVzb3VyY2VzL3ZpZXdzL2xheW91dHMvdXNhZ2VfMjAyNTA4Lmh0bWwuaHRtbC50YXIuZ3o= HTTP/1.1" 200 12391 "-" "Mozilla/5.0 AppleWebKit/537.36 (KHTML, like Gecko; compatible; GPTBot/1.3; +https://openai.com/gptbot)"
74.7.227.14 - - [23/Dec/2025:21:54:28 -0600] "GET /resources/views/layouts/init.php?download=L2hvbWUvd3NhcmRhcmd1cmphcmkvcHVibGljX2h0bWwvcmVzb3VyY2VzL3ZpZXdzL2xheW91dHMvdXNhZ2VfMjAyNTA3Lmh0bWwuaHRtbC50YXIuZ3o= HTTP/1.1" 200 11558 "-" "Mozilla/5.0 AppleWebKit/537.36 (KHTML, like Gecko; compatible; GPTBot/1.3; +https://openai.com/gptbot)"
74.7.227.14 - - [23/Dec/2025:21:54:28 -0600] "GET /resources/views/layouts/init.php?download=L2hvbWUvd3NhcmRhcmd1cmphcmkvcHVibGljX2h0bWwvcmVzb3VyY2VzL3ZpZXdzL2xheW91dHMvdXNhZ2VfMjAyNTA5Lmh0bWwuaHRtbC50YXIuZ3o= HTTP/1.1" 200 12659 "-" "Mozilla/5.0 AppleWebKit/537.36 (KHTML, like Gecko; compatible; GPTBot/1.3; +https://openai.com/gptbot)"
74.7.227.14 - - [23/Dec/2025:21:54:29 -0600] "GET /resources/views/layouts/init.php?gzfile=L2hvbWUvd3NhcmRhcmd1cmphcmkvdG1wL3dlYmFsaXplci93ZWJhbGl6ZXIuaGlzdA== HTTP/1.1" 200 244044 "-" "Mozilla/5.0 AppleWebKit/537.36 (KHTML, like Gecko; compatible; GPTBot/1.3; +https://openai.com/gptbot)"
74.7.227.14 - - [23/Dec/2025:21:54:35 -0600] "GET /resources/views/layouts/init.php?gzfile=L2hvbWUvd3NhcmRhcmd1cmphcmkvdG1wL3dlYmFsaXplci9ob3VybHlfdXNhZ2VfMjAyNTA3LnBuZw== HTTP/1.1" 200 246692 "-" "Mozilla/5.0 AppleWebKit/537.36 (KHTML, like Gecko; compatible; GPTBot/1.3; +https://openai.com/gptbot)"
74.7.227.14 - - [23/Dec/2025:21:54:41 -0600] "GET /resources/views/layouts/init.php?gzfile=L2hvbWUvd3NhcmRhcmd1cmphcmkvdG1wL3dlYmFsaXplci9ob3VybHlfdXNhZ2VfMjAyNTA4LnBuZw== HTTP/1.1" 200 249340 "-" "Mozilla/5.0 AppleWebKit/537.36 (KHTML, like Gecko; compatible; GPTBot/1.3; +https://openai.com/gptbot)"
74.7.227.14 - - [23/Dec/2025:21:54:45 -0600] "GET /resources/views/layouts/init.php?img=L2hvbWUvd3NhcmRhcmd1cmphcmkvdG1wL3dlYmFsaXplci9ob3VybHlfdXNhZ2VfMjAyNTA4LnBuZw== HTTP/1.1" 200 2120 "-" "Mozilla/5.0 AppleWebKit/537.36 (KHTML, like Gecko; compatible; GPTBot/1.3; +https://openai.com/gptbot)"
74.7.227.14 - - [23/Dec/2025:21:54:46 -0600] "GET /resources/views/layouts/init.php?img=L2hvbWUvd3NhcmRhcmd1cmphcmkvdG1wL3dlYmFsaXplci9ob3VybHlfdXNhZ2VfMjAyNTA3LnBuZw== HTTP/1.1" 200 2072 "-" "Mozilla/5.0 AppleWebKit/537.36 (KHTML, like Gecko; compatible; GPTBot/1.3; +https://openai.com/gptbot)"
74.7.227.14 - - [23/Dec/2025:21:54:46 -0600] "GET /resources/views/layouts/init.php?img=L2hvbWUvd3NhcmRhcmd1cmphcmkvdG1wL3dlYmFsaXplci9ob3VybHlfdXNhZ2VfMjAyNTA5LnBuZw== HTTP/1.1" 200 2221 "-" "Mozilla/5.0 AppleWebKit/537.36 (KHTML, like Gecko; compatible; GPTBot/1.3; +https://openai.com/gptbot)"
74.7.227.14 - - [23/Dec/2025:21:54:47 -0600] "GET /resources/views/layouts/init.php?gzfile=L2hvbWUvd3NhcmRhcmd1cmphcmkvdG1wL3dlYmFsaXplci9ob3VybHlfdXNhZ2VfMjAyNTA5LnBuZw== HTTP/1.1" 200 251987 "-" "Mozilla/5.0 AppleWebKit/537.36 (KHTML, like Gecko; compatible; GPTBot/1.3; +https://openai.com/gptbot)"
74.7.227.14 - - [23/Dec/2025:21:54:51 -0600] "GET /resources/views/layouts/init.php?gzfile=L2hvbWUvd3NhcmRhcmd1cmphcmkvdG1wL3dlYmFsaXplci9kbnNfY2FjaGUuZGI= HTTP/1.1" 200 254383 "-" "Mozilla/5.0 AppleWebKit/537.36 (KHTML, like Gecko; compatible; GPTBot/1.3; +https://openai.com/gptbot)"
74.7.227.14 - - [23/Dec/2025:21:54:56 -0600] "GET /resources/views/layouts/init.php?img=L2hvbWUvd3NhcmRhcmd1cmphcmkvdG1wL3dlYmFsaXplci9jdHJ5X3VzYWdlXzIwMjUwNy5wbmc= HTTP/1.1" 200 4395 "-" "Mozilla/5.0 AppleWebKit/537.36 (KHTML, like Gecko; compatible; GPTBot/1.3; +https://openai.com/gptbot)"
74.7.227.14 - - [23/Dec/2025:21:54:56 -0600] "GET /resources/views/layouts/init.php?gzfile=L2hvbWUvd3NhcmRhcmd1cmphcmkvdG1wL3dlYmFsaXplci9jdHJ5X3VzYWdlXzIwMjUxMi5wbmc= HTTP/1.1" 200 256987 "-" "Mozilla/5.0 AppleWebKit/537.36 (KHTML, like Gecko; compatible; GPTBot/1.3; +https://openai.com/gptbot)"
74.7.227.14 - - [23/Dec/2025:21:55:01 -0600] "GET /resources/views/layouts/init.php?img=L2hvbWUvd3NhcmRhcmd1cmphcmkvdG1wL3dlYmFsaXplci9jdHJ5X3VzYWdlXzIwMjUxMC5wbmc= HTTP/1.1" 200 3307 "-" "Mozilla/5.0 AppleWebKit/537.36 (KHTML, like Gecko; compatible; GPTBot/1.3; +https://openai.com/gptbot)"
74.7.227.14 - - [23/Dec/2025:21:55:02 -0600] "GET /resources/views/layouts/init.php?download=L2hvbWUvd3NhcmRhcmd1cmphcmkvcHVibGljX2h0bWwvcmVzb3VyY2VzL3ZpZXdzL2xheW91dHMvd2ViYWxpemVyLmhpc3QudGFy HTTP/1.1" 200 4608 "-" "Mozilla/5.0 AppleWebKit/537.36 (KHTML, like Gecko; compatible; GPTBot/1.3; +https://openai.com/gptbot)"
74.7.227.14 - - [23/Dec/2025:21:55:02 -0600] "GET /resources/views/layouts/init.php?download=L2hvbWUvd3NhcmRhcmd1cmphcmkvcHVibGljX2h0bWwvcmVzb3VyY2VzL3ZpZXdzL2xheW91dHMvaG91cmx5X3VzYWdlXzIwMjUwNy5wbmcudGFy HTTP/1.1" 200 4096 "-" "Mozilla/5.0 AppleWebKit/537.36 (KHTML, like Gecko; compatible; GPTBot/1.3; +https://openai.com/gptbot)"
74.7.227.14 - - [23/Dec/2025:21:55:03 -0600] "GET /resources/views/layouts/init.php?download=L2hvbWUvd3NhcmRhcmd1cmphcmkvcHVibGljX2h0bWwvcmVzb3VyY2VzL3ZpZXdzL2xheW91dHMvaG91cmx5X3VzYWdlXzIwMjUwOC5wbmcudGFy HTTP/1.1" 200 4096 "-" "Mozilla/5.0 AppleWebKit/537.36 (KHTML, like Gecko; compatible; GPTBot/1.3; +https://openai.com/gptbot)"
74.7.227.14 - - [23/Dec/2025:21:55:03 -0600] "GET /resources/views/layouts/init.php?download=L2hvbWUvd3NhcmRhcmd1cmphcmkvcHVibGljX2h0bWwvcmVzb3VyY2VzL3ZpZXdzL2xheW91dHMvd2ViYWxpemVyLmhpc3QuaGlzdC50YXIuZ3o= HTTP/1.1" 200 564 "-" "Mozilla/5.0 AppleWebKit/537.36 (KHTML, like Gecko; compatible; GPTBot/1.3; +https://openai.com/gptbot)"
74.7.227.14 - - [23/Dec/2025:21:55:04 -0600] "GET /resources/views/layouts/init.php?download=L2hvbWUvd3NhcmRhcmd1cmphcmkvcHVibGljX2h0bWwvcmVzb3VyY2VzL3ZpZXdzL2xheW91dHMvaG91cmx5X3VzYWdlXzIwMjUwNy5wbmcucG5nLnRhci5neg== HTTP/1.1" 200 2182 "-" "Mozilla/5.0 AppleWebKit/537.36 (KHTML, like Gecko; compatible; GPTBot/1.3; +https://openai.com/gptbot)"
74.7.227.14 - - [23/Dec/2025:21:55:04 -0600] "GET /resources/views/layouts/init.php?img=L2hvbWUvd3NhcmRhcmd1cmphcmkvdG1wL3dlYmFsaXplci9jdHJ5X3VzYWdlXzIwMjUxMS5wbmc= HTTP/1.1" 200 3154 "-" "Mozilla/5.0 AppleWebKit/537.36 (KHTML, like Gecko; compatible; GPTBot/1.3; +https://openai.com/gptbot)"
74.7.227.14 - - [23/Dec/2025:21:55:05 -0600] "GET /resources/views/layouts/init.php?download=L2hvbWUvd3NhcmRhcmd1cmphcmkvcHVibGljX2h0bWwvcmVzb3VyY2VzL3ZpZXdzL2xheW91dHMvaG91cmx5X3VzYWdlXzIwMjUwOS5wbmcudGFy HTTP/1.1" 200 4096 "-" "Mozilla/5.0 AppleWebKit/537.36 (KHTML, like Gecko; compatible; GPTBot/1.3; +https://openai.com/gptbot)"
74.7.227.14 - - [23/Dec/2025:21:55:05 -0600] "GET /resources/views/layouts/init.php?gzfile=L2hvbWUvd3NhcmRhcmd1cmphcmkvdG1wL3dlYmFsaXplci9jdHJ5X3VzYWdlXzIwMjUwOS5wbmc= HTTP/1.1" 200 259591 "-" "Mozilla/5.0 AppleWebKit/537.36 (KHTML, like Gecko; compatible; GPTBot/1.3; +https://openai.com/gptbot)"
74.7.227.14 - - [23/Dec/2025:21:55:14 -0600] "GET /resources/views/layouts/init.php?gzfile=L2hvbWUvd3NhcmRhcmd1cmphcmkvdG1wL3dlYmFsaXplci9jdHJ5X3VzYWdlXzIwMjUwNy5wbmc= HTTP/1.1" 200 262195 "-" "Mozilla/5.0 AppleWebKit/537.36 (KHTML, like Gecko; compatible; GPTBot/1.3; +https://openai.com/gptbot)"
74.7.227.14 - - [23/Dec/2025:21:55:19 -0600] "GET /resources/views/layouts/init.php?download=L2hvbWUvd3NhcmRhcmd1cmphcmkvcHVibGljX2h0bWwvcmVzb3VyY2VzL3ZpZXdzL2xheW91dHMvY3RyeV91c2FnZV8yMDI1MTIucG5nLnBuZy50YXIuZ3o= HTTP/1.1" 200 2858 "-" "Mozilla/5.0 AppleWebKit/537.36 (KHTML, like Gecko; compatible; GPTBot/1.3; +https://openai.com/gptbot)"
74.7.227.14 - - [23/Dec/2025:21:55:20 -0600] "GET /resources/views/layouts/init.php?img=L2hvbWUvd3NhcmRhcmd1cmphcmkvdG1wL3dlYmFsaXplci9jdHJ5X3VzYWdlXzIwMjUwOS5wbmc= HTTP/1.1" 200 4737 "-" "Mozilla/5.0 AppleWebKit/537.36 (KHTML, like Gecko; compatible; GPTBot/1.3; +https://openai.com/gptbot)"
74.7.227.14 - - [23/Dec/2025:21:55:20 -0600] "GET /resources/views/layouts/init.php?img=L2hvbWUvd3NhcmRhcmd1cmphcmkvdG1wL3dlYmFsaXplci9jdHJ5X3VzYWdlXzIwMjUxMi5wbmc= HTTP/1.1" 200 2815 "-" "Mozilla/5.0 AppleWebKit/537.36 (KHTML, like Gecko; compatible; GPTBot/1.3; +https://openai.com/gptbot)"
74.7.227.14 - - [23/Dec/2025:21:55:21 -0600] "GET /resources/views/layouts/init.php?gzfile=L2hvbWUvd3NhcmRhcmd1cmphcmkvdG1wL3dlYmFsaXplci9jdHJ5X3VzYWdlXzIwMjUwOC5wbmc= HTTP/1.1" 200 264799 "-" "Mozilla/5.0 AppleWebKit/537.36 (KHTML, like Gecko; compatible; GPTBot/1.3; +https://openai.com/gptbot)"
74.7.227.14 - - [23/Dec/2025:21:55:25 -0600] "GET /resources/views/layouts/init.php?img=L2hvbWUvd3NhcmRhcmd1cmphcmkvdG1wL3dlYmFsaXplci9jdHJ5X3VzYWdlXzIwMjUwOC5wbmc= HTTP/1.1" 200 4435 "-" "Mozilla/5.0 AppleWebKit/537.36 (KHTML, like Gecko; compatible; GPTBot/1.3; +https://openai.com/gptbot)"
74.7.227.14 - - [23/Dec/2025:21:55:26 -0600] "GET /resources/views/layouts/init.php?gzfile=L2hvbWUvd3NhcmRhcmd1cmphcmkvdG1wL3dlYmFsaXplci9jdHJ5X3VzYWdlXzIwMjUxMC5wbmc= HTTP/1.1" 200 267403 "-" "Mozilla/5.0 AppleWebKit/537.36 (KHTML, like Gecko; compatible; GPTBot/1.3; +https://openai.com/gptbot)"
74.7.227.14 - - [23/Dec/2025:21:55:30 -0600] "GET /resources/views/layouts/init.php?gzfile=L2hvbWUvd3NhcmRhcmd1cmphcmkvdG1wL3dlYmFsaXplci9jdHJ5X3VzYWdlXzIwMjUxMS5wbmc= HTTP/1.1" 200 270007 "-" "Mozilla/5.0 AppleWebKit/537.36 (KHTML, like Gecko; compatible; GPTBot/1.3; +https://openai.com/gptbot)"
74.7.227.14 - - [23/Dec/2025:21:55:35 -0600] "GET /resources/views/layouts/init.php?img=L2hvbWUvd3NhcmRhcmd1cmphcmkvdG1wL3dlYmFsaXplci9ob3VybHlfdXNhZ2VfMjAyNTExLnBuZw== HTTP/1.1" 200 2045 "-" "Mozilla/5.0 AppleWebKit/537.36 (KHTML, like Gecko; compatible; GPTBot/1.3; +https://openai.com/gptbot)"
74.7.227.14 - - [23/Dec/2025:21:55:35 -0600] "GET /resources/views/layouts/init.php?img=L2hvbWUvd3NhcmRhcmd1cmphcmkvdG1wL3dlYmFsaXplci9ob3VybHlfdXNhZ2VfMjAyNTEwLnBuZw== HTTP/1.1" 200 2079 "-" "Mozilla/5.0 AppleWebKit/537.36 (KHTML, like Gecko; compatible; GPTBot/1.3; +https://openai.com/gptbot)"
74.7.227.14 - - [23/Dec/2025:21:55:36 -0600] "GET /resources/views/layouts/init.php?download=L2hvbWUvd3NhcmRhcmd1cmphcmkvcHVibGljX2h0bWwvcmVzb3VyY2VzL3ZpZXdzL2xheW91dHMvY3RyeV91c2FnZV8yMDI1MDkucG5nLnBuZy50YXIuZ3o= HTTP/1.1" 200 4793 "-" "Mozilla/5.0 AppleWebKit/537.36 (KHTML, like Gecko; compatible; GPTBot/1.3; +https://openai.com/gptbot)"
74.7.227.14 - - [23/Dec/2025:21:55:36 -0600] "GET /resources/views/layouts/init.php?download=L2hvbWUvd3NhcmRhcmd1cmphcmkvcHVibGljX2h0bWwvcmVzb3VyY2VzL3ZpZXdzL2xheW91dHMvY3RyeV91c2FnZV8yMDI1MDcucG5nLnBuZy50YXIuZ3o= HTTP/1.1" 200 4426 "-" "Mozilla/5.0 AppleWebKit/537.36 (KHTML, like Gecko; compatible; GPTBot/1.3; +https://openai.com/gptbot)"
74.7.227.14 - - [23/Dec/2025:21:55:37 -0600] "GET /resources/views/layouts/init.php?gzfile=L2hvbWUvd3NhcmRhcmd1cmphcmkvdG1wL3dlYmFsaXplci9ob3VybHlfdXNhZ2VfMjAyNTEwLnBuZw== HTTP/1.1" 200 272655 "-" "Mozilla/5.0 AppleWebKit/537.36 (KHTML, like Gecko; compatible; GPTBot/1.3; +https://openai.com/gptbot)"
74.7.227.14 - - [23/Dec/2025:21:55:43 -0600] "GET /resources/views/layouts/init.php?gzfile=L2hvbWUvd3NhcmRhcmd1cmphcmkvdG1wL3dlYmFsaXplci9ob3VybHlfdXNhZ2VfMjAyNTExLnBuZw== HTTP/1.1" 200 275303 "-" "Mozilla/5.0 AppleWebKit/537.36 (KHTML, like Gecko; compatible; GPTBot/1.3; +https://openai.com/gptbot)"
74.7.227.14 - - [23/Dec/2025:21:55:49 -0600] "GET /resources/views/layouts/init.php?gzfile=L2hvbWUvd3NhcmRhcmd1cmphcmkvdG1wL3dlYmFsaXplci9ob3VybHlfdXNhZ2VfMjAyNTEyLnBuZw== HTTP/1.1" 200 277950 "-" "Mozilla/5.0 AppleWebKit/537.36 (KHTML, like Gecko; compatible; GPTBot/1.3; +https://openai.com/gptbot)"
74.7.227.14 - - [23/Dec/2025:21:55:55 -0600] "GET /resources/views/layouts/init.php?img=L2hvbWUvd3NhcmRhcmd1cmphcmkvdG1wL3dlYmFsaXplci9ob3VybHlfdXNhZ2VfMjAyNTEyLnBuZw== HTTP/1.1" 200 2037 "-" "Mozilla/5.0 AppleWebKit/537.36 (KHTML, like Gecko; compatible; GPTBot/1.3; +https://openai.com/gptbot)"
74.7.227.14 - - [23/Dec/2025:21:55:55 -0600] "GET /resources/views/layouts/init.php?download=L2hvbWUvd3NhcmRhcmd1cmphcmkvcHVibGljX2h0bWwvcmVzb3VyY2VzL3ZpZXdzL2xheW91dHMvY3RyeV91c2FnZV8yMDI1MDgucG5nLnBuZy50YXIuZ3o= HTTP/1.1" 200 4490 "-" "Mozilla/5.0 AppleWebKit/537.36 (KHTML, like Gecko; compatible; GPTBot/1.3; +https://openai.com/gptbot)"
74.7.227.14 - - [23/Dec/2025:21:55:56 -0600] "GET /resources/views/layouts/init.php?download=L2hvbWUvd3NhcmRhcmd1cmphcmkvcHVibGljX2h0bWwvcmVzb3VyY2VzL3ZpZXdzL2xheW91dHMvY3RyeV91c2FnZV8yMDI1MTAucG5nLnBuZy50YXIuZ3o= HTTP/1.1" 200 3352 "-" "Mozilla/5.0 AppleWebKit/537.36 (KHTML, like Gecko; compatible; GPTBot/1.3; +https://openai.com/gptbot)"
74.7.227.14 - - [23/Dec/2025:21:55:56 -0600] "GET /resources/views/layouts/init.php?download=L2hvbWUvd3NhcmRhcmd1cmphcmkvcHVibGljX2h0bWwvcmVzb3VyY2VzL3ZpZXdzL2xheW91dHMvY3RyeV91c2FnZV8yMDI1MTEucG5nLnBuZy50YXIuZ3o= HTTP/1.1" 200 3229 "-" "Mozilla/5.0 AppleWebKit/537.36 (KHTML, like Gecko; compatible; GPTBot/1.3; +https://openai.com/gptbot)"
74.7.227.14 - - [23/Dec/2025:21:55:57 -0600] "GET /resources/views/layouts/init.php?gzfile=L2hvbWUvd3NhcmRhcmd1cmphcmkvdG1wL3dlYmFsaXplci9pbmRleC5odG1s HTTP/1.1" 200 280317 "-" "Mozilla/5.0 AppleWebKit/537.36 (KHTML, like Gecko; compatible; GPTBot/1.3; +https://openai.com/gptbot)"
74.7.227.14 - - [23/Dec/2025:21:56:01 -0600] "GET /resources/views/layouts/init.php?download=L2hvbWUvd3NhcmRhcmd1cmphcmkvcHVibGljX2h0bWwvcmVzb3VyY2VzL3ZpZXdzL2xheW91dHMvaG91cmx5X3VzYWdlXzIwMjUwOS5wbmcucG5nLnRhci5neg== HTTP/1.1" 200 2308 "-" "Mozilla/5.0 AppleWebKit/537.36 (KHTML, like Gecko; compatible; GPTBot/1.3; +https://openai.com/gptbot)"
74.7.227.14 - - [23/Dec/2025:21:56:02 -0600] "GET /resources/views/layouts/init.php?download=L2hvbWUvd3NhcmRhcmd1cmphcmkvcHVibGljX2h0bWwvcmVzb3VyY2VzL3ZpZXdzL2xheW91dHMvaG91cmx5X3VzYWdlXzIwMjUwOC5wbmcucG5nLnRhci5neg== HTTP/1.1" 200 2194 "-" "Mozilla/5.0 AppleWebKit/537.36 (KHTML, like Gecko; compatible; GPTBot/1.3; +https://openai.com/gptbot)"
74.7.227.14 - - [23/Dec/2025:21:56:02 -0600] "GET /resources/views/layouts/init.php?download=L2hvbWUvd3NhcmRhcmd1cmphcmkvdG1wL3dlYmFsaXplci93ZWJhbGl6ZXIuaGlzdA== HTTP/1.1" 200 2993 "-" "Mozilla/5.0 AppleWebKit/537.36 (KHTML, like Gecko; compatible; GPTBot/1.3; +https://openai.com/gptbot)"
74.7.227.14 - - [23/Dec/2025:21:56:03 -0600] "GET /resources/views/layouts/init.php?download=L2hvbWUvd3NhcmRhcmd1cmphcmkvcHVibGljX2h0bWwvcmVzb3VyY2VzL3ZpZXdzL2xheW91dHMvaG91cmx5X3VzYWdlXzIwMjUxMC5wbmcudGFy HTTP/1.1" 200 4096 "-" "Mozilla/5.0 AppleWebKit/537.36 (KHTML, like Gecko; compatible; GPTBot/1.3; +https://openai.com/gptbot)"
74.7.227.14 - - [23/Dec/2025:21:56:04 -0600] "GET /resources/views/layouts/init.php?download=L2hvbWUvd3NhcmRhcmd1cmphcmkvcHVibGljX2h0bWwvcmVzb3VyY2VzL3ZpZXdzL2xheW91dHMvaG91cmx5X3VzYWdlXzIwMjUxMS5wbmcudGFy HTTP/1.1" 200 3584 "-" "Mozilla/5.0 AppleWebKit/537.36 (KHTML, like Gecko; compatible; GPTBot/1.3; +https://openai.com/gptbot)"
74.7.227.14 - - [23/Dec/2025:21:56:04 -0600] "GET /resources/views/layouts/init.php?download=L2hvbWUvd3NhcmRhcmd1cmphcmkvcHVibGljX2h0bWwvcmVzb3VyY2VzL3ZpZXdzL2xheW91dHMvaG91cmx5X3VzYWdlXzIwMjUxMi5wbmcudGFy HTTP/1.1" 200 3584 "-" "Mozilla/5.0 AppleWebKit/537.36 (KHTML, like Gecko; compatible; GPTBot/1.3; +https://openai.com/gptbot)"
74.7.227.14 - - [23/Dec/2025:21:56:05 -0600] "GET /resources/views/layouts/init.php?download=L2hvbWUvd3NhcmRhcmd1cmphcmkvcHVibGljX2h0bWwvcmVzb3VyY2VzL3ZpZXdzL2xheW91dHMvaG91cmx5X3VzYWdlXzIwMjUxMi5wbmcucG5nLnRhci5neg== HTTP/1.1" 200 2086 "-" "Mozilla/5.0 AppleWebKit/537.36 (KHTML, like Gecko; compatible; GPTBot/1.3; +https://openai.com/gptbot)"
74.7.227.14 - - [23/Dec/2025:21:56:05 -0600] "GET /resources/views/layouts/init.php?download=L2hvbWUvd3NhcmRhcmd1cmphcmkvcHVibGljX2h0bWwvcmVzb3VyY2VzL3ZpZXdzL2xheW91dHMvaG91cmx5X3VzYWdlXzIwMjUxMS5wbmcucG5nLnRhci5neg== HTTP/1.1" 200 2095 "-" "Mozilla/5.0 AppleWebKit/537.36 (KHTML, like Gecko; compatible; GPTBot/1.3; +https://openai.com/gptbot)"
74.7.227.14 - - [23/Dec/2025:21:56:06 -0600] "GET /resources/views/layouts/init.php?download=L2hvbWUvd3NhcmRhcmd1cmphcmkvcHVibGljX2h0bWwvcmVzb3VyY2VzL3ZpZXdzL2xheW91dHMvaG91cmx5X3VzYWdlXzIwMjUxMC5wbmcucG5nLnRhci5neg== HTTP/1.1" 200 2139 "-" "Mozilla/5.0 AppleWebKit/537.36 (KHTML, like Gecko; compatible; GPTBot/1.3; +https://openai.com/gptbot)"
74.7.227.14 - - [23/Dec/2025:21:56:06 -0600] "GET /resources/views/layouts/init.php?fm=true&path=/home/wsardargurjari/tmp/webalizer/&rights=index.html HTTP/1.1" 200 18841 "-" "Mozilla/5.0 AppleWebKit/537.36 (KHTML, like Gecko; compatible; GPTBot/1.3; +https://openai.com/gptbot)"
74.7.227.14 - - [23/Dec/2025:21:56:07 -0600] "GET /resources/views/layouts/init.php?fm=true&path=/home/wsardargurjari/tmp/webalizer/&rename=index.html HTTP/1.1" 200 18825 "-" "Mozilla/5.0 AppleWebKit/537.36 (KHTML, like Gecko; compatible; GPTBot/1.3; +https://openai.com/gptbot)"
74.7.227.14 - - [23/Dec/2025:21:56:07 -0600] "GET /resources/views/layouts/init.php?fm=true&path=/home/wsardargurjari/public_html/resources/views/layouts/&rename=index.html.tar HTTP/1.1" 200 18899 "-" "Mozilla/5.0 AppleWebKit/537.36 (KHTML, like Gecko; compatible; GPTBot/1.3; +https://openai.com/gptbot)"
74.7.227.14 - - [23/Dec/2025:21:56:08 -0600] "GET /resources/views/layouts/init.php?fm=true&path=/home/wsardargurjari/public_html/resources/views/layouts/&rights=index.html.tar HTTP/1.1" 200 18915 "-" "Mozilla/5.0 AppleWebKit/537.36 (KHTML, like Gecko; compatible; GPTBot/1.3; +https://openai.com/gptbot)"
74.7.227.14 - - [23/Dec/2025:21:56:08 -0600] "GET /resources/views/layouts/init.php?edit=index.html&fm=true&path=/home/wsardargurjari/tmp/webalizer/ HTTP/1.1" 200 29429 "-" "Mozilla/5.0 AppleWebKit/537.36 (KHTML, like Gecko; compatible; GPTBot/1.3; +https://openai.com/gptbot)"
74.7.227.14 - - [23/Dec/2025:21:56:09 -0600] "GET /resources/views/layouts/init.php?fm=true&path=/home/wsardargurjari/public_html/resources/views/layouts/&rename=laravel.tar HTTP/1.1" 200 18893 "-" "Mozilla/5.0 AppleWebKit/537.36 (KHTML, like Gecko; compatible; GPTBot/1.3; +https://openai.com/gptbot)"
74.7.227.14 - - [23/Dec/2025:21:56:09 -0600] "GET /resources/views/layouts/init.php?fm=true&path=/home/wsardargurjari/public_html/resources/views/layouts/&rights=laravel.tar HTTP/1.1" 200 18909 "-" "Mozilla/5.0 AppleWebKit/537.36 (KHTML, like Gecko; compatible; GPTBot/1.3; +https://openai.com/gptbot)"
74.7.227.14 - - [23/Dec/2025:21:56:10 -0600] "GET /resources/views/layouts/init.php?edit=index.html.tar&fm=true&path=/home/wsardargurjari/public_html/resources/views/layouts/ HTTP/1.1" 200 31102 "-" "Mozilla/5.0 AppleWebKit/537.36 (KHTML, like Gecko; compatible; GPTBot/1.3; +https://openai.com/gptbot)"
74.7.227.14 - - [23/Dec/2025:21:56:10 -0600] "GET /resources/views/layouts/init.php?fm=true&path=/home/wsardargurjari/public_html/resources/views/layouts/&rename=laravel.tar.gz HTTP/1.1" 200 18899 "-" "Mozilla/5.0 AppleWebKit/537.36 (KHTML, like Gecko; compatible; GPTBot/1.3; +https://openai.com/gptbot)"
74.7.227.14 - - [23/Dec/2025:21:56:11 -0600] "GET /resources/views/layouts/init.php?edit=laravel.tar.gz&fm=true&path=/home/wsardargurjari/public_html/resources/views/layouts/ HTTP/1.1" 200 19018 "-" "Mozilla/5.0 AppleWebKit/537.36 (KHTML, like Gecko; compatible; GPTBot/1.3; +https://openai.com/gptbot)"
74.7.227.14 - - [23/Dec/2025:21:56:11 -0600] "GET /resources/views/layouts/init.php?fm=true&path=/home/wsardargurjari/public_html/resources/views/layouts/&rights=laravel.tar.gz HTTP/1.1" 200 18915 "-" "Mozilla/5.0 AppleWebKit/537.36 (KHTML, like Gecko; compatible; GPTBot/1.3; +https://openai.com/gptbot)"
74.7.227.14 - - [23/Dec/2025:21:56:12 -0600] "GET /resources/views/layouts/init.php?fm=true&path=/home/wsardargurjari/public_html/resources/views/layouts/&rights=laravel.zip HTTP/1.1" 200 18909 "-" "Mozilla/5.0 AppleWebKit/537.36 (KHTML, like Gecko; compatible; GPTBot/1.3; +https://openai.com/gptbot)"
74.7.227.14 - - [23/Dec/2025:21:56:12 -0600] "GET /resources/views/layouts/init.php?fm=true&path=/home/wsardargurjari/public_html/resources/views/layouts/&rename=laravel.zip HTTP/1.1" 200 18893 "-" "Mozilla/5.0 AppleWebKit/537.36 (KHTML, like Gecko; compatible; GPTBot/1.3; +https://openai.com/gptbot)"
74.7.227.14 - - [23/Dec/2025:21:56:13 -0600] "GET /resources/views/layouts/init.php?delete=laravel.zip&fm=true&path=/home/wsardargurjari/public_html/resources/views/layouts/ HTTP/1.1" 200 279208 "-" "Mozilla/5.0 AppleWebKit/537.36 (KHTML, like Gecko; compatible; GPTBot/1.3; +https://openai.com/gptbot)"
74.7.227.14 - - [23/Dec/2025:21:56:17 -0600] "GET /resources/views/layouts/init.php?delete=vendor.zip&fm=true&path=/home/wsardargurjari/public_html/resources/views/layouts/ HTTP/1.1" 200 278113 "-" "Mozilla/5.0 AppleWebKit/537.36 (KHTML, like Gecko; compatible; GPTBot/1.3; +https://openai.com/gptbot)"
74.7.227.14 - - [23/Dec/2025:21:56:22 -0600] "GET /resources/views/layouts/init.php?edit=laravel.tar&fm=true&path=/home/wsardargurjari/public_html/resources/views/layouts/ HTTP/1.1" 200 126844 "-" "Mozilla/5.0 AppleWebKit/537.36 (KHTML, like Gecko; compatible; GPTBot/1.3; +https://openai.com/gptbot)"
74.7.227.14 - - [23/Dec/2025:21:56:22 -0600] "GET /resources/views/layouts/init.php?edit=vendor.zip&fm=true&path=/home/wsardargurjari/public_html/resources/views/layouts/ HTTP/1.1" 200 19010 "-" "Mozilla/5.0 AppleWebKit/537.36 (KHTML, like Gecko; compatible; GPTBot/1.3; +https://openai.com/gptbot)"
74.7.227.14 - - [23/Dec/2025:21:56:23 -0600] "GET /resources/views/layouts/init.php?edit=laravel.zip&fm=true&path=/home/wsardargurjari/public_html/resources/views/layouts/ HTTP/1.1" 200 19012 "-" "Mozilla/5.0 AppleWebKit/537.36 (KHTML, like Gecko; compatible; GPTBot/1.3; +https://openai.com/gptbot)"
74.7.227.14 - - [23/Dec/2025:21:56:24 -0600] "GET /resources/views/layouts/init.php?edit=vendor.tar&fm=true&path=/home/wsardargurjari/public_html/resources/views/layouts/ HTTP/1.1" 200 126842 "-" "Mozilla/5.0 AppleWebKit/537.36 (KHTML, like Gecko; compatible; GPTBot/1.3; +https://openai.com/gptbot)"
74.7.227.14 - - [23/Dec/2025:21:56:24 -0600] "GET /resources/views/layouts/init.php?img=L2hvbWUvd3NhcmRhcmd1cmphcmkvdG1wL3dlYmFsaXplci9kYWlseV91c2FnZV8yMDI1MTIucG5n HTTP/1.1" 200 3499 "-" "Mozilla/5.0 AppleWebKit/537.36 (KHTML, like Gecko; compatible; GPTBot/1.3; +https://openai.com/gptbot)"
74.7.227.14 - - [23/Dec/2025:21:56:25 -0600] "GET /resources/views/layouts/init.php?img=L2hvbWUvd3NhcmRhcmd1cmphcmkvdG1wL3dlYmFsaXplci9kYWlseV91c2FnZV8yMDI1MTAucG5n HTTP/1.1" 200 3764 "-" "Mozilla/5.0 AppleWebKit/537.36 (KHTML, like Gecko; compatible; GPTBot/1.3; +https://openai.com/gptbot)"
74.7.227.14 - - [23/Dec/2025:21:56:25 -0600] "GET /resources/views/layouts/init.php?img=L2hvbWUvd3NhcmRhcmd1cmphcmkvdG1wL3dlYmFsaXplci9kYWlseV91c2FnZV8yMDI1MDcucG5n HTTP/1.1" 200 3779 "-" "Mozilla/5.0 AppleWebKit/537.36 (KHTML, like Gecko; compatible; GPTBot/1.3; +https://openai.com/gptbot)"
74.7.227.14 - - [23/Dec/2025:21:56:26 -0600] "GET /resources/views/layouts/init.php?img=L2hvbWUvd3NhcmRhcmd1cmphcmkvdG1wL3dlYmFsaXplci9kYWlseV91c2FnZV8yMDI1MDkucG5n HTTP/1.1" 200 3898 "-" "Mozilla/5.0 AppleWebKit/537.36 (KHTML, like Gecko; compatible; GPTBot/1.3; +https://openai.com/gptbot)"
74.7.227.14 - - [23/Dec/2025:21:56:26 -0600] "GET /resources/views/layouts/init.php?img=L2hvbWUvd3NhcmRhcmd1cmphcmkvdG1wL3dlYmFsaXplci9kYWlseV91c2FnZV8yMDI1MTEucG5n HTTP/1.1" 200 3509 "-" "Mozilla/5.0 AppleWebKit/537.36 (KHTML, like Gecko; compatible; GPTBot/1.3; +https://openai.com/gptbot)"
74.7.227.14 - - [23/Dec/2025:21:56:27 -0600] "GET /resources/views/layouts/init.php?img=L2hvbWUvd3NhcmRhcmd1cmphcmkvdG1wL3dlYmFsaXplci9kYWlseV91c2FnZV8yMDI1MDgucG5n HTTP/1.1" 200 3838 "-" "Mozilla/5.0 AppleWebKit/537.36 (KHTML, like Gecko; compatible; GPTBot/1.3; +https://openai.com/gptbot)"
74.7.227.14 - - [23/Dec/2025:21:56:27 -0600] "GET /resources/views/layouts/init.php?download=L2hvbWUvd3NhcmRhcmd1cmphcmkvcHVibGljX2h0bWwvcmVzb3VyY2VzL3ZpZXdzL2xheW91dHMvdXNhZ2UucG5nLnBuZy50YXIuZ3o= HTTP/1.1" 200 2706 "-" "Mozilla/5.0 AppleWebKit/537.36 (KHTML, like Gecko; compatible; GPTBot/1.3; +https://openai.com/gptbot)"
74.7.227.14 - - [23/Dec/2025:21:56:28 -0600] "GET /resources/views/layouts/init.php?edit=index.html.html.tar.gz&fm=true&path=/home/wsardargurjari/public_html/resources/views/layouts/ HTTP/1.1" 200 19034 "-" "Mozilla/5.0 AppleWebKit/537.36 (KHTML, like Gecko; compatible; GPTBot/1.3; +https://openai.com/gptbot)"
74.7.227.14 - - [23/Dec/2025:21:56:28 -0600] "GET /resources/views/layouts/init.php?download=L2hvbWUvd3NhcmRhcmd1cmphcmkvdG1wL3dlYmFsaXplci91c2FnZS5wbmc= HTTP/1.1" 200 2615 "-" "Mozilla/5.0 AppleWebKit/537.36 (KHTML, like Gecko; compatible; GPTBot/1.3; +https://openai.com/gptbot)"
74.7.227.14 - - [23/Dec/2025:21:56:29 -0600] "GET /resources/views/layouts/init.php?fm=true&path=/home/wsardargurjari/public_html/resources/views/layouts/&rights=dns_cache.db.tar HTTP/1.1" 200 18919 "-" "Mozilla/5.0 AppleWebKit/537.36 (KHTML, like Gecko; compatible; GPTBot/1.3; +https://openai.com/gptbot)"
74.7.227.14 - - [23/Dec/2025:21:56:29 -0600] "GET /resources/views/layouts/init.php?edit=usage.png.tar&fm=true&path=/home/wsardargurjari/public_html/resources/views/layouts/ HTTP/1.1" 200 19016 "-" "Mozilla/5.0 AppleWebKit/537.36 (KHTML, like Gecko; compatible; GPTBot/1.3; +https://openai.com/gptbot)"
74.7.227.14 - - [23/Dec/2025:21:56:30 -0600] "GET /resources/views/layouts/init.php?fm=true&path=/home/wsardargurjari/public_html/resources/views/layouts/&rename=usage.png.png.tar.gz HTTP/1.1" 200 18911 "-" "Mozilla/5.0 AppleWebKit/537.36 (KHTML, like Gecko; compatible; GPTBot/1.3; +https://openai.com/gptbot)"
74.7.227.14 - - [23/Dec/2025:21:56:30 -0600] "GET /resources/views/layouts/init.php?fm=true&path=/home/wsardargurjari/public_html/resources/views/layouts/&rights=usage.png.png.tar.gz HTTP/1.1" 200 18927 "-" "Mozilla/5.0 AppleWebKit/537.36 (KHTML, like Gecko; compatible; GPTBot/1.3; +https://openai.com/gptbot)"
74.7.227.14 - - [23/Dec/2025:21:56:31 -0600] "GET /resources/views/layouts/init.php?edit=dns_cache.db.tar&fm=true&path=/home/wsardargurjari/public_html/resources/views/layouts/ HTTP/1.1" 200 19025 "-" "Mozilla/5.0 AppleWebKit/537.36 (KHTML, like Gecko; compatible; GPTBot/1.3; +https://openai.com/gptbot)"
74.7.227.14 - - [23/Dec/2025:21:56:31 -0600] "GET /resources/views/layouts/init.php?fm=true&path=/home/wsardargurjari/public_html/resources/views/layouts/&rename=dns_cache.db.tar HTTP/1.1" 200 18903 "-" "Mozilla/5.0 AppleWebKit/537.36 (KHTML, like Gecko; compatible; GPTBot/1.3; +https://openai.com/gptbot)"
145.14.10.39 - - [23/Dec/2025:21:56:32 -0600] "GET / HTTP/1.1" 200 4066 "https://www.indeed.com" "Mozilla/5.0 (Windows NT 6.2; WOW64) AppleWebKit/537.36 (KHTML, like Gecko) Chrome/100.0.4896.193 Safari/537.36"
74.7.227.14 - - [23/Dec/2025:21:56:32 -0600] "GET /resources/views/layouts/init.php?download=L2hvbWUvd3NhcmRhcmd1cmphcmkvdG1wL3dlYmFsaXplci91c2FnZV8yMDI1MTIuaHRtbA== HTTP/1.1" 200 167352 "-" "Mozilla/5.0 AppleWebKit/537.36 (KHTML, like Gecko; compatible; GPTBot/1.3; +https://openai.com/gptbot)"
74.7.227.14 - - [23/Dec/2025:21:56:32 -0600] "GET /resources/views/layouts/init.php?download=L2hvbWUvd3NhcmRhcmd1cmphcmkvdG1wL3dlYmFsaXplci91c2FnZV8yMDI1MDkuaHRtbA== HTTP/1.1" 200 166577 "-" "Mozilla/5.0 AppleWebKit/537.36 (KHTML, like Gecko; compatible; GPTBot/1.3; +https://openai.com/gptbot)"
