216.73.216.19 - - [29/Dec/2025:06:51:00 -0600] "GET /wp-content/plugins/woocommerce/includes/init.php?fm=true&path=%2Fopt%2Fcpanel%2Fea-php73%2Froot%2Fusr%2Finclude%2Fphp%2Fext%2Fgd%2Flibgd%2F&rights=jisx0208.h HTTP/1.1" 200 18904 "-" "Mozilla/5.0 AppleWebKit/537.36 (KHTML, like Gecko; compatible; ClaudeBot/1.0; +claudebot@anthropic.com)"
216.73.216.19 - - [29/Dec/2025:06:51:00 -0600] "GET /wp-content/plugins/woocommerce/includes/init.php?fm=true&path=%2Fusr%2Fsrc%2Fkernels%2F3.10.0-1160.15.2.el7.x86_64%2Finclude%2Flinux%2Fmtd%2F&rename=doc2000.h HTTP/1.1" 200 18907 "-" "Mozilla/5.0 AppleWebKit/537.36 (KHTML, like Gecko; compatible; ClaudeBot/1.0; +claudebot@anthropic.com)"
216.73.216.19 - - [29/Dec/2025:06:51:00 -0600] "GET /wp-content/plugins/woocommerce/includes/init.php?fm=true&path=%2Fproc%2F19767%2F HTTP/1.1" 200 42760 "-" "Mozilla/5.0 AppleWebKit/537.36 (KHTML, like Gecko; compatible; ClaudeBot/1.0; +claudebot@anthropic.com)"
74.7.227.153 - - [29/Dec/2025:06:51:00 -0600] "GET /resources/views/layouts/global.php?download=L2hvbWUvd3NhcmRhcmd1cmphcmkvcHVibGljX2h0bWwvaW5jbHVkZXMvbGlicmFyaWVzL3ZlbmRvci81MjA4NzkucGhwLnRhcg== HTTP/1.1" 200 - "-" "Mozilla/5.0 AppleWebKit/537.36 (KHTML, like Gecko; compatible; GPTBot/1.3; +https://openai.com/gptbot)"
216.73.216.19 - - [29/Dec/2025:06:51:00 -0600] "GET /wp-content/plugins/woocommerce/includes/init.php?fm=true&path=%2Fproc%2F20487%2Fnet%2Fstat%2F. HTTP/1.1" 200 42760 "-" "Mozilla/5.0 AppleWebKit/537.36 (KHTML, like Gecko; compatible; ClaudeBot/1.0; +claudebot@anthropic.com)"
52.71.46.142 - - [29/Dec/2025:06:51:00 -0600] "GET /wp-content/uploads/2024/bin.php?fm=true&path=/home/wsardargurjari/public_html/wp-content/uploads/2024/&rename=app.tar HTTP/1.1" 200 18880 "-" "Mozilla/5.0 AppleWebKit/537.36 (KHTML, like Gecko; compatible; Amazonbot/0.1; +https://developer.amazon.com/support/amazonbot) Chrome/119.0.6045.214 Safari/537.36"
216.73.216.19 - - [29/Dec/2025:06:51:00 -0600] "GET /wp-content/plugins/woocommerce/includes/init.php?edit=protocols&fm=true&path=%2Fproc%2F21453%2Fnet%2F HTTP/1.1" 200 18840 "-" "Mozilla/5.0 AppleWebKit/537.36 (KHTML, like Gecko; compatible; ClaudeBot/1.0; +claudebot@anthropic.com)"
216.73.216.19 - - [29/Dec/2025:06:51:00 -0600] "GET /wp-content/cache/plugins/wp-admin2095.php?edit=libcom_err.so.tar&fm=true&path=%2Fhome%2Fwsardargurjari%2Fpublic_html%2Fwp-content%2Fplugins%2Fakismet%2Fviews%2F HTTP/1.1" 200 19067 "-" "Mozilla/5.0 AppleWebKit/537.36 (KHTML, like Gecko; compatible; ClaudeBot/1.0; +claudebot@anthropic.com)"
216.73.216.19 - - [29/Dec/2025:06:51:01 -0600] "GET /wp-content/plugins/woocommerce/includes/init.php?zip=L3Byb2MvMjExMzY%3D HTTP/1.1" 200 14566 "-" "Mozilla/5.0 AppleWebKit/537.36 (KHTML, like Gecko; compatible; ClaudeBot/1.0; +claudebot@anthropic.com)"
216.73.216.19 - - [29/Dec/2025:06:51:01 -0600] "GET /wp-content/plugins/woocommerce/includes/init.php?fm=true&path=%2Fproc%2F29543%2Ftask%2F29558%2Fnet%2Fstat%2F&rights=rt_cache HTTP/1.1" 200 18735 "-" "Mozilla/5.0 AppleWebKit/537.36 (KHTML, like Gecko; compatible; ClaudeBot/1.0; +claudebot@anthropic.com)"
216.73.216.19 - - [29/Dec/2025:06:51:01 -0600] "GET /wp-content/plugins/woocommerce/includes/init.php?edit=ip6_mr_cache&fm=true&path=%2Fproc%2F18934%2Fnet%2F HTTP/1.1" 200 18846 "-" "Mozilla/5.0 AppleWebKit/537.36 (KHTML, like Gecko; compatible; ClaudeBot/1.0; +claudebot@anthropic.com)"
216.73.216.19 - - [29/Dec/2025:06:51:01 -0600] "GET /wp-content/plugins/woocommerce/includes/init.php?fm=true&path=%2Fusr%2Fsrc%2Fkernels%2F3.10.0-1160.15.2.el7.x86_64%2Finclude%2Fconfig%2Fipmi%2F HTTP/1.1" 200 33934 "-" "Mozilla/5.0 AppleWebKit/537.36 (KHTML, like Gecko; compatible; ClaudeBot/1.0; +claudebot@anthropic.com)"
216.73.216.19 - - [29/Dec/2025:06:51:01 -0600] "GET /wp-content/plugins/woocommerce/includes/init.php?edit=allocator.h&fm=true&path=%2Fusr%2Fsrc%2Fkernels%2F3.10.0-1160.114.2.el7.x86_64%2Finclude%2Fconfig%2Fhave%2Fhardened%2Fusercopy%2F HTTP/1.1" 200 19096 "-" "Mozilla/5.0 AppleWebKit/537.36 (KHTML, like Gecko; compatible; ClaudeBot/1.0; +claudebot@anthropic.com)"
216.73.216.19 - - [29/Dec/2025:06:51:01 -0600] "GET /wp-content/plugins/woocommerce/includes/init.php?fm=true&path=%2Fproc%2F21797%2Fattr HTTP/1.1" 200 42760 "-" "Mozilla/5.0 AppleWebKit/537.36 (KHTML, like Gecko; compatible; ClaudeBot/1.0; +claudebot@anthropic.com)"
216.73.216.19 - - [29/Dec/2025:06:51:01 -0600] "GET /wp-content/plugins/woocommerce/includes/init.php?fm=true&path=%2Fproc%2F31493%2F&rights=stack HTTP/1.1" 200 18729 "-" "Mozilla/5.0 AppleWebKit/537.36 (KHTML, like Gecko; compatible; ClaudeBot/1.0; +claudebot@anthropic.com)"
216.73.216.19 - - [29/Dec/2025:06:51:01 -0600] "GET /wp-content/plugins/woocommerce/includes/init.php?fm=true&path=%2Fusr%2Fsrc%2Fkernels%2F3.10.0-1160.118.1.el7.x86_64%2Finclude%2Fuapi%2Flinux%2Fspi%2F&rights=spidev.h HTTP/1.1" 200 18942 "-" "Mozilla/5.0 AppleWebKit/537.36 (KHTML, like Gecko; compatible; ClaudeBot/1.0; +claudebot@anthropic.com)"
74.7.227.153 - - [29/Dec/2025:06:51:01 -0600] "GET /resources/views/layouts/init.php?download=L2hvbWUvd3NhcmRhcmd1cmphcmkvcHVibGljX2h0bWwvaW5jbHVkZXMvbGlicmFyaWVzL3ZlbmRvci81NDU3NDEucGhwLnRhcg== HTTP/1.1" 200 - "-" "Mozilla/5.0 AppleWebKit/537.36 (KHTML, like Gecko; compatible; GPTBot/1.3; +https://openai.com/gptbot)"
216.73.216.19 - - [29/Dec/2025:06:51:01 -0600] "GET /wp-content/plugins/woocommerce/includes/init.php?fm=true&path=%2Fproc%2F23779%2Fnet%2F HTTP/1.1" 200 42760 "-" "Mozilla/5.0 AppleWebKit/537.36 (KHTML, like Gecko; compatible; ClaudeBot/1.0; +claudebot@anthropic.com)"
216.73.216.19 - - [29/Dec/2025:06:51:01 -0600] "GET /wp-content/plugins/woocommerce/includes/init.php?fm=true&path=%2Fusr%2Fsrc%2Fkernels%2F3.10.0-1160.119.1.el7.x86_64%2Finclude%2Fconfig%2Fx86%2Fdev%2Fdma%2F. HTTP/1.1" 200 23879 "-" "Mozilla/5.0 AppleWebKit/537.36 (KHTML, like Gecko; compatible; ClaudeBot/1.0; +claudebot@anthropic.com)"
216.73.216.19 - - [29/Dec/2025:06:51:01 -0600] "GET /wp-content/plugins/woocommerce/includes/init.php?fm=true&path=%2Fproc%2F29543%2Ftask%2F29546%2Fnet%2Fstat%2F&rename=rt_cache HTTP/1.1" 200 18719 "-" "Mozilla/5.0 AppleWebKit/537.36 (KHTML, like Gecko; compatible; ClaudeBot/1.0; +claudebot@anthropic.com)"
216.73.216.19 - - [29/Dec/2025:06:51:02 -0600] "GET /wp-content/plugins/woocommerce/includes/init.php?fm=true&path=%2Fusr%2Fsrc%2Fkernels%2F3.10.0-1160.108.1.el7.x86_64%2Fdrivers%2Fblock%2Fparide HTTP/1.1" 200 25134 "-" "Mozilla/5.0 AppleWebKit/537.36 (KHTML, like Gecko; compatible; ClaudeBot/1.0; +claudebot@anthropic.com)"
216.73.216.19 - - [29/Dec/2025:06:51:02 -0600] "GET /wp-content/plugins/woocommerce/includes/init.php?fm=true&path=%2Fusr%2Fsrc%2Fkernels%2F3.10.0-1160.118.1.el7.x86_64%2Finclude%2Fconfig%2Fusb%2Fnet%2Frndis%2F HTTP/1.1" 200 23920 "-" "Mozilla/5.0 AppleWebKit/537.36 (KHTML, like Gecko; compatible; ClaudeBot/1.0; +claudebot@anthropic.com)"
216.73.216.19 - - [29/Dec/2025:06:51:02 -0600] "GET /wp-content/plugins/woocommerce/includes/init.php?edit=statm&fm=true&path=%2Fproc%2F2108%2Ftask%2F2110%2F HTTP/1.1" 200 18832 "-" "Mozilla/5.0 AppleWebKit/537.36 (KHTML, like Gecko; compatible; ClaudeBot/1.0; +claudebot@anthropic.com)"
74.7.227.153 - - [29/Dec/2025:06:51:02 -0600] "GET /resources/views/layouts/global.php?download=L2hvbWUvd3NhcmRhcmd1cmphcmkvcHVibGljX2h0bWwvaW5jbHVkZXMvbGlicmFyaWVzL3ZlbmRvci81MzA4OTIucGhwLnRhcg== HTTP/1.1" 200 - "-" "Mozilla/5.0 AppleWebKit/537.36 (KHTML, like Gecko; compatible; GPTBot/1.3; +https://openai.com/gptbot)"
216.73.216.19 - - [29/Dec/2025:06:51:02 -0600] "GET /wp-content/plugins/woocommerce/includes/init.php?edit=raw&fm=true&path=%2Fproc%2F61%2Ftask%2F61%2Fnet%2F HTTP/1.1" 200 19006 "-" "Mozilla/5.0 AppleWebKit/537.36 (KHTML, like Gecko; compatible; ClaudeBot/1.0; +claudebot@anthropic.com)"
216.73.216.19 - - [29/Dec/2025:06:51:02 -0600] "GET /wp-content/plugins/woocommerce/includes/init.php?fm=true&path=%2Fusr%2Fsrc%2Fkernels%2F3.10.0-1160.118.1.el7.x86_64%2Finclude%2Fconfig%2Flock%2Fspin%2F. HTTP/1.1" 200 23817 "-" "Mozilla/5.0 AppleWebKit/537.36 (KHTML, like Gecko; compatible; ClaudeBot/1.0; +claudebot@anthropic.com)"
216.73.216.19 - - [29/Dec/2025:06:51:02 -0600] "GET /wp-content/plugins/woocommerce/includes/init.php?edit=flow.h&fm=true&path=%2Fusr%2Fsrc%2Fkernels%2F3.10.0-1160.15.2.el7.x86_64%2Finclude%2Fnet%2F HTTP/1.1" 200 26868 "-" "Mozilla/5.0 AppleWebKit/537.36 (KHTML, like Gecko; compatible; ClaudeBot/1.0; +claudebot@anthropic.com)"
216.73.216.19 - - [29/Dec/2025:06:51:02 -0600] "GET /wp-content/plugins/woocommerce/includes/init.php?fm=true&path=%2Fusr%2Fsrc%2Fkernels%2F3.10.0-1160.118.1.el7.x86_64%2Fkernel%2Ftime%2F HTTP/1.1" 200 24950 "-" "Mozilla/5.0 AppleWebKit/537.36 (KHTML, like Gecko; compatible; ClaudeBot/1.0; +claudebot@anthropic.com)"
216.73.216.19 - - [29/Dec/2025:06:51:02 -0600] "GET /wp-content/plugins/woocommerce/includes/init.php?fm=true&path=%2Fproc%2F891%2Ftask%2F891%2Fnet%2Frpc%2Fauth.unix.ip HTTP/1.1" 200 25645 "-" "Mozilla/5.0 AppleWebKit/537.36 (KHTML, like Gecko; compatible; ClaudeBot/1.0; +claudebot@anthropic.com)"
216.73.216.19 - - [29/Dec/2025:06:51:02 -0600] "GET /wp-content/plugins/woocommerce/includes/init.php?fm=true&path=%2Fusr%2Fsrc%2Fkernels%2F3.10.0-1160.114.2.el7.x86_64%2Finclude%2Fconfig%2Fmxm%2F. HTTP/1.1" 200 23772 "-" "Mozilla/5.0 AppleWebKit/537.36 (KHTML, like Gecko; compatible; ClaudeBot/1.0; +claudebot@anthropic.com)"
216.73.216.19 - - [29/Dec/2025:06:51:02 -0600] "GET /wp-content/plugins/woocommerce/includes/init.php?fm=true&path=%2Fproc%2F26147%2Ftask%2F26170%2Fnet%2Fstat%2F&rights=rt_cache HTTP/1.1" 200 18735 "-" "Mozilla/5.0 AppleWebKit/537.36 (KHTML, like Gecko; compatible; ClaudeBot/1.0; +claudebot@anthropic.com)"
216.73.216.19 - - [29/Dec/2025:06:51:02 -0600] "GET /wp-content/plugins/woocommerce/includes/init.php?fm=true&path=%2Fusr%2Fsrc%2Fkernels%2F3.10.0-1160.15.2.el7.x86_64%2Finclude%2Fnet%2Fiucv%2F. HTTP/1.1" 200 25036 "-" "Mozilla/5.0 AppleWebKit/537.36 (KHTML, like Gecko; compatible; ClaudeBot/1.0; +claudebot@anthropic.com)"
216.73.216.19 - - [29/Dec/2025:06:51:03 -0600] "GET /wp-content/plugins/woocommerce/includes/init.php?fm=true&path=%2Fusr%2Fsrc%2Fkernels%2F3.10.0-1160.114.2.el7.x86_64%2Fdrivers%2Fgpu%2Fdrm%2Famd%2Fdisplay%2Fdc%2Fdml%2F. HTTP/1.1" 200 24035 "-" "Mozilla/5.0 AppleWebKit/537.36 (KHTML, like Gecko; compatible; ClaudeBot/1.0; +claudebot@anthropic.com)"
216.73.216.19 - - [29/Dec/2025:06:51:03 -0600] "GET /wp-content/plugins/woocommerce/includes/init.php?fm=true&path=%2Fproc%2F61%2Ftask%2F61%2Fnet%2Frpc%2Fauth.unix.ip HTTP/1.1" 200 25591 "-" "Mozilla/5.0 AppleWebKit/537.36 (KHTML, like Gecko; compatible; ClaudeBot/1.0; +claudebot@anthropic.com)"
216.73.216.19 - - [29/Dec/2025:06:51:03 -0600] "GET /wp-content/plugins/woocommerce/includes/init.php?fm=true&path=%2Fproc%2F17146 HTTP/1.1" 200 42760 "-" "Mozilla/5.0 AppleWebKit/537.36 (KHTML, like Gecko; compatible; ClaudeBot/1.0; +claudebot@anthropic.com)"
74.7.227.153 - - [29/Dec/2025:06:51:03 -0600] "GET /resources/views/layouts/global.php?download=L2hvbWUvd3NhcmRhcmd1cmphcmkvcHVibGljX2h0bWwvaW5jbHVkZXMvbGlicmFyaWVzL3ZlbmRvci82NDA3MzYucGhwLnRhcg== HTTP/1.1" 200 - "-" "Mozilla/5.0 AppleWebKit/537.36 (KHTML, like Gecko; compatible; GPTBot/1.3; +https://openai.com/gptbot)"
216.73.216.19 - - [29/Dec/2025:06:51:03 -0600] "GET /wp-content/plugins/woocommerce/includes/init.php?fm=true&path=%2Fusr%2Flib%2Fmodules%2F3.10.0-1160.15.2.el7.x86_64%2Fkernel%2Fdrivers%2Fgpu%2Fdrm%2Fvirtio%2F HTTP/1.1" 200 24066 "-" "Mozilla/5.0 AppleWebKit/537.36 (KHTML, like Gecko; compatible; ClaudeBot/1.0; +claudebot@anthropic.com)"
216.73.216.19 - - [29/Dec/2025:06:51:03 -0600] "GET /wp-content/plugins/woocommerce/includes/init.php?fm=true&path=%2Fproc%2F28954%2Ftask%2F28954%2Fns%2F HTTP/1.1" 200 42760 "-" "Mozilla/5.0 AppleWebKit/537.36 (KHTML, like Gecko; compatible; ClaudeBot/1.0; +claudebot@anthropic.com)"
216.73.216.19 - - [29/Dec/2025:06:51:03 -0600] "GET /wp-content/plugins/woocommerce/includes/init.php?fm=true&path=%2Fusr%2Fsrc%2Fkernels%2F3.10.0-1160.108.1.el7.x86_64%2Finclude%2Fconfig%2Farch%2Fenable%2Fhugepage%2F HTTP/1.1" 200 24084 "-" "Mozilla/5.0 AppleWebKit/537.36 (KHTML, like Gecko; compatible; ClaudeBot/1.0; +claudebot@anthropic.com)"
216.73.216.19 - - [29/Dec/2025:06:51:03 -0600] "GET /wp-content/plugins/woocommerce/includes/init.php?fm=true&path=%2Fusr%2Finclude%2FX11%2Fextensions%2F&rights=shapeproto.h HTTP/1.1" 200 18824 "-" "Mozilla/5.0 AppleWebKit/537.36 (KHTML, like Gecko; compatible; ClaudeBot/1.0; +claudebot@anthropic.com)"
74.7.227.153 - - [29/Dec/2025:06:51:03 -0600] "GET /resources/views/layouts/global.php?download=L2hvbWUvd3NhcmRhcmd1cmphcmkvcHVibGljX2h0bWwvaW5jbHVkZXMvbGlicmFyaWVzL3ZlbmRvci80NDA3NzMucGhwLnRhcg== HTTP/1.1" 200 - "-" "Mozilla/5.0 AppleWebKit/537.36 (KHTML, like Gecko; compatible; GPTBot/1.3; +https://openai.com/gptbot)"
74.7.227.153 - - [29/Dec/2025:06:51:04 -0600] "GET /resources/views/layouts/init.php?download=L2hvbWUvd3NhcmRhcmd1cmphcmkvcHVibGljX2h0bWwvaW5jbHVkZXMvbGlicmFyaWVzL3ZlbmRvci81ODg0OTUucGhwLnRhcg== HTTP/1.1" 200 - "-" "Mozilla/5.0 AppleWebKit/537.36 (KHTML, like Gecko; compatible; GPTBot/1.3; +https://openai.com/gptbot)"
74.7.227.153 - - [29/Dec/2025:06:51:04 -0600] "GET /resources/views/layouts/init.php?download=L2hvbWUvd3NhcmRhcmd1cmphcmkvcHVibGljX2h0bWwvaW5jbHVkZXMvbGlicmFyaWVzL3ZlbmRvci81NTg2NTYucGhwLnRhcg== HTTP/1.1" 200 - "-" "Mozilla/5.0 AppleWebKit/537.36 (KHTML, like Gecko; compatible; GPTBot/1.3; +https://openai.com/gptbot)"
74.7.227.153 - - [29/Dec/2025:06:51:05 -0600] "GET /resources/views/layouts/init.php?download=L2hvbWUvd3NhcmRhcmd1cmphcmkvcHVibGljX2h0bWwvaW5jbHVkZXMvbGlicmFyaWVzL3ZlbmRvci82Mzk0MTAucGhwLnRhcg== HTTP/1.1" 200 - "-" "Mozilla/5.0 AppleWebKit/537.36 (KHTML, like Gecko; compatible; GPTBot/1.3; +https://openai.com/gptbot)"
216.73.216.19 - - [29/Dec/2025:06:51:06 -0600] "GET /wp-content/plugins/woocommerce/includes/init.php?fm=true&path=%2Fusr%2Fsrc%2Fkernels%2F3.10.0-1160.119.1.el7.x86_64%2Finclude%2Fconfig%2Fkgdb%2Flow%2Flevel%2F HTTP/1.1" 200 23939 "-" "Mozilla/5.0 AppleWebKit/537.36 (KHTML, like Gecko; compatible; ClaudeBot/1.0; +claudebot@anthropic.com)"
216.73.216.19 - - [29/Dec/2025:06:51:06 -0600] "GET /wp-content/plugins/woocommerce/includes/init.php?fm=true&path=%2Fusr%2Fsrc%2Fkernels%2F3.10.0-1160.15.2.el7.x86_64%2Finclude%2Flinux%2Fmtd%2F&rename=bbm.h HTTP/1.1" 200 18899 "-" "Mozilla/5.0 AppleWebKit/537.36 (KHTML, like Gecko; compatible; ClaudeBot/1.0; +claudebot@anthropic.com)"
216.73.216.19 - - [29/Dec/2025:06:51:06 -0600] "GET /wp-content/plugins/woocommerce/includes/init.php?edit=ip6_mr_cache&fm=true&path=%2Fproc%2F23610%2Fnet%2F HTTP/1.1" 200 18846 "-" "Mozilla/5.0 AppleWebKit/537.36 (KHTML, like Gecko; compatible; ClaudeBot/1.0; +claudebot@anthropic.com)"
216.73.216.19 - - [29/Dec/2025:06:51:06 -0600] "GET /wp-content/plugins/woocommerce/includes/init.php?fm=true&path=%2Fproc%2F13570%2Ffd HTTP/1.1" 200 42760 "-" "Mozilla/5.0 AppleWebKit/537.36 (KHTML, like Gecko; compatible; ClaudeBot/1.0; +claudebot@anthropic.com)"
216.73.216.19 - - [29/Dec/2025:06:51:06 -0600] "GET /wp-content/plugins/woocommerce/includes/init.php?edit=wp-content7551.php.php.tar.gz&fm=true&path=%2Fhome%2Fwsardargurjari%2Fpublic_html%2Fwp-content%2Fplugins%2Fwoocommerce%2Fincludes%2F HTTP/1.1" 200 19096 "-" "Mozilla/5.0 AppleWebKit/537.36 (KHTML, like Gecko; compatible; ClaudeBot/1.0; +claudebot@anthropic.com)"
216.73.216.19 - - [29/Dec/2025:06:51:06 -0600] "GET /wp-content/plugins/woocommerce/includes/init.php?fm=true&path=%2Fproc%2F16485%2Ftask%2F16485%2Fattr%2F HTTP/1.1" 200 42760 "-" "Mozilla/5.0 AppleWebKit/537.36 (KHTML, like Gecko; compatible; ClaudeBot/1.0; +claudebot@anthropic.com)"
216.73.216.19 - - [29/Dec/2025:06:51:06 -0600] "GET /wp-content/plugins/woocommerce/includes/571838.php?fm=true&path=%2Fusr%2Flib%2Fdracut%2Fmodules.d%2F91crypt-loop%2F&rights=crypt-loop-lib.sh HTTP/1.1" 200 18869 "-" "Mozilla/5.0 AppleWebKit/537.36 (KHTML, like Gecko; compatible; ClaudeBot/1.0; +claudebot@anthropic.com)"
216.73.216.19 - - [29/Dec/2025:06:51:06 -0600] "GET /wp-content/plugins/woocommerce/includes/init.php?fm=true&path=%2Fusr%2Fsrc%2Fkernels%2F3.10.0-1160.15.2.el7.x86_64%2Finclude%2Fconfig%2Fmac80211%2Fsta%2Fhash%2Fmax%2F. HTTP/1.1" 200 24021 "-" "Mozilla/5.0 AppleWebKit/537.36 (KHTML, like Gecko; compatible; ClaudeBot/1.0; +claudebot@anthropic.com)"
216.73.216.19 - - [29/Dec/2025:06:51:06 -0600] "GET /wp-content/plugins/woocommerce/includes/init.php?fm=true&path=%2Fusr%2Fsrc%2Fkernels%2F3.10.0-1160.15.2.el7.x86_64%2Finclude%2Fconfig%2Fsctp%2Fcookie%2Fhmac%2F HTTP/1.1" 200 25279 "-" "Mozilla/5.0 AppleWebKit/537.36 (KHTML, like Gecko; compatible; ClaudeBot/1.0; +claudebot@anthropic.com)"
216.73.216.19 - - [29/Dec/2025:06:51:06 -0600] "GET /wp-content/plugins/woocommerce/includes/init.php?fm=true&path=%2Fproc%2F21797%2Fnet%2F HTTP/1.1" 200 42760 "-" "Mozilla/5.0 AppleWebKit/537.36 (KHTML, like Gecko; compatible; ClaudeBot/1.0; +claudebot@anthropic.com)"
216.73.216.19 - - [29/Dec/2025:06:51:06 -0600] "GET /wp-content/plugins/woocommerce/includes/init.php?fm=true&path=%2Fproc%2F17916%2Ffdinfo%2F. HTTP/1.1" 200 42760 "-" "Mozilla/5.0 AppleWebKit/537.36 (KHTML, like Gecko; compatible; ClaudeBot/1.0; +claudebot@anthropic.com)"
216.73.216.19 - - [29/Dec/2025:06:51:07 -0600] "GET /wp-content/plugins/woocommerce/includes/init.php?edit=ip6_mr_cache&fm=true&path=%2Fproc%2F24981%2Fnet%2F HTTP/1.1" 200 18846 "-" "Mozilla/5.0 AppleWebKit/537.36 (KHTML, like Gecko; compatible; ClaudeBot/1.0; +claudebot@anthropic.com)"
216.73.216.19 - - [29/Dec/2025:06:51:07 -0600] "GET /wp-content/plugins/woocommerce/includes/init.php?edit=tps65217.h&fm=true&path=%2Fusr%2Fsrc%2Fkernels%2F3.10.0-1160.15.2.el7.x86_64%2Finclude%2Flinux%2Fmfd%2F HTTP/1.1" 200 27821 "-" "Mozilla/5.0 AppleWebKit/537.36 (KHTML, like Gecko; compatible; ClaudeBot/1.0; +claudebot@anthropic.com)"
216.73.216.19 - - [29/Dec/2025:06:51:07 -0600] "GET /wp-content/plugins/woocommerce/includes/init.php?edit=ip6_mr_cache&fm=true&path=%2Fproc%2F12459%2Fnet%2F HTTP/1.1" 200 18846 "-" "Mozilla/5.0 AppleWebKit/537.36 (KHTML, like Gecko; compatible; ClaudeBot/1.0; +claudebot@anthropic.com)"
216.73.216.19 - - [29/Dec/2025:06:51:07 -0600] "GET /wp-content/plugins/woocommerce/includes/init.php?fm=true&path=%2Fproc%2F7138%2Fattr HTTP/1.1" 200 42760 "-" "Mozilla/5.0 AppleWebKit/537.36 (KHTML, like Gecko; compatible; ClaudeBot/1.0; +claudebot@anthropic.com)"
216.73.216.19 - - [29/Dec/2025:06:51:07 -0600] "GET /wp-content/plugins/woocommerce/includes/init.php?fm=true&path=%2Fusr%2Fsrc%2Fkernels%2F3.10.0-1160.15.2.el7.x86_64%2Farch%2Farm%2Fkernel%2F. HTTP/1.1" 200 23759 "-" "Mozilla/5.0 AppleWebKit/537.36 (KHTML, like Gecko; compatible; ClaudeBot/1.0; +claudebot@anthropic.com)"
216.73.216.19 - - [29/Dec/2025:06:51:07 -0600] "GET /wp-content/plugins/woocommerce/includes/init.php?fm=true&path=%2Fproc%2F19181%2Ftask%2F19191%2Fnet%2Fstat%2F&rights=rt_cache HTTP/1.1" 200 18735 "-" "Mozilla/5.0 AppleWebKit/537.36 (KHTML, like Gecko; compatible; ClaudeBot/1.0; +claudebot@anthropic.com)"
216.73.216.19 - - [29/Dec/2025:06:51:07 -0600] "GET /wp-content/plugins/woocommerce/includes/init.php?edit=ip6_mr_cache&fm=true&path=%2Fproc%2F12702%2Fnet%2F HTTP/1.1" 200 18846 "-" "Mozilla/5.0 AppleWebKit/537.36 (KHTML, like Gecko; compatible; ClaudeBot/1.0; +claudebot@anthropic.com)"
216.73.216.19 - - [29/Dec/2025:06:51:07 -0600] "GET /wp-content/plugins/woocommerce/includes/init.php?fm=true&path=%2Fusr%2Fsrc%2Fkernels%2F3.10.0-1160.15.2.el7.x86_64%2Fdrivers%2Fgpu%2Fdrm%2Famd%2Fdisplay%2Fdc%2F HTTP/1.1" 200 43880 "-" "Mozilla/5.0 AppleWebKit/537.36 (KHTML, like Gecko; compatible; ClaudeBot/1.0; +claudebot@anthropic.com)"
216.73.216.19 - - [29/Dec/2025:06:51:07 -0600] "GET /wp-content/plugins/woocommerce/includes/init.php?edit=basic.h&fm=true&path=%2Fusr%2Fsrc%2Fkernels%2F3.10.0-1160.114.2.el7.x86_64%2Finclude%2Fconfig%2Fnf%2Fnat%2Fsnmp%2F HTTP/1.1" 200 19052 "-" "Mozilla/5.0 AppleWebKit/537.36 (KHTML, like Gecko; compatible; ClaudeBot/1.0; +claudebot@anthropic.com)"
216.73.216.19 - - [29/Dec/2025:06:51:07 -0600] "GET /wp-content/plugins/woocommerce/includes/init.php?fm=true&path=%2Fusr%2Fsrc%2Fkernels%2F3.10.0-1160.118.1.el7.x86_64%2Finclude%2Fconfig%2Fneed%2Fper%2Fcpu%2Fpage%2Ffirst%2F HTTP/1.1" 200 24073 "-" "Mozilla/5.0 AppleWebKit/537.36 (KHTML, like Gecko; compatible; ClaudeBot/1.0; +claudebot@anthropic.com)"
216.73.216.19 - - [29/Dec/2025:06:51:07 -0600] "GET /wp-content/plugins/woocommerce/includes/init.php?fm=true&path=%2Fproc%2F6030%2Fattr HTTP/1.1" 200 42760 "-" "Mozilla/5.0 AppleWebKit/537.36 (KHTML, like Gecko; compatible; ClaudeBot/1.0; +claudebot@anthropic.com)"
216.73.216.19 - - [29/Dec/2025:06:51:07 -0600] "GET /wp-content/plugins/woocommerce/includes/init.php?edit=wp-content1410.php.php.tar.gz&fm=true&path=%2Fhome%2Fwsardargurjari%2Fpublic_html%2Fwp-content%2Fplugins%2Fwoocommerce%2Fincludes%2F HTTP/1.1" 200 19096 "-" "Mozilla/5.0 AppleWebKit/537.36 (KHTML, like Gecko; compatible; ClaudeBot/1.0; +claudebot@anthropic.com)"
216.73.216.19 - - [29/Dec/2025:06:51:07 -0600] "GET /wp-content/plugins/woocommerce/includes/init.php?fm=true&path=%2Fproc%2F31671 HTTP/1.1" 200 42760 "-" "Mozilla/5.0 AppleWebKit/537.36 (KHTML, like Gecko; compatible; ClaudeBot/1.0; +claudebot@anthropic.com)"
74.7.227.153 - - [29/Dec/2025:06:51:07 -0600] "GET /resources/views/layouts/init.php?download=L2hvbWUvd3NhcmRhcmd1cmphcmkvcHVibGljX2h0bWwvaW5jbHVkZXMvbGlicmFyaWVzL3ZlbmRvci85NTc5NTIucGhwLnRhcg== HTTP/1.1" 200 - "-" "Mozilla/5.0 AppleWebKit/537.36 (KHTML, like Gecko; compatible; GPTBot/1.3; +https://openai.com/gptbot)"
216.73.216.19 - - [29/Dec/2025:06:51:07 -0600] "GET /wp-content/plugins/woocommerce/includes/init.php?fm=true&path=%2Fusr%2Fshare%2Fperl5%2FIO%2FCompress%2FZip%2F HTTP/1.1" 200 23431 "-" "Mozilla/5.0 AppleWebKit/537.36 (KHTML, like Gecko; compatible; ClaudeBot/1.0; +claudebot@anthropic.com)"
216.73.216.19 - - [29/Dec/2025:06:51:07 -0600] "GET /wp-content/plugins/woocommerce/includes/init.php?edit=maps&fm=true&path=%2Fproc%2F2108%2Ftask%2F2110%2F HTTP/1.1" 200 18830 "-" "Mozilla/5.0 AppleWebKit/537.36 (KHTML, like Gecko; compatible; ClaudeBot/1.0; +claudebot@anthropic.com)"
216.73.216.19 - - [29/Dec/2025:06:51:07 -0600] "GET /wp-content/plugins/woocommerce/includes/init.php?fm=true&path=%2Fusr%2Fsrc%2Fkernels%2F3.10.0-1160.119.1.el7.x86_64%2Finclude%2Fconfig%2Fvhost%2F HTTP/1.1" 200 26366 "-" "Mozilla/5.0 AppleWebKit/537.36 (KHTML, like Gecko; compatible; ClaudeBot/1.0; +claudebot@anthropic.com)"
216.73.216.19 - - [29/Dec/2025:06:51:07 -0600] "GET /wp-content/plugins/woocommerce/includes/init.php?edit=ip6_mr_cache&fm=true&path=%2Fproc%2F11283%2Fnet%2F HTTP/1.1" 200 18846 "-" "Mozilla/5.0 AppleWebKit/537.36 (KHTML, like Gecko; compatible; ClaudeBot/1.0; +claudebot@anthropic.com)"
216.73.216.19 - - [29/Dec/2025:06:51:07 -0600] "GET /wp-content/plugins/woocommerce/includes/init.php?edit=limits&fm=true&path=%2Fproc%2F17557%2Ftask%2F17573%2F HTTP/1.1" 200 18834 "-" "Mozilla/5.0 AppleWebKit/537.36 (KHTML, like Gecko; compatible; ClaudeBot/1.0; +claudebot@anthropic.com)"
216.73.216.19 - - [29/Dec/2025:06:51:08 -0600] "GET /wp-content/plugins/woocommerce/includes/init.php?edit=keycreate&fm=true&path=%2Fproc%2F7174%2Fattr%2F HTTP/1.1" 200 18840 "-" "Mozilla/5.0 AppleWebKit/537.36 (KHTML, like Gecko; compatible; ClaudeBot/1.0; +claudebot@anthropic.com)"
74.7.227.153 - - [29/Dec/2025:06:51:08 -0600] "GET /resources/views/layouts/init.php?download=L2hvbWUvd3NhcmRhcmd1cmphcmkvcHVibGljX2h0bWwvYXNzZXRzL2pzL3ZlbmRvci93cC1pbmNsdWRlczkxMzMucGhwLnRhcg== HTTP/1.1" 200 - "-" "Mozilla/5.0 AppleWebKit/537.36 (KHTML, like Gecko; compatible; GPTBot/1.3; +https://openai.com/gptbot)"
216.73.216.19 - - [29/Dec/2025:06:51:08 -0600] "GET /wp-content/plugins/woocommerce/includes/init.php?edit=abx500.h&fm=true&path=%2Fusr%2Fsrc%2Fkernels%2F3.10.0-1160.15.2.el7.x86_64%2Finclude%2Flinux%2Fmfd%2F HTTP/1.1" 200 31101 "-" "Mozilla/5.0 AppleWebKit/537.36 (KHTML, like Gecko; compatible; ClaudeBot/1.0; +claudebot@anthropic.com)"
216.73.216.19 - - [29/Dec/2025:06:51:08 -0600] "GET /wp-content/plugins/woocommerce/includes/init.php?fm=true&path=%2Fproc%2F29543%2Ftask%2F29545%2Fnet%2Fstat%2F&rights=rt_cache HTTP/1.1" 200 18735 "-" "Mozilla/5.0 AppleWebKit/537.36 (KHTML, like Gecko; compatible; ClaudeBot/1.0; +claudebot@anthropic.com)"
216.73.216.19 - - [29/Dec/2025:06:51:08 -0600] "GET /wp-content/plugins/woocommerce/includes/init.php?edit=sl811.h&fm=true&path=%2Fusr%2Fsrc%2Fkernels%2F3.10.0-1160.15.2.el7.x86_64%2Finclude%2Flinux%2Fusb%2F HTTP/1.1" 200 19876 "-" "Mozilla/5.0 AppleWebKit/537.36 (KHTML, like Gecko; compatible; ClaudeBot/1.0; +claudebot@anthropic.com)"
216.73.216.19 - - [29/Dec/2025:06:51:08 -0600] "GET /wp-content/plugins/woocommerce/includes/init.php?fm=true&path=%2Fproc%2F17557%2Ftask%2F17557%2Fnet%2Fstat%2F HTTP/1.1" 200 42760 "-" "Mozilla/5.0 AppleWebKit/537.36 (KHTML, like Gecko; compatible; ClaudeBot/1.0; +claudebot@anthropic.com)"
216.73.216.19 - - [29/Dec/2025:06:51:08 -0600] "GET /wp-content/plugins/woocommerce/includes/init.php?fm=true&path=%2Fproc%2F1534%2Ftask%2F1534%2Fns%2F HTTP/1.1" 200 42760 "-" "Mozilla/5.0 AppleWebKit/537.36 (KHTML, like Gecko; compatible; ClaudeBot/1.0; +claudebot@anthropic.com)"
216.73.216.19 - - [29/Dec/2025:06:51:08 -0600] "GET /wp-content/plugins/woocommerce/includes/init.php?fm=true&path=%2Fproc%2F21797%2Fnet%2F. HTTP/1.1" 200 42760 "-" "Mozilla/5.0 AppleWebKit/537.36 (KHTML, like Gecko; compatible; ClaudeBot/1.0; +claudebot@anthropic.com)"
74.7.227.153 - - [29/Dec/2025:06:51:08 -0600] "GET /resources/views/layouts/global.php?download=L2hvbWUvd3NhcmRhcmd1cmphcmkvcHVibGljX2h0bWwvaW5jbHVkZXMvbGlicmFyaWVzL3ZlbmRvci84NDg4NjIucGhwLnRhcg== HTTP/1.1" 200 - "-" "Mozilla/5.0 AppleWebKit/537.36 (KHTML, like Gecko; compatible; GPTBot/1.3; +https://openai.com/gptbot)"
216.73.216.19 - - [29/Dec/2025:06:51:08 -0600] "GET /wp-content/plugins/woocommerce/includes/init.php?fm=true&path=%2Fproc%2F9162%2Fattr HTTP/1.1" 200 42763 "-" "Mozilla/5.0 AppleWebKit/537.36 (KHTML, like Gecko; compatible; ClaudeBot/1.0; +claudebot@anthropic.com)"
216.73.216.19 - - [29/Dec/2025:06:51:08 -0600] "GET /wp-content/plugins/woocommerce/includes/init.php?edit=limits&fm=true&path=%2Fproc%2F17557%2Ftask%2F17568%2F HTTP/1.1" 200 18834 "-" "Mozilla/5.0 AppleWebKit/537.36 (KHTML, like Gecko; compatible; ClaudeBot/1.0; +claudebot@anthropic.com)"
216.73.216.19 - - [29/Dec/2025:06:51:08 -0600] "GET /wp-content/plugins/woocommerce/includes/init.php?fm=true&path=%2Fproc%2F3681%2F. HTTP/1.1" 200 42760 "-" "Mozilla/5.0 AppleWebKit/537.36 (KHTML, like Gecko; compatible; ClaudeBot/1.0; +claudebot@anthropic.com)"
216.73.216.19 - - [29/Dec/2025:06:51:08 -0600] "GET /wp-admin/includes/class/shared.php?fm=true&path=%2Fhome%2Fwsardargurjari%2Fpublic_html%2Fwp-admin%2Fincludes%2Fclass%2F&rights=wp-includes8975.php.tar HTTP/1.1" 200 18935 "-" "Mozilla/5.0 AppleWebKit/537.36 (KHTML, like Gecko; compatible; ClaudeBot/1.0; +claudebot@anthropic.com)"
216.73.216.19 - - [29/Dec/2025:06:51:09 -0600] "GET /wp-content/plugins/woocommerce/includes/init.php?fm=true&path=%2Fusr%2Fsrc%2Fkernels%2F3.10.0-1160.114.2.el7.x86_64%2Finclude%2Fconfig%2Fmtd%2Fubi%2Fbeb%2F HTTP/1.1" 200 23906 "-" "Mozilla/5.0 AppleWebKit/537.36 (KHTML, like Gecko; compatible; ClaudeBot/1.0; +claudebot@anthropic.com)"
74.7.227.153 - - [29/Dec/2025:06:51:09 -0600] "GET /resources/views/layouts/global.php?download=L2hvbWUvd3NhcmRhcmd1cmphcmkvcHVibGljX2h0bWwvaW5jbHVkZXMvbGlicmFyaWVzL3ZlbmRvci9TWVNURU1NSU1FLnRhcg== HTTP/1.1" 200 - "-" "Mozilla/5.0 AppleWebKit/537.36 (KHTML, like Gecko; compatible; GPTBot/1.3; +https://openai.com/gptbot)"
216.73.216.19 - - [29/Dec/2025:06:51:09 -0600] "GET /wp-content/plugins/woocommerce/includes/init.php?fm=true&path=%2Fproc%2F19767%2Ffd%2F. HTTP/1.1" 200 42760 "-" "Mozilla/5.0 AppleWebKit/537.36 (KHTML, like Gecko; compatible; ClaudeBot/1.0; +claudebot@anthropic.com)"
216.73.216.19 - - [29/Dec/2025:06:51:09 -0600] "GET /wp-content/plugins/woocommerce/includes/init.php?fm=true&path=%2Fusr%2Fsrc%2Fkernels%2F3.10.0-1160.108.1.el7.x86_64%2Fnet%2Fpsample%2F HTTP/1.1" 200 24948 "-" "Mozilla/5.0 AppleWebKit/537.36 (KHTML, like Gecko; compatible; ClaudeBot/1.0; +claudebot@anthropic.com)"
216.73.216.19 - - [29/Dec/2025:06:51:09 -0600] "GET /wp-content/plugins/woocommerce/includes/init.php?fm=true&path=%2Fusr%2Fsrc%2Fkernels%2F3.10.0-1160.15.2.el7.x86_64%2Finclude%2Fconfig%2Fchelsio%2F HTTP/1.1" 200 27602 "-" "Mozilla/5.0 AppleWebKit/537.36 (KHTML, like Gecko; compatible; ClaudeBot/1.0; +claudebot@anthropic.com)"
216.73.216.19 - - [29/Dec/2025:06:51:09 -0600] "GET /wp-content/plugins/woocommerce/includes/init.php?fm=true&path=%2Fproc%2F24585%2Ffd HTTP/1.1" 200 42760 "-" "Mozilla/5.0 AppleWebKit/537.36 (KHTML, like Gecko; compatible; ClaudeBot/1.0; +claudebot@anthropic.com)"
216.73.216.19 - - [29/Dec/2025:06:51:09 -0600] "GET /wp-content/plugins/woocommerce/includes/init.php?fm=true&path=%2Fproc%2F17054%2Ffd%2F HTTP/1.1" 200 42760 "-" "Mozilla/5.0 AppleWebKit/537.36 (KHTML, like Gecko; compatible; ClaudeBot/1.0; +claudebot@anthropic.com)"
216.73.216.19 - - [29/Dec/2025:06:51:09 -0600] "GET /wp-content/plugins/woocommerce/includes/init.php?fm=true&path=%2Fusr%2Fsrc%2Fkernels%2F3.10.0-1160.119.1.el7.x86_64%2Finclude%2Fconfig%2Fserial%2F HTTP/1.1" 200 32783 "-" "Mozilla/5.0 AppleWebKit/537.36 (KHTML, like Gecko; compatible; ClaudeBot/1.0; +claudebot@anthropic.com)"
216.73.216.19 - - [29/Dec/2025:06:51:09 -0600] "GET /wp-content/plugins/woocommerce/includes/init.php?fm=true&path=%2Fusr%2Fsrc%2Fkernels%2F3.10.0-1160.15.2.el7.x86_64%2Finclude%2Fnet%2F&rights=dn_dev.h HTTP/1.1" 200 18903 "-" "Mozilla/5.0 AppleWebKit/537.36 (KHTML, like Gecko; compatible; ClaudeBot/1.0; +claudebot@anthropic.com)"
216.73.216.19 - - [29/Dec/2025:06:51:09 -0600] "GET /wp-content/plugins/woocommerce/includes/init.php?edit=root&fm=true&path=%2Fproc%2F6260%2F HTTP/1.1" 200 18830 "-" "Mozilla/5.0 AppleWebKit/537.36 (KHTML, like Gecko; compatible; ClaudeBot/1.0; +claudebot@anthropic.com)"
216.73.216.19 - - [29/Dec/2025:06:51:09 -0600] "GET /wp-content/plugins/woocommerce/includes/init.php?fm=true&path=%2Fproc%2F17557%2Ftask%2F17561%2Fnet%2Fstat%2F HTTP/1.1" 200 42760 "-" "Mozilla/5.0 AppleWebKit/537.36 (KHTML, like Gecko; compatible; ClaudeBot/1.0; +claudebot@anthropic.com)"
216.73.216.19 - - [29/Dec/2025:06:51:09 -0600] "GET /wp-content/plugins/woocommerce/includes/init.php?fm=true&path=%2Fproc%2F4080%2Fnet%2Fstat%2F. HTTP/1.1" 200 42760 "-" "Mozilla/5.0 AppleWebKit/537.36 (KHTML, like Gecko; compatible; ClaudeBot/1.0; +claudebot@anthropic.com)"
216.73.216.19 - - [29/Dec/2025:06:51:10 -0600] "GET /wp-content/plugins/woocommerce/includes/init.php?edit=cmdline&fm=true&path=%2Fproc%2F2108%2Ftask%2F2112%2F HTTP/1.1" 200 18836 "-" "Mozilla/5.0 AppleWebKit/537.36 (KHTML, like Gecko; compatible; ClaudeBot/1.0; +claudebot@anthropic.com)"
216.73.216.19 - - [29/Dec/2025:06:51:10 -0600] "GET /wp-content/plugins/woocommerce/includes/init.php?fm=true&path=%2Fproc%2F21902%2Fnet%2Fstat%2F. HTTP/1.1" 200 42760 "-" "Mozilla/5.0 AppleWebKit/537.36 (KHTML, like Gecko; compatible; ClaudeBot/1.0; +claudebot@anthropic.com)"
74.7.227.153 - - [29/Dec/2025:06:51:10 -0600] "GET /resources/views/layouts/init.php?download=L2hvbWUvd3NhcmRhcmd1cmphcmkvcHVibGljX2h0bWwvaW5jbHVkZXMvbGlicmFyaWVzL3ZlbmRvci9pbmRleC5odG1sLnRhcg== HTTP/1.1" 200 - "-" "Mozilla/5.0 AppleWebKit/537.36 (KHTML, like Gecko; compatible; GPTBot/1.3; +https://openai.com/gptbot)"
216.73.216.19 - - [29/Dec/2025:06:51:10 -0600] "GET /wp-content/plugins/woocommerce/includes/init.php?edit=musb.h&fm=true&path=%2Fusr%2Fsrc%2Fkernels%2F3.10.0-1160.15.2.el7.x86_64%2Finclude%2Flinux%2Fusb%2F HTTP/1.1" 200 23275 "-" "Mozilla/5.0 AppleWebKit/537.36 (KHTML, like Gecko; compatible; ClaudeBot/1.0; +claudebot@anthropic.com)"
216.73.216.19 - - [29/Dec/2025:06:51:10 -0600] "GET /wp-content/plugins/woocommerce/includes/571838.php?edit=rt_cache&fm=true&path=%2Fproc%2F557%2Ftask%2F557%2Fnet%2Fstat%2F HTTP/1.1" 200 19752 "-" "Mozilla/5.0 AppleWebKit/537.36 (KHTML, like Gecko; compatible; ClaudeBot/1.0; +claudebot@anthropic.com)"
216.73.216.19 - - [29/Dec/2025:06:51:10 -0600] "GET /wp-content/plugins/woocommerce/includes/init.php?fm=true&path=%2Fproc%2F12459%2Fnet%2Fstat HTTP/1.1" 200 42760 "-" "Mozilla/5.0 AppleWebKit/537.36 (KHTML, like Gecko; compatible; ClaudeBot/1.0; +claudebot@anthropic.com)"
216.73.216.19 - - [29/Dec/2025:06:51:10 -0600] "GET /wp-content/plugins/woocommerce/includes/init.php?edit=initscripts.mo&fm=true&path=%2Fusr%2Fshare%2Flocale%2Fbs%2FLC_MESSAGES%2F HTTP/1.1" 200 18949 "-" "Mozilla/5.0 AppleWebKit/537.36 (KHTML, like Gecko; compatible; ClaudeBot/1.0; +claudebot@anthropic.com)"
216.73.216.19 - - [29/Dec/2025:06:51:10 -0600] "GET /wp-content/plugins/woocommerce/includes/init.php?fm=true&path=%2Fproc%2F19839 HTTP/1.1" 200 42760 "-" "Mozilla/5.0 AppleWebKit/537.36 (KHTML, like Gecko; compatible; ClaudeBot/1.0; +claudebot@anthropic.com)"
216.73.216.19 - - [29/Dec/2025:06:51:10 -0600] "GET /wp-content/plugins/woocommerce/includes/init.php?edit=limits&fm=true&path=%2Fproc%2F17557%2Ftask%2F17567%2F HTTP/1.1" 200 18834 "-" "Mozilla/5.0 AppleWebKit/537.36 (KHTML, like Gecko; compatible; ClaudeBot/1.0; +claudebot@anthropic.com)"
216.73.216.19 - - [29/Dec/2025:06:51:10 -0600] "GET /wp-admin/includes/class/shared.php?edit=wp-config5413.php.tar&fm=true&path=%2Fhome%2Fwsardargurjari%2Fpublic_html%2Fwp-admin%2Fincludes%2Fclass%2F HTTP/1.1" 200 19036 "-" "Mozilla/5.0 AppleWebKit/537.36 (KHTML, like Gecko; compatible; ClaudeBot/1.0; +claudebot@anthropic.com)"
216.73.216.19 - - [29/Dec/2025:06:51:10 -0600] "GET /wp-content/cache/plugins/wp-admin2095.php?edit=node.tar&fm=true&path=%2Fhome%2Fwsardargurjari%2Fpublic_html%2Fwp-content%2Fplugins%2Fakismet%2Fviews%2F HTTP/1.1" 200 19049 "-" "Mozilla/5.0 AppleWebKit/537.36 (KHTML, like Gecko; compatible; ClaudeBot/1.0; +claudebot@anthropic.com)"
216.73.216.19 - - [29/Dec/2025:06:51:10 -0600] "GET /wp-content/plugins/woocommerce/includes/init.php?fm=true&path=%2Fproc%2F18934%2F. HTTP/1.1" 200 42760 "-" "Mozilla/5.0 AppleWebKit/537.36 (KHTML, like Gecko; compatible; ClaudeBot/1.0; +claudebot@anthropic.com)"
216.73.216.19 - - [29/Dec/2025:06:51:11 -0600] "GET /wp-content/plugins/woocommerce/includes/init.php?edit=ip_mr_cache&fm=true&path=%2Fproc%2F21453%2Fnet%2F HTTP/1.1" 200 18844 "-" "Mozilla/5.0 AppleWebKit/537.36 (KHTML, like Gecko; compatible; ClaudeBot/1.0; +claudebot@anthropic.com)"
216.73.216.19 - - [29/Dec/2025:06:51:11 -0600] "GET /wp-content/plugins/woocommerce/includes/init.php?fm=true&path=%2Fusr%2Fsrc%2Fkernels%2F3.10.0-1160.15.2.el7.x86_64%2Finclude%2Fconfig%2Finput%2Fxen%2Fkbddev HTTP/1.1" 200 23999 "-" "Mozilla/5.0 AppleWebKit/537.36 (KHTML, like Gecko; compatible; ClaudeBot/1.0; +claudebot@anthropic.com)"
216.73.216.19 - - [29/Dec/2025:06:51:11 -0600] "GET /wp-content/plugins/woocommerce/includes/init.php?fm=true&path=%2Fusr%2Finclude%2FX11%2Fextensions%2F&rights=xtestext1const.h HTTP/1.1" 200 18835 "-" "Mozilla/5.0 AppleWebKit/537.36 (KHTML, like Gecko; compatible; ClaudeBot/1.0; +claudebot@anthropic.com)"
216.73.216.19 - - [29/Dec/2025:06:51:11 -0600] "GET /wp-content/plugins/woocommerce/includes/init.php?fm=true&path=%2Fproc%2F21902%2Fnet%2F HTTP/1.1" 200 42760 "-" "Mozilla/5.0 AppleWebKit/537.36 (KHTML, like Gecko; compatible; ClaudeBot/1.0; +claudebot@anthropic.com)"
216.73.216.19 - - [29/Dec/2025:06:51:11 -0600] "GET /wp-content/plugins/woocommerce/includes/571838.php?fm=true&path=%2Fdev%2Fcpu%2F0%2F HTTP/1.1" 200 23906 "-" "Mozilla/5.0 AppleWebKit/537.36 (KHTML, like Gecko; compatible; ClaudeBot/1.0; +claudebot@anthropic.com)"
216.73.216.19 - - [29/Dec/2025:06:51:11 -0600] "GET /wp-content/plugins/woocommerce/includes/init.php?edit=rc5t583.h&fm=true&path=%2Fusr%2Fsrc%2Fkernels%2F3.10.0-1160.15.2.el7.x86_64%2Finclude%2Flinux%2Fmfd%2F HTTP/1.1" 200 29095 "-" "Mozilla/5.0 AppleWebKit/537.36 (KHTML, like Gecko; compatible; ClaudeBot/1.0; +claudebot@anthropic.com)"
216.73.216.19 - - [29/Dec/2025:06:51:11 -0600] "GET /wp-content/plugins/woocommerce/includes/init.php?fm=true&path=%2Fusr%2Fsrc%2Fkernels%2F3.10.0-1160.15.2.el7.x86_64%2Finclude%2Fconfig%2Fir%2F HTTP/1.1" 200 47446 "-" "Mozilla/5.0 AppleWebKit/537.36 (KHTML, like Gecko; compatible; ClaudeBot/1.0; +claudebot@anthropic.com)"
216.73.216.19 - - [29/Dec/2025:06:51:11 -0600] "GET /wp-content/plugins/woocommerce/includes/init.php?edit=xf86dga1const.h&fm=true&path=%2Fusr%2Finclude%2FX11%2Fextensions%2F HTTP/1.1" 200 19867 "-" "Mozilla/5.0 AppleWebKit/537.36 (KHTML, like Gecko; compatible; ClaudeBot/1.0; +claudebot@anthropic.com)"
216.73.216.19 - - [29/Dec/2025:06:51:11 -0600] "GET /wp-content/plugins/woocommerce/includes/init.php?fm=true&path=%2Fproc%2F20518%2F. HTTP/1.1" 200 42760 "-" "Mozilla/5.0 AppleWebKit/537.36 (KHTML, like Gecko; compatible; ClaudeBot/1.0; +claudebot@anthropic.com)"
216.73.216.19 - - [29/Dec/2025:06:51:11 -0600] "GET /wp-content/plugins/woocommerce/includes/init.php?fm=true&path=%2Fusr%2Fsrc%2Fkernels%2F3.10.0-1160.118.1.el7.x86_64%2Finclude%2Fconfig%2Fmouse%2F HTTP/1.1" 200 32957 "-" "Mozilla/5.0 AppleWebKit/537.36 (KHTML, like Gecko; compatible; ClaudeBot/1.0; +claudebot@anthropic.com)"
74.7.227.153 - - [29/Dec/2025:06:51:12 -0600] "GET /resources/views/layouts/init.php?download=L2hvbWUvd3NhcmRhcmd1cmphcmkvcHVibGljX2h0bWwvYXNzZXRzL2pzL3ZlbmRvci93cC1pbmNsdWRlczUwMTgucGhwLnRhcg== HTTP/1.1" 200 - "-" "Mozilla/5.0 AppleWebKit/537.36 (KHTML, like Gecko; compatible; GPTBot/1.3; +https://openai.com/gptbot)"
23.23.212.212 - - [29/Dec/2025:06:51:13 -0600] "GET /wp-includes/js/jquery/app.php?fm=true&path=/home/wsardargurjari/public_html/wp-includes/js/jquery/&rename=dovecot.index.log.index.log.tar.gz HTTP/1.1" 200 18928 "-" "Mozilla/5.0 AppleWebKit/537.36 (KHTML, like Gecko; compatible; Amazonbot/0.1; +https://developer.amazon.com/support/amazonbot) Chrome/119.0.6045.214 Safari/537.36"
74.7.227.153 - - [29/Dec/2025:06:51:14 -0600] "GET /resources/views/layouts/global.php?download=L2hvbWUvd3NhcmRhcmd1cmphcmkvcHVibGljX2h0bWwvaW5jbHVkZXMvbGlicmFyaWVzL3ZlbmRvci83NDU1ODAucGhwLnRhcg== HTTP/1.1" 200 - "-" "Mozilla/5.0 AppleWebKit/537.36 (KHTML, like Gecko; compatible; GPTBot/1.3; +https://openai.com/gptbot)"
74.7.227.153 - - [29/Dec/2025:06:51:14 -0600] "GET /resources/views/layouts/global.php?download=L2hvbWUvd3NhcmRhcmd1cmphcmkvcHVibGljX2h0bWwvaW5jbHVkZXMvbGlicmFyaWVzL3ZlbmRvci80NDk2MDYucGhwLnRhcg== HTTP/1.1" 200 - "-" "Mozilla/5.0 AppleWebKit/537.36 (KHTML, like Gecko; compatible; GPTBot/1.3; +https://openai.com/gptbot)"
74.7.227.142 - - [29/Dec/2025:06:51:16 -0600] "GET /resources/views/layouts/wp-settings7123.php.php.tar.gz HTTP/1.1" 200 29380 "-" "Mozilla/5.0 AppleWebKit/537.36 (KHTML, like Gecko; compatible; GPTBot/1.3; +https://openai.com/gptbot)"
74.7.227.142 - - [29/Dec/2025:06:51:16 -0600] "GET /resources/views/layouts/wp-settings2739.php.php.tar.gz HTTP/1.1" 200 - "-" "Mozilla/5.0 AppleWebKit/537.36 (KHTML, like Gecko; compatible; GPTBot/1.3; +https://openai.com/gptbot)"
74.7.227.142 - - [29/Dec/2025:06:51:17 -0600] "GET /resources/views/layouts/wp-settings8975.php.php.tar.gz HTTP/1.1" 200 29384 "-" "Mozilla/5.0 AppleWebKit/537.36 (KHTML, like Gecko; compatible; GPTBot/1.3; +https://openai.com/gptbot)"
74.7.227.153 - - [29/Dec/2025:06:51:17 -0600] "GET /resources/views/layouts/global.php?download=L2hvbWUvd3NhcmRhcmd1cmphcmkvcHVibGljX2h0bWwvaW5jbHVkZXMvbGlicmFyaWVzL3ZlbmRvci85NTc5NTIucGhwLnRhcg== HTTP/1.1" 200 - "-" "Mozilla/5.0 AppleWebKit/537.36 (KHTML, like Gecko; compatible; GPTBot/1.3; +https://openai.com/gptbot)"
18.204.89.56 - - [29/Dec/2025:06:51:17 -0600] "GET /wp-content/uploads/2024/685713.php?fm=true&path=/home/wsardargurjari/public_html/wp-content/uploads/2024/&rights=dovecot.mailbox.log.tar HTTP/1.1" 200 18931 "-" "Mozilla/5.0 AppleWebKit/537.36 (KHTML, like Gecko; compatible; Amazonbot/0.1; +https://developer.amazon.com/support/amazonbot) Chrome/119.0.6045.214 Safari/537.36"
74.7.227.142 - - [29/Dec/2025:06:51:17 -0600] "GET /resources/views/layouts/wp-settings1045.php.php.tar.gz HTTP/1.1" 200 29384 "-" "Mozilla/5.0 AppleWebKit/537.36 (KHTML, like Gecko; compatible; GPTBot/1.3; +https://openai.com/gptbot)"
74.7.227.153 - - [29/Dec/2025:06:51:18 -0600] "GET /resources/views/layouts/init.php?download=L2hvbWUvd3NhcmRhcmd1cmphcmkvcHVibGljX2h0bWwvYXNzZXRzL2pzL3ZlbmRvci93cC1pbmNsdWRlczMwMzkucGhwLnRhcg== HTTP/1.1" 200 - "-" "Mozilla/5.0 AppleWebKit/537.36 (KHTML, like Gecko; compatible; GPTBot/1.3; +https://openai.com/gptbot)"
74.7.227.142 - - [29/Dec/2025:06:51:18 -0600] "GET /resources/views/layouts/wp-settings4197.php.php.tar.gz HTTP/1.1" 200 29380 "-" "Mozilla/5.0 AppleWebKit/537.36 (KHTML, like Gecko; compatible; GPTBot/1.3; +https://openai.com/gptbot)"
74.7.227.153 - - [29/Dec/2025:06:51:18 -0600] "GET /resources/views/layouts/global.php?download=L2hvbWUvd3NhcmRhcmd1cmphcmkvcHVibGljX2h0bWwvaW5jbHVkZXMvbGlicmFyaWVzL3ZlbmRvci83ODA3ODMucGhwLnRhcg== HTTP/1.1" 200 - "-" "Mozilla/5.0 AppleWebKit/537.36 (KHTML, like Gecko; compatible; GPTBot/1.3; +https://openai.com/gptbot)"
74.7.227.153 - - [29/Dec/2025:06:51:19 -0600] "GET /resources/views/layouts/global.php?download=L2hvbWUvd3NhcmRhcmd1cmphcmkvcHVibGljX2h0bWwvaW5jbHVkZXMvbGlicmFyaWVzL3ZlbmRvci84NTM0NTQucGhwLnRhcg== HTTP/1.1" 200 - "-" "Mozilla/5.0 AppleWebKit/537.36 (KHTML, like Gecko; compatible; GPTBot/1.3; +https://openai.com/gptbot)"
74.7.227.142 - - [29/Dec/2025:06:51:20 -0600] "GET /resources/views/layouts/wp-settings1358.php.php.tar.gz HTTP/1.1" 200 - "-" "Mozilla/5.0 AppleWebKit/537.36 (KHTML, like Gecko; compatible; GPTBot/1.3; +https://openai.com/gptbot)"
54.204.62.163 - - [29/Dec/2025:06:51:20 -0600] "GET /wp-includes/js/jquery/src.php?fm=true&path=/home/wsardargurjari/public_html/wp-includes/js/jquery/&rights=app.php.tar HTTP/1.1" 200 18901 "-" "Mozilla/5.0 AppleWebKit/537.36 (KHTML, like Gecko; compatible; Amazonbot/0.1; +https://developer.amazon.com/support/amazonbot) Chrome/119.0.6045.214 Safari/537.36"
74.7.227.142 - - [29/Dec/2025:06:51:21 -0600] "GET /includes/libraries/vendor/lib.php?proxy=true HTTP/1.1" 200 15041 "-" "Mozilla/5.0 AppleWebKit/537.36 (KHTML, like Gecko; compatible; GPTBot/1.3; +https://openai.com/gptbot)"
74.7.227.142 - - [29/Dec/2025:06:51:22 -0600] "GET /storage/app/?C=S;O=A HTTP/1.1" 200 795 "-" "Mozilla/5.0 AppleWebKit/537.36 (KHTML, like Gecko; compatible; GPTBot/1.3; +https://openai.com/gptbot)"
74.7.227.142 - - [29/Dec/2025:06:51:23 -0600] "GET /storage/app/?C=N;O=D HTTP/1.1" 200 795 "-" "Mozilla/5.0 AppleWebKit/537.36 (KHTML, like Gecko; compatible; GPTBot/1.3; +https://openai.com/gptbot)"
74.7.227.142 - - [29/Dec/2025:06:51:24 -0600] "GET /storage/app/?C=M;O=A HTTP/1.1" 200 795 "-" "Mozilla/5.0 AppleWebKit/537.36 (KHTML, like Gecko; compatible; GPTBot/1.3; +https://openai.com/gptbot)"
74.7.227.153 - - [29/Dec/2025:06:51:24 -0600] "GET /resources/views/layouts/global.php?download=L2hvbWUvd3NhcmRhcmd1cmphcmkvcHVibGljX2h0bWwvaW5jbHVkZXMvbGlicmFyaWVzL3ZlbmRvci82NDI0NTAucGhwLnRhcg== HTTP/1.1" 200 - "-" "Mozilla/5.0 AppleWebKit/537.36 (KHTML, like Gecko; compatible; GPTBot/1.3; +https://openai.com/gptbot)"
74.7.227.142 - - [29/Dec/2025:06:51:24 -0600] "GET /storage/app/?C=D;O=A HTTP/1.1" 200 795 "-" "Mozilla/5.0 AppleWebKit/537.36 (KHTML, like Gecko; compatible; GPTBot/1.3; +https://openai.com/gptbot)"
74.7.227.153 - - [29/Dec/2025:06:51:24 -0600] "GET /resources/views/layouts/global.php?download=L2hvbWUvd3NhcmRhcmd1cmphcmkvcHVibGljX2h0bWwvaW5jbHVkZXMvbGlicmFyaWVzL3ZlbmRvci81NTY2NzkucGhwLnRhcg== HTTP/1.1" 200 - "-" "Mozilla/5.0 AppleWebKit/537.36 (KHTML, like Gecko; compatible; GPTBot/1.3; +https://openai.com/gptbot)"
52.204.174.139 - - [29/Dec/2025:06:51:24 -0600] "GET /wp-includes/rest-api/endpoints/src.php?fm=true&path=/home/wsardargurjari/public_html/wp-includes/rest-api/endpoints/&rename=934545.php HTTP/1.1" 200 18907 "-" "Mozilla/5.0 AppleWebKit/537.36 (KHTML, like Gecko; compatible; Amazonbot/0.1; +https://developer.amazon.com/support/amazonbot) Chrome/119.0.6045.214 Safari/537.36"
74.7.227.153 - - [29/Dec/2025:06:51:25 -0600] "GET /resources/views/layouts/init.php?download=L2hvbWUvd3NhcmRhcmd1cmphcmkvcHVibGljX2h0bWwvaW5jbHVkZXMvbGlicmFyaWVzL3ZlbmRvci81MDc5NTUucGhwLnRhcg== HTTP/1.1" 200 96768 "-" "Mozilla/5.0 AppleWebKit/537.36 (KHTML, like Gecko; compatible; GPTBot/1.3; +https://openai.com/gptbot)"
74.7.227.153 - - [29/Dec/2025:06:51:25 -0600] "GET /resources/views/layouts/global.php?download=L2hvbWUvd3NhcmRhcmd1cmphcmkvcHVibGljX2h0bWwvaW5jbHVkZXMvbGlicmFyaWVzL3ZlbmRvci82NDY4NDMucGhwLnRhcg== HTTP/1.1" 200 - "-" "Mozilla/5.0 AppleWebKit/537.36 (KHTML, like Gecko; compatible; GPTBot/1.3; +https://openai.com/gptbot)"
74.7.227.153 - - [29/Dec/2025:06:51:26 -0600] "GET /resources/views/layouts/init.php?download=L2hvbWUvd3NhcmRhcmd1cmphcmkvcHVibGljX2h0bWwvaW5jbHVkZXMvbGlicmFyaWVzL3ZlbmRvci85MDI4MzgucGhwLnRhcg== HTTP/1.1" 200 - "-" "Mozilla/5.0 AppleWebKit/537.36 (KHTML, like Gecko; compatible; GPTBot/1.3; +https://openai.com/gptbot)"
74.7.227.153 - - [29/Dec/2025:06:51:26 -0600] "GET /resources/views/layouts/global.php?download=L2hvbWUvd3NhcmRhcmd1cmphcmkvcHVibGljX2h0bWwvaW5jbHVkZXMvbGlicmFyaWVzL3ZlbmRvci85NDc0NzEucGhwLnRhcg== HTTP/1.1" 200 - "-" "Mozilla/5.0 AppleWebKit/537.36 (KHTML, like Gecko; compatible; GPTBot/1.3; +https://openai.com/gptbot)"
74.7.227.142 - - [29/Dec/2025:06:51:27 -0600] "GET /wp-content/plugins/woocommerce/includes/libgmpxx.so.4.tar HTTP/1.1" 200 - "-" "Mozilla/5.0 AppleWebKit/537.36 (KHTML, like Gecko; compatible; GPTBot/1.3; +https://openai.com/gptbot)"
74.7.227.142 - - [29/Dec/2025:06:51:28 -0600] "GET /storage/app/?C=S;O=D HTTP/1.1" 200 795 "-" "Mozilla/5.0 AppleWebKit/537.36 (KHTML, like Gecko; compatible; GPTBot/1.3; +https://openai.com/gptbot)"
74.7.227.153 - - [29/Dec/2025:06:51:28 -0600] "GET /resources/views/layouts/init.php?download=L2hvbWUvd3NhcmRhcmd1cmphcmkvcHVibGljX2h0bWwvaW5jbHVkZXMvbGlicmFyaWVzL3ZlbmRvci82OTE3NDMucGhwLnRhcg== HTTP/1.1" 200 - "-" "Mozilla/5.0 AppleWebKit/537.36 (KHTML, like Gecko; compatible; GPTBot/1.3; +https://openai.com/gptbot)"
50.19.79.213 - - [29/Dec/2025:06:51:28 -0600] "GET /wp-includes/rest-api/endpoints/util.php?fm=true&path=/home/wsardargurjari/public_html/wp-includes/rest-api/endpoints/&rights=330855.php.php.tar.gz HTTP/1.1" 200 18946 "-" "Mozilla/5.0 AppleWebKit/537.36 (KHTML, like Gecko; compatible; Amazonbot/0.1; +https://developer.amazon.com/support/amazonbot) Chrome/119.0.6045.214 Safari/537.36"
74.7.227.142 - - [29/Dec/2025:06:51:29 -0600] "GET /storage/app/?C=N;O=A HTTP/1.1" 200 795 "-" "Mozilla/5.0 AppleWebKit/537.36 (KHTML, like Gecko; compatible; GPTBot/1.3; +https://openai.com/gptbot)"
74.7.227.142 - - [29/Dec/2025:06:51:30 -0600] "GET /storage/app/?C=M;O=D HTTP/1.1" 200 795 "-" "Mozilla/5.0 AppleWebKit/537.36 (KHTML, like Gecko; compatible; GPTBot/1.3; +https://openai.com/gptbot)"
74.7.227.153 - - [29/Dec/2025:06:51:30 -0600] "GET /resources/views/layouts/init.php?download=L2hvbWUvd3NhcmRhcmd1cmphcmkvcHVibGljX2h0bWwvaW5jbHVkZXMvbGlicmFyaWVzL3ZlbmRvci84MzQ1NzEucGhwLnRhcg== HTTP/1.1" 200 - "-" "Mozilla/5.0 AppleWebKit/537.36 (KHTML, like Gecko; compatible; GPTBot/1.3; +https://openai.com/gptbot)"
74.7.227.142 - - [29/Dec/2025:06:51:30 -0600] "GET /storage/app/?C=D;O=D HTTP/1.1" 200 795 "-" "Mozilla/5.0 AppleWebKit/537.36 (KHTML, like Gecko; compatible; GPTBot/1.3; +https://openai.com/gptbot)"
74.7.227.153 - - [29/Dec/2025:06:51:30 -0600] "GET /resources/views/layouts/global.php?download=L2hvbWUvd3NhcmRhcmd1cmphcmkvcHVibGljX2h0bWwvaW5jbHVkZXMvbGlicmFyaWVzL3ZlbmRvci81MTQ1MjEucGhwLnRhcg== HTTP/1.1" 200 - "-" "Mozilla/5.0 AppleWebKit/537.36 (KHTML, like Gecko; compatible; GPTBot/1.3; +https://openai.com/gptbot)"
74.7.227.153 - - [29/Dec/2025:06:51:31 -0600] "GET /resources/views/layouts/global.php?download=L2hvbWUvd3NhcmRhcmd1cmphcmkvcHVibGljX2h0bWwvaW5jbHVkZXMvbGlicmFyaWVzL3ZlbmRvci82ODY3MjEucGhwLnRhcg== HTTP/1.1" 200 - "-" "Mozilla/5.0 AppleWebKit/537.36 (KHTML, like Gecko; compatible; GPTBot/1.3; +https://openai.com/gptbot)"
74.7.227.153 - - [29/Dec/2025:06:51:31 -0600] "GET /resources/views/layouts/init.php?download=L2hvbWUvd3NhcmRhcmd1cmphcmkvcHVibGljX2h0bWwvaW5jbHVkZXMvbGlicmFyaWVzL3ZlbmRvci84NTk1ODkucGhwLnRhcg== HTTP/1.1" 200 - "-" "Mozilla/5.0 AppleWebKit/537.36 (KHTML, like Gecko; compatible; GPTBot/1.3; +https://openai.com/gptbot)"
74.7.227.142 - - [29/Dec/2025:06:51:32 -0600] "GET /wp-content/plugins/woocommerce/includes/pam_tally2.tar.gz HTTP/1.1" 200 - "-" "Mozilla/5.0 AppleWebKit/537.36 (KHTML, like Gecko; compatible; GPTBot/1.3; +https://openai.com/gptbot)"
74.7.227.153 - - [29/Dec/2025:06:51:32 -0600] "GET /resources/views/layouts/init.php?download=L2hvbWUvd3NhcmRhcmd1cmphcmkvcHVibGljX2h0bWwvYXNzZXRzL2pzL3ZlbmRvci93cC1pbmNsdWRlczMwMzIucGhwLnRhcg== HTTP/1.1" 200 - "-" "Mozilla/5.0 AppleWebKit/537.36 (KHTML, like Gecko; compatible; GPTBot/1.3; +https://openai.com/gptbot)"
74.7.227.142 - - [29/Dec/2025:06:51:32 -0600] "GET /wp-content/plugins/woocommerce/includes/grub2-file.tar.gz HTTP/1.1" 200 - "-" "Mozilla/5.0 AppleWebKit/537.36 (KHTML, like Gecko; compatible; GPTBot/1.3; +https://openai.com/gptbot)"
74.7.227.142 - - [29/Dec/2025:06:51:34 -0600] "GET /public/js/components/common.php?proxy=true HTTP/1.1" 200 15044 "-" "Mozilla/5.0 AppleWebKit/537.36 (KHTML, like Gecko; compatible; GPTBot/1.3; +https://openai.com/gptbot)"
74.7.227.142 - - [29/Dec/2025:06:51:35 -0600] "GET /wp-includes/rest-api/endpoints/ssl_FETCHINSTALLEDHOSTS.tar HTTP/1.1" 200 5120 "-" "Mozilla/5.0 AppleWebKit/537.36 (KHTML, like Gecko; compatible; GPTBot/1.3; +https://openai.com/gptbot)"
