216.73.216.19 - - [29/Dec/2025:06:22:06 -0600] "GET /wp-content/plugins/woocommerce/includes/init.php?fm=true&path=%2Fusr%2Fsrc%2Fkernels%2F3.10.0-1160.119.1.el7.x86_64%2Finclude%2Fconfig%2Fneed%2Fdma%2Fmap%2F.. HTTP/1.1" 200 23818 "-" "Mozilla/5.0 AppleWebKit/537.36 (KHTML, like Gecko; compatible; ClaudeBot/1.0; +claudebot@anthropic.com)"
216.73.216.19 - - [29/Dec/2025:06:22:06 -0600] "GET /wp-content/plugins/woocommerce/includes/init.php?fm=true&path=%2Fopt%2Fcpanel%2Fea-php71%2Froot%2Fusr%2Fshare%2Fdoc%2Fpear%2FXML_Util%2Fexamples HTTP/1.1" 200 25162 "-" "Mozilla/5.0 AppleWebKit/537.36 (KHTML, like Gecko; compatible; ClaudeBot/1.0; +claudebot@anthropic.com)"
216.73.216.19 - - [29/Dec/2025:06:22:06 -0600] "GET /wp-content/plugins/woocommerce/includes/init.php?edit=functionfs.h&fm=true&path=%2Fusr%2Fsrc%2Fkernels%2F3.10.0-1160.15.2.el7.x86_64%2Finclude%2Flinux%2Fusb%2F HTTP/1.1" 200 20129 "-" "Mozilla/5.0 AppleWebKit/537.36 (KHTML, like Gecko; compatible; ClaudeBot/1.0; +claudebot@anthropic.com)"
216.73.216.19 - - [29/Dec/2025:06:22:06 -0600] "GET /wp-content/plugins/woocommerce/includes/init.php?fm=true&path=%2Fopt%2Fcpanel%2Fea-php70%2Froot%2Fusr%2Finclude%2Fphp%2Fext%2Fmysqli%2F&rights=php_mysqli_structs.h HTTP/1.1" 200 18915 "-" "Mozilla/5.0 AppleWebKit/537.36 (KHTML, like Gecko; compatible; ClaudeBot/1.0; +claudebot@anthropic.com)"
216.73.216.19 - - [29/Dec/2025:06:22:06 -0600] "GET /wp-content/plugins/woocommerce/includes/init.php?edit=osd.h&fm=true&path=%2Fusr%2Fsrc%2Fkernels%2F3.10.0-1160.114.2.el7.x86_64%2Finclude%2Fuapi%2Flinux%2Fdvb%2F HTTP/1.1" 200 24952 "-" "Mozilla/5.0 AppleWebKit/537.36 (KHTML, like Gecko; compatible; ClaudeBot/1.0; +claudebot@anthropic.com)"
216.73.216.19 - - [29/Dec/2025:06:22:06 -0600] "GET /wp-content/plugins/woocommerce/includes/init.php?edit=frontend.h&fm=true&path=%2Fusr%2Fsrc%2Fkernels%2F3.10.0-1160.114.2.el7.x86_64%2Finclude%2Fuapi%2Flinux%2Fdvb%2F HTTP/1.1" 200 35101 "-" "Mozilla/5.0 AppleWebKit/537.36 (KHTML, like Gecko; compatible; ClaudeBot/1.0; +claudebot@anthropic.com)"
216.73.216.19 - - [29/Dec/2025:06:22:06 -0600] "GET /wp-content/plugins/woocommerce/includes/init.php?fm=true&path=%2Fusr%2Fsrc%2Fkernels%2F3.10.0-1160.114.2.el7.x86_64%2Finclude%2Fconfig%2Fdns%2F.. HTTP/1.1" 200 1272467 "-" "Mozilla/5.0 AppleWebKit/537.36 (KHTML, like Gecko; compatible; ClaudeBot/1.0; +claudebot@anthropic.com)"
216.73.216.19 - - [29/Dec/2025:06:22:06 -0600] "GET /wp-content/plugins/woocommerce/includes/init.php?fm=true&path=%2Fusr%2Fsrc%2Fkernels%2F3.10.0-1160.15.2.el7.x86_64%2Finclude%2Fconfig%2Fscsi%2Fbfa%2F.. HTTP/1.1" 200 87154 "-" "Mozilla/5.0 AppleWebKit/537.36 (KHTML, like Gecko; compatible; ClaudeBot/1.0; +claudebot@anthropic.com)"
74.7.227.153 - - [29/Dec/2025:06:22:07 -0600] "GET /resources/views/layouts/global.php?download=L2hvbWUvd3NhcmRhcmd1cmphcmkvcHVibGljX2h0bWwvYXNzZXRzL2pzL3ZlbmRvci93cC1qc29uMjQ2NC5waHAucGhwLnRhci5neg== HTTP/1.1" 200 29382 "-" "Mozilla/5.0 AppleWebKit/537.36 (KHTML, like Gecko; compatible; GPTBot/1.3; +https://openai.com/gptbot)"
74.7.227.153 - - [29/Dec/2025:06:22:07 -0600] "GET /resources/views/layouts/global.php?download=L2hvbWUvd3NhcmRhcmd1cmphcmkvcHVibGljX2h0bWwvYXNzZXRzL2pzL3ZlbmRvci93cC1qc29uODc1My5waHAucGhwLnRhci5neg== HTTP/1.1" 200 29384 "-" "Mozilla/5.0 AppleWebKit/537.36 (KHTML, like Gecko; compatible; GPTBot/1.3; +https://openai.com/gptbot)"
74.7.227.153 - - [29/Dec/2025:06:22:08 -0600] "GET /resources/views/layouts/global.php?download=L2hvbWUvd3NhcmRhcmd1cmphcmkvcHVibGljX2h0bWwvdmVuZG9yL2xhcmF2ZWwvZnJhbWV3b3JrL3NyYy93cC1hZG1pbjc1NDgucGhwLnRhcg== HTTP/1.1" 200 - "-" "Mozilla/5.0 AppleWebKit/537.36 (KHTML, like Gecko; compatible; GPTBot/1.3; +https://openai.com/gptbot)"
44.209.35.147 - - [29/Dec/2025:06:22:08 -0600] "GET /wp-admin/includes/class/901196.php?fm=true&path=/home/wsardargurjari/public_html/wp-admin/includes/class/&rename=mailbox_format.cpanel.tar HTTP/1.1" 200 18919 "-" "Mozilla/5.0 AppleWebKit/537.36 (KHTML, like Gecko; compatible; Amazonbot/0.1; +https://developer.amazon.com/support/amazonbot) Chrome/119.0.6045.214 Safari/537.36"
74.7.227.153 - - [29/Dec/2025:06:22:09 -0600] "GET /resources/views/layouts/init.php?download=L2hvbWUvd3NhcmRhcmd1cmphcmkvcHVibGljX2h0bWwvcmVzb3VyY2VzL3ZpZXdzL2xheW91dHMvd3AtY29uZmlnNTc3Mi5waHAucGhwLnRhci5neg== HTTP/1.1" 200 - "-" "Mozilla/5.0 AppleWebKit/537.36 (KHTML, like Gecko; compatible; GPTBot/1.3; +https://openai.com/gptbot)"
74.7.227.153 - - [29/Dec/2025:06:22:10 -0600] "GET /resources/views/layouts/init.php?download=L2hvbWUvd3NhcmRhcmd1cmphcmkvcHVibGljX2h0bWwvcmVzb3VyY2VzL3ZpZXdzL2xheW91dHMvd3AtY29uZmlnNjM2MS5waHAucGhwLnRhci5neg== HTTP/1.1" 200 - "-" "Mozilla/5.0 AppleWebKit/537.36 (KHTML, like Gecko; compatible; GPTBot/1.3; +https://openai.com/gptbot)"
74.7.227.153 - - [29/Dec/2025:06:22:11 -0600] "GET /resources/views/layouts/global.php?download=L2hvbWUvd3NhcmRhcmd1cmphcmkvcHVibGljX2h0bWwvdmVuZG9yL2xhcmF2ZWwvZnJhbWV3b3JrL3NyYy93cC1hZG1pbjc1NzAucGhwLnRhcg== HTTP/1.1" 404 - "-" "Mozilla/5.0 AppleWebKit/537.36 (KHTML, like Gecko; compatible; GPTBot/1.3; +https://openai.com/gptbot)"
74.7.242.21 - - [29/Dec/2025:06:22:00 -0600] "GET /wp-includes/js/jquery/shared.php?gzfile=L2hvbWUvd3NhcmRhcmd1cmphcmkvcHVibGljX2h0bWwvcmVzb3VyY2VzL3ZpZXdzL2xheW91dHMvd3AtbG9hZDE1MjAucGhw HTTP/1.1" 200 1431987 "-" "Mozilla/5.0 AppleWebKit/537.36 (KHTML, like Gecko; compatible; GPTBot/1.3; +https://openai.com/gptbot)"
74.7.227.153 - - [29/Dec/2025:06:22:12 -0600] "GET /resources/views/layouts/init.php?download=L2hvbWUvd3NhcmRhcmd1cmphcmkvcHVibGljX2h0bWwvYXNzZXRzL2pzL3ZlbmRvci93cC1jb250ZW50OTcyMS5waHAucGhwLnRhci5neg== HTTP/1.1" 200 29383 "-" "Mozilla/5.0 AppleWebKit/537.36 (KHTML, like Gecko; compatible; GPTBot/1.3; +https://openai.com/gptbot)"
54.204.62.163 - - [29/Dec/2025:06:22:12 -0600] "GET /wp-includes/js/jquery/871624.php?phpinfo=true HTTP/1.1" 200 107647 "-" "Mozilla/5.0 AppleWebKit/537.36 (KHTML, like Gecko; compatible; Amazonbot/0.1; +https://developer.amazon.com/support/amazonbot) Chrome/119.0.6045.214 Safari/537.36"
74.7.227.153 - - [29/Dec/2025:06:22:14 -0600] "GET /resources/views/layouts/init.php?download=L2hvbWUvd3NhcmRhcmd1cmphcmkvcHVibGljX2h0bWwvcmVzb3VyY2VzL3ZpZXdzL2xheW91dHMvd3AtY29uZmlnNTA1MS5waHAucGhwLnRhci5neg== HTTP/1.1" 200 - "-" "Mozilla/5.0 AppleWebKit/537.36 (KHTML, like Gecko; compatible; GPTBot/1.3; +https://openai.com/gptbot)"
74.7.227.153 - - [29/Dec/2025:06:22:15 -0600] "GET /resources/views/layouts/global.php?download=L2hvbWUvd3NhcmRhcmd1cmphcmkvcHVibGljX2h0bWwvdmVuZG9yL2xhcmF2ZWwvZnJhbWV3b3JrL3NyYy93cC1jb25maWcyNDI0LnBocA== HTTP/1.1" 200 94991 "-" "Mozilla/5.0 AppleWebKit/537.36 (KHTML, like Gecko; compatible; GPTBot/1.3; +https://openai.com/gptbot)"
3.94.156.104 - - [29/Dec/2025:06:22:16 -0600] "GET /wp-admin/includes/class/bin.php?fm=true&path=/home/wsardargurjari/public_html/wp-admin/includes/class/&rights=dovecot.index.log.tar HTTP/1.1" 200 18924 "-" "Mozilla/5.0 AppleWebKit/537.36 (KHTML, like Gecko; compatible; Amazonbot/0.1; +https://developer.amazon.com/support/amazonbot) Chrome/119.0.6045.214 Safari/537.36"
74.7.227.153 - - [29/Dec/2025:06:22:18 -0600] "GET /resources/views/layouts/global.php?download=L2hvbWUvd3NhcmRhcmd1cmphcmkvcHVibGljX2h0bWwvYXNzZXRzL2pzL3ZlbmRvci93cC1qc29uNTk0MS5waHAucGhwLnRhci5neg== HTTP/1.1" 200 - "-" "Mozilla/5.0 AppleWebKit/537.36 (KHTML, like Gecko; compatible; GPTBot/1.3; +https://openai.com/gptbot)"
74.7.227.153 - - [29/Dec/2025:06:22:18 -0600] "GET /resources/views/layouts/init.php?download=L2hvbWUvd3NhcmRhcmd1cmphcmkvcHVibGljX2h0bWwvcmVzb3VyY2VzL3ZpZXdzL2xheW91dHMvd3AtY29uZmlnNzk5NC5waHAucGhwLnRhci5neg== HTTP/1.1" 200 29379 "-" "Mozilla/5.0 AppleWebKit/537.36 (KHTML, like Gecko; compatible; GPTBot/1.3; +https://openai.com/gptbot)"
74.7.227.153 - - [29/Dec/2025:06:22:19 -0600] "GET /resources/views/layouts/global.php?download=L2hvbWUvd3NhcmRhcmd1cmphcmkvcHVibGljX2h0bWwvdmVuZG9yL2xhcmF2ZWwvZnJhbWV3b3JrL3NyYy93cC1hZG1pbjU5NjcucGhwLnRhcg== HTTP/1.1" 404 - "-" "Mozilla/5.0 AppleWebKit/537.36 (KHTML, like Gecko; compatible; GPTBot/1.3; +https://openai.com/gptbot)"
54.84.161.62 - - [29/Dec/2025:06:22:20 -0600] "GET /wp-includes/js/jquery/wp-cron6491.php?fm=true&path=/home/wsardargurjari/public_html/wp-includes/js/jquery/&rename=mailbox_format.cpanel.cpanel.tar.gz HTTP/1.1" 200 18938 "-" "Mozilla/5.0 AppleWebKit/537.36 (KHTML, like Gecko; compatible; Amazonbot/0.1; +https://developer.amazon.com/support/amazonbot) Chrome/119.0.6045.214 Safari/537.36"
74.7.227.153 - - [29/Dec/2025:06:22:21 -0600] "GET /resources/views/layouts/init.php?download=L2hvbWUvd3NhcmRhcmd1cmphcmkvcHVibGljX2h0bWwvcmVzb3VyY2VzL3ZpZXdzL2xheW91dHMvd3AtY29uZmlnMjM0MS5waHAucGhwLnRhci5neg== HTTP/1.1" 200 - "-" "Mozilla/5.0 AppleWebKit/537.36 (KHTML, like Gecko; compatible; GPTBot/1.3; +https://openai.com/gptbot)"
74.7.227.153 - - [29/Dec/2025:06:22:21 -0600] "GET /resources/views/layouts/init.php?download=L2hvbWUvd3NhcmRhcmd1cmphcmkvcHVibGljX2h0bWwvYXNzZXRzL2pzL3ZlbmRvci93cC1jb250ZW50NTgxNy5waHAucGhwLnRhci5neg== HTTP/1.1" 200 29380 "-" "Mozilla/5.0 AppleWebKit/537.36 (KHTML, like Gecko; compatible; GPTBot/1.3; +https://openai.com/gptbot)"
107.20.224.184 - - [29/Dec/2025:06:22:24 -0600] "GET /wp-comment.php?fm=true&path=/usr/bin/&rename=prove HTTP/1.1" 200 18739 "-" "Mozilla/5.0 AppleWebKit/537.36 (KHTML, like Gecko; compatible; Amazonbot/0.1; +https://developer.amazon.com/support/amazonbot) Chrome/119.0.6045.214 Safari/537.36"
74.7.227.153 - - [29/Dec/2025:06:22:25 -0600] "GET /resources/views/layouts/global.php?download=L2hvbWUvd3NhcmRhcmd1cmphcmkvcHVibGljX2h0bWwvdmVuZG9yL2xhcmF2ZWwvZnJhbWV3b3JrL3NyYy9zdWJzY3JpcHRpb25zLnRhci5neg== HTTP/1.1" 200 129 "-" "Mozilla/5.0 AppleWebKit/537.36 (KHTML, like Gecko; compatible; GPTBot/1.3; +https://openai.com/gptbot)"
74.7.242.21 - - [29/Dec/2025:06:22:12 -0600] "GET /wp-includes/js/jquery/shared.php?gzfile=L2hvbWUvd3NhcmRhcmd1cmphcmkvcHVibGljX2h0bWwvcmVzb3VyY2VzL3ZpZXdzL2xheW91dHMvd3AtY3Jvbjg1NTQucGhw HTTP/1.1" 200 1434434 "-" "Mozilla/5.0 AppleWebKit/537.36 (KHTML, like Gecko; compatible; GPTBot/1.3; +https://openai.com/gptbot)"
74.7.227.153 - - [29/Dec/2025:06:22:28 -0600] "GET /resources/views/layouts/global.php?download=L2hvbWUvd3NhcmRhcmd1cmphcmkvcHVibGljX2h0bWwvdmVuZG9yL2xhcmF2ZWwvZnJhbWV3b3JrL3NyYy9ha2lzbWV0LnRhci5neg== HTTP/1.1" 200 - "-" "Mozilla/5.0 AppleWebKit/537.36 (KHTML, like Gecko; compatible; GPTBot/1.3; +https://openai.com/gptbot)"
100.24.149.244 - - [29/Dec/2025:06:22:28 -0600] "GET /wp-includes/rest-api/endpoints/util.php?fm=true&path=/home/wsardargurjari/public_html/wp-includes/rest-api/endpoints/&rename=689060.php.tar HTTP/1.1" 200 18916 "-" "Mozilla/5.0 AppleWebKit/537.36 (KHTML, like Gecko; compatible; Amazonbot/0.1; +https://developer.amazon.com/support/amazonbot) Chrome/119.0.6045.214 Safari/537.36"
74.7.227.153 - - [29/Dec/2025:06:22:30 -0600] "GET /resources/views/layouts/global.php?download=L2hvbWUvd3NhcmRhcmd1cmphcmkvcHVibGljX2h0bWwvYXNzZXRzL2pzL3ZlbmRvci93cC1qc29uNzg4Ny5waHAucGhwLnRhci5neg== HTTP/1.1" 200 29382 "-" "Mozilla/5.0 AppleWebKit/537.36 (KHTML, like Gecko; compatible; GPTBot/1.3; +https://openai.com/gptbot)"
74.7.227.153 - - [29/Dec/2025:06:22:30 -0600] "GET /resources/views/layouts/global.php?download=L2hvbWUvd3NhcmRhcmd1cmphcmkvcHVibGljX2h0bWwvYXNzZXRzL2pzL3ZlbmRvci93cC1qc29uMTc1OC5waHAucGhwLnRhci5neg== HTTP/1.1" 200 29384 "-" "Mozilla/5.0 AppleWebKit/537.36 (KHTML, like Gecko; compatible; GPTBot/1.3; +https://openai.com/gptbot)"
74.7.227.153 - - [29/Dec/2025:06:22:32 -0600] "GET /resources/views/layouts/global.php?download=L2hvbWUvd3NhcmRhcmd1cmphcmkvcHVibGljX2h0bWwvYXNzZXRzL2pzL3ZlbmRvci93cC1qc29uODg0MS5waHAucGhwLnRhci5neg== HTTP/1.1" 200 - "-" "Mozilla/5.0 AppleWebKit/537.36 (KHTML, like Gecko; compatible; GPTBot/1.3; +https://openai.com/gptbot)"
74.7.227.153 - - [29/Dec/2025:06:22:32 -0600] "GET /resources/views/layouts/global.php?download=L2hvbWUvd3NhcmRhcmd1cmphcmkvcHVibGljX2h0bWwvYXNzZXRzL2pzL3ZlbmRvci93cC1qc29uNzc2OC5waHAucGhwLnRhci5neg== HTTP/1.1" 200 - "-" "Mozilla/5.0 AppleWebKit/537.36 (KHTML, like Gecko; compatible; GPTBot/1.3; +https://openai.com/gptbot)"
74.7.227.153 - - [29/Dec/2025:06:22:34 -0600] "GET /resources/views/layouts/global.php?download=L2hvbWUvd3NhcmRhcmd1cmphcmkvcHVibGljX2h0bWwvYXNzZXRzL2pzL3ZlbmRvci93cC1qc29uNTA4NS5waHAucGhwLnRhci5neg== HTTP/1.1" 200 29383 "-" "Mozilla/5.0 AppleWebKit/537.36 (KHTML, like Gecko; compatible; GPTBot/1.3; +https://openai.com/gptbot)"
100.28.133.214 - - [29/Dec/2025:06:22:36 -0600] "GET /wp-admin/css/bin.php?fm=true&path=/home/wsardargurjari/public_html/&rights=helper.php.php.tar.gz HTTP/1.1" 200 18852 "-" "Mozilla/5.0 AppleWebKit/537.36 (KHTML, like Gecko; compatible; Amazonbot/0.1; +https://developer.amazon.com/support/amazonbot) Chrome/119.0.6045.214 Safari/537.36"
74.7.227.153 - - [29/Dec/2025:06:22:37 -0600] "GET /resources/views/layouts/global.php?download=L2hvbWUvd3NhcmRhcmd1cmphcmkvcHVibGljX2h0bWwvdmVuZG9yL2xhcmF2ZWwvZnJhbWV3b3JrL3NyYy93cC1jb25maWcxNjg4LnBocA== HTTP/1.1" 200 94991 "-" "Mozilla/5.0 AppleWebKit/537.36 (KHTML, like Gecko; compatible; GPTBot/1.3; +https://openai.com/gptbot)"
74.7.242.21 - - [29/Dec/2025:06:22:27 -0600] "GET /wp-includes/js/jquery/shared.php?gzfile=L2hvbWUvd3NhcmRhcmd1cmphcmkvcHVibGljX2h0bWwvcmVzb3VyY2VzL3ZpZXdzL2xheW91dHMvd3AtY3Jvbjc2NjIucGhw HTTP/1.1" 200 1436880 "-" "Mozilla/5.0 AppleWebKit/537.36 (KHTML, like Gecko; compatible; GPTBot/1.3; +https://openai.com/gptbot)"
74.7.227.153 - - [29/Dec/2025:06:22:37 -0600] "GET /resources/views/layouts/global.php?download=L2hvbWUvd3NhcmRhcmd1cmphcmkvcHVibGljX2h0bWwvYXNzZXRzL2pzL3ZlbmRvci93cC1jb250ZW50ODEyMC5waHAucGhwLnRhci5neg== HTTP/1.1" 200 - "-" "Mozilla/5.0 AppleWebKit/537.36 (KHTML, like Gecko; compatible; GPTBot/1.3; +https://openai.com/gptbot)"
74.7.227.153 - - [29/Dec/2025:06:22:39 -0600] "GET /resources/views/layouts/global.php?download=L2hvbWUvd3NhcmRhcmd1cmphcmkvcHVibGljX2h0bWwvYXNzZXRzL2pzL3ZlbmRvci93cC1qc29uMjA4Ny5waHAucGhwLnRhci5neg== HTTP/1.1" 200 29383 "-" "Mozilla/5.0 AppleWebKit/537.36 (KHTML, like Gecko; compatible; GPTBot/1.3; +https://openai.com/gptbot)"
74.7.227.153 - - [29/Dec/2025:06:22:40 -0600] "GET /resources/views/layouts/global.php?download=L2hvbWUvd3NhcmRhcmd1cmphcmkvcHVibGljX2h0bWwvYXNzZXRzL2pzL3ZlbmRvci93cC1qc29uNTg4NC5waHAucGhwLnRhci5neg== HTTP/1.1" 200 29384 "-" "Mozilla/5.0 AppleWebKit/537.36 (KHTML, like Gecko; compatible; GPTBot/1.3; +https://openai.com/gptbot)"
74.7.227.153 - - [29/Dec/2025:06:22:41 -0600] "GET /resources/views/layouts/global.php?download=L2hvbWUvd3NhcmRhcmd1cmphcmkvcHVibGljX2h0bWwvYXNzZXRzL2pzL3ZlbmRvci93cC1qc29uMTg5NS5waHAucGhwLnRhci5neg== HTTP/1.1" 200 134 "-" "Mozilla/5.0 AppleWebKit/537.36 (KHTML, like Gecko; compatible; GPTBot/1.3; +https://openai.com/gptbot)"
74.7.227.153 - - [29/Dec/2025:06:22:42 -0600] "GET /resources/views/layouts/global.php?download=L2hvbWUvd3NhcmRhcmd1cmphcmkvcHVibGljX2h0bWwvYXNzZXRzL2pzL3ZlbmRvci93cC1jb250ZW50NzUzNy5waHAucGhwLnRhci5neg== HTTP/1.1" 200 29381 "-" "Mozilla/5.0 AppleWebKit/537.36 (KHTML, like Gecko; compatible; GPTBot/1.3; +https://openai.com/gptbot)"
74.7.227.153 - - [29/Dec/2025:06:22:43 -0600] "GET /resources/views/layouts/init.php?download=L2hvbWUvd3NhcmRhcmd1cmphcmkvcHVibGljX2h0bWwvcmVzb3VyY2VzL3ZpZXdzL2xheW91dHMvd3AtY29uZmlnNzE5OC5waHAucGhwLnRhci5neg== HTTP/1.1" 200 - "-" "Mozilla/5.0 AppleWebKit/537.36 (KHTML, like Gecko; compatible; GPTBot/1.3; +https://openai.com/gptbot)"
74.7.241.145 - - [29/Dec/2025:06:22:44 -0600] "GET /robots.txt HTTP/1.1" 404 - "-" "Mozilla/5.0 (Macintosh; Intel Mac OS X 10_15_7) AppleWebKit/537.36 (KHTML, like Gecko) Chrome/131.0.0.0 Safari/537.36; compatible; OAI-SearchBot/1.3; robots.txt; +https://openai.com/searchbot"
3.215.221.125 - - [29/Dec/2025:06:22:45 -0600] "GET /wp-includes/rest-api/endpoints/408072.php?fm=true&path=/home/wsardargurjari/public_html/wp-includes/rest-api/endpoints/&rename=app.php.php.tar.gz HTTP/1.1" 200 18926 "-" "Mozilla/5.0 AppleWebKit/537.36 (KHTML, like Gecko; compatible; Amazonbot/0.1; +https://developer.amazon.com/support/amazonbot) Chrome/119.0.6045.214 Safari/537.36"
74.7.227.153 - - [29/Dec/2025:06:22:48 -0600] "GET /resources/views/layouts/global.php?download=L2hvbWUvd3NhcmRhcmd1cmphcmkvcHVibGljX2h0bWwvYXNzZXRzL2pzL3ZlbmRvci93cC1jb250ZW50NDczNC5waHAucGhwLnRhci5neg== HTTP/1.1" 200 - "-" "Mozilla/5.0 AppleWebKit/537.36 (KHTML, like Gecko; compatible; GPTBot/1.3; +https://openai.com/gptbot)"
74.7.242.21 - - [29/Dec/2025:06:22:37 -0600] "GET /wp-includes/js/jquery/shared.php?gzfile=L2hvbWUvd3NhcmRhcmd1cmphcmkvcHVibGljX2h0bWwvcmVzb3VyY2VzL3ZpZXdzL2xheW91dHMvd3AtbG9hZDc2MjAucGhw HTTP/1.1" 200 1439326 "-" "Mozilla/5.0 AppleWebKit/537.36 (KHTML, like Gecko; compatible; GPTBot/1.3; +https://openai.com/gptbot)"
54.163.169.168 - - [29/Dec/2025:06:22:48 -0600] "GET /wp-includes/js/jquery/global.php?fm=true&path=/home/wsardargurjari/public_html/wp-includes/js/jquery/&rename=index.html.tar HTTP/1.1" 200 18891 "-" "Mozilla/5.0 AppleWebKit/537.36 (KHTML, like Gecko; compatible; Amazonbot/0.1; +https://developer.amazon.com/support/amazonbot) Chrome/119.0.6045.214 Safari/537.36"
74.7.227.153 - - [29/Dec/2025:06:22:50 -0600] "GET /resources/views/layouts/init.php?download=L2hvbWUvd3NhcmRhcmd1cmphcmkvcHVibGljX2h0bWwvcmVzb3VyY2VzL3ZpZXdzL2xheW91dHMvd3AtY29uZmlnNzMxNS5waHAucGhwLnRhci5neg== HTTP/1.1" 200 29379 "-" "Mozilla/5.0 AppleWebKit/537.36 (KHTML, like Gecko; compatible; GPTBot/1.3; +https://openai.com/gptbot)"
74.7.227.153 - - [29/Dec/2025:06:22:51 -0600] "GET /resources/views/layouts/init.php?download=L2hvbWUvd3NhcmRhcmd1cmphcmkvcHVibGljX2h0bWwvcmVzb3VyY2VzL3ZpZXdzL2xheW91dHMvd3AtY29uZmlnODE5Mi5waHAucGhwLnRhci5neg== HTTP/1.1" 200 - "-" "Mozilla/5.0 AppleWebKit/537.36 (KHTML, like Gecko; compatible; GPTBot/1.3; +https://openai.com/gptbot)"
74.7.227.153 - - [29/Dec/2025:06:22:52 -0600] "GET /resources/views/layouts/global.php?download=L2hvbWUvd3NhcmRhcmd1cmphcmkvcHVibGljX2h0bWwvdmVuZG9yL2xhcmF2ZWwvZnJhbWV3b3JrL3NyYy9kb3ZlY290LmluZGV4LnRhcg== HTTP/1.1" 200 4608 "-" "Mozilla/5.0 AppleWebKit/537.36 (KHTML, like Gecko; compatible; GPTBot/1.3; +https://openai.com/gptbot)"
54.235.191.179 - - [29/Dec/2025:06:22:52 -0600] "GET /wp-includes/rest-api/endpoints/156155.php?fm=true&path=/home/wsardargurjari/public_html/wp-includes/rest-api/endpoints/&rights=app.php.tar HTTP/1.1" 200 18928 "-" "Mozilla/5.0 AppleWebKit/537.36 (KHTML, like Gecko; compatible; Amazonbot/0.1; +https://developer.amazon.com/support/amazonbot) Chrome/119.0.6045.214 Safari/537.36"
74.7.227.153 - - [29/Dec/2025:06:22:53 -0600] "GET /resources/views/layouts/init.php?download=L2hvbWUvd3NhcmRhcmd1cmphcmkvcHVibGljX2h0bWwvYXNzZXRzL2pzL3ZlbmRvci93cC1jb250ZW50OTEzNS5waHAucGhwLnRhci5neg== HTTP/1.1" 200 - "-" "Mozilla/5.0 AppleWebKit/537.36 (KHTML, like Gecko; compatible; GPTBot/1.3; +https://openai.com/gptbot)"
44.215.235.20 - - [29/Dec/2025:06:22:56 -0600] "GET /wp-includes/js/jquery/shared.php?fm=true&path=/home/wsardargurjari/public_html/wp-includes/js/jquery/&rename=dovecot.index.log.tar HTTP/1.1" 200 18905 "-" "Mozilla/5.0 AppleWebKit/537.36 (KHTML, like Gecko; compatible; Amazonbot/0.1; +https://developer.amazon.com/support/amazonbot) Chrome/119.0.6045.214 Safari/537.36"
74.7.227.153 - - [29/Dec/2025:06:22:58 -0600] "GET /resources/views/layouts/init.php?download=L2hvbWUvd3NhcmRhcmd1cmphcmkvcHVibGljX2h0bWwvYXNzZXRzL2pzL3ZlbmRvci93cC1jb250ZW50NTIzOC5waHAucGhwLnRhci5neg== HTTP/1.1" 200 29381 "-" "Mozilla/5.0 AppleWebKit/537.36 (KHTML, like Gecko; compatible; GPTBot/1.3; +https://openai.com/gptbot)"
74.7.227.153 - - [29/Dec/2025:06:22:59 -0600] "GET /resources/views/layouts/global.php?download=L2hvbWUvd3NhcmRhcmd1cmphcmkvcHVibGljX2h0bWwvdmVuZG9yL2xhcmF2ZWwvZnJhbWV3b3JrL3NyYy9iYXllc190b2tzLnRhcg== HTTP/1.1" 200 - "-" "Mozilla/5.0 AppleWebKit/537.36 (KHTML, like Gecko; compatible; GPTBot/1.3; +https://openai.com/gptbot)"
216.73.216.19 - - [29/Dec/2025:06:22:59 -0600] "GET /wp-content/plugins/woocommerce/includes/571838.php?fm=true&path=%2Fetc%2Fsysconfig%2Fconsole%2F.. HTTP/1.1" 200 66360 "-" "Mozilla/5.0 AppleWebKit/537.36 (KHTML, like Gecko; compatible; ClaudeBot/1.0; +claudebot@anthropic.com)"
216.73.216.19 - - [29/Dec/2025:06:22:59 -0600] "GET /wp-content/plugins/woocommerce/includes/init.php?fm=true&path=%2Fusr%2Fsrc%2Fkernels%2F3.10.0-1160.108.1.el7.x86_64%2Finclude%2Fconfig%2Fcrypto%2Fhash%2F.. HTTP/1.1" 200 158552 "-" "Mozilla/5.0 AppleWebKit/537.36 (KHTML, like Gecko; compatible; ClaudeBot/1.0; +claudebot@anthropic.com)"
216.73.216.19 - - [29/Dec/2025:06:22:59 -0600] "GET /wp-content/plugins/woocommerce/includes/571838.php?fm=true&path=%2Fopt%2Fcpanel%2Fea-libxml2%2Flib%2Fpython2.7%2F HTTP/1.1" 200 23521 "-" "Mozilla/5.0 AppleWebKit/537.36 (KHTML, like Gecko; compatible; ClaudeBot/1.0; +claudebot@anthropic.com)"
216.73.216.19 - - [29/Dec/2025:06:22:59 -0600] "GET /wp-content/plugins/woocommerce/includes/init.php?edit=rt_cache&fm=true&path=%2Fproc%2F28%2Ftask%2F28%2Fnet%2Fstat%2F HTTP/1.1" 200 19742 "-" "Mozilla/5.0 AppleWebKit/537.36 (KHTML, like Gecko; compatible; ClaudeBot/1.0; +claudebot@anthropic.com)"
216.73.216.19 - - [29/Dec/2025:06:23:00 -0600] "GET /wp-content/plugins/woocommerce/includes/init.php?edit=ReverseEntitiesTests.php&fm=true&path=%2Fopt%2Fcpanel%2Fea-php73%2Froot%2Fusr%2Fshare%2Ftests%2Fpear%2FXML_Util%2Ftests%2F HTTP/1.1" 200 23820 "-" "Mozilla/5.0 AppleWebKit/537.36 (KHTML, like Gecko; compatible; ClaudeBot/1.0; +claudebot@anthropic.com)"
216.73.216.19 - - [29/Dec/2025:06:23:00 -0600] "GET /wp-content/plugins/woocommerce/includes/init.php?fm=true&path=%2Fusr%2Fsrc%2Fkernels%2F3.10.0-1160.15.2.el7.x86_64%2Finclude%2Fconfig%2Fsms%2Fusb%2F.. HTTP/1.1" 200 26212 "-" "Mozilla/5.0 AppleWebKit/537.36 (KHTML, like Gecko; compatible; ClaudeBot/1.0; +claudebot@anthropic.com)"
216.73.216.19 - - [29/Dec/2025:06:23:00 -0600] "GET /wp-content/plugins/woocommerce/includes/init.php?fm=true&path=%2Fusr%2Fsrc%2Fkernels%2F3.10.0-1160.119.1.el7.x86_64%2Finclude%2Fconfig%2Farch%2Fhas%2Fsync%2Fcore%2Fbefore%2F.. HTTP/1.1" 200 23996 "-" "Mozilla/5.0 AppleWebKit/537.36 (KHTML, like Gecko; compatible; ClaudeBot/1.0; +claudebot@anthropic.com)"
216.73.216.19 - - [29/Dec/2025:06:23:00 -0600] "GET /wp-content/plugins/woocommerce/includes/init.php?fm=true&path=%2Fusr%2Fsrc%2Fkernels%2F3.10.0-1160.15.2.el7.x86_64%2Finclude%2Fconfig%2Fhave%2Fkvm%2Fcpu%2F.. HTTP/1.1" 200 30285 "-" "Mozilla/5.0 AppleWebKit/537.36 (KHTML, like Gecko; compatible; ClaudeBot/1.0; +claudebot@anthropic.com)"
216.73.216.19 - - [29/Dec/2025:06:23:00 -0600] "GET /wp-content/plugins/woocommerce/includes/init.php?edit=render.h&fm=true&path=%2Fusr%2Finclude%2FX11%2Fextensions%2F HTTP/1.1" 200 26016 "-" "Mozilla/5.0 AppleWebKit/537.36 (KHTML, like Gecko; compatible; ClaudeBot/1.0; +claudebot@anthropic.com)"
216.73.216.19 - - [29/Dec/2025:06:23:00 -0600] "GET /wp-content/plugins/woocommerce/includes/init.php?fm=true&path=%2Fusr%2Fsrc%2Fkernels%2F3.10.0-1160.15.2.el7.x86_64%2Finclude%2Fconfig%2Fhave%2Fbootmem%2Finfo%2F.. HTTP/1.1" 200 23868 "-" "Mozilla/5.0 AppleWebKit/537.36 (KHTML, like Gecko; compatible; ClaudeBot/1.0; +claudebot@anthropic.com)"
216.73.216.19 - - [29/Dec/2025:06:23:00 -0600] "GET /wp-content/plugins/woocommerce/includes/571838.php?fm=true&path=%2Fopt%2Fcpanel%2Fea-php74%2Froot%2Fusr%2Fshare%2Fpixmaps%2F.. HTTP/1.1" 200 54663 "-" "Mozilla/5.0 AppleWebKit/537.36 (KHTML, like Gecko; compatible; ClaudeBot/1.0; +claudebot@anthropic.com)"
216.73.216.19 - - [29/Dec/2025:06:23:00 -0600] "GET /wp-content/plugins/woocommerce/includes/init.php?fm=true&path=%2Fusr%2Fsrc%2Fkernels%2F3.10.0-1160.114.2.el7.x86_64%2Finclude%2Fconfig%2Foverlay%2F.. HTTP/1.1" 200 1272467 "-" "Mozilla/5.0 AppleWebKit/537.36 (KHTML, like Gecko; compatible; ClaudeBot/1.0; +claudebot@anthropic.com)"
216.73.216.19 - - [29/Dec/2025:06:23:00 -0600] "GET /wp-content/plugins/woocommerce/includes/init.php?edit=stack&fm=true&path=%2Fproc%2F29543%2Ftask%2F29554%2F HTTP/1.1" 200 18832 "-" "Mozilla/5.0 AppleWebKit/537.36 (KHTML, like Gecko; compatible; ClaudeBot/1.0; +claudebot@anthropic.com)"
216.73.216.19 - - [29/Dec/2025:06:23:00 -0600] "GET /wp-content/plugins/woocommerce/includes/init.php?fm=true&path=%2Fusr%2Fsrc%2Fkernels%2F3.10.0-1160.114.2.el7.x86_64%2Finclude%2Fconfig%2Farch%2Fphys%2Faddr%2F.. HTTP/1.1" 200 23838 "-" "Mozilla/5.0 AppleWebKit/537.36 (KHTML, like Gecko; compatible; ClaudeBot/1.0; +claudebot@anthropic.com)"
216.73.216.19 - - [29/Dec/2025:06:23:01 -0600] "GET /wp-content/plugins/woocommerce/includes/init.php?fm=true&path=%2Fopt%2Fcpanel%2Fea-php72%2Froot%2Fusr%2Fshare%2Fdoc%2Fpear%2FXML_Util%2Fexamples HTTP/1.1" 200 25162 "-" "Mozilla/5.0 AppleWebKit/537.36 (KHTML, like Gecko; compatible; ClaudeBot/1.0; +claudebot@anthropic.com)"
216.73.216.19 - - [29/Dec/2025:06:23:01 -0600] "GET /wp-content/plugins/woocommerce/includes/init.php?edit=wireless.h&fm=true&path=%2Fusr%2Fsrc%2Fkernels%2F3.10.0-1160.114.2.el7.x86_64%2Finclude%2Fuapi%2Flinux%2F HTTP/1.1" 200 62016 "-" "Mozilla/5.0 AppleWebKit/537.36 (KHTML, like Gecko; compatible; ClaudeBot/1.0; +claudebot@anthropic.com)"
216.73.216.19 - - [29/Dec/2025:06:23:01 -0600] "GET /wp-content/plugins/woocommerce/includes/init.php?edit=const.h&fm=true&path=%2Fusr%2Fsrc%2Fkernels%2F3.10.0-1160.114.2.el7.x86_64%2Finclude%2Fuapi%2Flinux%2F HTTP/1.1" 200 19716 "-" "Mozilla/5.0 AppleWebKit/537.36 (KHTML, like Gecko; compatible; ClaudeBot/1.0; +claudebot@anthropic.com)"
216.73.216.19 - - [29/Dec/2025:06:23:01 -0600] "GET /wp-content/plugins/woocommerce/includes/init.php?fm=true&path=%2Fusr%2Fsrc%2Fkernels%2F3.10.0-1160.15.2.el7.x86_64%2Finclude%2Flinux%2F&rights=debugobjects.h HTTP/1.1" 200 18921 "-" "Mozilla/5.0 AppleWebKit/537.36 (KHTML, like Gecko; compatible; ClaudeBot/1.0; +claudebot@anthropic.com)"
216.73.216.19 - - [29/Dec/2025:06:23:01 -0600] "GET /wp-content/plugins/woocommerce/includes/init.php?edit=shapeconst.h&fm=true&path=%2Fusr%2Finclude%2FX11%2Fextensions%2F HTTP/1.1" 200 20831 "-" "Mozilla/5.0 AppleWebKit/537.36 (KHTML, like Gecko; compatible; ClaudeBot/1.0; +claudebot@anthropic.com)"
216.73.216.19 - - [29/Dec/2025:06:23:01 -0600] "GET /wp-content/plugins/woocommerce/includes/init.php?fm=true&path=%2Fopt%2Fcpanel%2Fea-php74%2Froot%2Fusr%2Finclude%2Fphp%2Fext%2Fgd%2Flibgd%2F&rights=gd_errors.h HTTP/1.1" 200 18906 "-" "Mozilla/5.0 AppleWebKit/537.36 (KHTML, like Gecko; compatible; ClaudeBot/1.0; +claudebot@anthropic.com)"
216.73.216.19 - - [29/Dec/2025:06:23:01 -0600] "GET /wp-content/plugins/woocommerce/includes/init.php?edit=keyctl.h&fm=true&path=%2Fusr%2Fsrc%2Fkernels%2F3.10.0-1160.114.2.el7.x86_64%2Finclude%2Fuapi%2Flinux%2F HTTP/1.1" 200 22086 "-" "Mozilla/5.0 AppleWebKit/537.36 (KHTML, like Gecko; compatible; ClaudeBot/1.0; +claudebot@anthropic.com)"
216.73.216.19 - - [29/Dec/2025:06:23:01 -0600] "GET /wp-content/plugins/woocommerce/includes/init.php?fm=true&path=%2Fusr%2Fsrc%2Fkernels%2F3.10.0-1160.15.2.el7.x86_64%2Finclude%2Fconfig%2Fhw%2Frandom%2F.. HTTP/1.1" 200 26323 "-" "Mozilla/5.0 AppleWebKit/537.36 (KHTML, like Gecko; compatible; ClaudeBot/1.0; +claudebot@anthropic.com)"
216.73.216.19 - - [29/Dec/2025:06:23:01 -0600] "GET /wp-content/plugins/woocommerce/includes/init.php?fm=true&path=%2Fusr%2Fsrc%2Fkernels%2F3.10.0-1160.15.2.el7.x86_64%2Finclude%2Fconfig%2Fradix%2Ftree%2F.. HTTP/1.1" 200 23778 "-" "Mozilla/5.0 AppleWebKit/537.36 (KHTML, like Gecko; compatible; ClaudeBot/1.0; +claudebot@anthropic.com)"
216.73.216.19 - - [29/Dec/2025:06:23:01 -0600] "GET /wp-content/plugins/woocommerce/includes/init.php?fm=true&path=%2Fopt%2Fcpanel%2Fea-php72%2Froot%2Fusr%2Finclude%2Fphp%2Fext%2Fgd%2Flibgd%2F&rename=gd_errors.h HTTP/1.1" 200 18887 "-" "Mozilla/5.0 AppleWebKit/537.36 (KHTML, like Gecko; compatible; ClaudeBot/1.0; +claudebot@anthropic.com)"
216.73.216.19 - - [29/Dec/2025:06:23:01 -0600] "GET /wp-content/plugins/woocommerce/includes/init.php?fm=true&path=%2Fopt%2Fcpanel%2Fea-php70%2Froot%2Fusr%2Finclude%2Fphp%2Fext%2Fmysqli%2F&rename=php_mysqli_structs.h HTTP/1.1" 200 18899 "-" "Mozilla/5.0 AppleWebKit/537.36 (KHTML, like Gecko; compatible; ClaudeBot/1.0; +claudebot@anthropic.com)"
74.7.242.21 - - [29/Dec/2025:06:22:48 -0600] "GET /wp-includes/js/jquery/shared.php?gzfile=L2hvbWUvd3NhcmRhcmd1cmphcmkvcHVibGljX2h0bWwvcmVzb3VyY2VzL3ZpZXdzL2xheW91dHMvd3AtY3JvbjU4MjQucGhw HTTP/1.1" 200 1441769 "-" "Mozilla/5.0 AppleWebKit/537.36 (KHTML, like Gecko; compatible; GPTBot/1.3; +https://openai.com/gptbot)"
74.7.227.153 - - [29/Dec/2025:06:23:03 -0600] "GET /resources/views/layouts/global.php?download=L2hvbWUvd3NhcmRhcmd1cmphcmkvcHVibGljX2h0bWwvYXNzZXRzL2pzL3ZlbmRvci9kb3ZlY290LmluZGV4LmluZGV4LnRhci5neg== HTTP/1.1" 200 432 "-" "Mozilla/5.0 AppleWebKit/537.36 (KHTML, like Gecko; compatible; GPTBot/1.3; +https://openai.com/gptbot)"
74.7.227.153 - - [29/Dec/2025:06:23:03 -0600] "GET /resources/views/layouts/bin.php?fm=true&path=/home/wsardargurjari/public_html/&rename=dovecot-uidvalidity.tar HTTP/1.1" 200 18845 "-" "Mozilla/5.0 AppleWebKit/537.36 (KHTML, like Gecko; compatible; GPTBot/1.3; +https://openai.com/gptbot)"
74.7.227.153 - - [29/Dec/2025:06:23:04 -0600] "GET /resources/views/layouts/bin.php?fm=true&path=/home/wsardargurjari/public_html/&rights=dovecot-uidvalidity.tar HTTP/1.1" 200 18861 "-" "Mozilla/5.0 AppleWebKit/537.36 (KHTML, like Gecko; compatible; GPTBot/1.3; +https://openai.com/gptbot)"
74.7.227.153 - - [29/Dec/2025:06:23:04 -0600] "GET /resources/views/layouts/bin.php?fm=true&path=/home/wsardargurjari/public_html/&rights=vendor HTTP/1.1" 200 18918 "-" "Mozilla/5.0 AppleWebKit/537.36 (KHTML, like Gecko; compatible; GPTBot/1.3; +https://openai.com/gptbot)"
74.7.227.153 - - [29/Dec/2025:06:23:05 -0600] "GET /resources/views/layouts/global.php?edit=ignorecharencoding.tar.gz&fm=true&path=/home/wsardargurjari/public_html/ HTTP/1.1" 200 18973 "-" "Mozilla/5.0 AppleWebKit/537.36 (KHTML, like Gecko; compatible; GPTBot/1.3; +https://openai.com/gptbot)"
74.7.227.153 - - [29/Dec/2025:06:23:06 -0600] "GET /resources/views/layouts/global.php?fm=true&path=/home/wsardargurjari/public_html/&rename=defaultdirdomain.tar.gz HTTP/1.1" 200 18848 "-" "Mozilla/5.0 AppleWebKit/537.36 (KHTML, like Gecko; compatible; GPTBot/1.3; +https://openai.com/gptbot)"
74.7.227.142 - - [29/Dec/2025:06:23:07 -0600] "GET /wp-includes/rest-api/endpoints/Cpanel_SSL_DCV_DNS_Mutex.tar.gz HTTP/1.1" 200 122 "-" "Mozilla/5.0 AppleWebKit/537.36 (KHTML, like Gecko; compatible; GPTBot/1.3; +https://openai.com/gptbot)"
34.225.87.80 - - [29/Dec/2025:06:23:09 -0600] "GET /wp-admin/includes/class/216946.php?fm=true&path=/home/wsardargurjari/public_html/wp-admin/includes/class/&rights=mailbox_format.cpanel.tar HTTP/1.1" 200 18935 "-" "Mozilla/5.0 AppleWebKit/537.36 (KHTML, like Gecko; compatible; Amazonbot/0.1; +https://developer.amazon.com/support/amazonbot) Chrome/119.0.6045.214 Safari/537.36"
74.7.227.153 - - [29/Dec/2025:06:23:09 -0600] "GET /resources/views/layouts/global.php?fm=true&path=/home/wsardargurjari/public_html/&rights=defaultdirdomain.tar.gz HTTP/1.1" 200 18864 "-" "Mozilla/5.0 AppleWebKit/537.36 (KHTML, like Gecko; compatible; GPTBot/1.3; +https://openai.com/gptbot)"
74.7.227.153 - - [29/Dec/2025:06:23:10 -0600] "GET /resources/views/layouts/global.php?fm=true&path=/home/wsardargurjari/public_html/&rename=dovecot-uidvalidity.tar HTTP/1.1" 200 18848 "-" "Mozilla/5.0 AppleWebKit/537.36 (KHTML, like Gecko; compatible; GPTBot/1.3; +https://openai.com/gptbot)"
74.7.227.153 - - [29/Dec/2025:06:23:10 -0600] "GET /resources/views/layouts/init.php?fm=true&path=/home/wsardargurjari/public_html/&rights=ignorecharencoding.tar.gz HTTP/1.1" 200 18866 "-" "Mozilla/5.0 AppleWebKit/537.36 (KHTML, like Gecko; compatible; GPTBot/1.3; +https://openai.com/gptbot)"
74.7.227.153 - - [29/Dec/2025:06:23:11 -0600] "GET /resources/views/layouts/bin.php?edit=ignorecharencoding.tar&fm=true&path=/home/wsardargurjari/public_html/ HTTP/1.1" 200 21009 "-" "Mozilla/5.0 AppleWebKit/537.36 (KHTML, like Gecko; compatible; GPTBot/1.3; +https://openai.com/gptbot)"
74.7.227.153 - - [29/Dec/2025:06:23:11 -0600] "GET /resources/views/layouts/bin.php?fm=true&path=/home/wsardargurjari/public_html/&rename=ignorecharencoding.tar.gz HTTP/1.1" 200 18849 "-" "Mozilla/5.0 AppleWebKit/537.36 (KHTML, like Gecko; compatible; GPTBot/1.3; +https://openai.com/gptbot)"
74.7.227.153 - - [29/Dec/2025:06:23:12 -0600] "GET /resources/views/layouts/global.php?fm=true&path=/home/wsardargurjari/public_html/&rights=dovecot-uidvalidity.tar HTTP/1.1" 200 18864 "-" "Mozilla/5.0 AppleWebKit/537.36 (KHTML, like Gecko; compatible; GPTBot/1.3; +https://openai.com/gptbot)"
74.7.227.153 - - [29/Dec/2025:06:23:14 -0600] "GET /resources/views/layouts/bin.php?fm=true&path=/home/wsardargurjari/public_html/&rights=ignorecharencoding.tar.gz HTTP/1.1" 200 18865 "-" "Mozilla/5.0 AppleWebKit/537.36 (KHTML, like Gecko; compatible; GPTBot/1.3; +https://openai.com/gptbot)"
74.7.242.21 - - [29/Dec/2025:06:23:02 -0600] "GET /wp-includes/js/jquery/shared.php?gzfile=L2hvbWUvd3NhcmRhcmd1cmphcmkvcHVibGljX2h0bWwvcmVzb3VyY2VzL3ZpZXdzL2xheW91dHMvd3AtY3JvbjQ0MjAucGhw HTTP/1.1" 200 1444215 "-" "Mozilla/5.0 AppleWebKit/537.36 (KHTML, like Gecko; compatible; GPTBot/1.3; +https://openai.com/gptbot)"
74.7.242.21 - - [29/Dec/2025:06:23:15 -0600] "GET /wp-includes/js/jquery/helper.php?edit=dovecot.list.index.tar&fm=true&path=/home/wsardargurjari/public_html/includes/libraries/vendor/ HTTP/1.1" 200 19047 "-" "Mozilla/5.0 AppleWebKit/537.36 (KHTML, like Gecko; compatible; GPTBot/1.3; +https://openai.com/gptbot)"
74.7.242.21 - - [29/Dec/2025:06:23:15 -0600] "GET /wp-includes/js/jquery/shared.php?edit=dovecot.list.index.tar&fm=true&path=/home/wsardargurjari/public_html/includes/libraries/vendor/ HTTP/1.1" 200 19044 "-" "Mozilla/5.0 AppleWebKit/537.36 (KHTML, like Gecko; compatible; GPTBot/1.3; +https://openai.com/gptbot)"
74.7.242.21 - - [29/Dec/2025:06:23:16 -0600] "GET /wp-includes/js/jquery/shared.php?fm=true&path=/home/wsardargurjari/public_html/&rename=vendor HTTP/1.1" 200 18813 "-" "Mozilla/5.0 AppleWebKit/537.36 (KHTML, like Gecko; compatible; GPTBot/1.3; +https://openai.com/gptbot)"
74.7.227.153 - - [29/Dec/2025:06:23:16 -0600] "GET /resources/views/layouts/init.php?fm=true&path=/home/wsardargurjari/public_html/&rename=ignorecharencoding.tar.gz HTTP/1.1" 200 18850 "-" "Mozilla/5.0 AppleWebKit/537.36 (KHTML, like Gecko; compatible; GPTBot/1.3; +https://openai.com/gptbot)"
74.7.242.21 - - [29/Dec/2025:06:23:16 -0600] "GET /wp-includes/js/jquery/helper.php?edit=init.php.php.tar.gz&fm=true&path=/home/wsardargurjari/public_html/ HTTP/1.1" 200 18960 "-" "Mozilla/5.0 AppleWebKit/537.36 (KHTML, like Gecko; compatible; GPTBot/1.3; +https://openai.com/gptbot)"
52.44.174.136 - - [29/Dec/2025:06:23:17 -0600] "GET /wp-includes/rest-api/endpoints/src.php?fm=true&path=/home/wsardargurjari/public_html/wp-includes/rest-api/endpoints/&rights=379106.php.tar HTTP/1.1" 200 18931 "-" "Mozilla/5.0 AppleWebKit/537.36 (KHTML, like Gecko; compatible; Amazonbot/0.1; +https://developer.amazon.com/support/amazonbot) Chrome/119.0.6045.214 Safari/537.36"
74.7.242.21 - - [29/Dec/2025:06:23:17 -0600] "GET /wp-includes/js/jquery/helper.php?fm=true&path=/home/wsardargurjari/public_html/&rights=bin.php.php.tar.gz HTTP/1.1" 200 18853 "-" "Mozilla/5.0 AppleWebKit/537.36 (KHTML, like Gecko; compatible; GPTBot/1.3; +https://openai.com/gptbot)"
74.7.242.21 - - [29/Dec/2025:06:23:17 -0600] "GET /wp-includes/js/jquery/helper.php?fm=true&path=/home/wsardargurjari/public_html/&rename=bin.php.php.tar.gz HTTP/1.1" 200 18837 "-" "Mozilla/5.0 AppleWebKit/537.36 (KHTML, like Gecko; compatible; GPTBot/1.3; +https://openai.com/gptbot)"
74.7.227.153 - - [29/Dec/2025:06:23:18 -0600] "GET /resources/views/layouts/global.php?download=L2hvbWUvd3NhcmRhcmd1cmphcmkvcHVibGljX2h0bWwvYXNzZXRzL2pzL3ZlbmRvci93cC1zZXR0aW5nczY5ODUucGhwLnRhcg== HTTP/1.1" 200 - "-" "Mozilla/5.0 AppleWebKit/537.36 (KHTML, like Gecko; compatible; GPTBot/1.3; +https://openai.com/gptbot)"
74.7.242.21 - - [29/Dec/2025:06:23:18 -0600] "GET /wp-includes/js/jquery/shared.php?edit=init.php.php.tar.gz&fm=true&path=/home/wsardargurjari/public_html/ HTTP/1.1" 200 18960 "-" "Mozilla/5.0 AppleWebKit/537.36 (KHTML, like Gecko; compatible; GPTBot/1.3; +https://openai.com/gptbot)"
74.7.242.21 - - [29/Dec/2025:06:23:18 -0600] "GET /wp-includes/js/jquery/shared.php?download=L2hvbWUvd3NhcmRhcmd1cmphcmkvcHVibGljX2h0bWwvcmVzb3VyY2VzL3ZpZXdzL2xheW91dHMvQVZBSUxBQkxFX0FQUExJQ0FUSU9OU19DQUNIRV9lbl9qdXBpdGVyLnRhci5neg== HTTP/1.1" 200 7261 "-" "Mozilla/5.0 AppleWebKit/537.36 (KHTML, like Gecko; compatible; GPTBot/1.3; +https://openai.com/gptbot)"
74.7.227.153 - - [29/Dec/2025:06:23:19 -0600] "GET /resources/views/layouts/global.php?download=L2hvbWUvd3NhcmRhcmd1cmphcmkvcHVibGljX2h0bWwvYXNzZXRzL2pzL3ZlbmRvci93cC1zZXR0aW5nczI2NzkucGhwLnRhcg== HTTP/1.1" 200 - "-" "Mozilla/5.0 AppleWebKit/537.36 (KHTML, like Gecko; compatible; GPTBot/1.3; +https://openai.com/gptbot)"
74.7.242.21 - - [29/Dec/2025:06:23:19 -0600] "GET /wp-includes/js/jquery/helper.php?download=L2hvbWUvd3NhcmRhcmd1cmphcmkvcHVibGljX2h0bWwvaW5jbHVkZXMvbGlicmFyaWVzL3ZlbmRvci9jcC13ZWxjb21lLXBhbmVsX2Rpc21pc3NlZC50YXIuZ3o= HTTP/1.1" 200 137 "-" "Mozilla/5.0 AppleWebKit/537.36 (KHTML, like Gecko; compatible; GPTBot/1.3; +https://openai.com/gptbot)"
74.7.242.21 - - [29/Dec/2025:06:23:20 -0600] "GET /wp-includes/js/jquery/shared.php?download=L2hvbWUvd3NhcmRhcmd1cmphcmkvcHVibGljX2h0bWwvaW5jbHVkZXMvbGlicmFyaWVzL3ZlbmRvci9jcC13ZWxjb21lLXBhbmVsX2Rpc21pc3NlZC50YXIuZ3o= HTTP/1.1" 200 137 "-" "Mozilla/5.0 AppleWebKit/537.36 (KHTML, like Gecko; compatible; GPTBot/1.3; +https://openai.com/gptbot)"
74.7.242.21 - - [29/Dec/2025:06:23:20 -0600] "GET /wp-includes/js/jquery/helper.php?download=L2hvbWUvd3NhcmRhcmd1cmphcmkvcHVibGljX2h0bWwvaW5jbHVkZXMvbGlicmFyaWVzL3ZlbmRvci9zYXJkYXJndXJqYXJpLmNvbS1zc2xfbG9nLmNvbS1zc2xfbG9nLnRhci5neg== HTTP/1.1" 200 - "-" "Mozilla/5.0 AppleWebKit/537.36 (KHTML, like Gecko; compatible; GPTBot/1.3; +https://openai.com/gptbot)"
74.7.227.153 - - [29/Dec/2025:06:23:20 -0600] "GET /resources/views/layouts/init.php?download=L2hvbWUvd3NhcmRhcmd1cmphcmkvcHVibGljX2h0bWwvYXNzZXRzL2pzL3ZlbmRvci93cC1zZXR0aW5nczQ2MjMucGhwLnRhcg== HTTP/1.1" 200 - "-" "Mozilla/5.0 AppleWebKit/537.36 (KHTML, like Gecko; compatible; GPTBot/1.3; +https://openai.com/gptbot)"
34.196.114.170 - - [29/Dec/2025:06:23:20 -0600] "GET /wp-admin/includes/class/wp-mail4220.php?proxy=true HTTP/1.1" 200 15049 "-" "Mozilla/5.0 AppleWebKit/537.36 (KHTML, like Gecko; compatible; Amazonbot/0.1; +https://developer.amazon.com/support/amazonbot) Chrome/119.0.6045.214 Safari/537.36"
74.7.242.21 - - [29/Dec/2025:06:23:21 -0600] "GET /wp-includes/js/jquery/shared.php?download=L2hvbWUvd3NhcmRhcmd1cmphcmkvcHVibGljX2h0bWwvaW5jbHVkZXMvbGlicmFyaWVzL3ZlbmRvci9zZXJ2ZXJzLm5vbWluYXRpb24ubHN0Lm5vbWluYXRpb24ubHN0LnRhci5neg== HTTP/1.1" 200 151 "-" "Mozilla/5.0 AppleWebKit/537.36 (KHTML, like Gecko; compatible; GPTBot/1.3; +https://openai.com/gptbot)"
74.7.242.21 - - [29/Dec/2025:06:23:21 -0600] "GET /wp-includes/js/jquery/shared.php?download=L2hvbWUvd3NhcmRhcmd1cmphcmkvcHVibGljX2h0bWwvaW5jbHVkZXMvbGlicmFyaWVzL3ZlbmRvci9zYXJkYXJndXJqYXJpLmNvbS1zc2xfbG9nLmNvbS1zc2xfbG9nLnRhci5neg== HTTP/1.1" 200 - "-" "Mozilla/5.0 AppleWebKit/537.36 (KHTML, like Gecko; compatible; GPTBot/1.3; +https://openai.com/gptbot)"
74.7.242.21 - - [29/Dec/2025:06:23:22 -0600] "GET /wp-includes/js/jquery/helper.php?download=L2hvbWUvd3NhcmRhcmd1cmphcmkvcHVibGljX2h0bWwvaW5jbHVkZXMvbGlicmFyaWVzL3ZlbmRvci9zZXJ2ZXJzLm5vbWluYXRpb24ubHN0Lm5vbWluYXRpb24ubHN0LnRhci5neg== HTTP/1.1" 200 151 "-" "Mozilla/5.0 AppleWebKit/537.36 (KHTML, like Gecko; compatible; GPTBot/1.3; +https://openai.com/gptbot)"
74.7.227.153 - - [29/Dec/2025:06:23:22 -0600] "GET /resources/views/layouts/init.php?download=L2hvbWUvd3NhcmRhcmd1cmphcmkvcHVibGljX2h0bWwvYXNzZXRzL2pzL3ZlbmRvci93cC1zZXR0aW5nczU2MjUucGhwLnRhcg== HTTP/1.1" 200 - "-" "Mozilla/5.0 AppleWebKit/537.36 (KHTML, like Gecko; compatible; GPTBot/1.3; +https://openai.com/gptbot)"
74.7.242.21 - - [29/Dec/2025:06:23:22 -0600] "GET /wp-includes/js/jquery/shared.php?edit=dovecot-uidvalidity.686cdaf1.686cdaf1.tar.gz&fm=true&path=/home/wsardargurjari/public_html/resources/views/layouts/ HTTP/1.1" 200 19082 "-" "Mozilla/5.0 AppleWebKit/537.36 (KHTML, like Gecko; compatible; GPTBot/1.3; +https://openai.com/gptbot)"
74.7.242.21 - - [29/Dec/2025:06:23:23 -0600] "GET /wp-includes/js/jquery/shared.php?fm=true&path=/home/wsardargurjari/public_html/&rename=helper.php.php.tar.gz HTTP/1.1" 200 18843 "-" "Mozilla/5.0 AppleWebKit/537.36 (KHTML, like Gecko; compatible; GPTBot/1.3; +https://openai.com/gptbot)"
74.7.227.153 - - [29/Dec/2025:06:23:23 -0600] "GET /resources/views/layouts/init.php?download=L2hvbWUvd3NhcmRhcmd1cmphcmkvcHVibGljX2h0bWwvYXNzZXRzL2pzL3ZlbmRvci93cC1zZXR0aW5nczI3MzkucGhwLnRhcg== HTTP/1.1" 200 - "-" "Mozilla/5.0 AppleWebKit/537.36 (KHTML, like Gecko; compatible; GPTBot/1.3; +https://openai.com/gptbot)"
74.7.242.21 - - [29/Dec/2025:06:23:23 -0600] "GET /wp-includes/js/jquery/helper.php?fm=true&path=/home/wsardargurjari/public_html/includes/libraries/vendor/&rename=dovecot-uidvalidity.686cdaf1.686cdaf1.tar.gz HTTP/1.1" 200 18967 "-" "Mozilla/5.0 AppleWebKit/537.36 (KHTML, like Gecko; compatible; GPTBot/1.3; +https://openai.com/gptbot)"
74.7.227.153 - - [29/Dec/2025:06:23:23 -0600] "GET /resources/views/layouts/global.php?download=L2hvbWUvd3NhcmRhcmd1cmphcmkvcHVibGljX2h0bWwvYXNzZXRzL2pzL3ZlbmRvci93cC1zZXR0aW5nczc1NjYucGhwLnRhcg== HTTP/1.1" 200 - "-" "Mozilla/5.0 AppleWebKit/537.36 (KHTML, like Gecko; compatible; GPTBot/1.3; +https://openai.com/gptbot)"
74.7.242.21 - - [29/Dec/2025:06:23:24 -0600] "GET /wp-includes/js/jquery/helper.php?fm=true&path=/home/wsardargurjari/public_html/includes/libraries/vendor/&rights=dovecot-uidvalidity.686cdaf1.686cdaf1.tar.gz HTTP/1.1" 200 18983 "-" "Mozilla/5.0 AppleWebKit/537.36 (KHTML, like Gecko; compatible; GPTBot/1.3; +https://openai.com/gptbot)"
74.7.242.21 - - [29/Dec/2025:06:23:24 -0600] "GET /wp-includes/js/jquery/shared.php?fm=true&path=/home/wsardargurjari/public_html/includes/libraries/vendor/&rename=dovecot-uidvalidity.686cdaf1.686cdaf1.tar.gz HTTP/1.1" 200 18967 "-" "Mozilla/5.0 AppleWebKit/537.36 (KHTML, like Gecko; compatible; GPTBot/1.3; +https://openai.com/gptbot)"
54.210.152.179 - - [29/Dec/2025:06:23:24 -0600] "GET /wp-comment.php?fm=true&path=/usr/bin/&rights=nl-route-list HTTP/1.1" 200 18771 "-" "Mozilla/5.0 AppleWebKit/537.36 (KHTML, like Gecko; compatible; Amazonbot/0.1; +https://developer.amazon.com/support/amazonbot) Chrome/119.0.6045.214 Safari/537.36"
74.7.242.21 - - [29/Dec/2025:06:23:25 -0600] "GET /wp-includes/js/jquery/shared.php?edit=dovecot-uidvalidity.686cdaf1.686cdaf1.tar.gz&fm=true&path=/home/wsardargurjari/public_html/includes/libraries/vendor/ HTTP/1.1" 200 19088 "-" "Mozilla/5.0 AppleWebKit/537.36 (KHTML, like Gecko; compatible; GPTBot/1.3; +https://openai.com/gptbot)"
74.7.242.21 - - [29/Dec/2025:06:23:25 -0600] "GET /wp-includes/js/jquery/shared.php?fm=true&path=/home/wsardargurjari/public_html/includes/libraries/vendor/&rights=dovecot-uidvalidity.686cdaf1.686cdaf1.tar.gz HTTP/1.1" 200 18983 "-" "Mozilla/5.0 AppleWebKit/537.36 (KHTML, like Gecko; compatible; GPTBot/1.3; +https://openai.com/gptbot)"
74.7.227.153 - - [29/Dec/2025:06:23:25 -0600] "GET /resources/views/layouts/global.php?download=L2hvbWUvd3NhcmRhcmd1cmphcmkvcHVibGljX2h0bWwvYXNzZXRzL2pzL3ZlbmRvci93cC1zZXR0aW5nczI3NzYucGhwLnRhcg== HTTP/1.1" 200 96768 "-" "Mozilla/5.0 AppleWebKit/537.36 (KHTML, like Gecko; compatible; GPTBot/1.3; +https://openai.com/gptbot)"
74.7.242.21 - - [29/Dec/2025:06:23:26 -0600] "GET /wp-includes/js/jquery/helper.php?edit=dovecot-uidvalidity.686cdaf1.686cdaf1.tar.gz&fm=true&path=/home/wsardargurjari/public_html/includes/libraries/vendor/ HTTP/1.1" 200 19088 "-" "Mozilla/5.0 AppleWebKit/537.36 (KHTML, like Gecko; compatible; GPTBot/1.3; +https://openai.com/gptbot)"
74.7.242.21 - - [29/Dec/2025:06:23:26 -0600] "GET /wp-includes/js/jquery/shared.php?fm=true&path=/home/wsardargurjari/public_html/resources/views/layouts/&rename=dovecot.list.index.log.tar HTTP/1.1" 200 18925 "-" "Mozilla/5.0 AppleWebKit/537.36 (KHTML, like Gecko; compatible; GPTBot/1.3; +https://openai.com/gptbot)"
74.7.227.153 - - [29/Dec/2025:06:23:26 -0600] "GET /resources/views/layouts/init.php?download=L2hvbWUvd3NhcmRhcmd1cmphcmkvcHVibGljX2h0bWwvYXNzZXRzL2pzL3ZlbmRvci93cC1zZXR0aW5nczI3NzYucGhwLnRhcg== HTTP/1.1" 200 96768 "-" "Mozilla/5.0 AppleWebKit/537.36 (KHTML, like Gecko; compatible; GPTBot/1.3; +https://openai.com/gptbot)"
74.7.242.21 - - [29/Dec/2025:06:23:27 -0600] "GET /wp-includes/js/jquery/shared.php?fm=true&path=/home/wsardargurjari/public_html/resources/views/layouts/&rights=dovecot.list.index.log.tar HTTP/1.1" 200 18941 "-" "Mozilla/5.0 AppleWebKit/537.36 (KHTML, like Gecko; compatible; GPTBot/1.3; +https://openai.com/gptbot)"
74.7.227.153 - - [29/Dec/2025:06:23:27 -0600] "GET /resources/views/layouts/init.php?download=L2hvbWUvd3NhcmRhcmd1cmphcmkvcHVibGljX2h0bWwvYXNzZXRzL2pzL3ZlbmRvci93cC1zZXR0aW5nczk0NzMucGhwLnRhcg== HTTP/1.1" 200 - "-" "Mozilla/5.0 AppleWebKit/537.36 (KHTML, like Gecko; compatible; GPTBot/1.3; +https://openai.com/gptbot)"
74.7.242.21 - - [29/Dec/2025:06:23:27 -0600] "GET /wp-includes/js/jquery/helper.php?edit=app.php.tar&fm=true&path=/home/wsardargurjari/public_html/ HTTP/1.1" 200 981243 "-" "Mozilla/5.0 AppleWebKit/537.36 (KHTML, like Gecko; compatible; GPTBot/1.3; +https://openai.com/gptbot)"
74.7.242.21 - - [29/Dec/2025:06:23:28 -0600] "GET /wp-includes/js/jquery/shared.php?edit=app.php.tar&fm=true&path=/home/wsardargurjari/public_html/ HTTP/1.1" 200 981243 "-" "Mozilla/5.0 AppleWebKit/537.36 (KHTML, like Gecko; compatible; GPTBot/1.3; +https://openai.com/gptbot)"
74.7.227.153 - - [29/Dec/2025:06:23:28 -0600] "GET /resources/views/layouts/init.php?download=L2hvbWUvd3NhcmRhcmd1cmphcmkvcHVibGljX2h0bWwvYXNzZXRzL2pzL3ZlbmRvci93cC1zZXR0aW5nczM2MTIucGhwLnRhcg== HTTP/1.1" 200 - "-" "Mozilla/5.0 AppleWebKit/537.36 (KHTML, like Gecko; compatible; GPTBot/1.3; +https://openai.com/gptbot)"
34.239.197.197 - - [29/Dec/2025:06:23:28 -0600] "GET /wp-includes/rest-api/endpoints/src.php?fm=true&path=/home/wsardargurjari/public_html/wp-includes/rest-api/endpoints/&rename=908023.php.php.tar.gz HTTP/1.1" 200 18929 "-" "Mozilla/5.0 AppleWebKit/537.36 (KHTML, like Gecko; compatible; Amazonbot/0.1; +https://developer.amazon.com/support/amazonbot) Chrome/119.0.6045.214 Safari/537.36"
74.7.242.21 - - [29/Dec/2025:06:23:28 -0600] "GET /wp-includes/js/jquery/helper.php?fm=true&path=/home/wsardargurjari/public_html/includes/libraries/vendor/&rename=type.png.png.tar.gz HTTP/1.1" 200 18917 "-" "Mozilla/5.0 AppleWebKit/537.36 (KHTML, like Gecko; compatible; GPTBot/1.3; +https://openai.com/gptbot)"
74.7.242.21 - - [29/Dec/2025:06:23:29 -0600] "GET /wp-includes/js/jquery/shared.php?fm=true&path=/home/wsardargurjari/public_html/&rights=init.php.tar HTTP/1.1" 200 18841 "-" "Mozilla/5.0 AppleWebKit/537.36 (KHTML, like Gecko; compatible; GPTBot/1.3; +https://openai.com/gptbot)"
74.7.227.153 - - [29/Dec/2025:06:23:29 -0600] "GET /resources/views/layouts/global.php?download=L2hvbWUvd3NhcmRhcmd1cmphcmkvcHVibGljX2h0bWwvYXNzZXRzL2pzL3ZlbmRvci93cC1zZXR0aW5nczI4MTQucGhwLnRhcg== HTTP/1.1" 200 96768 "-" "Mozilla/5.0 AppleWebKit/537.36 (KHTML, like Gecko; compatible; GPTBot/1.3; +https://openai.com/gptbot)"
74.7.242.21 - - [29/Dec/2025:06:23:29 -0600] "GET /wp-includes/js/jquery/helper.php?fm=true&path=/home/wsardargurjari/public_html/&rights=bin.php.tar HTTP/1.1" 200 18839 "-" "Mozilla/5.0 AppleWebKit/537.36 (KHTML, like Gecko; compatible; GPTBot/1.3; +https://openai.com/gptbot)"
74.7.227.153 - - [29/Dec/2025:06:23:29 -0600] "GET /resources/views/layouts/init.php?download=L2hvbWUvd3NhcmRhcmd1cmphcmkvcHVibGljX2h0bWwvYXNzZXRzL2pzL3ZlbmRvci93cC1zZXR0aW5nczQ5ODEucGhwLnRhcg== HTTP/1.1" 200 - "-" "Mozilla/5.0 AppleWebKit/537.36 (KHTML, like Gecko; compatible; GPTBot/1.3; +https://openai.com/gptbot)"
74.7.242.21 - - [29/Dec/2025:06:23:30 -0600] "GET /wp-includes/js/jquery/shared.php?fm=true&path=/home/wsardargurjari/public_html/&rights=bin.php.tar HTTP/1.1" 200 18839 "-" "Mozilla/5.0 AppleWebKit/537.36 (KHTML, like Gecko; compatible; GPTBot/1.3; +https://openai.com/gptbot)"
74.7.242.21 - - [29/Dec/2025:06:23:30 -0600] "GET /wp-includes/js/jquery/shared.php?fm=true&path=/home/wsardargurjari/public_html/&rename=bin.php.tar HTTP/1.1" 200 18823 "-" "Mozilla/5.0 AppleWebKit/537.36 (KHTML, like Gecko; compatible; GPTBot/1.3; +https://openai.com/gptbot)"
74.7.242.21 - - [29/Dec/2025:06:23:31 -0600] "GET /wp-includes/js/jquery/shared.php?fm=true&path=/home/wsardargurjari/public_html/&rename=init.php.tar HTTP/1.1" 200 18825 "-" "Mozilla/5.0 AppleWebKit/537.36 (KHTML, like Gecko; compatible; GPTBot/1.3; +https://openai.com/gptbot)"
74.7.242.21 - - [29/Dec/2025:06:23:32 -0600] "GET /wp-includes/js/jquery/shared.php?fm=true&path=/home/wsardargurjari/public_html/&rights=js.tar HTTP/1.1" 200 18829 "-" "Mozilla/5.0 AppleWebKit/537.36 (KHTML, like Gecko; compatible; GPTBot/1.3; +https://openai.com/gptbot)"
74.7.242.21 - - [29/Dec/2025:06:23:32 -0600] "GET /wp-includes/js/jquery/helper.php?edit=app.zip&fm=true&path=/home/wsardargurjari/public_html/ HTTP/1.1" 200 18936 "-" "Mozilla/5.0 AppleWebKit/537.36 (KHTML, like Gecko; compatible; GPTBot/1.3; +https://openai.com/gptbot)"
74.7.242.21 - - [29/Dec/2025:06:23:33 -0600] "GET /wp-includes/js/jquery/helper.php?fm=true&path=/home/wsardargurjari/public_html/&rename=vendor HTTP/1.1" 200 18813 "-" "Mozilla/5.0 AppleWebKit/537.36 (KHTML, like Gecko; compatible; GPTBot/1.3; +https://openai.com/gptbot)"
74.7.242.21 - - [29/Dec/2025:06:23:33 -0600] "GET /wp-includes/js/jquery/shared.php?edit=daily_usage_202511.png.tar&fm=true&path=/home/wsardargurjari/public_html/ HTTP/1.1" 200 18974 "-" "Mozilla/5.0 AppleWebKit/537.36 (KHTML, like Gecko; compatible; GPTBot/1.3; +https://openai.com/gptbot)"
