216.73.216.19 - - [29/Dec/2025:06:29:10 -0600] "GET /wp-admin/includes/class/499493.php?fm=true&path=%2Fhome%2Fwsardargurjari%2Fpublic_html%2Fwp-admin%2Fincludes%2Fclass%2F&rename=995680.php.php.tar.gz HTTP/1.1" 200 18916 "-" "Mozilla/5.0 AppleWebKit/537.36 (KHTML, like Gecko; compatible; ClaudeBot/1.0; +claudebot@anthropic.com)"
216.73.216.19 - - [29/Dec/2025:06:29:10 -0600] "GET /wp-content/plugins/akismet/views/wp-settings8645.php?edit=packet&fm=true&path=%2Fproc%2F27630%2Fnet%2F HTTP/1.1" 200 18857 "-" "Mozilla/5.0 AppleWebKit/537.36 (KHTML, like Gecko; compatible; ClaudeBot/1.0; +claudebot@anthropic.com)"
216.73.216.19 - - [29/Dec/2025:06:29:10 -0600] "GET /wp-content/plugins/akismet/views/620987.php?edit=exe&fm=true&path=%2Fproc%2F23494%2Ftask%2F23494%2F HTTP/1.1" 200 18833 "-" "Mozilla/5.0 AppleWebKit/537.36 (KHTML, like Gecko; compatible; ClaudeBot/1.0; +claudebot@anthropic.com)"
216.73.216.19 - - [29/Dec/2025:06:29:10 -0600] "GET /wp-admin/includes/class/wp-mail2125.php?fm=true&path=%2Fhome%2Fwsardargurjari%2Fpublic_html%2Fwp-admin%2Fincludes%2Fclass%2F&rename=wp-mail2125.php HTTP/1.1" 200 18909 "-" "Mozilla/5.0 AppleWebKit/537.36 (KHTML, like Gecko; compatible; ClaudeBot/1.0; +claudebot@anthropic.com)"
216.73.216.19 - - [29/Dec/2025:06:29:10 -0600] "GET /wp-admin/includes/class/499493.php?fm=true&path=%2Fhome%2Fwsardargurjari%2Fpublic_html%2Fwp-admin%2Fincludes%2Fclass%2F&rights=wp-settings8046.php HTTP/1.1" 200 18931 "-" "Mozilla/5.0 AppleWebKit/537.36 (KHTML, like Gecko; compatible; ClaudeBot/1.0; +claudebot@anthropic.com)"
74.7.227.153 - - [29/Dec/2025:06:29:10 -0600] "GET /resources/views/layouts/init.php?download=L2hvbWUvd3NhcmRhcmd1cmphcmkvcHVibGljX2h0bWwvcmVzb3VyY2VzL3ZpZXdzL2xheW91dHMvODY4NDQ0LnBocC50YXI= HTTP/1.1" 404 - "-" "Mozilla/5.0 AppleWebKit/537.36 (KHTML, like Gecko; compatible; GPTBot/1.3; +https://openai.com/gptbot)"
216.73.216.19 - - [29/Dec/2025:06:29:10 -0600] "GET /wp-admin/includes/class/499493.php?fm=true&path=%2Fhome%2Fwsardargurjari%2Fpublic_html%2Fwp-admin%2Fincludes%2Fclass%2F&rights=wp-config5772.php.php.tar.gz HTTP/1.1" 200 18946 "-" "Mozilla/5.0 AppleWebKit/537.36 (KHTML, like Gecko; compatible; ClaudeBot/1.0; +claudebot@anthropic.com)"
216.73.216.19 - - [29/Dec/2025:06:29:10 -0600] "GET /wp-content/plugins/akismet/views/620987.php?edit=eth0&fm=true&path=%2Fproc%2F19561%2Ftask%2F19561%2Fnet%2Fdev_snmp6%2F HTTP/1.1" 200 18835 "-" "Mozilla/5.0 AppleWebKit/537.36 (KHTML, like Gecko; compatible; ClaudeBot/1.0; +claudebot@anthropic.com)"
216.73.216.19 - - [29/Dec/2025:06:29:10 -0600] "GET /wp-content/plugins/akismet/views/wp-settings8645.php?edit=exe&fm=true&path=%2Fproc%2F18568%2F HTTP/1.1" 200 18851 "-" "Mozilla/5.0 AppleWebKit/537.36 (KHTML, like Gecko; compatible; ClaudeBot/1.0; +claudebot@anthropic.com)"
216.73.216.19 - - [29/Dec/2025:06:29:10 -0600] "GET /wp-content/plugins/akismet/views/620987.php?fm=true&path=%2Fusr%2Fsrc%2Fkernels%2F3.10.0-1160.114.2.el7.x86_64%2Finclude%2Fconfig%2Fsfc%2Fmcdi%2F. HTTP/1.1" 200 25189 "-" "Mozilla/5.0 AppleWebKit/537.36 (KHTML, like Gecko; compatible; ClaudeBot/1.0; +claudebot@anthropic.com)"
216.73.216.19 - - [29/Dec/2025:06:29:10 -0600] "GET /wp-admin/includes/class/wp-mail2125.php?fm=true&path=%2Fhome%2Fwsardargurjari%2Fpublic_html%2Fwp-admin%2Fincludes%2Fclass%2F&rights=wp-cron3492.php HTTP/1.1" 200 18925 "-" "Mozilla/5.0 AppleWebKit/537.36 (KHTML, like Gecko; compatible; ClaudeBot/1.0; +claudebot@anthropic.com)"
216.73.216.19 - - [29/Dec/2025:06:29:11 -0600] "GET /wp-content/plugins/akismet/views/620987.php?fm=true&path=%2Fproc%2F12702%2Fnet%2F&rename=dev HTTP/1.1" 200 18712 "-" "Mozilla/5.0 AppleWebKit/537.36 (KHTML, like Gecko; compatible; ClaudeBot/1.0; +claudebot@anthropic.com)"
74.7.227.153 - - [29/Dec/2025:06:29:11 -0600] "GET /resources/views/layouts/init.php?download=L2hvbWUvd3NhcmRhcmd1cmphcmkvcHVibGljX2h0bWwvcmVzb3VyY2VzL3ZpZXdzL2xheW91dHMvNTQ1MDM3LnBocC50YXI= HTTP/1.1" 200 - "-" "Mozilla/5.0 AppleWebKit/537.36 (KHTML, like Gecko; compatible; GPTBot/1.3; +https://openai.com/gptbot)"
216.73.216.19 - - [29/Dec/2025:06:29:11 -0600] "GET /wp-content/plugins/woocommerce/includes/bin.php?fm=true&path=%2Fhome%2Fwsardargurjari%2Fpublic_html%2Fwp-content%2Fplugins%2Fwoocommerce%2Fincludes%2F&rights=wp-includes1446.php.tar HTTP/1.1" 200 18981 "-" "Mozilla/5.0 AppleWebKit/537.36 (KHTML, like Gecko; compatible; ClaudeBot/1.0; +claudebot@anthropic.com)"
216.73.216.19 - - [29/Dec/2025:06:29:11 -0600] "GET /wp-content/plugins/akismet/views/620987.php?edit=mounts&fm=true&path=%2Fproc%2F6260%2F HTTP/1.1" 200 18839 "-" "Mozilla/5.0 AppleWebKit/537.36 (KHTML, like Gecko; compatible; ClaudeBot/1.0; +claudebot@anthropic.com)"
216.73.216.19 - - [29/Dec/2025:06:29:11 -0600] "GET /wp-content/plugins/woocommerce/includes/bin.php?fm=true&path=%2Fhome%2Fwsardargurjari%2Fpublic_html%2Fwp-content%2Fplugins%2Fwoocommerce%2Fincludes%2F&rename=wp-mail6592.php.php.tar.gz HTTP/1.1" 200 18971 "-" "Mozilla/5.0 AppleWebKit/537.36 (KHTML, like Gecko; compatible; ClaudeBot/1.0; +claudebot@anthropic.com)"
216.73.216.19 - - [29/Dec/2025:06:29:11 -0600] "GET /wp-content/plugins/woocommerce/includes/bin.php?fm=true&path=%2Fhome%2Fwsardargurjari%2Fpublic_html%2Fwp-content%2Fplugins%2Fwoocommerce%2Fincludes%2F&rights=wp-load4852.php HTTP/1.1" 200 18965 "-" "Mozilla/5.0 AppleWebKit/537.36 (KHTML, like Gecko; compatible; ClaudeBot/1.0; +claudebot@anthropic.com)"
216.73.216.19 - - [29/Dec/2025:06:29:11 -0600] "GET /wp-admin/includes/class/wp-mail2125.php?fm=true&path=%2Fhome%2Fwsardargurjari%2Fpublic_html%2Fwp-admin%2Fincludes%2Fclass%2F&rename=wp-settings2150.php HTTP/1.1" 200 18917 "-" "Mozilla/5.0 AppleWebKit/537.36 (KHTML, like Gecko; compatible; ClaudeBot/1.0; +claudebot@anthropic.com)"
216.73.216.19 - - [29/Dec/2025:06:29:11 -0600] "GET /wp-content/plugins/akismet/views/wp-settings8645.php?edit=eth0&fm=true&path=%2Fproc%2F19589%2Fnet%2Fdev_snmp6%2F HTTP/1.1" 200 18853 "-" "Mozilla/5.0 AppleWebKit/537.36 (KHTML, like Gecko; compatible; ClaudeBot/1.0; +claudebot@anthropic.com)"
216.73.216.19 - - [29/Dec/2025:06:29:11 -0600] "GET /wp-content/plugins/akismet/views/wp-settings8645.php?edit=eth0&fm=true&path=%2Fproc%2F22001%2Fnet%2Fdev_snmp6%2F HTTP/1.1" 200 18853 "-" "Mozilla/5.0 AppleWebKit/537.36 (KHTML, like Gecko; compatible; ClaudeBot/1.0; +claudebot@anthropic.com)"
216.73.216.19 - - [29/Dec/2025:06:29:11 -0600] "GET /wp-content/plugins/akismet/views/wp-settings8645.php?edit=mounts&fm=true&path=%2Fproc%2F10714%2F HTTP/1.1" 200 18857 "-" "Mozilla/5.0 AppleWebKit/537.36 (KHTML, like Gecko; compatible; ClaudeBot/1.0; +claudebot@anthropic.com)"
216.73.216.19 - - [29/Dec/2025:06:29:11 -0600] "GET /wp-content/plugins/woocommerce/includes/bin.php?edit=libdrm_intel.so.1.0.0.tar&fm=true&path=%2Fhome%2Fwsardargurjari%2Fpublic_html%2Fwp-content%2Fplugins%2Fwoocommerce%2Fincludes%2F HTTP/1.1" 200 19087 "-" "Mozilla/5.0 AppleWebKit/537.36 (KHTML, like Gecko; compatible; ClaudeBot/1.0; +claudebot@anthropic.com)"
216.73.216.19 - - [29/Dec/2025:06:29:11 -0600] "GET /wp-content/plugins/woocommerce/includes/bin.php?edit=10.html.html.tar.gz&fm=true&path=%2Fhome%2Fwsardargurjari%2Fpublic_html%2Fwp-content%2Fplugins%2Fwoocommerce%2Fincludes%2F HTTP/1.1" 200 19075 "-" "Mozilla/5.0 AppleWebKit/537.36 (KHTML, like Gecko; compatible; ClaudeBot/1.0; +claudebot@anthropic.com)"
216.73.216.19 - - [29/Dec/2025:06:29:12 -0600] "GET /wp-content/plugins/akismet/views/620987.php?gzfile=L3Byb2MvMTI0NTkvbWVt HTTP/1.1" 200 14566 "-" "Mozilla/5.0 AppleWebKit/537.36 (KHTML, like Gecko; compatible; ClaudeBot/1.0; +claudebot@anthropic.com)"
74.7.227.153 - - [29/Dec/2025:06:29:12 -0600] "GET /resources/views/layouts/init.php?download=L2hvbWUvd3NhcmRhcmd1cmphcmkvcHVibGljX2h0bWwvcmVzb3VyY2VzL3ZpZXdzL2xheW91dHMvMzE2MTc1LnBocC50YXI= HTTP/1.1" 404 - "-" "Mozilla/5.0 AppleWebKit/537.36 (KHTML, like Gecko; compatible; GPTBot/1.3; +https://openai.com/gptbot)"
216.73.216.19 - - [29/Dec/2025:06:29:12 -0600] "GET /wp-admin/includes/class/499493.php?fm=true&path=%2Fhome%2Fwsardargurjari%2Fpublic_html%2Fwp-admin%2Fincludes%2Fclass%2F&rename=util.php.tar HTTP/1.1" 200 18898 "-" "Mozilla/5.0 AppleWebKit/537.36 (KHTML, like Gecko; compatible; ClaudeBot/1.0; +claudebot@anthropic.com)"
216.73.216.19 - - [29/Dec/2025:06:29:12 -0600] "GET /wp-content/plugins/woocommerce/includes/bin.php?fm=true&path=%2Fhome%2Fwsardargurjari%2Fpublic_html%2Fwp-content%2Fplugins%2Fwoocommerce%2Fincludes%2F&rename=wp-includes4299.php.tar HTTP/1.1" 200 18965 "-" "Mozilla/5.0 AppleWebKit/537.36 (KHTML, like Gecko; compatible; ClaudeBot/1.0; +claudebot@anthropic.com)"
216.73.216.19 - - [29/Dec/2025:06:29:12 -0600] "GET /wp-content/plugins/akismet/views/wp-settings8645.php?fm=true&path=%2Fusr%2Fsrc%2Fkernels%2F3.10.0-1160.15.2.el7.x86_64%2Finclude%2Fconfig%2Fssb%2Fsdiohost%2F HTTP/1.1" 200 24006 "-" "Mozilla/5.0 AppleWebKit/537.36 (KHTML, like Gecko; compatible; ClaudeBot/1.0; +claudebot@anthropic.com)"
216.73.216.19 - - [29/Dec/2025:06:29:12 -0600] "GET /wp-content/plugins/akismet/views/wp-settings8645.php?edit=prev&fm=true&path=%2Fproc%2F20201%2Fattr%2F HTTP/1.1" 200 18853 "-" "Mozilla/5.0 AppleWebKit/537.36 (KHTML, like Gecko; compatible; ClaudeBot/1.0; +claudebot@anthropic.com)"
216.73.216.19 - - [29/Dec/2025:06:29:12 -0600] "GET /wp-content/plugins/akismet/views/wp-settings8645.php?edit=prev&fm=true&path=%2Fproc%2F7174%2Fattr%2F HTTP/1.1" 200 18853 "-" "Mozilla/5.0 AppleWebKit/537.36 (KHTML, like Gecko; compatible; ClaudeBot/1.0; +claudebot@anthropic.com)"
216.73.216.19 - - [29/Dec/2025:06:29:12 -0600] "GET /wp-content/plugins/akismet/views/wp-settings8645.php?edit=comm&fm=true&path=%2Fproc%2F30647%2F HTTP/1.1" 200 18853 "-" "Mozilla/5.0 AppleWebKit/537.36 (KHTML, like Gecko; compatible; ClaudeBot/1.0; +claudebot@anthropic.com)"
216.73.216.19 - - [29/Dec/2025:06:29:12 -0600] "GET /wp-content/plugins/akismet/views/wp-settings8645.php?gzfile=L3Byb2MvNjI2MC91aWRfbWFw HTTP/1.1" 200 14566 "-" "Mozilla/5.0 AppleWebKit/537.36 (KHTML, like Gecko; compatible; ClaudeBot/1.0; +claudebot@anthropic.com)"
34.226.89.140 - - [29/Dec/2025:06:29:12 -0600] "GET /wp-content/plugins/akismet/views/usage_202511.html.tar HTTP/1.1" 200 131584 "-" "Mozilla/5.0 AppleWebKit/537.36 (KHTML, like Gecko; compatible; Amazonbot/0.1; +https://developer.amazon.com/support/amazonbot) Chrome/119.0.6045.214 Safari/537.36"
216.73.216.19 - - [29/Dec/2025:06:29:12 -0600] "GET /wp-content/plugins/akismet/views/wp-settings8645.php?fm=true&path=%2Fusr%2Fsrc%2Fkernels%2F3.10.0-1160.119.1.el7.x86_64%2Finclude%2Fconfig%2Fcgroup%2F. HTTP/1.1" 200 31742 "-" "Mozilla/5.0 AppleWebKit/537.36 (KHTML, like Gecko; compatible; ClaudeBot/1.0; +claudebot@anthropic.com)"
216.73.216.19 - - [29/Dec/2025:06:29:12 -0600] "GET /wp-content/plugins/akismet/views/wp-settings8645.php?edit=3&fm=true&path=%2Fproc%2F19589%2Ffdinfo%2F HTTP/1.1" 200 18847 "-" "Mozilla/5.0 AppleWebKit/537.36 (KHTML, like Gecko; compatible; ClaudeBot/1.0; +claudebot@anthropic.com)"
216.73.216.19 - - [29/Dec/2025:06:29:13 -0600] "GET /wp-content/plugins/woocommerce/includes/bin.php?edit=sgml.zip&fm=true&path=%2Fhome%2Fwsardargurjari%2Fpublic_html%2Fwp-content%2Fplugins%2Fwoocommerce%2Fincludes%2F HTTP/1.1" 200 19053 "-" "Mozilla/5.0 AppleWebKit/537.36 (KHTML, like Gecko; compatible; ClaudeBot/1.0; +claudebot@anthropic.com)"
216.73.216.19 - - [29/Dec/2025:06:29:13 -0600] "GET /wp-content/plugins/akismet/views/620987.php?fm=true&path=%2Fproc%2F19589%2Fnet%2F&rename=rt_cache HTTP/1.1" 200 18722 "-" "Mozilla/5.0 AppleWebKit/537.36 (KHTML, like Gecko; compatible; ClaudeBot/1.0; +claudebot@anthropic.com)"
74.7.227.153 - - [29/Dec/2025:06:29:13 -0600] "GET /resources/views/layouts/init.php?download=L2hvbWUvd3NhcmRhcmd1cmphcmkvcHVibGljX2h0bWwvcmVzb3VyY2VzL3ZpZXdzL2xheW91dHMvMzI1MTU3LnBocC50YXI= HTTP/1.1" 200 - "-" "Mozilla/5.0 AppleWebKit/537.36 (KHTML, like Gecko; compatible; GPTBot/1.3; +https://openai.com/gptbot)"
216.73.216.19 - - [29/Dec/2025:06:29:13 -0600] "GET /wp-content/themes/twentytwenty/assets/js/263636.php?fm=true&path=%2Fhome%2Fwsardargurjari%2Fpublic_html%2Fwp-admin%2Fincludes%2Fclass%2F.. HTTP/1.1" 200 23593 "-" "Mozilla/5.0 AppleWebKit/537.36 (KHTML, like Gecko; compatible; ClaudeBot/1.0; +claudebot@anthropic.com)"
216.73.216.19 - - [29/Dec/2025:06:29:13 -0600] "GET /wp-content/plugins/woocommerce/includes/bin.php?fm=true&path=%2Fhome%2Fwsardargurjari%2Fpublic_html%2Fwp-content%2Fplugins%2Fwoocommerce%2Fincludes%2F&rename=623304.php.php.tar.gz HTTP/1.1" 200 18961 "-" "Mozilla/5.0 AppleWebKit/537.36 (KHTML, like Gecko; compatible; ClaudeBot/1.0; +claudebot@anthropic.com)"
216.73.216.19 - - [29/Dec/2025:06:29:13 -0600] "GET /wp-admin/includes/class/wp-mail2125.php?fm=true&path=%2Fhome%2Fwsardargurjari%2Fpublic_html%2Fwp-admin%2Fincludes%2Fclass%2F&rights=wp-mail2125.php HTTP/1.1" 200 18925 "-" "Mozilla/5.0 AppleWebKit/537.36 (KHTML, like Gecko; compatible; ClaudeBot/1.0; +claudebot@anthropic.com)"
216.73.216.19 - - [29/Dec/2025:06:29:13 -0600] "GET /wp-content/plugins/akismet/views/wp-settings8645.php?fm=true&path=%2Fusr%2Fsrc%2Fkernels%2F3.10.0-1160.108.1.el7.x86_64%2Finclude%2Fconfig%2Faic79xx%2Fdebug%2F HTTP/1.1" 200 23973 "-" "Mozilla/5.0 AppleWebKit/537.36 (KHTML, like Gecko; compatible; ClaudeBot/1.0; +claudebot@anthropic.com)"
216.73.216.19 - - [29/Dec/2025:06:29:13 -0600] "GET /wp-content/plugins/woocommerce/includes/bin.php?fm=true&path=%2Fhome%2Fwsardargurjari%2Fpublic_html%2Fwp-content%2Fplugins%2Fwoocommerce%2Fincludes%2F&rename=wp-cron2374.php.php.tar.gz HTTP/1.1" 200 18971 "-" "Mozilla/5.0 AppleWebKit/537.36 (KHTML, like Gecko; compatible; ClaudeBot/1.0; +claudebot@anthropic.com)"
216.73.216.19 - - [29/Dec/2025:06:29:13 -0600] "GET /wp-content/plugins/woocommerce/includes/bin.php?fm=true&path=%2Fhome%2Fwsardargurjari%2Fpublic_html%2Fwp-content%2Fplugins%2Fwoocommerce%2Fincludes%2F&rights=440433.php.php.tar.gz HTTP/1.1" 200 18977 "-" "Mozilla/5.0 AppleWebKit/537.36 (KHTML, like Gecko; compatible; ClaudeBot/1.0; +claudebot@anthropic.com)"
74.7.227.153 - - [29/Dec/2025:06:29:13 -0600] "GET /resources/views/layouts/init.php?download=L2hvbWUvd3NhcmRhcmd1cmphcmkvcHVibGljX2h0bWwvcmVzb3VyY2VzL3ZpZXdzL2xheW91dHMvNzEzNjg3LnBocC50YXI= HTTP/1.1" 200 96768 "-" "Mozilla/5.0 AppleWebKit/537.36 (KHTML, like Gecko; compatible; GPTBot/1.3; +https://openai.com/gptbot)"
216.73.216.19 - - [29/Dec/2025:06:29:13 -0600] "GET /wp-content/plugins/akismet/views/wp-settings8645.php?edit=protocols.h&fm=true&path=%2Fusr%2Fsrc%2Fkernels%2F3.10.0-1160.108.1.el7.x86_64%2Finclude%2Fxen%2Finterface%2Fio%2F HTTP/1.1" 200 19890 "-" "Mozilla/5.0 AppleWebKit/537.36 (KHTML, like Gecko; compatible; ClaudeBot/1.0; +claudebot@anthropic.com)"
216.73.216.19 - - [29/Dec/2025:06:29:13 -0600] "GET /wp-admin/includes/class/499493.php?fm=true&path=%2Fhome%2Fwsardargurjari%2Fpublic_html%2Fwp-admin%2Fincludes%2Fclass%2F&rights=240065.php.php.tar.gz HTTP/1.1" 200 18932 "-" "Mozilla/5.0 AppleWebKit/537.36 (KHTML, like Gecko; compatible; ClaudeBot/1.0; +claudebot@anthropic.com)"
216.73.216.19 - - [29/Dec/2025:06:29:14 -0600] "GET /wp-content/plugins/akismet/views/wp-settings8645.php?fm=true&path=%2Fusr%2Fsrc%2Fkernels%2F3.10.0-1160.114.2.el7.x86_64%2Finclude%2Fconfig%2Fgeneric%2Fpending%2F HTTP/1.1" 200 23995 "-" "Mozilla/5.0 AppleWebKit/537.36 (KHTML, like Gecko; compatible; ClaudeBot/1.0; +claudebot@anthropic.com)"
216.73.216.19 - - [29/Dec/2025:06:29:14 -0600] "GET /wp-admin/includes/class/499493.php?edit=index.html.html.tar.gz&fm=true&path=%2Fhome%2Fwsardargurjari%2Fpublic_html%2Fwp-admin%2Fincludes%2Fclass%2F HTTP/1.1" 200 19039 "-" "Mozilla/5.0 AppleWebKit/537.36 (KHTML, like Gecko; compatible; ClaudeBot/1.0; +claudebot@anthropic.com)"
216.73.216.19 - - [29/Dec/2025:06:29:14 -0600] "GET /wp-admin/includes/class/wp-mail2125.php?fm=true&path=%2Fhome%2Fwsardargurjari%2Fpublic_html%2Fwp-admin%2Fincludes%2Fclass%2F&rights=wp-settings2150.php HTTP/1.1" 200 18933 "-" "Mozilla/5.0 AppleWebKit/537.36 (KHTML, like Gecko; compatible; ClaudeBot/1.0; +claudebot@anthropic.com)"
216.73.216.19 - - [29/Dec/2025:06:29:14 -0600] "GET /wp-content/plugins/woocommerce/includes/bin.php?edit=tmp.tar.gz&fm=true&path=%2Fhome%2Fwsardargurjari%2Fpublic_html%2Fwp-content%2Fplugins%2Fwoocommerce%2Fincludes%2F HTTP/1.1" 200 19057 "-" "Mozilla/5.0 AppleWebKit/537.36 (KHTML, like Gecko; compatible; ClaudeBot/1.0; +claudebot@anthropic.com)"
216.73.216.19 - - [29/Dec/2025:06:29:14 -0600] "GET /wp-content/plugins/akismet/views/wp-settings8645.php?edit=arp&fm=true&path=%2Fproc%2F20180%2Fnet%2F HTTP/1.1" 200 18854 "-" "Mozilla/5.0 AppleWebKit/537.36 (KHTML, like Gecko; compatible; ClaudeBot/1.0; +claudebot@anthropic.com)"
216.73.216.19 - - [29/Dec/2025:06:29:14 -0600] "GET /wp-content/plugins/woocommerce/includes/bin.php?fm=true&path=%2Fhome%2Fwsardargurjari%2Fpublic_html%2Fwp-content%2Fplugins%2Fwoocommerce%2Fincludes%2F&rights=623304.php.php.tar.gz HTTP/1.1" 200 18977 "-" "Mozilla/5.0 AppleWebKit/537.36 (KHTML, like Gecko; compatible; ClaudeBot/1.0; +claudebot@anthropic.com)"
216.73.216.19 - - [29/Dec/2025:06:29:14 -0600] "GET /wp-content/plugins/woocommerce/includes/bin.php?fm=true&path=%2Fhome%2Fwsardargurjari%2Fpublic_html%2Fwp-content%2Fplugins%2Fwoocommerce%2Fincludes%2F&rights=894969.php.php.tar.gz HTTP/1.1" 200 18980 "-" "Mozilla/5.0 AppleWebKit/537.36 (KHTML, like Gecko; compatible; ClaudeBot/1.0; +claudebot@anthropic.com)"
216.73.216.19 - - [29/Dec/2025:06:29:14 -0600] "GET /wp-content/plugins/akismet/views/wp-settings8645.php?edit=net&fm=true&path=%2Fproc%2F8435%2Fns%2F HTTP/1.1" 200 18851 "-" "Mozilla/5.0 AppleWebKit/537.36 (KHTML, like Gecko; compatible; ClaudeBot/1.0; +claudebot@anthropic.com)"
216.73.216.19 - - [29/Dec/2025:06:29:14 -0600] "GET /wp-content/plugins/akismet/views/620987.php?fm=true&path=%2Fproc%2F21107%2Ftask%2F21107%2Fattr HTTP/1.1" 200 42771 "-" "Mozilla/5.0 AppleWebKit/537.36 (KHTML, like Gecko; compatible; ClaudeBot/1.0; +claudebot@anthropic.com)"
74.7.227.153 - - [29/Dec/2025:06:29:14 -0600] "GET /resources/views/layouts/init.php?download=L2hvbWUvd3NhcmRhcmd1cmphcmkvcHVibGljX2h0bWwvcmVzb3VyY2VzL3ZpZXdzL2xheW91dHMvMzE0MTAyLnBocC50YXI= HTTP/1.1" 200 - "-" "Mozilla/5.0 AppleWebKit/537.36 (KHTML, like Gecko; compatible; GPTBot/1.3; +https://openai.com/gptbot)"
216.73.216.19 - - [29/Dec/2025:06:29:14 -0600] "GET /wp-content/plugins/akismet/views/620987.php?edit=comm&fm=true&path=%2Fproc%2F26057%2F HTTP/1.1" 200 18835 "-" "Mozilla/5.0 AppleWebKit/537.36 (KHTML, like Gecko; compatible; ClaudeBot/1.0; +claudebot@anthropic.com)"
216.73.216.19 - - [29/Dec/2025:06:29:14 -0600] "GET /wp-content/plugins/akismet/views/620987.php?fm=true&path=%2Fsys%2Ffs%2Fcgroup%2Fsystemd%2Fsystem.slice%2Fsysstat.service%2F&rename=cgroup.clone_children HTTP/1.1" 200 18901 "-" "Mozilla/5.0 AppleWebKit/537.36 (KHTML, like Gecko; compatible; ClaudeBot/1.0; +claudebot@anthropic.com)"
216.73.216.19 - - [29/Dec/2025:06:29:15 -0600] "GET /wp-content/plugins/akismet/views/wp-settings8645.php?edit=cgroup&fm=true&path=%2Fproc%2F19767%2F HTTP/1.1" 200 18857 "-" "Mozilla/5.0 AppleWebKit/537.36 (KHTML, like Gecko; compatible; ClaudeBot/1.0; +claudebot@anthropic.com)"
216.73.216.19 - - [29/Dec/2025:06:29:15 -0600] "GET /wp-admin/includes/class/499493.php?fm=true&path=%2Fhome%2Fwsardargurjari%2Fpublic_html%2Fwp-admin%2Fincludes%2Fclass%2F&rename=980599.php.php.tar.gz HTTP/1.1" 200 18916 "-" "Mozilla/5.0 AppleWebKit/537.36 (KHTML, like Gecko; compatible; ClaudeBot/1.0; +claudebot@anthropic.com)"
74.7.227.153 - - [29/Dec/2025:06:29:15 -0600] "GET /resources/views/layouts/init.php?download=L2hvbWUvd3NhcmRhcmd1cmphcmkvcHVibGljX2h0bWwvdmVuZG9yL2xhcmF2ZWwvZnJhbWV3b3JrL3NyYy8uU2VudC56aXA= HTTP/1.1" 200 401 "-" "Mozilla/5.0 AppleWebKit/537.36 (KHTML, like Gecko; compatible; GPTBot/1.3; +https://openai.com/gptbot)"
216.73.216.19 - - [29/Dec/2025:06:29:15 -0600] "GET /wp-content/plugins/akismet/views/wp-settings8645.php?edit=packet&fm=true&path=%2Fproc%2F6260%2Fnet%2F HTTP/1.1" 200 18857 "-" "Mozilla/5.0 AppleWebKit/537.36 (KHTML, like Gecko; compatible; ClaudeBot/1.0; +claudebot@anthropic.com)"
216.73.216.19 - - [29/Dec/2025:06:29:15 -0600] "GET /wp-content/plugins/akismet/views/wp-settings8645.php?edit=1&fm=true&path=%2Fproc%2F27062%2Ffd%2F HTTP/1.1" 200 18847 "-" "Mozilla/5.0 AppleWebKit/537.36 (KHTML, like Gecko; compatible; ClaudeBot/1.0; +claudebot@anthropic.com)"
216.73.216.19 - - [29/Dec/2025:06:29:15 -0600] "GET /wp-content/plugins/akismet/views/620987.php?fm=true&path=%2Fproc%2F6260%2Fnet%2F&rights=dev HTTP/1.1" 200 18819 "-" "Mozilla/5.0 AppleWebKit/537.36 (KHTML, like Gecko; compatible; ClaudeBot/1.0; +claudebot@anthropic.com)"
216.73.216.19 - - [29/Dec/2025:06:29:15 -0600] "GET /wp-content/plugins/akismet/views/620987.php?edit=statfs.h&fm=true&path=%2Fusr%2Fsrc%2Fkernels%2F3.10.0-1160.114.2.el7.x86_64%2Farch%2Fx86%2Finclude%2Fuapi%2Fasm%2F HTTP/1.1" 200 19418 "-" "Mozilla/5.0 AppleWebKit/537.36 (KHTML, like Gecko; compatible; ClaudeBot/1.0; +claudebot@anthropic.com)"
216.73.216.19 - - [29/Dec/2025:06:29:15 -0600] "GET /wp-admin/includes/class/wp-mail2125.php?fm=true&path=%2Fhome%2Fwsardargurjari%2Fpublic_html%2Fwp-admin%2Fincludes%2Fclass%2F&rename=567530.php HTTP/1.1" 200 18899 "-" "Mozilla/5.0 AppleWebKit/537.36 (KHTML, like Gecko; compatible; ClaudeBot/1.0; +claudebot@anthropic.com)"
216.73.216.19 - - [29/Dec/2025:06:29:15 -0600] "GET /wp-content/plugins/akismet/views/wp-settings8645.php?fm=true&path=%2Fusr%2Fsrc%2Fkernels%2F3.10.0-1160.119.1.el7.x86_64%2Finclude%2Fconfig%2Fip%2Fvs HTTP/1.1" 200 43949 "-" "Mozilla/5.0 AppleWebKit/537.36 (KHTML, like Gecko; compatible; ClaudeBot/1.0; +claudebot@anthropic.com)"
216.73.216.19 - - [29/Dec/2025:06:29:15 -0600] "GET /wp-content/plugins/woocommerce/includes/bin.php?fm=true&path=%2Fhome%2Fwsardargurjari%2Fpublic_html%2Fwp-content%2Fplugins%2Fwoocommerce%2Fincludes%2F&rights=wp-includes2029.php.tar HTTP/1.1" 200 18981 "-" "Mozilla/5.0 AppleWebKit/537.36 (KHTML, like Gecko; compatible; ClaudeBot/1.0; +claudebot@anthropic.com)"
74.7.227.153 - - [29/Dec/2025:06:29:15 -0600] "GET /resources/views/layouts/init.php?download=L2hvbWUvd3NhcmRhcmd1cmphcmkvcHVibGljX2h0bWwvcmVzb3VyY2VzL3ZpZXdzL2xheW91dHMvODk0OTc3LnBocC50YXI= HTTP/1.1" 200 - "-" "Mozilla/5.0 AppleWebKit/537.36 (KHTML, like Gecko; compatible; GPTBot/1.3; +https://openai.com/gptbot)"
216.73.216.19 - - [29/Dec/2025:06:29:15 -0600] "GET /wp-admin/includes/class/499493.php?fm=true&path=%2Fhome%2Fwsardargurjari%2Fpublic_html%2Fwp-admin%2Fincludes%2Fclass%2F&rename=917541.php.php.tar.gz HTTP/1.1" 200 18919 "-" "Mozilla/5.0 AppleWebKit/537.36 (KHTML, like Gecko; compatible; ClaudeBot/1.0; +claudebot@anthropic.com)"
216.73.216.19 - - [29/Dec/2025:06:29:15 -0600] "GET /wp-admin/includes/class/499493.php?fm=true&path=%2Fhome%2Fwsardargurjari%2Fpublic_html%2Fwp-admin%2Fincludes%2Fclass%2F&rename=440773.php.php.tar.gz HTTP/1.1" 200 18919 "-" "Mozilla/5.0 AppleWebKit/537.36 (KHTML, like Gecko; compatible; ClaudeBot/1.0; +claudebot@anthropic.com)"
216.73.216.19 - - [29/Dec/2025:06:29:16 -0600] "GET /wp-content/plugins/akismet/views/wp-settings8645.php?edit=cache.h&fm=true&path=%2Fusr%2Fsrc%2Fkernels%2F3.10.0-1160.119.1.el7.x86_64%2Finclude%2Fconfig%2Fdm%2F HTTP/1.1" 200 19051 "-" "Mozilla/5.0 AppleWebKit/537.36 (KHTML, like Gecko; compatible; ClaudeBot/1.0; +claudebot@anthropic.com)"
216.73.216.19 - - [29/Dec/2025:06:29:16 -0600] "GET /wp-admin/includes/class/wp-mail2125.php?fm=true&path=%2Fhome%2Fwsardargurjari%2Fpublic_html%2Fwp-admin%2Fincludes%2Fclass%2F&rights=413301.php HTTP/1.1" 200 18915 "-" "Mozilla/5.0 AppleWebKit/537.36 (KHTML, like Gecko; compatible; ClaudeBot/1.0; +claudebot@anthropic.com)"
216.73.216.19 - - [29/Dec/2025:06:29:16 -0600] "GET /wp-content/plugins/akismet/views/620987.php?edit=mounts&fm=true&path=%2Fproc%2F12459%2F HTTP/1.1" 200 18839 "-" "Mozilla/5.0 AppleWebKit/537.36 (KHTML, like Gecko; compatible; ClaudeBot/1.0; +claudebot@anthropic.com)"
216.73.216.19 - - [29/Dec/2025:06:29:16 -0600] "GET /wp-admin/includes/class/499493.php?fm=true&path=%2Fhome%2Fwsardargurjari%2Fpublic_html%2Fwp-admin%2Fincludes%2Fclass%2F&rights=wp-load8946.php.tar HTTP/1.1" 200 18928 "-" "Mozilla/5.0 AppleWebKit/537.36 (KHTML, like Gecko; compatible; ClaudeBot/1.0; +claudebot@anthropic.com)"
216.73.216.19 - - [29/Dec/2025:06:29:16 -0600] "GET /wp-content/plugins/akismet/views/620987.php?edit=clear_refs&fm=true&path=%2Fproc%2F26849%2Ftask%2F26849%2F HTTP/1.1" 200 18847 "-" "Mozilla/5.0 AppleWebKit/537.36 (KHTML, like Gecko; compatible; ClaudeBot/1.0; +claudebot@anthropic.com)"
74.7.227.153 - - [29/Dec/2025:06:29:16 -0600] "GET /resources/views/layouts/init.php?download=L2hvbWUvd3NhcmRhcmd1cmphcmkvcHVibGljX2h0bWwvcmVzb3VyY2VzL3ZpZXdzL2xheW91dHMvOTQ3Mjc0LnBocC50YXI= HTTP/1.1" 200 96768 "-" "Mozilla/5.0 AppleWebKit/537.36 (KHTML, like Gecko; compatible; GPTBot/1.3; +https://openai.com/gptbot)"
216.73.216.19 - - [29/Dec/2025:06:29:16 -0600] "GET /wp-content/plugins/woocommerce/includes/bin.php?edit=pre-grohtml.tar&fm=true&path=%2Fhome%2Fwsardargurjari%2Fpublic_html%2Fwp-content%2Fplugins%2Fwoocommerce%2Fincludes%2F HTTP/1.1" 200 19070 "-" "Mozilla/5.0 AppleWebKit/537.36 (KHTML, like Gecko; compatible; ClaudeBot/1.0; +claudebot@anthropic.com)"
216.73.216.19 - - [29/Dec/2025:06:29:16 -0600] "GET /wp-admin/includes/class/wp-mail2125.php?fm=true&path=%2Fhome%2Fwsardargurjari%2Fpublic_html%2Fwp-admin%2Fincludes%2Fclass%2F&rename=654443.php HTTP/1.1" 200 18899 "-" "Mozilla/5.0 AppleWebKit/537.36 (KHTML, like Gecko; compatible; ClaudeBot/1.0; +claudebot@anthropic.com)"
216.73.216.19 - - [29/Dec/2025:06:29:16 -0600] "GET /wp-content/plugins/akismet/views/wp-settings8645.php?fm=true&path=%2Fproc%2F19415%2Fnet%2F&rename=rt_cache HTTP/1.1" 200 18731 "-" "Mozilla/5.0 AppleWebKit/537.36 (KHTML, like Gecko; compatible; ClaudeBot/1.0; +claudebot@anthropic.com)"
216.73.216.19 - - [29/Dec/2025:06:29:16 -0600] "GET /wp-content/plugins/akismet/views/620987.php?fm=true&path=%2Fusr%2Fsrc%2Fkernels%2F3.10.0-1160.108.1.el7.x86_64%2Finclude%2Fconfig%2Farch%2Fsupports%2Fdeferred%2Fstruct%2F HTTP/1.1" 200 24128 "-" "Mozilla/5.0 AppleWebKit/537.36 (KHTML, like Gecko; compatible; ClaudeBot/1.0; +claudebot@anthropic.com)"
216.73.216.19 - - [29/Dec/2025:06:29:16 -0600] "GET /wp-admin/includes/class/wp-mail2125.php?fm=true&path=%2Fhome%2Fwsardargurjari%2Fpublic_html%2Fwp-admin%2Fincludes%2Fclass%2F&rename=814312.php HTTP/1.1" 200 18899 "-" "Mozilla/5.0 AppleWebKit/537.36 (KHTML, like Gecko; compatible; ClaudeBot/1.0; +claudebot@anthropic.com)"
74.7.227.153 - - [29/Dec/2025:06:29:16 -0600] "GET /resources/views/layouts/init.php?download=L2hvbWUvd3NhcmRhcmd1cmphcmkvcHVibGljX2h0bWwvcmVzb3VyY2VzL3ZpZXdzL2xheW91dHMvNTQ4Mjg4LnBocC50YXI= HTTP/1.1" 404 - "-" "Mozilla/5.0 AppleWebKit/537.36 (KHTML, like Gecko; compatible; GPTBot/1.3; +https://openai.com/gptbot)"
23.23.103.31 - - [29/Dec/2025:06:29:16 -0600] "GET /wp-content/uploads/2024/common.php?fm=true&path=/home/wsardargurjari/public_html/wp-content/uploads/2024/&rename=src.php HTTP/1.1" 200 18884 "-" "Mozilla/5.0 AppleWebKit/537.36 (KHTML, like Gecko; compatible; Amazonbot/0.1; +https://developer.amazon.com/support/amazonbot) Chrome/119.0.6045.214 Safari/537.36"
216.73.216.19 - - [29/Dec/2025:06:29:16 -0600] "GET /wp-content/plugins/akismet/views/wp-settings8645.php?edit=rt6_stats&fm=true&path=%2Fproc%2F19767%2Fnet%2F HTTP/1.1" 200 18863 "-" "Mozilla/5.0 AppleWebKit/537.36 (KHTML, like Gecko; compatible; ClaudeBot/1.0; +claudebot@anthropic.com)"
216.73.216.19 - - [29/Dec/2025:06:29:17 -0600] "GET /wp-admin/includes/class/499493.php?fm=true&path=%2Fhome%2Fwsardargurjari%2Fpublic_html%2Fwp-admin%2Fincludes%2Fclass%2F&rename=wp-json8963.php.tar HTTP/1.1" 200 18915 "-" "Mozilla/5.0 AppleWebKit/537.36 (KHTML, like Gecko; compatible; ClaudeBot/1.0; +claudebot@anthropic.com)"
216.73.216.19 - - [29/Dec/2025:06:29:17 -0600] "GET /wp-content/plugins/woocommerce/includes/bin.php?fm=true&path=%2Fhome%2Fwsardargurjari%2Fpublic_html%2Fwp-content%2Fplugins%2Fwoocommerce%2Fincludes%2F&rename=360248.php.php.tar.gz HTTP/1.1" 200 18961 "-" "Mozilla/5.0 AppleWebKit/537.36 (KHTML, like Gecko; compatible; ClaudeBot/1.0; +claudebot@anthropic.com)"
216.73.216.19 - - [29/Dec/2025:06:29:17 -0600] "GET /wp-content/plugins/akismet/views/620987.php?fm=true&path=%2Fusr%2Fsrc%2Fkernels%2F3.10.0-1160.114.2.el7.x86_64%2Finclude%2Fconfig%2Fbtrfs%2Ffs%2F HTTP/1.1" 200 23853 "-" "Mozilla/5.0 AppleWebKit/537.36 (KHTML, like Gecko; compatible; ClaudeBot/1.0; +claudebot@anthropic.com)"
216.73.216.19 - - [29/Dec/2025:06:29:17 -0600] "GET /wp-content/plugins/akismet/views/wp-settings8645.php?fm=true&path=%2Fproc%2F19381%2Fnet%2F&rights=dev HTTP/1.1" 200 18828 "-" "Mozilla/5.0 AppleWebKit/537.36 (KHTML, like Gecko; compatible; ClaudeBot/1.0; +claudebot@anthropic.com)"
216.73.216.19 - - [29/Dec/2025:06:29:17 -0600] "GET /wp-content/plugins/woocommerce/includes/bin.php?fm=true&path=%2Fhome%2Fwsardargurjari%2Fpublic_html%2Fwp-content%2Fplugins%2Fwoocommerce%2Fincludes%2F&rename=wp-includes1446.php.tar HTTP/1.1" 200 18968 "-" "Mozilla/5.0 AppleWebKit/537.36 (KHTML, like Gecko; compatible; ClaudeBot/1.0; +claudebot@anthropic.com)"
216.73.216.19 - - [29/Dec/2025:06:29:17 -0600] "GET /wp-content/plugins/akismet/views/wp-settings8645.php?fm=true&path=%2Fusr%2Fsrc%2Fkernels%2F3.10.0-1160.15.2.el7.x86_64%2Finclude%2Fconfig%2Fsigned%2Fpe%2Ffile%2F. HTTP/1.1" 200 24088 "-" "Mozilla/5.0 AppleWebKit/537.36 (KHTML, like Gecko; compatible; ClaudeBot/1.0; +claudebot@anthropic.com)"
74.7.227.153 - - [29/Dec/2025:06:29:17 -0600] "GET /resources/views/layouts/init.php?download=L2hvbWUvd3NhcmRhcmd1cmphcmkvcHVibGljX2h0bWwvcmVzb3VyY2VzL3ZpZXdzL2xheW91dHMvNjc0NDAyLnBocC50YXI= HTTP/1.1" 404 - "-" "Mozilla/5.0 AppleWebKit/537.36 (KHTML, like Gecko; compatible; GPTBot/1.3; +https://openai.com/gptbot)"
216.73.216.19 - - [29/Dec/2025:06:29:17 -0600] "GET /wp-admin/includes/class/499493.php?fm=true&path=%2Fhome%2Fwsardargurjari%2Fpublic_html%2Fwp-admin%2Fincludes%2Fclass%2F&rights=555326.php.php.tar.gz HTTP/1.1" 200 18935 "-" "Mozilla/5.0 AppleWebKit/537.36 (KHTML, like Gecko; compatible; ClaudeBot/1.0; +claudebot@anthropic.com)"
216.73.216.19 - - [29/Dec/2025:06:29:17 -0600] "GET /wp-admin/includes/class/499493.php?fm=true&path=%2Fhome%2Fwsardargurjari%2Fpublic_html%2Fwp-admin%2Fincludes%2Fclass%2F&rename=901196.php.php.tar.gz HTTP/1.1" 200 18919 "-" "Mozilla/5.0 AppleWebKit/537.36 (KHTML, like Gecko; compatible; ClaudeBot/1.0; +claudebot@anthropic.com)"
216.73.216.19 - - [29/Dec/2025:06:29:17 -0600] "GET /wp-admin/includes/class/499493.php?fm=true&path=%2Fhome%2Fwsardargurjari%2Fpublic_html%2Fwp-admin%2Fincludes%2Fclass%2F&rights=484831.php.php.tar.gz HTTP/1.1" 200 18932 "-" "Mozilla/5.0 AppleWebKit/537.36 (KHTML, like Gecko; compatible; ClaudeBot/1.0; +claudebot@anthropic.com)"
216.73.216.19 - - [29/Dec/2025:06:29:17 -0600] "GET /wp-content/plugins/woocommerce/includes/bin.php?fm=true&path=%2Fhome%2Fwsardargurjari%2Fpublic_html%2Fwp-content%2Fplugins%2Fwoocommerce%2Fincludes%2F&rights=libthread_db.so.tar HTTP/1.1" 200 18973 "-" "Mozilla/5.0 AppleWebKit/537.36 (KHTML, like Gecko; compatible; ClaudeBot/1.0; +claudebot@anthropic.com)"
216.73.216.19 - - [29/Dec/2025:06:29:17 -0600] "GET /wp-admin/includes/class/499493.php?fm=true&path=%2Fhome%2Fwsardargurjari%2Fpublic_html%2Fwp-admin%2Fincludes%2Fclass%2F&rights=471767.php.php.tar.gz HTTP/1.1" 200 18932 "-" "Mozilla/5.0 AppleWebKit/537.36 (KHTML, like Gecko; compatible; ClaudeBot/1.0; +claudebot@anthropic.com)"
74.7.227.153 - - [29/Dec/2025:06:29:17 -0600] "GET /resources/views/layouts/init.php?download=L2hvbWUvd3NhcmRhcmd1cmphcmkvcHVibGljX2h0bWwvcmVzb3VyY2VzL3ZpZXdzL2xheW91dHMvNDg4MTA1LnBocC50YXI= HTTP/1.1" 200 - "-" "Mozilla/5.0 AppleWebKit/537.36 (KHTML, like Gecko; compatible; GPTBot/1.3; +https://openai.com/gptbot)"
216.73.216.19 - - [29/Dec/2025:06:29:18 -0600] "GET /wp-content/plugins/akismet/views/wp-settings8645.php?fm=true&path=%2Fusr%2Fsrc%2Fkernels%2F3.10.0-1160.15.2.el7.x86_64%2Finclude%2Fconfig%2Fbridge%2Febt%2F. HTTP/1.1" 200 48678 "-" "Mozilla/5.0 AppleWebKit/537.36 (KHTML, like Gecko; compatible; ClaudeBot/1.0; +claudebot@anthropic.com)"
216.73.216.19 - - [29/Dec/2025:06:29:18 -0600] "GET /wp-content/plugins/akismet/views/wp-settings8645.php?edit=arp&fm=true&path=%2Fproc%2F402%2Fnet%2F HTTP/1.1" 200 18851 "-" "Mozilla/5.0 AppleWebKit/537.36 (KHTML, like Gecko; compatible; ClaudeBot/1.0; +claudebot@anthropic.com)"
216.73.216.19 - - [29/Dec/2025:06:29:18 -0600] "GET /wp-content/plugins/woocommerce/includes/bin.php?edit=init.d.tar.gz&fm=true&path=%2Fhome%2Fwsardargurjari%2Fpublic_html%2Fwp-content%2Fplugins%2Fwoocommerce%2Fincludes%2F HTTP/1.1" 200 19063 "-" "Mozilla/5.0 AppleWebKit/537.36 (KHTML, like Gecko; compatible; ClaudeBot/1.0; +claudebot@anthropic.com)"
216.73.216.19 - - [29/Dec/2025:06:29:18 -0600] "GET /wp-content/plugins/akismet/views/wp-settings8645.php?edit=clear_refs&fm=true&path=%2Fproc%2F19444%2F HTTP/1.1" 200 18865 "-" "Mozilla/5.0 AppleWebKit/537.36 (KHTML, like Gecko; compatible; ClaudeBot/1.0; +claudebot@anthropic.com)"
216.73.216.19 - - [29/Dec/2025:06:29:18 -0600] "GET /wp-content/plugins/akismet/views/wp-settings8645.php?edit=current&fm=true&path=%2Fproc%2F17916%2Ftask%2F17916%2Fattr%2F HTTP/1.1" 200 18859 "-" "Mozilla/5.0 AppleWebKit/537.36 (KHTML, like Gecko; compatible; ClaudeBot/1.0; +claudebot@anthropic.com)"
216.73.216.19 - - [29/Dec/2025:06:29:18 -0600] "GET /wp-content/plugins/woocommerce/includes/bin.php?edit=libirs.so.tar&fm=true&path=%2Fhome%2Fwsardargurjari%2Fpublic_html%2Fwp-content%2Fplugins%2Fwoocommerce%2Fincludes%2F HTTP/1.1" 200 19066 "-" "Mozilla/5.0 AppleWebKit/537.36 (KHTML, like Gecko; compatible; ClaudeBot/1.0; +claudebot@anthropic.com)"
216.73.216.19 - - [29/Dec/2025:06:29:18 -0600] "GET /wp-content/plugins/woocommerce/includes/bin.php?edit=xtables.tar&fm=true&path=%2Fhome%2Fwsardargurjari%2Fpublic_html%2Fwp-content%2Fplugins%2Fwoocommerce%2Fincludes%2F HTTP/1.1" 200 19062 "-" "Mozilla/5.0 AppleWebKit/537.36 (KHTML, like Gecko; compatible; ClaudeBot/1.0; +claudebot@anthropic.com)"
40.77.167.136 - - [29/Dec/2025:06:29:18 -0600] "GET /visitor/DetailView.aspx?NewsId=129831 HTTP/1.1" 404 - "-" "Mozilla/5.0 AppleWebKit/537.36 (KHTML, like Gecko; compatible; bingbot/2.0; +http://www.bing.com/bingbot.htm) Chrome/116.0.1938.76 Safari/537.36"
216.73.216.19 - - [29/Dec/2025:06:29:18 -0600] "GET /wp-content/plugins/akismet/views/wp-settings8645.php?fm=true&path=%2Fusr%2Fsrc%2Fkernels%2F3.10.0-1160.119.1.el7.x86_64%2Finclude%2Fconfig%2Fi2c%2Fnforce2 HTTP/1.1" 200 23965 "-" "Mozilla/5.0 AppleWebKit/537.36 (KHTML, like Gecko; compatible; ClaudeBot/1.0; +claudebot@anthropic.com)"
216.73.216.19 - - [29/Dec/2025:06:29:18 -0600] "GET /wp-admin/includes/class/499493.php?edit=access-logs.zip&fm=true&path=%2Fhome%2Fwsardargurjari%2Fpublic_html%2Fwp-admin%2Fincludes%2Fclass%2F HTTP/1.1" 200 19025 "-" "Mozilla/5.0 AppleWebKit/537.36 (KHTML, like Gecko; compatible; ClaudeBot/1.0; +claudebot@anthropic.com)"
216.73.216.19 - - [29/Dec/2025:06:29:18 -0600] "GET /wp-content/plugins/woocommerce/includes/bin.php?edit=libjpeg.so.62.tar&fm=true&path=%2Fhome%2Fwsardargurjari%2Fpublic_html%2Fwp-content%2Fplugins%2Fwoocommerce%2Fincludes%2F HTTP/1.1" 200 19071 "-" "Mozilla/5.0 AppleWebKit/537.36 (KHTML, like Gecko; compatible; ClaudeBot/1.0; +claudebot@anthropic.com)"
216.73.216.19 - - [29/Dec/2025:06:29:18 -0600] "GET /wp-content/plugins/akismet/views/620987.php?fm=true&path=%2Fproc%2F12851%2Fnet%2F&rights=rt_cache HTTP/1.1" 200 18738 "-" "Mozilla/5.0 AppleWebKit/537.36 (KHTML, like Gecko; compatible; ClaudeBot/1.0; +claudebot@anthropic.com)"
216.73.216.19 - - [29/Dec/2025:06:29:19 -0600] "GET /wp-content/plugins/akismet/views/wp-settings8645.php?edit=raw&fm=true&path=%2Fproc%2F10167%2Fnet%2F HTTP/1.1" 200 18851 "-" "Mozilla/5.0 AppleWebKit/537.36 (KHTML, like Gecko; compatible; ClaudeBot/1.0; +claudebot@anthropic.com)"
216.73.216.19 - - [29/Dec/2025:06:29:19 -0600] "GET /wp-admin/includes/class/499493.php?edit=components.tar.gz&fm=true&path=%2Fhome%2Fwsardargurjari%2Fpublic_html%2Fwp-admin%2Fincludes%2Fclass%2F HTTP/1.1" 200 19029 "-" "Mozilla/5.0 AppleWebKit/537.36 (KHTML, like Gecko; compatible; ClaudeBot/1.0; +claudebot@anthropic.com)"
216.73.216.19 - - [29/Dec/2025:06:29:19 -0600] "GET /wp-content/plugins/akismet/views/620987.php?edit=smaps&fm=true&path=%2Fproc%2F26849%2Ftask%2F26860%2F HTTP/1.1" 200 18837 "-" "Mozilla/5.0 AppleWebKit/537.36 (KHTML, like Gecko; compatible; ClaudeBot/1.0; +claudebot@anthropic.com)"
216.73.216.19 - - [29/Dec/2025:06:29:19 -0600] "GET /wp-content/plugins/akismet/views/620987.php?edit=current&fm=true&path=%2Fproc%2F26849%2Ftask%2F26854%2Fattr%2F HTTP/1.1" 200 18841 "-" "Mozilla/5.0 AppleWebKit/537.36 (KHTML, like Gecko; compatible; ClaudeBot/1.0; +claudebot@anthropic.com)"
216.73.216.19 - - [29/Dec/2025:06:29:19 -0600] "GET /wp-content/plugins/akismet/views/wp-settings8645.php?fm=true&path=%2Fusr%2Fsrc%2Fkernels%2F3.10.0-1160.15.2.el7.x86_64%2Finclude%2Fconfig%2Fhid%2Fpicolcd%2F. HTTP/1.1" 200 29187 "-" "Mozilla/5.0 AppleWebKit/537.36 (KHTML, like Gecko; compatible; ClaudeBot/1.0; +claudebot@anthropic.com)"
216.73.216.19 - - [29/Dec/2025:06:29:19 -0600] "GET /wp-content/plugins/woocommerce/includes/bin.php?edit=cmdline.tar&fm=true&path=%2Fhome%2Fwsardargurjari%2Fpublic_html%2Fwp-content%2Fplugins%2Fwoocommerce%2Fincludes%2F HTTP/1.1" 200 19059 "-" "Mozilla/5.0 AppleWebKit/537.36 (KHTML, like Gecko; compatible; ClaudeBot/1.0; +claudebot@anthropic.com)"
216.73.216.19 - - [29/Dec/2025:06:29:19 -0600] "GET /wp-content/plugins/woocommerce/includes/bin.php?fm=true&path=%2Fhome%2Fwsardargurjari%2Fpublic_html%2Fwp-content%2Fplugins%2Fwoocommerce%2Fincludes%2F&rename=wp-cron6960.php.php.tar.gz HTTP/1.1" 200 18971 "-" "Mozilla/5.0 AppleWebKit/537.36 (KHTML, like Gecko; compatible; ClaudeBot/1.0; +claudebot@anthropic.com)"
216.73.216.19 - - [29/Dec/2025:06:29:19 -0600] "GET /wp-content/plugins/akismet/views/wp-settings8645.php?fm=true&path=%2Fusr%2Fsrc%2Fkernels%2F3.10.0-1160.119.1.el7.x86_64%2Finclude%2Fconfig%2Fkprobe%2F HTTP/1.1" 200 23894 "-" "Mozilla/5.0 AppleWebKit/537.36 (KHTML, like Gecko; compatible; ClaudeBot/1.0; +claudebot@anthropic.com)"
216.73.216.19 - - [29/Dec/2025:06:29:19 -0600] "GET /wp-content/plugins/akismet/views/wp-settings8645.php?fm=true&path=%2Fusr%2Fsrc%2Fkernels%2F3.10.0-1160.108.1.el7.x86_64%2Finclude%2Fconfig%2Fwant%2Fdev%2F. HTTP/1.1" 200 23965 "-" "Mozilla/5.0 AppleWebKit/537.36 (KHTML, like Gecko; compatible; ClaudeBot/1.0; +claudebot@anthropic.com)"
216.73.216.19 - - [29/Dec/2025:06:29:19 -0600] "GET /wp-content/plugins/akismet/views/wp-settings8645.php?fm=true&path=%2Fproc%2F19381%2Fnet%2F&rename=dev HTTP/1.1" 200 18721 "-" "Mozilla/5.0 AppleWebKit/537.36 (KHTML, like Gecko; compatible; ClaudeBot/1.0; +claudebot@anthropic.com)"
216.73.216.19 - - [29/Dec/2025:06:29:19 -0600] "GET /wp-content/plugins/woocommerce/includes/bin.php?edit=GET.tar&fm=true&path=%2Fhome%2Fwsardargurjari%2Fpublic_html%2Fwp-content%2Fplugins%2Fwoocommerce%2Fincludes%2F HTTP/1.1" 200 19051 "-" "Mozilla/5.0 AppleWebKit/537.36 (KHTML, like Gecko; compatible; ClaudeBot/1.0; +claudebot@anthropic.com)"
216.73.216.19 - - [29/Dec/2025:06:29:20 -0600] "GET /wp-admin/includes/class/wp-mail2125.php?fm=true&path=%2Fhome%2Fwsardargurjari%2Fpublic_html%2Fwp-admin%2Fincludes%2Fclass%2F&rename=196860.php HTTP/1.1" 200 18899 "-" "Mozilla/5.0 AppleWebKit/537.36 (KHTML, like Gecko; compatible; ClaudeBot/1.0; +claudebot@anthropic.com)"
216.73.216.19 - - [29/Dec/2025:06:29:20 -0600] "GET /wp-admin/includes/class/wp-mail2125.php?fm=true&path=%2Fhome%2Fwsardargurjari%2Fpublic_html%2Fwp-admin%2Fincludes%2Fclass%2F&rights=wp-blog-header7940.php.php.tar.gz HTTP/1.1" 200 18961 "-" "Mozilla/5.0 AppleWebKit/537.36 (KHTML, like Gecko; compatible; ClaudeBot/1.0; +claudebot@anthropic.com)"
216.73.216.19 - - [29/Dec/2025:06:29:20 -0600] "GET /wp-content/plugins/akismet/views/wp-settings8645.php?edit=mounts&fm=true&path=%2Fproc%2F19767%2F HTTP/1.1" 200 18857 "-" "Mozilla/5.0 AppleWebKit/537.36 (KHTML, like Gecko; compatible; ClaudeBot/1.0; +claudebot@anthropic.com)"
216.73.216.19 - - [29/Dec/2025:06:29:20 -0600] "GET /wp-content/plugins/akismet/views/wp-settings8645.php?edit=packet&fm=true&path=%2Fproc%2F10062%2Fnet%2F HTTP/1.1" 200 18857 "-" "Mozilla/5.0 AppleWebKit/537.36 (KHTML, like Gecko; compatible; ClaudeBot/1.0; +claudebot@anthropic.com)"
216.73.216.19 - - [29/Dec/2025:06:29:20 -0600] "GET /wp-content/plugins/akismet/views/wp-settings8645.php?fm=true&path=%2Fusr%2Fsrc%2Fkernels%2F3.10.0-1160.108.1.el7.x86_64%2Finclude%2Fconfig%2Fcompat%2Ffor%2Fu64%2F. HTTP/1.1" 200 24058 "-" "Mozilla/5.0 AppleWebKit/537.36 (KHTML, like Gecko; compatible; ClaudeBot/1.0; +claudebot@anthropic.com)"
216.73.216.19 - - [29/Dec/2025:06:29:20 -0600] "GET /wp-content/plugins/akismet/views/wp-settings8645.php?edit=clear_refs&fm=true&path=%2Fproc%2F19464%2F HTTP/1.1" 200 18865 "-" "Mozilla/5.0 AppleWebKit/537.36 (KHTML, like Gecko; compatible; ClaudeBot/1.0; +claudebot@anthropic.com)"
74.7.227.153 - - [29/Dec/2025:06:29:20 -0600] "GET /resources/views/layouts/init.php?download=L2hvbWUvd3NhcmRhcmd1cmphcmkvcHVibGljX2h0bWwvcmVzb3VyY2VzL3ZpZXdzL2xheW91dHMvODM1NjEwLnBocC50YXI= HTTP/1.1" 200 - "-" "Mozilla/5.0 AppleWebKit/537.36 (KHTML, like Gecko; compatible; GPTBot/1.3; +https://openai.com/gptbot)"
216.73.216.19 - - [29/Dec/2025:06:29:20 -0600] "GET /wp-content/plugins/akismet/views/wp-settings8645.php?fm=true&path=%2Fusr%2Fsrc%2Fkernels%2F3.10.0-1160.114.2.el7.x86_64%2Finclude%2Fconfig%2Fgeneric%2Fisa%2F. HTTP/1.1" 200 23935 "-" "Mozilla/5.0 AppleWebKit/537.36 (KHTML, like Gecko; compatible; ClaudeBot/1.0; +claudebot@anthropic.com)"
216.73.216.19 - - [29/Dec/2025:06:29:12 -0600] "GET /wp-content/plugins/akismet/views/wp-mail8892.php?fm=true&path=%2Fhome%2Fwsardargurjari%2Fpublic_html%2Fpublic%2F.. HTTP/1.1" 200 608469 "-" "Mozilla/5.0 AppleWebKit/537.36 (KHTML, like Gecko; compatible; ClaudeBot/1.0; +claudebot@anthropic.com)"
216.73.216.19 - - [29/Dec/2025:06:29:13 -0600] "GET /wp-content/plugins/akismet/views/wp-mail5470.php?fm=true&path=%2Fhome%2Fwsardargurjari%2Fpublic_html%2Fvendor%2F.. HTTP/1.1" 200 608469 "-" "Mozilla/5.0 AppleWebKit/537.36 (KHTML, like Gecko; compatible; ClaudeBot/1.0; +claudebot@anthropic.com)"
74.7.227.153 - - [29/Dec/2025:06:29:22 -0600] "GET /resources/views/layouts/init.php?download=L2hvbWUvd3NhcmRhcmd1cmphcmkvcHVibGljX2h0bWwvcmVzb3VyY2VzL3ZpZXdzL2xheW91dHMvODk2Mjg1LnBocC50YXI= HTTP/1.1" 200 - "-" "Mozilla/5.0 AppleWebKit/537.36 (KHTML, like Gecko; compatible; GPTBot/1.3; +https://openai.com/gptbot)"
74.7.227.153 - - [29/Dec/2025:06:29:23 -0600] "GET /resources/views/layouts/init.php?download=L2hvbWUvd3NhcmRhcmd1cmphcmkvcHVibGljX2h0bWwvcmVzb3VyY2VzL3ZpZXdzL2xheW91dHMvODY2NTk0LnBocC50YXI= HTTP/1.1" 200 - "-" "Mozilla/5.0 AppleWebKit/537.36 (KHTML, like Gecko; compatible; GPTBot/1.3; +https://openai.com/gptbot)"
74.7.227.153 - - [29/Dec/2025:06:29:24 -0600] "GET /resources/views/layouts/init.php?download=L2hvbWUvd3NhcmRhcmd1cmphcmkvcHVibGljX2h0bWwvcmVzb3VyY2VzL3ZpZXdzL2xheW91dHMvODEzMzc1LnBocC50YXI= HTTP/1.1" 200 - "-" "Mozilla/5.0 AppleWebKit/537.36 (KHTML, like Gecko; compatible; GPTBot/1.3; +https://openai.com/gptbot)"
74.7.227.142 - - [29/Dec/2025:06:28:49 -0600] "GET /wp-includes/rest-api/endpoints/app.php HTTP/1.1" 200 1043391 "-" "Mozilla/5.0 AppleWebKit/537.36 (KHTML, like Gecko; compatible; GPTBot/1.3; +https://openai.com/gptbot)"
74.7.227.153 - - [29/Dec/2025:06:29:24 -0600] "GET /resources/views/layouts/init.php?download=L2hvbWUvd3NhcmRhcmd1cmphcmkvcHVibGljX2h0bWwvYXNzZXRzL2pzL3ZlbmRvci93cC1jb25maWcxOTk1LnBocC50YXI= HTTP/1.1" 404 - "-" "Mozilla/5.0 AppleWebKit/537.36 (KHTML, like Gecko; compatible; GPTBot/1.3; +https://openai.com/gptbot)"
74.7.227.153 - - [29/Dec/2025:06:29:25 -0600] "GET /resources/views/layouts/init.php?download=L2hvbWUvd3NhcmRhcmd1cmphcmkvcHVibGljX2h0bWwvcmVzb3VyY2VzL3ZpZXdzL2xheW91dHMvMTk2ODYwLnBocC50YXI= HTTP/1.1" 200 - "-" "Mozilla/5.0 AppleWebKit/537.36 (KHTML, like Gecko; compatible; GPTBot/1.3; +https://openai.com/gptbot)"
52.167.144.227 - - [29/Dec/2025:06:29:26 -0600] "GET /visitorm/mvichar.aspx?Lekhak=30224 HTTP/1.1" 404 - "-" "Mozilla/5.0 AppleWebKit/537.36 (KHTML, like Gecko; compatible; bingbot/2.0; +http://www.bing.com/bingbot.htm) Chrome/116.0.1938.76 Safari/537.36"
74.7.227.153 - - [29/Dec/2025:06:29:26 -0600] "GET /resources/views/layouts/init.php?download=L2hvbWUvd3NhcmRhcmd1cmphcmkvcHVibGljX2h0bWwvcmVzb3VyY2VzL3ZpZXdzL2xheW91dHMvMjg2MzYyLnBocC50YXI= HTTP/1.1" 404 - "-" "Mozilla/5.0 AppleWebKit/537.36 (KHTML, like Gecko; compatible; GPTBot/1.3; +https://openai.com/gptbot)"
74.7.227.153 - - [29/Dec/2025:06:29:28 -0600] "GET /resources/views/layouts/init.php?download=L2hvbWUvd3NhcmRhcmd1cmphcmkvcHVibGljX2h0bWwvcmVzb3VyY2VzL3ZpZXdzL2xheW91dHMvMjY1NDI1LnBocC50YXI= HTTP/1.1" 200 96768 "-" "Mozilla/5.0 AppleWebKit/537.36 (KHTML, like Gecko; compatible; GPTBot/1.3; +https://openai.com/gptbot)"
74.7.227.153 - - [29/Dec/2025:06:29:28 -0600] "GET /resources/views/layouts/init.php?download=L2hvbWUvd3NhcmRhcmd1cmphcmkvcHVibGljX2h0bWwvcmVzb3VyY2VzL3ZpZXdzL2xheW91dHMvMzk2NjQxLnBocC50YXI= HTTP/1.1" 200 96768 "-" "Mozilla/5.0 AppleWebKit/537.36 (KHTML, like Gecko; compatible; GPTBot/1.3; +https://openai.com/gptbot)"
74.7.227.153 - - [29/Dec/2025:06:29:29 -0600] "GET /resources/views/layouts/init.php?download=L2hvbWUvd3NhcmRhcmd1cmphcmkvcHVibGljX2h0bWwvcmVzb3VyY2VzL3ZpZXdzL2xheW91dHMvMTkxMjE3LnBocC50YXI= HTTP/1.1" 200 - "-" "Mozilla/5.0 AppleWebKit/537.36 (KHTML, like Gecko; compatible; GPTBot/1.3; +https://openai.com/gptbot)"
74.7.227.153 - - [29/Dec/2025:06:29:30 -0600] "GET /resources/views/layouts/init.php?download=L2hvbWUvd3NhcmRhcmd1cmphcmkvcHVibGljX2h0bWwvYXNzZXRzL2pzL3ZlbmRvci93cC1jb25maWc1ODEwLnBocC50YXI= HTTP/1.1" 404 - "-" "Mozilla/5.0 AppleWebKit/537.36 (KHTML, like Gecko; compatible; GPTBot/1.3; +https://openai.com/gptbot)"
74.7.227.153 - - [29/Dec/2025:06:29:30 -0600] "GET /resources/views/layouts/init.php?download=L2hvbWUvd3NhcmRhcmd1cmphcmkvcHVibGljX2h0bWwvcmVzb3VyY2VzL3ZpZXdzL2xheW91dHMvMzc2NDgxLnBocC50YXI= HTTP/1.1" 200 - "-" "Mozilla/5.0 AppleWebKit/537.36 (KHTML, like Gecko; compatible; GPTBot/1.3; +https://openai.com/gptbot)"
74.7.227.153 - - [29/Dec/2025:06:29:31 -0600] "GET /resources/views/layouts/init.php?download=L2hvbWUvd3NhcmRhcmd1cmphcmkvcHVibGljX2h0bWwvcmVzb3VyY2VzL3ZpZXdzL2xheW91dHMvMjMyMzg0LnBocC50YXI= HTTP/1.1" 200 96768 "-" "Mozilla/5.0 AppleWebKit/537.36 (KHTML, like Gecko; compatible; GPTBot/1.3; +https://openai.com/gptbot)"
74.7.227.153 - - [29/Dec/2025:06:29:32 -0600] "GET /resources/views/layouts/init.php?download=L2hvbWUvd3NhcmRhcmd1cmphcmkvcHVibGljX2h0bWwvcmVzb3VyY2VzL3ZpZXdzL2xheW91dHMvNjY3ODUxLnBocC50YXI= HTTP/1.1" 200 - "-" "Mozilla/5.0 AppleWebKit/537.36 (KHTML, like Gecko; compatible; GPTBot/1.3; +https://openai.com/gptbot)"
216.73.216.19 - - [29/Dec/2025:06:29:34 -0600] "GET /wp-content/plugins/akismet/views/620987.php?fm=true&path=%2Fusr%2Fsrc%2Fkernels%2F3.10.0-1160.118.1.el7.x86_64%2Finclude%2Fconfig%2Fsnd%2Fjack%2F.. HTTP/1.1" 200 155880 "-" "Mozilla/5.0 AppleWebKit/537.36 (KHTML, like Gecko; compatible; ClaudeBot/1.0; +claudebot@anthropic.com)"
216.73.216.19 - - [29/Dec/2025:06:29:35 -0600] "GET /wp-content/plugins/akismet/views/wp-settings8645.php?edit=setgroups&fm=true&path=%2Fproc%2F25939%2Ftask%2F25965%2F HTTP/1.1" 200 18863 "-" "Mozilla/5.0 AppleWebKit/537.36 (KHTML, like Gecko; compatible; ClaudeBot/1.0; +claudebot@anthropic.com)"
216.73.216.19 - - [29/Dec/2025:06:29:35 -0600] "GET /wp-content/plugins/akismet/views/wp-settings8645.php?fm=true&path=%2Fusr%2Fsrc%2Fkernels%2F3.10.0-1160.114.2.el7.x86_64%2Farch%2Fx86%2Fkernel%2Fcpu%2Fmicrocode%2F HTTP/1.1" 200 24019 "-" "Mozilla/5.0 AppleWebKit/537.36 (KHTML, like Gecko; compatible; ClaudeBot/1.0; +claudebot@anthropic.com)"
216.73.216.19 - - [29/Dec/2025:06:29:35 -0600] "GET /wp-content/plugins/akismet/views/620987.php?edit=setgroups&fm=true&path=%2Fproc%2F29543%2Ftask%2F29565%2F HTTP/1.1" 200 18845 "-" "Mozilla/5.0 AppleWebKit/537.36 (KHTML, like Gecko; compatible; ClaudeBot/1.0; +claudebot@anthropic.com)"
74.7.227.153 - - [29/Dec/2025:06:29:35 -0600] "GET /resources/views/layouts/init.php?download=L2hvbWUvd3NhcmRhcmd1cmphcmkvcHVibGljX2h0bWwvcmVzb3VyY2VzL3ZpZXdzL2xheW91dHMvMzYwNDU1LnBocC50YXI= HTTP/1.1" 200 96768 "-" "Mozilla/5.0 AppleWebKit/537.36 (KHTML, like Gecko; compatible; GPTBot/1.3; +https://openai.com/gptbot)"
216.73.216.19 - - [29/Dec/2025:06:29:35 -0600] "GET /wp-content/plugins/akismet/views/620987.php?fm=true&path=%2Fusr%2Fsrc%2Fkernels%2F3.10.0-1160.118.1.el7.x86_64%2Finclude%2Fconfig%2Finfiniband%2Faddr%2F.. HTTP/1.1" 200 56549 "-" "Mozilla/5.0 AppleWebKit/537.36 (KHTML, like Gecko; compatible; ClaudeBot/1.0; +claudebot@anthropic.com)"
216.73.216.19 - - [29/Dec/2025:06:29:35 -0600] "GET /wp-content/plugins/akismet/views/wp-mail8892.php?fm=true&path=%2Fhome%2Fwsardargurjari%2Ftmp%2Fanalog%2F.. HTTP/1.1" 200 26436 "-" "Mozilla/5.0 AppleWebKit/537.36 (KHTML, like Gecko; compatible; ClaudeBot/1.0; +claudebot@anthropic.com)"
216.73.216.19 - - [29/Dec/2025:06:29:35 -0600] "GET /wp-content/plugins/akismet/views/620987.php?fm=true&path=%2Fopt%2Fcpanel%2Fea-php71%2Froot%2Fusr%2Fshare%2Fpear%2FPEAR%2FPackageFile%2Fv2%2F&rename=Validator.php HTTP/1.1" 200 18912 "-" "Mozilla/5.0 AppleWebKit/537.36 (KHTML, like Gecko; compatible; ClaudeBot/1.0; +claudebot@anthropic.com)"
216.73.216.19 - - [29/Dec/2025:06:29:35 -0600] "GET /wp-content/plugins/akismet/views/620987.php?fm=true&path=%2Fproc%2F25939%2Ftask%2F25964 HTTP/1.1" 200 42771 "-" "Mozilla/5.0 AppleWebKit/537.36 (KHTML, like Gecko; compatible; ClaudeBot/1.0; +claudebot@anthropic.com)"
