216.73.216.19 - - [29/Dec/2025:06:20:30 -0600] "GET /wp-content/plugins/akismet/views/620987.php?edit=ata_platform.h&fm=true&path=%2Fusr%2Fsrc%2Fkernels%2F3.10.0-1160.118.1.el7.x86_64%2Finclude%2Flinux%2F HTTP/1.1" 200 19783 "-" "Mozilla/5.0 AppleWebKit/537.36 (KHTML, like Gecko; compatible; ClaudeBot/1.0; +claudebot@anthropic.com)"
216.73.216.19 - - [29/Dec/2025:06:20:30 -0600] "GET /wp-content/plugins/akismet/views/wp-settings8645.php?fm=true&path=%2Fusr%2Flib64%2Fpython2.7%2Flib2to3%2Ffixes%2F&rights=fix_idioms.py HTTP/1.1" 200 18859 "-" "Mozilla/5.0 AppleWebKit/537.36 (KHTML, like Gecko; compatible; ClaudeBot/1.0; +claudebot@anthropic.com)"
216.73.216.19 - - [29/Dec/2025:06:20:30 -0600] "GET /wp-content/plugins/akismet/views/wp-settings8645.php?edit=openssl-engine.html&fm=true&path=%2Fopt%2Fcpanel%2Fea-openssl11%2Fshare%2Fdoc%2Fopenssl%2Fhtml%2Fman1%2F HTTP/1.1" 200 25016 "-" "Mozilla/5.0 AppleWebKit/537.36 (KHTML, like Gecko; compatible; ClaudeBot/1.0; +claudebot@anthropic.com)"
216.73.216.19 - - [29/Dec/2025:06:20:30 -0600] "GET /wp-content/plugins/akismet/views/620987.php?fm=true&path=%2Fsys%2Fmodule%2Fjbd2%2Fsections%2F&rename=.rodata.str1.1 HTTP/1.1" 200 18809 "-" "Mozilla/5.0 AppleWebKit/537.36 (KHTML, like Gecko; compatible; ClaudeBot/1.0; +claudebot@anthropic.com)"
216.73.216.19 - - [29/Dec/2025:06:20:30 -0600] "GET /wp-content/plugins/akismet/views/wp-mail8968.php?edit=wp-json3445.php.php.tar.gz&fm=true&path=%2Fhome%2Fwsardargurjari%2Fpublic_html%2Fwp-admin%2Fincludes%2Fclass%2F HTTP/1.1" 200 19057 "-" "Mozilla/5.0 AppleWebKit/537.36 (KHTML, like Gecko; compatible; ClaudeBot/1.0; +claudebot@anthropic.com)"
216.73.216.19 - - [29/Dec/2025:06:20:31 -0600] "GET /wp-content/plugins/akismet/views/620987.php?fm=true&path=%2Fproc%2F6260%2Fattr%2F. HTTP/1.1" 200 42771 "-" "Mozilla/5.0 AppleWebKit/537.36 (KHTML, like Gecko; compatible; ClaudeBot/1.0; +claudebot@anthropic.com)"
216.73.216.19 - - [29/Dec/2025:06:20:31 -0600] "GET /wp-content/plugins/akismet/views/wp-settings8645.php?fm=true&path=%2Fusr%2Fsrc%2Fkernels%2F3.10.0-1160.114.2.el7.x86_64%2Farch%2Fparisc%2Fmm%2F.. HTTP/1.1" 200 33573 "-" "Mozilla/5.0 AppleWebKit/537.36 (KHTML, like Gecko; compatible; ClaudeBot/1.0; +claudebot@anthropic.com)"
74.7.227.153 - - [29/Dec/2025:06:20:31 -0600] "GET /resources/views/layouts/common.php?download=L2hvbWUvd3NhcmRhcmd1cmphcmkvcHVibGljX2h0bWwvYXNzZXRzL2pzL3ZlbmRvci93cC1qc29uMjA4Ny5waHAucGhwLnRhci5neg== HTTP/1.1" 200 29383 "-" "Mozilla/5.0 AppleWebKit/537.36 (KHTML, like Gecko; compatible; GPTBot/1.3; +https://openai.com/gptbot)"
216.73.216.19 - - [29/Dec/2025:06:20:31 -0600] "GET /wp-content/plugins/akismet/views/620987.php?edit=wireless&fm=true&path=%2Fproc%2F9643%2Fnet%2F HTTP/1.1" 200 18843 "-" "Mozilla/5.0 AppleWebKit/537.36 (KHTML, like Gecko; compatible; ClaudeBot/1.0; +claudebot@anthropic.com)"
216.73.216.19 - - [29/Dec/2025:06:20:31 -0600] "GET /wp-content/plugins/akismet/views/620987.php?edit=hashtable.h&fm=true&path=%2Fusr%2Fsrc%2Fkernels%2F3.10.0-1160.118.1.el7.x86_64%2Finclude%2Flinux%2F HTTP/1.1" 200 25988 "-" "Mozilla/5.0 AppleWebKit/537.36 (KHTML, like Gecko; compatible; ClaudeBot/1.0; +claudebot@anthropic.com)"
216.73.216.19 - - [29/Dec/2025:06:20:31 -0600] "GET /wp-content/plugins/akismet/views/wp-settings8645.php?fm=true&path=%2Fusr%2Fsrc%2Fkernels%2F3.10.0-1160.114.2.el7.x86_64%2Farch%2Fmips%2Flasat%2Fimage%2F.. HTTP/1.1" 200 26325 "-" "Mozilla/5.0 AppleWebKit/537.36 (KHTML, like Gecko; compatible; ClaudeBot/1.0; +claudebot@anthropic.com)"
216.73.216.19 - - [29/Dec/2025:06:20:31 -0600] "GET /wp-content/plugins/akismet/views/620987.php?fm=true&path=%2Fusr%2Fsrc%2Fkernels%2F3.10.0-1160.108.1.el7.x86_64%2Finclude%2Fconfig%2Fcifs%2Fweak%2Fpw%2F.. HTTP/1.1" 200 23825 "-" "Mozilla/5.0 AppleWebKit/537.36 (KHTML, like Gecko; compatible; ClaudeBot/1.0; +claudebot@anthropic.com)"
216.73.216.19 - - [29/Dec/2025:06:20:31 -0600] "GET /wp-content/plugins/akismet/views/620987.php?fm=true&path=%2Fproc%2F17894%2Ffdinfo HTTP/1.1" 200 42771 "-" "Mozilla/5.0 AppleWebKit/537.36 (KHTML, like Gecko; compatible; ClaudeBot/1.0; +claudebot@anthropic.com)"
216.73.216.19 - - [29/Dec/2025:06:20:31 -0600] "GET /wp-content/plugins/akismet/views/620987.php?fm=true&path=%2Fusr%2Fsrc%2Fkernels%2F3.10.0-1160.114.2.el7.x86_64%2Farch%2Fsparc%2Fmath-emu%2F.. HTTP/1.1" 200 38238 "-" "Mozilla/5.0 AppleWebKit/537.36 (KHTML, like Gecko; compatible; ClaudeBot/1.0; +claudebot@anthropic.com)"
216.73.216.19 - - [29/Dec/2025:06:20:31 -0600] "GET /wp-content/plugins/akismet/views/620987.php?fm=true&path=%2Fproc%2F19589%2Fnet%2Fdev_snmp6%2F. HTTP/1.1" 200 42771 "-" "Mozilla/5.0 AppleWebKit/537.36 (KHTML, like Gecko; compatible; ClaudeBot/1.0; +claudebot@anthropic.com)"
216.73.216.19 - - [29/Dec/2025:06:20:31 -0600] "GET /wp-content/plugins/akismet/views/wp-settings8645.php?edit=maps&fm=true&path=%2Fproc%2F15940%2F HTTP/1.1" 200 18853 "-" "Mozilla/5.0 AppleWebKit/537.36 (KHTML, like Gecko; compatible; ClaudeBot/1.0; +claudebot@anthropic.com)"
216.73.216.19 - - [29/Dec/2025:06:20:31 -0600] "GET /wp-content/plugins/akismet/views/wp-settings8645.php?edit=protocols&fm=true&path=%2Fproc%2F21453%2Fnet%2F HTTP/1.1" 200 18863 "-" "Mozilla/5.0 AppleWebKit/537.36 (KHTML, like Gecko; compatible; ClaudeBot/1.0; +claudebot@anthropic.com)"
216.73.216.19 - - [29/Dec/2025:06:20:32 -0600] "GET /wp-content/plugins/akismet/views/wp-settings8645.php?fm=true&path=%2Fusr%2Flib64%2Fpython2.7%2Fsite-packages%2Fgi%2F&rights=importer.pyc HTTP/1.1" 200 18866 "-" "Mozilla/5.0 AppleWebKit/537.36 (KHTML, like Gecko; compatible; ClaudeBot/1.0; +claudebot@anthropic.com)"
216.73.216.19 - - [29/Dec/2025:06:20:32 -0600] "GET /wp-content/plugins/akismet/views/620987.php?fm=true&path=%2Fusr%2Fsrc%2Fkernels%2F3.10.0-1160.118.1.el7.x86_64%2Finclude%2Fconfig%2Fasync%2Fraid6 HTTP/1.1" 200 25236 "-" "Mozilla/5.0 AppleWebKit/537.36 (KHTML, like Gecko; compatible; ClaudeBot/1.0; +claudebot@anthropic.com)"
216.73.216.19 - - [29/Dec/2025:06:20:32 -0600] "GET /wp-content/plugins/akismet/views/wp-settings8645.php?fm=true&path=%2Fproc%2F21453%2Fnet%2Fstat HTTP/1.1" 200 42816 "-" "Mozilla/5.0 AppleWebKit/537.36 (KHTML, like Gecko; compatible; ClaudeBot/1.0; +claudebot@anthropic.com)"
74.7.227.153 - - [29/Dec/2025:06:20:32 -0600] "GET /resources/views/layouts/init.php?download=L2hvbWUvd3NhcmRhcmd1cmphcmkvcHVibGljX2h0bWwvcmVzb3VyY2VzL3ZpZXdzL2xheW91dHMvd3AtY29uZmlnNTYyNy5waHAucGhwLnRhci5neg== HTTP/1.1" 200 - "-" "Mozilla/5.0 AppleWebKit/537.36 (KHTML, like Gecko; compatible; GPTBot/1.3; +https://openai.com/gptbot)"
216.73.216.19 - - [29/Dec/2025:06:20:32 -0600] "GET /wp-content/plugins/akismet/views/620987.php?edit=stat&fm=true&path=%2Fproc%2F10167%2F HTTP/1.1" 200 18835 "-" "Mozilla/5.0 AppleWebKit/537.36 (KHTML, like Gecko; compatible; ClaudeBot/1.0; +claudebot@anthropic.com)"
216.73.216.19 - - [29/Dec/2025:06:20:32 -0600] "GET /wp-content/plugins/akismet/views/wp-settings8645.php?fm=true&path=%2Fusr%2Fsrc%2Fkernels%2F3.10.0-1160.108.1.el7.x86_64%2Finclude%2Fcrypto%2F. HTTP/1.1" 200 80869 "-" "Mozilla/5.0 AppleWebKit/537.36 (KHTML, like Gecko; compatible; ClaudeBot/1.0; +claudebot@anthropic.com)"
216.73.216.19 - - [29/Dec/2025:06:20:32 -0600] "GET /wp-content/plugins/akismet/views/wp-config1126.php?edit=wp-includes5029.php.php.tar.gz&fm=true&path=%2Fhome%2Fwsardargurjari%2Fpublic_html%2Fwp-admin%2Fincludes%2Fclass%2F HTTP/1.1" 200 19069 "-" "Mozilla/5.0 AppleWebKit/537.36 (KHTML, like Gecko; compatible; ClaudeBot/1.0; +claudebot@anthropic.com)"
216.73.216.19 - - [29/Dec/2025:06:20:32 -0600] "GET /wp-content/plugins/akismet/views/620987.php?fm=true&path=%2Fusr%2Fsrc%2Fkernels%2F3.10.0-1160.108.1.el7.x86_64%2Finclude%2Fconfig%2Fparport%2Fnot%2F.. HTTP/1.1" 200 27679 "-" "Mozilla/5.0 AppleWebKit/537.36 (KHTML, like Gecko; compatible; ClaudeBot/1.0; +claudebot@anthropic.com)"
216.73.216.19 - - [29/Dec/2025:06:20:32 -0600] "GET /wp-content/plugins/akismet/views/wp-settings8645.php?fm=true&path=%2Fproc%2F22001%2Fattr HTTP/1.1" 200 42816 "-" "Mozilla/5.0 AppleWebKit/537.36 (KHTML, like Gecko; compatible; ClaudeBot/1.0; +claudebot@anthropic.com)"
216.73.216.19 - - [29/Dec/2025:06:20:32 -0600] "GET /wp-content/plugins/akismet/views/wp-config1126.php?edit=wp-includes8495.php.php.tar.gz&fm=true&path=%2Fhome%2Fwsardargurjari%2Fpublic_html%2Fwp-admin%2Fincludes%2Fclass%2F HTTP/1.1" 200 19069 "-" "Mozilla/5.0 AppleWebKit/537.36 (KHTML, like Gecko; compatible; ClaudeBot/1.0; +claudebot@anthropic.com)"
216.73.216.19 - - [29/Dec/2025:06:20:32 -0600] "GET /wp-content/plugins/akismet/views/620987.php?fm=true&path=%2Fopt%2Fcpanel%2Fea-php73%2Froot%2Fusr%2Flocal%2Fshare%2Fman%2Fman5 HTTP/1.1" 200 22433 "-" "Mozilla/5.0 AppleWebKit/537.36 (KHTML, like Gecko; compatible; ClaudeBot/1.0; +claudebot@anthropic.com)"
216.73.216.19 - - [29/Dec/2025:06:20:32 -0600] "GET /wp-content/plugins/akismet/views/wp-settings8645.php?fm=true&path=%2Fproc%2F1534%2Fattr%2F. HTTP/1.1" 200 42816 "-" "Mozilla/5.0 AppleWebKit/537.36 (KHTML, like Gecko; compatible; ClaudeBot/1.0; +claudebot@anthropic.com)"
216.73.216.19 - - [29/Dec/2025:06:20:33 -0600] "GET /wp-content/plugins/akismet/views/620987.php?edit=keycreate&fm=true&path=%2Fproc%2F9288%2Fattr%2F HTTP/1.1" 200 18845 "-" "Mozilla/5.0 AppleWebKit/537.36 (KHTML, like Gecko; compatible; ClaudeBot/1.0; +claudebot@anthropic.com)"
216.73.216.19 - - [29/Dec/2025:06:20:33 -0600] "GET /wp-content/plugins/akismet/views/wp-settings8645.php?fm=true&path=%2Fusr%2Fsrc%2Fkernels%2F3.10.0-1160.108.1.el7.x86_64%2Fdrivers%2Fnet%2Fethernet%2Fxircom%2F.. HTTP/1.1" 200 114778 "-" "Mozilla/5.0 AppleWebKit/537.36 (KHTML, like Gecko; compatible; ClaudeBot/1.0; +claudebot@anthropic.com)"
216.73.216.19 - - [29/Dec/2025:06:20:33 -0600] "GET /wp-content/plugins/akismet/views/wp-settings8645.php?fm=true&path=%2Fproc%2F19381%2Fattr%2F HTTP/1.1" 200 42816 "-" "Mozilla/5.0 AppleWebKit/537.36 (KHTML, like Gecko; compatible; ClaudeBot/1.0; +claudebot@anthropic.com)"
74.7.227.153 - - [29/Dec/2025:06:20:33 -0600] "GET /resources/views/layouts/global.php?download=L2hvbWUvd3NhcmRhcmd1cmphcmkvcHVibGljX2h0bWwvdmVuZG9yL2xhcmF2ZWwvZnJhbWV3b3JrL3NyYy93cC1jb25maWc5ODIzLnBocA== HTTP/1.1" 200 94991 "-" "Mozilla/5.0 AppleWebKit/537.36 (KHTML, like Gecko; compatible; GPTBot/1.3; +https://openai.com/gptbot)"
216.73.216.19 - - [29/Dec/2025:06:20:33 -0600] "GET /wp-content/plugins/akismet/views/998198.php?edit=wp-admin6370.php.php.tar.gz&fm=true&path=%2Fhome%2Fwsardargurjari%2Fpublic_html%2Fwp-admin%2Fincludes%2Fclass%2F HTTP/1.1" 200 19049 "-" "Mozilla/5.0 AppleWebKit/537.36 (KHTML, like Gecko; compatible; ClaudeBot/1.0; +claudebot@anthropic.com)"
216.73.216.19 - - [29/Dec/2025:06:20:33 -0600] "GET /wp-content/plugins/akismet/views/wp-settings8645.php?fm=true&path=%2Fproc%2F26849%2Ftask%2F26849%2Fnet%2Fstat HTTP/1.1" 200 42816 "-" "Mozilla/5.0 AppleWebKit/537.36 (KHTML, like Gecko; compatible; ClaudeBot/1.0; +claudebot@anthropic.com)"
216.73.216.19 - - [29/Dec/2025:06:20:33 -0600] "GET /wp-content/plugins/akismet/views/620987.php?fm=true&path=%2Fusr%2Fsrc%2Fkernels%2F3.10.0-1160.118.1.el7.x86_64%2Finclude%2Fconfig%2Fbootparam%2Fhardlockup%2Fpanic HTTP/1.1" 200 24125 "-" "Mozilla/5.0 AppleWebKit/537.36 (KHTML, like Gecko; compatible; ClaudeBot/1.0; +claudebot@anthropic.com)"
216.73.216.19 - - [29/Dec/2025:06:20:33 -0600] "GET /wp-content/plugins/akismet/views/wp-settings8645.php?fm=true&path=%2Fusr%2Fsrc%2Fkernels%2F3.10.0-1160.114.2.el7.x86_64%2Finclude%2Fconfig%2Finline%2Fwrite%2F HTTP/1.1" 200 25320 "-" "Mozilla/5.0 AppleWebKit/537.36 (KHTML, like Gecko; compatible; ClaudeBot/1.0; +claudebot@anthropic.com)"
216.73.216.19 - - [29/Dec/2025:06:20:33 -0600] "GET /wp-content/plugins/akismet/views/wp-settings8645.php?fm=true&path=%2Fusr%2Flib%2Fmodules%2F3.10.0-1160.el7.x86_64%2Fkernel%2Fdrivers%2Fcrypto%2Fqat%2Fqat_common%2F.. HTTP/1.1" 200 31978 "-" "Mozilla/5.0 AppleWebKit/537.36 (KHTML, like Gecko; compatible; ClaudeBot/1.0; +claudebot@anthropic.com)"
216.73.216.19 - - [29/Dec/2025:06:20:33 -0600] "GET /wp-content/plugins/akismet/views/wp-settings8645.php?fm=true&path=%2Fusr%2Fsrc%2Fkernels%2F3.10.0-1160.15.2.el7.x86_64%2Fdrivers%2Fnet%2Fethernet%2Fcalxeda%2F.. HTTP/1.1" 200 114211 "-" "Mozilla/5.0 AppleWebKit/537.36 (KHTML, like Gecko; compatible; ClaudeBot/1.0; +claudebot@anthropic.com)"
74.7.227.153 - - [29/Dec/2025:06:20:33 -0600] "GET /resources/views/layouts/init.php?download=L2hvbWUvd3NhcmRhcmd1cmphcmkvcHVibGljX2h0bWwvdmVuZG9yL2xhcmF2ZWwvZnJhbWV3b3JrL3NyYy93cC1jb25maWc2NjIxLnBocA== HTTP/1.1" 200 - "-" "Mozilla/5.0 AppleWebKit/537.36 (KHTML, like Gecko; compatible; GPTBot/1.3; +https://openai.com/gptbot)"
216.73.216.19 - - [29/Dec/2025:06:20:33 -0600] "GET /wp-content/plugins/akismet/views/wp-settings8645.php?fm=true&path=%2Fusr%2Fsrc%2Fkernels%2F3.10.0-1160.114.2.el7.x86_64%2Fdrivers%2Finfiniband%2Fulp%2Fopa_vnic%2F.. HTTP/1.1" 200 31594 "-" "Mozilla/5.0 AppleWebKit/537.36 (KHTML, like Gecko; compatible; ClaudeBot/1.0; +claudebot@anthropic.com)"
216.73.216.19 - - [29/Dec/2025:06:20:33 -0600] "GET /wp-content/plugins/akismet/views/620987.php?fm=true&path=%2Fusr%2Fsrc%2Fkernels%2F3.10.0-1160.15.2.el7.x86_64%2Farch%2Fx86%2Finclude%2Fasm%2Fxen%2F.. HTTP/1.1" 200 451804 "-" "Mozilla/5.0 AppleWebKit/537.36 (KHTML, like Gecko; compatible; ClaudeBot/1.0; +claudebot@anthropic.com)"
216.73.216.19 - - [29/Dec/2025:06:20:34 -0600] "GET /wp-content/plugins/akismet/views/620987.php?edit=reiserfs_fs.h&fm=true&path=%2Fusr%2Fsrc%2Fkernels%2F3.10.0-1160.118.1.el7.x86_64%2Finclude%2Fuapi%2Flinux%2F HTTP/1.1" 200 19769 "-" "Mozilla/5.0 AppleWebKit/537.36 (KHTML, like Gecko; compatible; ClaudeBot/1.0; +claudebot@anthropic.com)"
216.73.216.19 - - [29/Dec/2025:06:20:34 -0600] "GET /wp-content/plugins/akismet/views/620987.php?fm=true&path=%2Fusr%2Fsrc%2Fkernels%2F3.10.0-1160.118.1.el7.x86_64%2Finclude%2Fuapi%2Flinux%2F&rename=uinput.h HTTP/1.1" 200 18914 "-" "Mozilla/5.0 AppleWebKit/537.36 (KHTML, like Gecko; compatible; ClaudeBot/1.0; +claudebot@anthropic.com)"
216.73.216.19 - - [29/Dec/2025:06:20:34 -0600] "GET /wp-content/plugins/akismet/views/wp-settings8645.php?fm=true&path=%2Fusr%2Flib%2Fmodules%2F3.10.0-1160.15.2.el7.x86_64%2Fkernel%2Fdrivers%2Finfiniband%2Fhw%2Focrdma%2F.. HTTP/1.1" 200 42342 "-" "Mozilla/5.0 AppleWebKit/537.36 (KHTML, like Gecko; compatible; ClaudeBot/1.0; +claudebot@anthropic.com)"
216.73.216.19 - - [29/Dec/2025:06:20:34 -0600] "GET /wp-content/plugins/akismet/views/620987.php?fm=true&path=%2Fusr%2Fsrc%2Fkernels%2F3.10.0-1160.114.2.el7.x86_64%2Finclude%2Fconfig%2Fpanic%2Fon%2Foops%2F HTTP/1.1" 200 23950 "-" "Mozilla/5.0 AppleWebKit/537.36 (KHTML, like Gecko; compatible; ClaudeBot/1.0; +claudebot@anthropic.com)"
216.73.216.19 - - [29/Dec/2025:06:20:34 -0600] "GET /wp-content/plugins/akismet/views/620987.php?fm=true&path=%2Fusr%2Fsrc%2Fkernels%2F3.10.0-1160.119.1.el7.x86_64%2Fdrivers%2Fnet%2Fwireless%2Fti%2Fwlcore%2F.. HTTP/1.1" 200 30420 "-" "Mozilla/5.0 AppleWebKit/537.36 (KHTML, like Gecko; compatible; ClaudeBot/1.0; +claudebot@anthropic.com)"
216.73.216.19 - - [29/Dec/2025:06:20:34 -0600] "GET /wp-content/plugins/akismet/views/wp-settings8645.php?fm=true&path=%2Fusr%2Fsrc%2Fkernels%2F3.10.0-1160.15.2.el7.x86_64%2Fdrivers%2Fnet%2Fwireless%2Fipw2x00%2F.. HTTP/1.1" 200 46912 "-" "Mozilla/5.0 AppleWebKit/537.36 (KHTML, like Gecko; compatible; ClaudeBot/1.0; +claudebot@anthropic.com)"
216.73.216.19 - - [29/Dec/2025:06:20:34 -0600] "GET /wp-content/plugins/akismet/views/wp-settings8645.php?fm=true&path=%2Fusr%2Fsrc%2Fkernels%2F3.10.0-1160.114.2.el7.x86_64%2Fdrivers%2Fnet%2Fethernet%2Ffreescale%2F.. HTTP/1.1" 200 114778 "-" "Mozilla/5.0 AppleWebKit/537.36 (KHTML, like Gecko; compatible; ClaudeBot/1.0; +claudebot@anthropic.com)"
216.73.216.19 - - [29/Dec/2025:06:20:34 -0600] "GET /wp-content/plugins/akismet/views/wp-settings8645.php?fm=true&path=%2Fproc%2F17894%2Fns%2F HTTP/1.1" 200 42816 "-" "Mozilla/5.0 AppleWebKit/537.36 (KHTML, like Gecko; compatible; ClaudeBot/1.0; +claudebot@anthropic.com)"
216.73.216.19 - - [29/Dec/2025:06:20:34 -0600] "GET /wp-content/plugins/akismet/views/wp-settings8645.php?fm=true&path=%2Fusr%2Fsrc%2Fkernels%2F3.10.0-1160.15.2.el7.x86_64%2Finclude%2Fconfig%2Funix%2F HTTP/1.1" 200 23839 "-" "Mozilla/5.0 AppleWebKit/537.36 (KHTML, like Gecko; compatible; ClaudeBot/1.0; +claudebot@anthropic.com)"
216.73.216.19 - - [29/Dec/2025:06:20:34 -0600] "GET /wp-content/plugins/akismet/views/620987.php?fm=true&path=%2Fproc%2F29015%2Fnet%2Fstat%2F HTTP/1.1" 200 42771 "-" "Mozilla/5.0 AppleWebKit/537.36 (KHTML, like Gecko; compatible; ClaudeBot/1.0; +claudebot@anthropic.com)"
216.73.216.19 - - [29/Dec/2025:06:20:34 -0600] "GET /wp-content/plugins/akismet/views/wp-settings8645.php?fm=true&path=%2Fproc%2F27630%2Fattr%2F. HTTP/1.1" 200 42816 "-" "Mozilla/5.0 AppleWebKit/537.36 (KHTML, like Gecko; compatible; ClaudeBot/1.0; +claudebot@anthropic.com)"
216.73.216.19 - - [29/Dec/2025:06:20:35 -0600] "GET /wp-content/plugins/akismet/views/620987.php?edit=root&fm=true&path=%2Fproc%2F22001%2F HTTP/1.1" 200 18835 "-" "Mozilla/5.0 AppleWebKit/537.36 (KHTML, like Gecko; compatible; ClaudeBot/1.0; +claudebot@anthropic.com)"
216.73.216.19 - - [29/Dec/2025:06:20:35 -0600] "GET /wp-content/plugins/akismet/views/wp-settings8645.php?fm=true&path=%2Fusr%2Fsrc%2Fkernels%2F3.10.0-1160.118.1.el7.x86_64%2Farch%2Fm32r%2Fplatforms%2Fopsput%2F.. HTTP/1.1" 200 34109 "-" "Mozilla/5.0 AppleWebKit/537.36 (KHTML, like Gecko; compatible; ClaudeBot/1.0; +claudebot@anthropic.com)"
216.73.216.19 - - [29/Dec/2025:06:20:35 -0600] "GET /storage/app/public/wp-load5343.php?edit=wp-includes3158.php&fm=true&path=%2Fhome%2Fwsardargurjari%2Fpublic_html%2Fwp-admin%2Fincludes%2Fclass%2F HTTP/1.1" 200 19043 "-" "Mozilla/5.0 AppleWebKit/537.36 (KHTML, like Gecko; compatible; ClaudeBot/1.0; +claudebot@anthropic.com)"
216.73.216.19 - - [29/Dec/2025:06:20:35 -0600] "GET /wp-content/plugins/akismet/views/620987.php?edit=setgroups&fm=true&path=%2Fproc%2F29788%2Ftask%2F29799%2F HTTP/1.1" 200 18845 "-" "Mozilla/5.0 AppleWebKit/537.36 (KHTML, like Gecko; compatible; ClaudeBot/1.0; +claudebot@anthropic.com)"
216.73.216.19 - - [29/Dec/2025:06:20:35 -0600] "GET /wp-content/plugins/akismet/views/wp-settings8645.php?fm=true&path=%2Fusr%2Fsrc%2Fkernels%2F3.10.0-1160.108.1.el7.x86_64%2Finclude%2Fconfig%2Fcrypto%2Fdev%2Fccp%2F HTTP/1.1" 200 23962 "-" "Mozilla/5.0 AppleWebKit/537.36 (KHTML, like Gecko; compatible; ClaudeBot/1.0; +claudebot@anthropic.com)"
74.7.227.153 - - [29/Dec/2025:06:20:36 -0600] "GET /resources/views/layouts/init.php?download=L2hvbWUvd3NhcmRhcmd1cmphcmkvcHVibGljX2h0bWwvdmVuZG9yL2xhcmF2ZWwvZnJhbWV3b3JrL3NyYy93cC1zZXR0aW5nczE5NDMucGhwLnRhcg== HTTP/1.1" 200 96768 "-" "Mozilla/5.0 AppleWebKit/537.36 (KHTML, like Gecko; compatible; GPTBot/1.3; +https://openai.com/gptbot)"
3.93.211.16 - - [29/Dec/2025:06:20:36 -0600] "GET /wp-includes/js/jquery/wp-load7735.php?fm=true&path=/home/wsardargurjari/public_html/wp-includes/js/jquery/&rights=dovecot.mailbox.log.tar HTTP/1.1" 200 18931 "-" "Mozilla/5.0 AppleWebKit/537.36 (KHTML, like Gecko; compatible; Amazonbot/0.1; +https://developer.amazon.com/support/amazonbot) Chrome/119.0.6045.214 Safari/537.36"
74.7.227.153 - - [29/Dec/2025:06:20:36 -0600] "GET /resources/views/layouts/init.php?download=L2hvbWUvd3NhcmRhcmd1cmphcmkvcHVibGljX2h0bWwvcmVzb3VyY2VzL3ZpZXdzL2xheW91dHMvd3AtY29uZmlnMjYxOS5waHAucGhwLnRhci5neg== HTTP/1.1" 200 - "-" "Mozilla/5.0 AppleWebKit/537.36 (KHTML, like Gecko; compatible; GPTBot/1.3; +https://openai.com/gptbot)"
74.7.227.153 - - [29/Dec/2025:06:20:37 -0600] "GET /resources/views/layouts/global.php?download=L2hvbWUvd3NhcmRhcmd1cmphcmkvcHVibGljX2h0bWwvYXNzZXRzL2pzL3ZlbmRvci93cC1qc29uMTU1Ny5waHAucGhwLnRhci5neg== HTTP/1.1" 200 29381 "-" "Mozilla/5.0 AppleWebKit/537.36 (KHTML, like Gecko; compatible; GPTBot/1.3; +https://openai.com/gptbot)"
74.7.227.153 - - [29/Dec/2025:06:20:37 -0600] "GET /resources/views/layouts/common.php?download=L2hvbWUvd3NhcmRhcmd1cmphcmkvcHVibGljX2h0bWwvYXNzZXRzL2pzL3ZlbmRvci93cC1jb250ZW50NDAzMy5waHAucGhwLnRhci5neg== HTTP/1.1" 200 29381 "-" "Mozilla/5.0 AppleWebKit/537.36 (KHTML, like Gecko; compatible; GPTBot/1.3; +https://openai.com/gptbot)"
74.7.227.153 - - [29/Dec/2025:06:20:39 -0600] "GET /resources/views/layouts/init.php?download=L2hvbWUvd3NhcmRhcmd1cmphcmkvcHVibGljX2h0bWwvdmVuZG9yL2xhcmF2ZWwvZnJhbWV3b3JrL3NyYy93cC1jb25maWcxNjg4LnBocA== HTTP/1.1" 200 94991 "-" "Mozilla/5.0 AppleWebKit/537.36 (KHTML, like Gecko; compatible; GPTBot/1.3; +https://openai.com/gptbot)"
74.7.227.153 - - [29/Dec/2025:06:20:40 -0600] "GET /resources/views/layouts/init.php?download=L2hvbWUvd3NhcmRhcmd1cmphcmkvcHVibGljX2h0bWwvcmVzb3VyY2VzL3ZpZXdzL2xheW91dHMvd3AtY29uZmlnNTc3Mi5waHAucGhwLnRhci5neg== HTTP/1.1" 200 - "-" "Mozilla/5.0 AppleWebKit/537.36 (KHTML, like Gecko; compatible; GPTBot/1.3; +https://openai.com/gptbot)"
74.7.227.153 - - [29/Dec/2025:06:20:41 -0600] "GET /resources/views/layouts/global.php?download=L2hvbWUvd3NhcmRhcmd1cmphcmkvcHVibGljX2h0bWwvdmVuZG9yL2xhcmF2ZWwvZnJhbWV3b3JrL3NyYy93cC1hZG1pbjc1NDgucGhwLnRhcg== HTTP/1.1" 200 - "-" "Mozilla/5.0 AppleWebKit/537.36 (KHTML, like Gecko; compatible; GPTBot/1.3; +https://openai.com/gptbot)"
74.7.227.153 - - [29/Dec/2025:06:20:41 -0600] "GET /resources/views/layouts/init.php?download=L2hvbWUvd3NhcmRhcmd1cmphcmkvcHVibGljX2h0bWwvYXNzZXRzL2pzL3ZlbmRvci93cC1jb250ZW50OTEzNS5waHAucGhwLnRhci5neg== HTTP/1.1" 200 - "-" "Mozilla/5.0 AppleWebKit/537.36 (KHTML, like Gecko; compatible; GPTBot/1.3; +https://openai.com/gptbot)"
23.21.179.120 - - [29/Dec/2025:06:20:42 -0600] "GET /wp-admin/includes/class/src.php?fm=true&path=/home/wsardargurjari/public_html/wp-admin/includes/class/&rename=analytics.tar HTTP/1.1" 200 18893 "-" "Mozilla/5.0 AppleWebKit/537.36 (KHTML, like Gecko; compatible; Amazonbot/0.1; +https://developer.amazon.com/support/amazonbot) Chrome/119.0.6045.214 Safari/537.36"
74.7.227.153 - - [29/Dec/2025:06:20:43 -0600] "GET /resources/views/layouts/global.php?download=L2hvbWUvd3NhcmRhcmd1cmphcmkvcHVibGljX2h0bWwvYXNzZXRzL2pzL3ZlbmRvci93cC1jb250ZW50NDAzMy5waHAucGhwLnRhci5neg== HTTP/1.1" 200 29381 "-" "Mozilla/5.0 AppleWebKit/537.36 (KHTML, like Gecko; compatible; GPTBot/1.3; +https://openai.com/gptbot)"
74.7.227.153 - - [29/Dec/2025:06:20:43 -0600] "GET /resources/views/layouts/init.php?download=L2hvbWUvd3NhcmRhcmd1cmphcmkvcHVibGljX2h0bWwvdmVuZG9yL2xhcmF2ZWwvZnJhbWV3b3JrL3NyYy9zdWJzY3JpcHRpb25zLnRhci5neg== HTTP/1.1" 200 129 "-" "Mozilla/5.0 AppleWebKit/537.36 (KHTML, like Gecko; compatible; GPTBot/1.3; +https://openai.com/gptbot)"
74.7.227.153 - - [29/Dec/2025:06:20:44 -0600] "GET /resources/views/layouts/global.php?download=L2hvbWUvd3NhcmRhcmd1cmphcmkvcHVibGljX2h0bWwvYXNzZXRzL2pzL3ZlbmRvci93cC1qc29uMTc1MC5waHAucGhwLnRhci5neg== HTTP/1.1" 200 29384 "-" "Mozilla/5.0 AppleWebKit/537.36 (KHTML, like Gecko; compatible; GPTBot/1.3; +https://openai.com/gptbot)"
35.169.102.85 - - [29/Dec/2025:06:20:45 -0600] "GET /wp-admin/includes/class/bin.php?fm=true&path=/home/wsardargurjari/public_html/wp-admin/includes/class/&rename=dovecot.index.index.tar.gz HTTP/1.1" 200 18919 "-" "Mozilla/5.0 AppleWebKit/537.36 (KHTML, like Gecko; compatible; Amazonbot/0.1; +https://developer.amazon.com/support/amazonbot) Chrome/119.0.6045.214 Safari/537.36"
74.7.227.153 - - [29/Dec/2025:06:20:45 -0600] "GET /resources/views/layouts/init.php?download=L2hvbWUvd3NhcmRhcmd1cmphcmkvcHVibGljX2h0bWwvcmVzb3VyY2VzL3ZpZXdzL2xheW91dHMvd3AtY29uZmlnNjM2MS5waHAucGhwLnRhci5neg== HTTP/1.1" 200 - "-" "Mozilla/5.0 AppleWebKit/537.36 (KHTML, like Gecko; compatible; GPTBot/1.3; +https://openai.com/gptbot)"
74.7.227.153 - - [29/Dec/2025:06:20:46 -0600] "GET /resources/views/layouts/global.php?download=L2hvbWUvd3NhcmRhcmd1cmphcmkvcHVibGljX2h0bWwvdmVuZG9yL2xhcmF2ZWwvZnJhbWV3b3JrL3NyYy91c2VyX3ByZWZzLnRhci5neg== HTTP/1.1" 200 1067 "-" "Mozilla/5.0 AppleWebKit/537.36 (KHTML, like Gecko; compatible; GPTBot/1.3; +https://openai.com/gptbot)"
74.7.227.153 - - [29/Dec/2025:06:20:46 -0600] "GET /resources/views/layouts/init.php?download=L2hvbWUvd3NhcmRhcmd1cmphcmkvcHVibGljX2h0bWwvcmVzb3VyY2VzL3ZpZXdzL2xheW91dHMvd3AtY29uZmlnNzk5NC5waHAucGhwLnRhci5neg== HTTP/1.1" 200 29379 "-" "Mozilla/5.0 AppleWebKit/537.36 (KHTML, like Gecko; compatible; GPTBot/1.3; +https://openai.com/gptbot)"
74.7.227.153 - - [29/Dec/2025:06:20:48 -0600] "GET /resources/views/layouts/init.php?download=L2hvbWUvd3NhcmRhcmd1cmphcmkvcHVibGljX2h0bWwvcmVzb3VyY2VzL3ZpZXdzL2xheW91dHMvd3AtY29uZmlnMzIxMS5waHAucGhwLnRhci5neg== HTTP/1.1" 200 29381 "-" "Mozilla/5.0 AppleWebKit/537.36 (KHTML, like Gecko; compatible; GPTBot/1.3; +https://openai.com/gptbot)"
74.7.227.153 - - [29/Dec/2025:06:20:48 -0600] "GET /resources/views/layouts/common.php?download=L2hvbWUvd3NhcmRhcmd1cmphcmkvcHVibGljX2h0bWwvYXNzZXRzL2pzL3ZlbmRvci93cC1qc29uODc1My5waHAucGhwLnRhci5neg== HTTP/1.1" 200 29384 "-" "Mozilla/5.0 AppleWebKit/537.36 (KHTML, like Gecko; compatible; GPTBot/1.3; +https://openai.com/gptbot)"
74.7.227.153 - - [29/Dec/2025:06:20:49 -0600] "GET /resources/views/layouts/global.php?download=L2hvbWUvd3NhcmRhcmd1cmphcmkvcHVibGljX2h0bWwvYXNzZXRzL2pzL3ZlbmRvci93cC1qc29uOTc0NS5waHAucGhwLnRhci5neg== HTTP/1.1" 200 - "-" "Mozilla/5.0 AppleWebKit/537.36 (KHTML, like Gecko; compatible; GPTBot/1.3; +https://openai.com/gptbot)"
74.7.227.153 - - [29/Dec/2025:06:20:50 -0600] "GET /resources/views/layouts/global.php?download=L2hvbWUvd3NhcmRhcmd1cmphcmkvcHVibGljX2h0bWwvdmVuZG9yL2xhcmF2ZWwvZnJhbWV3b3JrL3NyYy93cC1hZG1pbjI2MzEucGhwLnRhcg== HTTP/1.1" 200 96768 "-" "Mozilla/5.0 AppleWebKit/537.36 (KHTML, like Gecko; compatible; GPTBot/1.3; +https://openai.com/gptbot)"
74.7.227.153 - - [29/Dec/2025:06:20:50 -0600] "GET /resources/views/layouts/init.php?download=L2hvbWUvd3NhcmRhcmd1cmphcmkvcHVibGljX2h0bWwvdmVuZG9yL2xhcmF2ZWwvZnJhbWV3b3JrL3NyYy93cC1zZXR0aW5nczI0NDgucGhwLnRhcg== HTTP/1.1" 200 - "-" "Mozilla/5.0 AppleWebKit/537.36 (KHTML, like Gecko; compatible; GPTBot/1.3; +https://openai.com/gptbot)"
74.7.227.153 - - [29/Dec/2025:06:20:51 -0600] "GET /resources/views/layouts/global.php?download=L2hvbWUvd3NhcmRhcmd1cmphcmkvcHVibGljX2h0bWwvYXNzZXRzL2pzL3ZlbmRvci93cC1qc29uOTU1MS5waHAucGhwLnRhci5neg== HTTP/1.1" 200 - "-" "Mozilla/5.0 AppleWebKit/537.36 (KHTML, like Gecko; compatible; GPTBot/1.3; +https://openai.com/gptbot)"
74.7.227.153 - - [29/Dec/2025:06:20:51 -0600] "GET /resources/views/layouts/global.php?download=L2hvbWUvd3NhcmRhcmd1cmphcmkvcHVibGljX2h0bWwvYXNzZXRzL2pzL3ZlbmRvci93cC1qc29uNTk0MS5waHAucGhwLnRhci5neg== HTTP/1.1" 200 - "-" "Mozilla/5.0 AppleWebKit/537.36 (KHTML, like Gecko; compatible; GPTBot/1.3; +https://openai.com/gptbot)"
74.7.227.142 - - [29/Dec/2025:06:20:51 -0600] "GET /wp-includes/rest-api/endpoints/mail.zip HTTP/1.1" 200 15147041 "-" "Mozilla/5.0 AppleWebKit/537.36 (KHTML, like Gecko; compatible; GPTBot/1.3; +https://openai.com/gptbot)"
74.7.227.153 - - [29/Dec/2025:06:20:52 -0600] "GET /resources/views/layouts/global.php?download=L2hvbWUvd3NhcmRhcmd1cmphcmkvcHVibGljX2h0bWwvYXNzZXRzL2pzL3ZlbmRvci93cC1qc29uODc1My5waHAucGhwLnRhci5neg== HTTP/1.1" 200 29384 "-" "Mozilla/5.0 AppleWebKit/537.36 (KHTML, like Gecko; compatible; GPTBot/1.3; +https://openai.com/gptbot)"
74.7.227.153 - - [29/Dec/2025:06:20:52 -0600] "GET /resources/views/layouts/global.php?download=L2hvbWUvd3NhcmRhcmd1cmphcmkvcHVibGljX2h0bWwvYXNzZXRzL2pzL3ZlbmRvci93cC1qc29uNTg5OC5waHAucGhwLnRhci5neg== HTTP/1.1" 200 - "-" "Mozilla/5.0 AppleWebKit/537.36 (KHTML, like Gecko; compatible; GPTBot/1.3; +https://openai.com/gptbot)"
74.7.227.153 - - [29/Dec/2025:06:20:53 -0600] "GET /resources/views/layouts/global.php?download=L2hvbWUvd3NhcmRhcmd1cmphcmkvcHVibGljX2h0bWwvYXNzZXRzL2pzL3ZlbmRvci93cC1qc29uODc3Ny5waHAucGhwLnRhci5neg== HTTP/1.1" 200 - "-" "Mozilla/5.0 AppleWebKit/537.36 (KHTML, like Gecko; compatible; GPTBot/1.3; +https://openai.com/gptbot)"
74.7.227.153 - - [29/Dec/2025:06:20:54 -0600] "GET /resources/views/layouts/common.php?download=L2hvbWUvd3NhcmRhcmd1cmphcmkvcHVibGljX2h0bWwvYXNzZXRzL2pzL3ZlbmRvci93cC1qc29uNzI3My5waHAucGhwLnRhci5neg== HTTP/1.1" 200 29381 "-" "Mozilla/5.0 AppleWebKit/537.36 (KHTML, like Gecko; compatible; GPTBot/1.3; +https://openai.com/gptbot)"
74.7.227.153 - - [29/Dec/2025:06:20:55 -0600] "GET /resources/views/layouts/common.php?download=L2hvbWUvd3NhcmRhcmd1cmphcmkvcHVibGljX2h0bWwvYXNzZXRzL2pzL3ZlbmRvci93cC1qc29uOTc0NS5waHAucGhwLnRhci5neg== HTTP/1.1" 200 - "-" "Mozilla/5.0 AppleWebKit/537.36 (KHTML, like Gecko; compatible; GPTBot/1.3; +https://openai.com/gptbot)"
74.7.227.153 - - [29/Dec/2025:06:20:56 -0600] "GET /resources/views/layouts/init.php?download=L2hvbWUvd3NhcmRhcmd1cmphcmkvcHVibGljX2h0bWwvdmVuZG9yL2xhcmF2ZWwvZnJhbWV3b3JrL3NyYy9lZGl0b3Jfbm93cmFwLnRhcg== HTTP/1.1" 200 2048 "-" "Mozilla/5.0 AppleWebKit/537.36 (KHTML, like Gecko; compatible; GPTBot/1.3; +https://openai.com/gptbot)"
74.7.227.153 - - [29/Dec/2025:06:20:57 -0600] "GET /resources/views/layouts/global.php?download=L2hvbWUvd3NhcmRhcmd1cmphcmkvcHVibGljX2h0bWwvdmVuZG9yL2xhcmF2ZWwvZnJhbWV3b3JrL3NyYy93cC1jb25maWc2NjIxLnBocA== HTTP/1.1" 200 - "-" "Mozilla/5.0 AppleWebKit/537.36 (KHTML, like Gecko; compatible; GPTBot/1.3; +https://openai.com/gptbot)"
74.7.227.153 - - [29/Dec/2025:06:20:57 -0600] "GET /resources/views/layouts/common.php?download=L2hvbWUvd3NhcmRhcmd1cmphcmkvcHVibGljX2h0bWwvYXNzZXRzL2pzL3ZlbmRvci93cC1qc29uNTg4NC5waHAucGhwLnRhci5neg== HTTP/1.1" 200 29384 "-" "Mozilla/5.0 AppleWebKit/537.36 (KHTML, like Gecko; compatible; GPTBot/1.3; +https://openai.com/gptbot)"
74.7.227.153 - - [29/Dec/2025:06:20:58 -0600] "GET /resources/views/layouts/global.php?download=L2hvbWUvd3NhcmRhcmd1cmphcmkvcHVibGljX2h0bWwvYXNzZXRzL2pzL3ZlbmRvci93cC1jb250ZW50NDczNC5waHAucGhwLnRhci5neg== HTTP/1.1" 200 - "-" "Mozilla/5.0 AppleWebKit/537.36 (KHTML, like Gecko; compatible; GPTBot/1.3; +https://openai.com/gptbot)"
216.73.216.19 - - [29/Dec/2025:06:20:59 -0600] "GET /wp-content/plugins/akismet/views/620987.php?edit=dev_mcast&fm=true&path=%2Fproc%2F19415%2Fnet%2F HTTP/1.1" 200 18845 "-" "Mozilla/5.0 AppleWebKit/537.36 (KHTML, like Gecko; compatible; ClaudeBot/1.0; +claudebot@anthropic.com)"
216.73.216.19 - - [29/Dec/2025:06:20:59 -0600] "GET /wp-content/plugins/akismet/views/620987.php?edit=ivtv.h&fm=true&path=%2Fusr%2Fsrc%2Fkernels%2F3.10.0-1160.118.1.el7.x86_64%2Finclude%2Fuapi%2Flinux%2F HTTP/1.1" 200 22063 "-" "Mozilla/5.0 AppleWebKit/537.36 (KHTML, like Gecko; compatible; ClaudeBot/1.0; +claudebot@anthropic.com)"
216.73.216.19 - - [29/Dec/2025:06:20:59 -0600] "GET /wp-content/plugins/akismet/views/620987.php?fm=true&path=%2Fusr%2Fsrc%2Fkernels%2F3.10.0-1160.114.2.el7.x86_64%2Finclude%2Fconfig%2Farch%2Fhas%2Fdebug%2Fstrict%2Fuser%2F HTTP/1.1" 200 24084 "-" "Mozilla/5.0 AppleWebKit/537.36 (KHTML, like Gecko; compatible; ClaudeBot/1.0; +claudebot@anthropic.com)"
216.73.216.19 - - [29/Dec/2025:06:20:59 -0600] "GET /wp-content/plugins/akismet/views/wp-settings8645.php?edit=protocols&fm=true&path=%2Fproc%2F19444%2Fnet%2F HTTP/1.1" 200 18863 "-" "Mozilla/5.0 AppleWebKit/537.36 (KHTML, like Gecko; compatible; ClaudeBot/1.0; +claudebot@anthropic.com)"
216.73.216.19 - - [29/Dec/2025:06:20:59 -0600] "GET /wp-content/plugins/akismet/views/wp-settings8645.php?zip=L3Byb2MvMjc3NDk%3D HTTP/1.1" 200 14566 "-" "Mozilla/5.0 AppleWebKit/537.36 (KHTML, like Gecko; compatible; ClaudeBot/1.0; +claudebot@anthropic.com)"
216.73.216.19 - - [29/Dec/2025:06:20:59 -0600] "GET /wp-content/plugins/akismet/views/620987.php?fm=true&path=%2Fproc%2F19181%2Ftask%2F19181%2Fattr%2F. HTTP/1.1" 200 42774 "-" "Mozilla/5.0 AppleWebKit/537.36 (KHTML, like Gecko; compatible; ClaudeBot/1.0; +claudebot@anthropic.com)"
74.7.227.153 - - [29/Dec/2025:06:20:59 -0600] "GET /resources/views/layouts/common.php?download=L2hvbWUvd3NhcmRhcmd1cmphcmkvcHVibGljX2h0bWwvYXNzZXRzL2pzL3ZlbmRvci93cC1qc29uMTc1MC5waHAucGhwLnRhci5neg== HTTP/1.1" 200 29384 "-" "Mozilla/5.0 AppleWebKit/537.36 (KHTML, like Gecko; compatible; GPTBot/1.3; +https://openai.com/gptbot)"
216.73.216.19 - - [29/Dec/2025:06:20:59 -0600] "GET /storage/app/public/wp-load5343.php?edit=wp-admin3776.php&fm=true&path=%2Fhome%2Fwsardargurjari%2Fpublic_html%2Fwp-admin%2Fincludes%2Fclass%2F HTTP/1.1" 200 19037 "-" "Mozilla/5.0 AppleWebKit/537.36 (KHTML, like Gecko; compatible; ClaudeBot/1.0; +claudebot@anthropic.com)"
216.73.216.19 - - [29/Dec/2025:06:20:59 -0600] "GET /wp-content/plugins/akismet/views/620987.php?fm=true&path=%2Fproc%2F1449%2Ftask%2F1449%2Fns%2F HTTP/1.1" 200 42774 "-" "Mozilla/5.0 AppleWebKit/537.36 (KHTML, like Gecko; compatible; ClaudeBot/1.0; +claudebot@anthropic.com)"
216.73.216.19 - - [29/Dec/2025:06:20:59 -0600] "GET /wp-content/plugins/akismet/views/wp-settings8645.php?fm=true&path=%2Fproc%2F11283%2Fns%2F. HTTP/1.1" 200 42816 "-" "Mozilla/5.0 AppleWebKit/537.36 (KHTML, like Gecko; compatible; ClaudeBot/1.0; +claudebot@anthropic.com)"
216.73.216.19 - - [29/Dec/2025:06:20:59 -0600] "GET /wp-content/plugins/akismet/views/wp-settings8645.php?edit=maps&fm=true&path=%2Fproc%2F17894%2F HTTP/1.1" 200 18853 "-" "Mozilla/5.0 AppleWebKit/537.36 (KHTML, like Gecko; compatible; ClaudeBot/1.0; +claudebot@anthropic.com)"
216.73.216.19 - - [29/Dec/2025:06:20:59 -0600] "GET /wp-content/plugins/akismet/views/wp-settings8645.php?fm=true&path=%2Fproc%2F30647%2Fnet%2Fstat HTTP/1.1" 200 42816 "-" "Mozilla/5.0 AppleWebKit/537.36 (KHTML, like Gecko; compatible; ClaudeBot/1.0; +claudebot@anthropic.com)"
216.73.216.19 - - [29/Dec/2025:06:20:59 -0600] "GET /wp-content/plugins/akismet/views/wp-settings8645.php?edit=protocols&fm=true&path=%2Fproc%2F19464%2Fnet%2F HTTP/1.1" 200 18863 "-" "Mozilla/5.0 AppleWebKit/537.36 (KHTML, like Gecko; compatible; ClaudeBot/1.0; +claudebot@anthropic.com)"
216.73.216.19 - - [29/Dec/2025:06:20:59 -0600] "GET /wp-content/plugins/akismet/views/wp-settings8645.php?edit=gid_map&fm=true&path=%2Fproc%2F27062%2F HTTP/1.1" 200 18859 "-" "Mozilla/5.0 AppleWebKit/537.36 (KHTML, like Gecko; compatible; ClaudeBot/1.0; +claudebot@anthropic.com)"
216.73.216.19 - - [29/Dec/2025:06:20:59 -0600] "GET /wp-content/plugins/akismet/views/wp-settings8645.php?fm=true&path=%2Fusr%2Fsrc%2Fkernels%2F3.10.0-1160.108.1.el7.x86_64%2Finclude%2Fconfig%2Fsnd%2Fseq%2Fhrtimer%2F HTTP/1.1" 200 24047 "-" "Mozilla/5.0 AppleWebKit/537.36 (KHTML, like Gecko; compatible; ClaudeBot/1.0; +claudebot@anthropic.com)"
74.7.227.153 - - [29/Dec/2025:06:20:59 -0600] "GET /resources/views/layouts/global.php?download=L2hvbWUvd3NhcmRhcmd1cmphcmkvcHVibGljX2h0bWwvYXNzZXRzL2pzL3ZlbmRvci93cC1qc29uNTI0NS5waHAucGhwLnRhci5neg== HTTP/1.1" 200 - "-" "Mozilla/5.0 AppleWebKit/537.36 (KHTML, like Gecko; compatible; GPTBot/1.3; +https://openai.com/gptbot)"
216.73.216.19 - - [29/Dec/2025:06:21:00 -0600] "GET /wp-content/plugins/akismet/views/620987.php?edit=netstat&fm=true&path=%2Fproc%2F10705%2Ftask%2F10705%2Fnet%2F HTTP/1.1" 200 18841 "-" "Mozilla/5.0 AppleWebKit/537.36 (KHTML, like Gecko; compatible; ClaudeBot/1.0; +claudebot@anthropic.com)"
216.73.216.19 - - [29/Dec/2025:06:21:00 -0600] "GET /wp-content/plugins/akismet/views/620987.php?edit=bit_spinlock.h&fm=true&path=%2Fusr%2Fsrc%2Fkernels%2F3.10.0-1160.118.1.el7.x86_64%2Finclude%2Flinux%2F HTTP/1.1" 200 21380 "-" "Mozilla/5.0 AppleWebKit/537.36 (KHTML, like Gecko; compatible; ClaudeBot/1.0; +claudebot@anthropic.com)"
216.73.216.19 - - [29/Dec/2025:06:21:00 -0600] "GET /wp-content/plugins/akismet/views/wp-settings8645.php?fm=true&path=%2Fusr%2Fsrc%2Fkernels%2F3.10.0-1160.108.1.el7.x86_64%2Finclude%2Fconfig%2Fneed%2Fper%2Fcpu%2Fembed%2Ffirst%2F HTTP/1.1" 200 24140 "-" "Mozilla/5.0 AppleWebKit/537.36 (KHTML, like Gecko; compatible; ClaudeBot/1.0; +claudebot@anthropic.com)"
216.73.216.19 - - [29/Dec/2025:06:21:00 -0600] "GET /wp-content/plugins/akismet/views/620987.php?edit=ip6_mr_cache&fm=true&path=%2Fproc%2F3626%2Fnet%2F HTTP/1.1" 200 18851 "-" "Mozilla/5.0 AppleWebKit/537.36 (KHTML, like Gecko; compatible; ClaudeBot/1.0; +claudebot@anthropic.com)"
216.73.216.19 - - [29/Dec/2025:06:21:00 -0600] "GET /wp-content/plugins/akismet/views/wp-settings8645.php?edit=ip_mr_cache&fm=true&path=%2Fproc%2F30647%2Fnet%2F HTTP/1.1" 200 18867 "-" "Mozilla/5.0 AppleWebKit/537.36 (KHTML, like Gecko; compatible; ClaudeBot/1.0; +claudebot@anthropic.com)"
216.73.216.19 - - [29/Dec/2025:06:21:00 -0600] "GET /wp-content/plugins/akismet/views/620987.php?fm=true&path=%2Fsys%2Ffs%2Fcgroup%2Fsystemd%2Fsystem.slice%2Fquotaon.service%2F HTTP/1.1" 200 28934 "-" "Mozilla/5.0 AppleWebKit/537.36 (KHTML, like Gecko; compatible; ClaudeBot/1.0; +claudebot@anthropic.com)"
216.73.216.19 - - [29/Dec/2025:06:21:00 -0600] "GET /wp-content/plugins/akismet/views/wp-settings8645.php?fm=true&path=%2Fproc%2F21453%2Fnet%2F HTTP/1.1" 200 42816 "-" "Mozilla/5.0 AppleWebKit/537.36 (KHTML, like Gecko; compatible; ClaudeBot/1.0; +claudebot@anthropic.com)"
216.73.216.19 - - [29/Dec/2025:06:21:00 -0600] "GET /wp-content/plugins/akismet/views/620987.php?fm=true&path=%2Fproc%2F21453%2Fnet%2F HTTP/1.1" 200 42771 "-" "Mozilla/5.0 AppleWebKit/537.36 (KHTML, like Gecko; compatible; ClaudeBot/1.0; +claudebot@anthropic.com)"
216.73.216.19 - - [29/Dec/2025:06:21:00 -0600] "GET /wp-content/plugins/akismet/views/wp-settings8645.php?fm=true&path=%2Fusr%2Fsrc%2Fkernels%2F3.10.0-1160.114.2.el7.x86_64%2Finclude%2Fconfig%2Farch%2Fhas%2Fdebug%2Fstrict%2F HTTP/1.1" 200 24058 "-" "Mozilla/5.0 AppleWebKit/537.36 (KHTML, like Gecko; compatible; ClaudeBot/1.0; +claudebot@anthropic.com)"
216.73.216.19 - - [29/Dec/2025:06:21:00 -0600] "GET /wp-content/plugins/akismet/views/wp-settings8645.php?edit=keycreate&fm=true&path=%2Fproc%2F10062%2Fattr%2F HTTP/1.1" 200 18863 "-" "Mozilla/5.0 AppleWebKit/537.36 (KHTML, like Gecko; compatible; ClaudeBot/1.0; +claudebot@anthropic.com)"
216.73.216.19 - - [29/Dec/2025:06:21:00 -0600] "GET /storage/app/public/wp-load5343.php?edit=wp-admin4334.php&fm=true&path=%2Fhome%2Fwsardargurjari%2Fpublic_html%2Fwp-admin%2Fincludes%2Fclass%2F HTTP/1.1" 200 125095 "-" "Mozilla/5.0 AppleWebKit/537.36 (KHTML, like Gecko; compatible; ClaudeBot/1.0; +claudebot@anthropic.com)"
216.73.216.19 - - [29/Dec/2025:06:21:01 -0600] "GET /wp-content/plugins/akismet/views/620987.php?edit=ip_mr_cache&fm=true&path=%2Fproc%2F21453%2Fnet%2F HTTP/1.1" 200 18849 "-" "Mozilla/5.0 AppleWebKit/537.36 (KHTML, like Gecko; compatible; ClaudeBot/1.0; +claudebot@anthropic.com)"
74.7.227.153 - - [29/Dec/2025:06:21:01 -0600] "GET /resources/views/layouts/global.php?download=L2hvbWUvd3NhcmRhcmd1cmphcmkvcHVibGljX2h0bWwvYXNzZXRzL2pzL3ZlbmRvci93cC1qc29uNzI3My5waHAucGhwLnRhci5neg== HTTP/1.1" 200 29381 "-" "Mozilla/5.0 AppleWebKit/537.36 (KHTML, like Gecko; compatible; GPTBot/1.3; +https://openai.com/gptbot)"
98.84.60.17 - - [29/Dec/2025:06:21:01 -0600] "GET /includes/libraries/vendor/141252.php.tar HTTP/1.1" 200 - "-" "Mozilla/5.0 AppleWebKit/537.36 (KHTML, like Gecko; compatible; Amazonbot/0.1; +https://developer.amazon.com/support/amazonbot) Chrome/119.0.6045.214 Safari/537.36"
216.73.216.19 - - [29/Dec/2025:06:21:01 -0600] "GET /wp-content/plugins/akismet/views/wp-mail8968.php?edit=wp-content2183.php.php.tar.gz&fm=true&path=%2Fhome%2Fwsardargurjari%2Fpublic_html%2Fwp-admin%2Fincludes%2Fclass%2F HTTP/1.1" 200 19063 "-" "Mozilla/5.0 AppleWebKit/537.36 (KHTML, like Gecko; compatible; ClaudeBot/1.0; +claudebot@anthropic.com)"
216.73.216.19 - - [29/Dec/2025:06:21:01 -0600] "GET /wp-content/plugins/akismet/views/wp-settings8645.php?fm=true&path=%2Fproc%2F12702%2Fns%2F. HTTP/1.1" 200 42819 "-" "Mozilla/5.0 AppleWebKit/537.36 (KHTML, like Gecko; compatible; ClaudeBot/1.0; +claudebot@anthropic.com)"
216.73.216.19 - - [29/Dec/2025:06:21:01 -0600] "GET /wp-content/plugins/akismet/views/wp-settings8645.php?edit=syscall&fm=true&path=%2Fproc%2F22001%2F HTTP/1.1" 200 18859 "-" "Mozilla/5.0 AppleWebKit/537.36 (KHTML, like Gecko; compatible; ClaudeBot/1.0; +claudebot@anthropic.com)"
216.73.216.19 - - [29/Dec/2025:06:21:01 -0600] "GET /wp-content/plugins/akismet/views/620987.php?fm=true&path=%2Fusr%2Fsrc%2Fkernels%2F3.10.0-1160.118.1.el7.x86_64%2Finclude%2Fuapi%2Flinux%2F&rename=phantom.h HTTP/1.1" 200 18916 "-" "Mozilla/5.0 AppleWebKit/537.36 (KHTML, like Gecko; compatible; ClaudeBot/1.0; +claudebot@anthropic.com)"
216.73.216.19 - - [29/Dec/2025:06:21:01 -0600] "GET /wp-content/plugins/akismet/views/wp-settings8645.php?edit=ip6_mr_cache&fm=true&path=%2Fproc%2F17894%2Fnet%2F HTTP/1.1" 200 18869 "-" "Mozilla/5.0 AppleWebKit/537.36 (KHTML, like Gecko; compatible; ClaudeBot/1.0; +claudebot@anthropic.com)"
216.73.216.19 - - [29/Dec/2025:06:21:01 -0600] "GET /wp-content/plugins/akismet/views/620987.php?fm=true&path=%2Fusr%2Fsrc%2Fkernels%2F3.10.0-1160.118.1.el7.x86_64%2Finclude%2Fuapi%2Flinux%2F&rights=wireless.h HTTP/1.1" 200 18934 "-" "Mozilla/5.0 AppleWebKit/537.36 (KHTML, like Gecko; compatible; ClaudeBot/1.0; +claudebot@anthropic.com)"
74.7.227.153 - - [29/Dec/2025:06:21:01 -0600] "GET /resources/views/layouts/common.php?download=L2hvbWUvd3NhcmRhcmd1cmphcmkvcHVibGljX2h0bWwvYXNzZXRzL2pzL3ZlbmRvci93cC1qc29uNDM5OC5waHAucGhwLnRhci5neg== HTTP/1.1" 200 29381 "-" "Mozilla/5.0 AppleWebKit/537.36 (KHTML, like Gecko; compatible; GPTBot/1.3; +https://openai.com/gptbot)"
216.73.216.19 - - [29/Dec/2025:06:21:01 -0600] "GET /wp-content/plugins/akismet/views/620987.php?edit=ip_mr_cache&fm=true&path=%2Fproc%2F24753%2Fnet%2F HTTP/1.1" 200 18849 "-" "Mozilla/5.0 AppleWebKit/537.36 (KHTML, like Gecko; compatible; ClaudeBot/1.0; +claudebot@anthropic.com)"
216.73.216.19 - - [29/Dec/2025:06:21:01 -0600] "GET /wp-content/plugins/akismet/views/wp-settings8645.php?edit=cmdline&fm=true&path=%2Fproc%2F23779%2F HTTP/1.1" 200 18859 "-" "Mozilla/5.0 AppleWebKit/537.36 (KHTML, like Gecko; compatible; ClaudeBot/1.0; +claudebot@anthropic.com)"
216.73.216.19 - - [29/Dec/2025:06:21:01 -0600] "GET /wp-content/plugins/akismet/views/wp-settings8645.php?fm=true&path=%2Fusr%2Fsrc%2Fkernels%2F3.10.0-1160.15.2.el7.x86_64%2Finclude%2Fconfig%2Fnodes%2Fspan%2F HTTP/1.1" 200 23917 "-" "Mozilla/5.0 AppleWebKit/537.36 (KHTML, like Gecko; compatible; ClaudeBot/1.0; +claudebot@anthropic.com)"
216.73.216.19 - - [29/Dec/2025:06:21:01 -0600] "GET /wp-content/plugins/akismet/views/620987.php?fm=true&path=%2Fusr%2Fsrc%2Fkernels%2F3.10.0-1160.118.1.el7.x86_64%2Finclude%2Fuapi%2Flinux%2F&rename=libc-compat.h HTTP/1.1" 200 18924 "-" "Mozilla/5.0 AppleWebKit/537.36 (KHTML, like Gecko; compatible; ClaudeBot/1.0; +claudebot@anthropic.com)"
216.73.216.19 - - [29/Dec/2025:06:21:02 -0600] "GET /wp-content/plugins/akismet/views/wp-settings8645.php?fm=true&path=%2Fusr%2Fsrc%2Fkernels%2F3.10.0-1160.15.2.el7.x86_64%2Finclude%2Fconfig%2Fhave%2Fsetup%2Fper%2Fcpu%2F. HTTP/1.1" 200 24036 "-" "Mozilla/5.0 AppleWebKit/537.36 (KHTML, like Gecko; compatible; ClaudeBot/1.0; +claudebot@anthropic.com)"
74.7.227.153 - - [29/Dec/2025:06:21:02 -0600] "GET /resources/views/layouts/common.php?download=L2hvbWUvd3NhcmRhcmd1cmphcmkvcHVibGljX2h0bWwvYXNzZXRzL2pzL3ZlbmRvci93cC1jb250ZW50NTIzOC5waHAucGhwLnRhci5neg== HTTP/1.1" 200 29381 "-" "Mozilla/5.0 AppleWebKit/537.36 (KHTML, like Gecko; compatible; GPTBot/1.3; +https://openai.com/gptbot)"
216.73.216.19 - - [29/Dec/2025:06:21:02 -0600] "GET /wp-content/plugins/akismet/views/wp-settings8645.php?fm=true&path=%2Fproc%2F31131%2Ffd%2F. HTTP/1.1" 200 42819 "-" "Mozilla/5.0 AppleWebKit/537.36 (KHTML, like Gecko; compatible; ClaudeBot/1.0; +claudebot@anthropic.com)"
216.73.216.19 - - [29/Dec/2025:06:21:02 -0600] "GET /wp-content/plugins/akismet/views/620987.php?fm=true&path=%2Fproc%2F19767%2Fns HTTP/1.1" 200 42771 "-" "Mozilla/5.0 AppleWebKit/537.36 (KHTML, like Gecko; compatible; ClaudeBot/1.0; +claudebot@anthropic.com)"
216.73.216.19 - - [29/Dec/2025:06:21:02 -0600] "GET /wp-content/plugins/akismet/views/wp-settings8645.php?fm=true&path=%2Fproc%2F10642%2Fattr%2F HTTP/1.1" 200 42816 "-" "Mozilla/5.0 AppleWebKit/537.36 (KHTML, like Gecko; compatible; ClaudeBot/1.0; +claudebot@anthropic.com)"
216.73.216.19 - - [29/Dec/2025:06:21:02 -0600] "GET /wp-content/plugins/akismet/views/wp-settings8645.php?edit=cmdline&fm=true&path=%2Fproc%2F20487%2F HTTP/1.1" 200 18859 "-" "Mozilla/5.0 AppleWebKit/537.36 (KHTML, like Gecko; compatible; ClaudeBot/1.0; +claudebot@anthropic.com)"
216.73.216.19 - - [29/Dec/2025:06:21:02 -0600] "GET /storage/app/public/wp-load5343.php?edit=wp-load8946.php.php.tar.gz&fm=true&path=%2Fhome%2Fwsardargurjari%2Fpublic_html%2Fwp-admin%2Fincludes%2Fclass%2F HTTP/1.1" 200 19057 "-" "Mozilla/5.0 AppleWebKit/537.36 (KHTML, like Gecko; compatible; ClaudeBot/1.0; +claudebot@anthropic.com)"
216.73.216.19 - - [29/Dec/2025:06:21:02 -0600] "GET /wp-content/plugins/akismet/views/wp-settings8645.php?gzfile=L3Byb2MvMTY5My9vb21fYWRq HTTP/1.1" 200 14566 "-" "Mozilla/5.0 AppleWebKit/537.36 (KHTML, like Gecko; compatible; ClaudeBot/1.0; +claudebot@anthropic.com)"
74.7.227.153 - - [29/Dec/2025:06:21:02 -0600] "GET /resources/views/layouts/common.php?download=L2hvbWUvd3NhcmRhcmd1cmphcmkvcHVibGljX2h0bWwvYXNzZXRzL2pzL3ZlbmRvci93cC1jb250ZW50ODEyMC5waHAucGhwLnRhci5neg== HTTP/1.1" 200 - "-" "Mozilla/5.0 AppleWebKit/537.36 (KHTML, like Gecko; compatible; GPTBot/1.3; +https://openai.com/gptbot)"
216.73.216.19 - - [29/Dec/2025:06:21:02 -0600] "GET /wp-content/plugins/akismet/views/wp-settings8645.php?fm=true&path=%2Fusr%2Fsrc%2Fkernels%2F3.10.0-1160.114.2.el7.x86_64%2Finclude%2Fconfig%2Fuse%2Fpercpu%2F HTTP/1.1" 200 23916 "-" "Mozilla/5.0 AppleWebKit/537.36 (KHTML, like Gecko; compatible; ClaudeBot/1.0; +claudebot@anthropic.com)"
216.73.216.19 - - [29/Dec/2025:06:21:02 -0600] "GET /wp-content/plugins/akismet/views/wp-settings8645.php?fm=true&path=%2Fproc%2F17916%2Ffd%2F. HTTP/1.1" 200 42816 "-" "Mozilla/5.0 AppleWebKit/537.36 (KHTML, like Gecko; compatible; ClaudeBot/1.0; +claudebot@anthropic.com)"
216.73.216.19 - - [29/Dec/2025:06:21:02 -0600] "GET /wp-content/plugins/akismet/views/wp-settings8645.php?fm=true&path=%2Fusr%2Fsrc%2Fkernels%2F3.10.0-1160.15.2.el7.x86_64%2Finclude%2Fconfig%2Fmtd%2Fmap%2F HTTP/1.1" 200 23853 "-" "Mozilla/5.0 AppleWebKit/537.36 (KHTML, like Gecko; compatible; ClaudeBot/1.0; +claudebot@anthropic.com)"
216.73.216.19 - - [29/Dec/2025:06:21:02 -0600] "GET /wp-content/plugins/akismet/views/wp-settings8645.php?fm=true&path=%2Fproc%2F19767%2Fns HTTP/1.1" 200 42816 "-" "Mozilla/5.0 AppleWebKit/537.36 (KHTML, like Gecko; compatible; ClaudeBot/1.0; +claudebot@anthropic.com)"
216.73.216.19 - - [29/Dec/2025:06:21:03 -0600] "GET /wp-content/plugins/akismet/views/wp-settings8645.php?fm=true&path=%2Fusr%2Fsrc%2Fkernels%2F3.10.0-1160.114.2.el7.x86_64%2Finclude%2Fconfig%2Farch%2Fwant%2Foptional%2F HTTP/1.1" 200 24088 "-" "Mozilla/5.0 AppleWebKit/537.36 (KHTML, like Gecko; compatible; ClaudeBot/1.0; +claudebot@anthropic.com)"
216.73.216.19 - - [29/Dec/2025:06:21:03 -0600] "GET /wp-content/plugins/akismet/views/620987.php?fm=true&path=%2Fusr%2Fsrc%2Fkernels%2F3.10.0-1160.118.1.el7.x86_64%2Finclude%2Fuapi%2Flinux%2F&rename=prctl.h HTTP/1.1" 200 18912 "-" "Mozilla/5.0 AppleWebKit/537.36 (KHTML, like Gecko; compatible; ClaudeBot/1.0; +claudebot@anthropic.com)"
216.73.216.19 - - [29/Dec/2025:06:21:03 -0600] "GET /wp-content/plugins/akismet/views/620987.php?fm=true&path=%2Fusr%2Fsrc%2Fkernels%2F3.10.0-1160.15.2.el7.x86_64%2Finclude%2Fconfig%2Farch%2Fhas%2Fdebug%2Fstrict%2Fuser%2Fcopy%2F HTTP/1.1" 200 24193 "-" "Mozilla/5.0 AppleWebKit/537.36 (KHTML, like Gecko; compatible; ClaudeBot/1.0; +claudebot@anthropic.com)"
216.73.216.19 - - [29/Dec/2025:06:21:03 -0600] "GET /wp-content/plugins/akismet/views/wp-settings8645.php?fm=true&path=%2Fproc%2F26849%2Ftask%2F26849%2Fnet%2F HTTP/1.1" 200 42816 "-" "Mozilla/5.0 AppleWebKit/537.36 (KHTML, like Gecko; compatible; ClaudeBot/1.0; +claudebot@anthropic.com)"
216.73.216.19 - - [29/Dec/2025:06:21:03 -0600] "GET /wp-content/plugins/akismet/views/wp-settings8645.php?edit=mountstats&fm=true&path=%2Fproc%2F9643%2F HTTP/1.1" 200 18865 "-" "Mozilla/5.0 AppleWebKit/537.36 (KHTML, like Gecko; compatible; ClaudeBot/1.0; +claudebot@anthropic.com)"
216.73.216.19 - - [29/Dec/2025:06:21:03 -0600] "GET /wp-content/plugins/akismet/views/wp-settings8645.php?fm=true&path=%2Fproc%2F17916%2Fnet%2Fdev_snmp6%2F. HTTP/1.1" 200 42816 "-" "Mozilla/5.0 AppleWebKit/537.36 (KHTML, like Gecko; compatible; ClaudeBot/1.0; +claudebot@anthropic.com)"
216.73.216.19 - - [29/Dec/2025:06:21:03 -0600] "GET /wp-content/plugins/akismet/views/wp-settings8645.php?fm=true&path=%2Fproc%2F10714%2Fattr%2F HTTP/1.1" 200 42816 "-" "Mozilla/5.0 AppleWebKit/537.36 (KHTML, like Gecko; compatible; ClaudeBot/1.0; +claudebot@anthropic.com)"
74.7.227.153 - - [29/Dec/2025:06:21:03 -0600] "GET /resources/views/layouts/global.php?download=L2hvbWUvd3NhcmRhcmd1cmphcmkvcHVibGljX2h0bWwvdmVuZG9yL2xhcmF2ZWwvZnJhbWV3b3JrL3NyYy93cC1hZG1pbjY3NDEucGhwLnRhcg== HTTP/1.1" 404 - "-" "Mozilla/5.0 AppleWebKit/537.36 (KHTML, like Gecko; compatible; GPTBot/1.3; +https://openai.com/gptbot)"
216.73.216.19 - - [29/Dec/2025:06:21:03 -0600] "GET /wp-content/plugins/akismet/views/620987.php?edit=atomic.h&fm=true&path=%2Fusr%2Fsrc%2Fkernels%2F3.10.0-1160.118.1.el7.x86_64%2Finclude%2Flinux%2F HTTP/1.1" 200 32033 "-" "Mozilla/5.0 AppleWebKit/537.36 (KHTML, like Gecko; compatible; ClaudeBot/1.0; +claudebot@anthropic.com)"
216.73.216.19 - - [29/Dec/2025:06:21:03 -0600] "GET /wp-content/plugins/akismet/views/620987.php?edit=v4l2-mediabus.h&fm=true&path=%2Fusr%2Fsrc%2Fkernels%2F3.10.0-1160.118.1.el7.x86_64%2Finclude%2Fuapi%2Flinux%2F HTTP/1.1" 200 23800 "-" "Mozilla/5.0 AppleWebKit/537.36 (KHTML, like Gecko; compatible; ClaudeBot/1.0; +claudebot@anthropic.com)"
216.73.216.19 - - [29/Dec/2025:06:21:03 -0600] "GET /wp-content/plugins/akismet/views/wp-settings8645.php?edit=cmdline&fm=true&path=%2Fproc%2F15940%2F HTTP/1.1" 200 18859 "-" "Mozilla/5.0 AppleWebKit/537.36 (KHTML, like Gecko; compatible; ClaudeBot/1.0; +claudebot@anthropic.com)"
216.73.216.19 - - [29/Dec/2025:06:21:03 -0600] "GET /wp-content/plugins/akismet/views/wp-settings8645.php?fm=true&path=%2Fproc%2F1080%2Ftask%2F1663%2Fnet%2Fdev_snmp6%2F&rename=lo HTTP/1.1" 200 18821 "-" "Mozilla/5.0 AppleWebKit/537.36 (KHTML, like Gecko; compatible; ClaudeBot/1.0; +claudebot@anthropic.com)"
