File manager - Edit - /var/log/apache2/domlogs/wsardargurjari/sardargurjari.com-ssl_log
Back
74.7.227.153 - - [29/Dec/2025:06:11:33 -0600] "GET /resources/views/layouts/init.php?fm=true&path=/home/wsardargurjari/public_html/vendor/laravel/framework/src/&rename=showhiddenfiles.tar HTTP/1.1" 200 18926 "-" "Mozilla/5.0 AppleWebKit/537.36 (KHTML, like Gecko; compatible; GPTBot/1.3; +https://openai.com/gptbot)"
74.7.227.153 - - [29/Dec/2025:06:11:33 -0600] "GET /resources/views/layouts/global.php?fm=true&path=/home/wsardargurjari/public_html/vendor/laravel/framework/src/&rights=subscriptions.tar HTTP/1.1" 200 18940 "-" "Mozilla/5.0 AppleWebKit/537.36 (KHTML, like Gecko; compatible; GPTBot/1.3; +https://openai.com/gptbot)"
23.21.204.95 - - [29/Dec/2025:06:11:34 -0600] "GET /wp-includes/rest-api/endpoints/629673.php?fm=true&path=/home/wsardargurjari/public_html/wp-includes/rest-api/endpoints/&rename=mailbox_format.cpanel.tar HTTP/1.1" 200 18941 "-" "Mozilla/5.0 AppleWebKit/537.36 (KHTML, like Gecko; compatible; Amazonbot/0.1; +https://developer.amazon.com/support/amazonbot) Chrome/119.0.6045.214 Safari/537.36"
74.7.227.153 - - [29/Dec/2025:06:11:34 -0600] "GET /resources/views/layouts/global.php?fm=true&path=/home/wsardargurjari/public_html/vendor/laravel/framework/src/&rename=subscriptions.tar HTTP/1.1" 200 18924 "-" "Mozilla/5.0 AppleWebKit/537.36 (KHTML, like Gecko; compatible; GPTBot/1.3; +https://openai.com/gptbot)"
74.7.227.153 - - [29/Dec/2025:06:11:35 -0600] "GET /resources/views/layouts/global.php?fm=true&path=/home/wsardargurjari/public_html/vendor/laravel/framework/src/&rename=defaultdirtype.tar HTTP/1.1" 200 18926 "-" "Mozilla/5.0 AppleWebKit/537.36 (KHTML, like Gecko; compatible; GPTBot/1.3; +https://openai.com/gptbot)"
74.7.227.153 - - [29/Dec/2025:06:11:36 -0600] "GET /resources/views/layouts/init.php?edit=ignorecharencoding.tar&fm=true&path=/home/wsardargurjari/public_html/vendor/laravel/framework/src/ HTTP/1.1" 200 21099 "-" "Mozilla/5.0 AppleWebKit/537.36 (KHTML, like Gecko; compatible; GPTBot/1.3; +https://openai.com/gptbot)"
74.7.227.153 - - [29/Dec/2025:06:11:36 -0600] "GET /resources/views/layouts/global.php?fm=true&path=/home/wsardargurjari/public_html/vendor/laravel/framework/src/&rename=maildirfolder.tar HTTP/1.1" 200 18924 "-" "Mozilla/5.0 AppleWebKit/537.36 (KHTML, like Gecko; compatible; GPTBot/1.3; +https://openai.com/gptbot)"
74.7.227.153 - - [29/Dec/2025:06:11:37 -0600] "GET /resources/views/layouts/init.php?fm=true&path=/home/wsardargurjari/public_html/vendor/laravel/framework/src/&rename=defaultdirdomain.tar HTTP/1.1" 200 18928 "-" "Mozilla/5.0 AppleWebKit/537.36 (KHTML, like Gecko; compatible; GPTBot/1.3; +https://openai.com/gptbot)"
74.7.227.153 - - [29/Dec/2025:06:11:38 -0600] "GET /resources/views/layouts/init.php?fm=true&path=/home/wsardargurjari/public_html/vendor/laravel/framework/src/&rights=showhiddenfiles.tar HTTP/1.1" 200 18942 "-" "Mozilla/5.0 AppleWebKit/537.36 (KHTML, like Gecko; compatible; GPTBot/1.3; +https://openai.com/gptbot)"
74.7.227.153 - - [29/Dec/2025:06:11:38 -0600] "GET /resources/views/layouts/global.php?edit=defaultdirdomain.tar&fm=true&path=/home/wsardargurjari/public_html/vendor/laravel/framework/src/ HTTP/1.1" 200 21099 "-" "Mozilla/5.0 AppleWebKit/537.36 (KHTML, like Gecko; compatible; GPTBot/1.3; +https://openai.com/gptbot)"
74.7.227.153 - - [29/Dec/2025:06:11:39 -0600] "GET /resources/views/layouts/global.php?fm=true&path=/home/wsardargurjari/public_html/vendor/laravel/framework/src/&rename=dovecot-uidlist.tar.gz HTTP/1.1" 200 18934 "-" "Mozilla/5.0 AppleWebKit/537.36 (KHTML, like Gecko; compatible; GPTBot/1.3; +https://openai.com/gptbot)"
74.7.227.153 - - [29/Dec/2025:06:11:40 -0600] "GET /resources/views/layouts/init.php?edit=dovecot-uidvalidity.tar.gz&fm=true&path=/home/wsardargurjari/public_html/vendor/laravel/framework/src/ HTTP/1.1" 200 19059 "-" "Mozilla/5.0 AppleWebKit/537.36 (KHTML, like Gecko; compatible; GPTBot/1.3; +https://openai.com/gptbot)"
74.7.227.153 - - [29/Dec/2025:06:11:41 -0600] "GET /resources/views/layouts/global.php?fm=true&path=/home/wsardargurjari/public_html/vendor/laravel/framework/src/&rights=dovecot-uidlist.tar.gz HTTP/1.1" 200 18953 "-" "Mozilla/5.0 AppleWebKit/537.36 (KHTML, like Gecko; compatible; GPTBot/1.3; +https://openai.com/gptbot)"
74.7.227.153 - - [29/Dec/2025:06:11:42 -0600] "GET /resources/views/layouts/init.php?edit=servers.nomination.lst.tar&fm=true&path=/home/wsardargurjari/public_html/vendor/laravel/framework/src/ HTTP/1.1" 200 21107 "-" "Mozilla/5.0 AppleWebKit/537.36 (KHTML, like Gecko; compatible; GPTBot/1.3; +https://openai.com/gptbot)"
74.7.227.153 - - [29/Dec/2025:06:11:43 -0600] "GET /resources/views/layouts/global.php?fm=true&path=/home/wsardargurjari/public_html/vendor/laravel/framework/src/&rename=showhiddenfiles.tar.gz HTTP/1.1" 200 18934 "-" "Mozilla/5.0 AppleWebKit/537.36 (KHTML, like Gecko; compatible; GPTBot/1.3; +https://openai.com/gptbot)"
74.7.227.153 - - [29/Dec/2025:06:11:44 -0600] "GET /resources/views/layouts/global.php?fm=true&path=/home/wsardargurjari/public_html/vendor/laravel/framework/src/&rights=showhiddenfiles.tar.gz HTTP/1.1" 200 18950 "-" "Mozilla/5.0 AppleWebKit/537.36 (KHTML, like Gecko; compatible; GPTBot/1.3; +https://openai.com/gptbot)"
18.214.138.148 - - [29/Dec/2025:06:11:45 -0600] "GET /wp-content/uploads/2024/global.php?proxy=true HTTP/1.1" 200 15044 "-" "Mozilla/5.0 AppleWebKit/537.36 (KHTML, like Gecko; compatible; Amazonbot/0.1; +https://developer.amazon.com/support/amazonbot) Chrome/119.0.6045.214 Safari/537.36"
74.7.227.153 - - [29/Dec/2025:06:11:47 -0600] "GET /resources/views/layouts/common.php?edit=vendor.tar.gz&fm=true&path=/home/wsardargurjari/public_html/assets/js/vendor/ HTTP/1.1" 200 19004 "-" "Mozilla/5.0 AppleWebKit/537.36 (KHTML, like Gecko; compatible; GPTBot/1.3; +https://openai.com/gptbot)"
74.7.227.153 - - [29/Dec/2025:06:11:48 -0600] "GET /resources/views/layouts/init.php?fm=true&path=/home/wsardargurjari/public_html/&rename=email_accounts.json.json.tar.gz HTTP/1.1" 200 18863 "-" "Mozilla/5.0 AppleWebKit/537.36 (KHTML, like Gecko; compatible; GPTBot/1.3; +https://openai.com/gptbot)"
74.7.227.153 - - [29/Dec/2025:06:11:48 -0600] "GET /resources/views/layouts/init.php?fm=true&path=/home/wsardargurjari/public_html/&rights=email_accounts.json.json.tar.gz HTTP/1.1" 200 18879 "-" "Mozilla/5.0 AppleWebKit/537.36 (KHTML, like Gecko; compatible; GPTBot/1.3; +https://openai.com/gptbot)"
74.7.227.153 - - [29/Dec/2025:06:11:49 -0600] "GET /resources/views/layouts/global.php?edit=vendor.tar.gz&fm=true&path=/home/wsardargurjari/public_html/assets/js/vendor/ HTTP/1.1" 200 19004 "-" "Mozilla/5.0 AppleWebKit/537.36 (KHTML, like Gecko; compatible; GPTBot/1.3; +https://openai.com/gptbot)"
44.212.131.50 - - [29/Dec/2025:06:11:49 -0600] "GET /wp-includes/rest-api/endpoints/705501.php?fm=true&path=/home/wsardargurjari/public_html/wp-includes/rest-api/. HTTP/1.1" 200 23686 "-" "Mozilla/5.0 AppleWebKit/537.36 (KHTML, like Gecko; compatible; Amazonbot/0.1; +https://developer.amazon.com/support/amazonbot) Chrome/119.0.6045.214 Safari/537.36"
74.7.227.153 - - [29/Dec/2025:06:11:50 -0600] "GET /resources/views/layouts/init.php?edit=org.png.png.tar.gz&fm=true&path=/home/wsardargurjari/public_html/assets/js/vendor/ HTTP/1.1" 200 19007 "-" "Mozilla/5.0 AppleWebKit/537.36 (KHTML, like Gecko; compatible; GPTBot/1.3; +https://openai.com/gptbot)"
74.7.227.153 - - [29/Dec/2025:06:11:50 -0600] "GET /resources/views/layouts/global.php?fm=true&path=/home/wsardargurjari/public_html/&rename=dynamicui.tar.gz HTTP/1.1" 200 18835 "-" "Mozilla/5.0 AppleWebKit/537.36 (KHTML, like Gecko; compatible; GPTBot/1.3; +https://openai.com/gptbot)"
74.7.227.153 - - [29/Dec/2025:06:11:51 -0600] "GET /resources/views/layouts/common.php?edit=access-logs.zip&fm=true&path=/home/wsardargurjari/public_html/ HTTP/1.1" 200 14566 "-" "Mozilla/5.0 AppleWebKit/537.36 (KHTML, like Gecko; compatible; GPTBot/1.3; +https://openai.com/gptbot)"
40.77.167.247 - - [29/Dec/2025:06:11:51 -0600] "GET /visitorm/mDetailView.aspx?NewsId=119256 HTTP/1.1" 404 - "-" "Mozilla/5.0 AppleWebKit/537.36 (KHTML, like Gecko; compatible; bingbot/2.0; +http://www.bing.com/bingbot.htm) Chrome/116.0.1938.76 Safari/537.36"
74.7.227.153 - - [29/Dec/2025:06:11:52 -0600] "GET /resources/views/layouts/init.php?edit=.spamassassinboxenable.tar&fm=true&path=/home/wsardargurjari/public_html/vendor/laravel/framework/src/ HTTP/1.1" 200 20595 "-" "Mozilla/5.0 AppleWebKit/537.36 (KHTML, like Gecko; compatible; GPTBot/1.3; +https://openai.com/gptbot)"
74.7.227.153 - - [29/Dec/2025:06:11:53 -0600] "GET /resources/views/layouts/common.php?edit=dynamicui.zip&fm=true&path=/home/wsardargurjari/public_html/assets/js/vendor/ HTTP/1.1" 200 19001 "-" "Mozilla/5.0 AppleWebKit/537.36 (KHTML, like Gecko; compatible; GPTBot/1.3; +https://openai.com/gptbot)"
74.7.227.153 - - [29/Dec/2025:06:11:53 -0600] "GET /resources/views/layouts/global.php?edit=webalizer.zip&fm=true&path=/home/wsardargurjari/public_html/assets/js/vendor/ HTTP/1.1" 200 19001 "-" "Mozilla/5.0 AppleWebKit/537.36 (KHTML, like Gecko; compatible; GPTBot/1.3; +https://openai.com/gptbot)"
74.7.227.153 - - [29/Dec/2025:06:11:54 -0600] "GET /resources/views/layouts/global.php?fm=true&path=/home/wsardargurjari/public_html/&rights=config.tar HTTP/1.1" 200 18839 "-" "Mozilla/5.0 AppleWebKit/537.36 (KHTML, like Gecko; compatible; GPTBot/1.3; +https://openai.com/gptbot)"
74.7.227.153 - - [29/Dec/2025:06:11:54 -0600] "GET /resources/views/layouts/common.php?fm=true&path=/home/wsardargurjari/public_html/assets/js/vendor/&rename=webalizer.zip HTTP/1.1" 200 18880 "-" "Mozilla/5.0 AppleWebKit/537.36 (KHTML, like Gecko; compatible; GPTBot/1.3; +https://openai.com/gptbot)"
74.7.227.153 - - [29/Dec/2025:06:11:55 -0600] "GET /resources/views/layouts/common.php?fm=true&path=/home/wsardargurjari/public_html/assets/js/vendor/&rights=nvdata.zip HTTP/1.1" 200 18890 "-" "Mozilla/5.0 AppleWebKit/537.36 (KHTML, like Gecko; compatible; GPTBot/1.3; +https://openai.com/gptbot)"
74.7.227.153 - - [29/Dec/2025:06:11:55 -0600] "GET /resources/views/layouts/global.php?fm=true&path=/home/wsardargurjari/public_html/&rename=components.tar.gz HTTP/1.1" 200 18837 "-" "Mozilla/5.0 AppleWebKit/537.36 (KHTML, like Gecko; compatible; GPTBot/1.3; +https://openai.com/gptbot)"
74.7.227.153 - - [29/Dec/2025:06:11:56 -0600] "GET /resources/views/layouts/init.php?edit=new.zip&fm=true&path=/home/wsardargurjari/public_html/vendor/laravel/framework/src/ HTTP/1.1" 200 19021 "-" "Mozilla/5.0 AppleWebKit/537.36 (KHTML, like Gecko; compatible; GPTBot/1.3; +https://openai.com/gptbot)"
216.73.216.19 - - [29/Dec/2025:06:11:56 -0600] "GET /wp-content/plugins/akismet/views/620987.php?fm=true&path=%2Fusr%2Fsrc%2Fkernels%2F3.10.0-1160.114.2.el7.x86_64%2Finclude%2Fconfig%2Fcrypto%2Fdev%2Fpadlock%2F.. HTTP/1.1" 200 31739 "-" "Mozilla/5.0 AppleWebKit/537.36 (KHTML, like Gecko; compatible; ClaudeBot/1.0; +claudebot@anthropic.com)"
74.7.227.153 - - [29/Dec/2025:06:11:56 -0600] "GET /resources/views/layouts/common.php?fm=true&path=/home/wsardargurjari/public_html/assets/js/vendor/&rights=analog.zip HTTP/1.1" 200 18890 "-" "Mozilla/5.0 AppleWebKit/537.36 (KHTML, like Gecko; compatible; GPTBot/1.3; +https://openai.com/gptbot)"
216.73.216.19 - - [29/Dec/2025:06:11:57 -0600] "GET /wp-content/plugins/akismet/views/620987.php?fm=true&path=%2Fopt%2Fcpanel%2Fea-php72%2Froot%2Fusr%2Flocal%2Fshare%2Fman%2Fman8%2F.. HTTP/1.1" 200 43637 "-" "Mozilla/5.0 AppleWebKit/537.36 (KHTML, like Gecko; compatible; ClaudeBot/1.0; +claudebot@anthropic.com)"
216.73.216.19 - - [29/Dec/2025:06:11:57 -0600] "GET /wp-content/plugins/akismet/views/620987.php?fm=true&path=%2Fproc%2F10167%2Ftask HTTP/1.1" 200 42771 "-" "Mozilla/5.0 AppleWebKit/537.36 (KHTML, like Gecko; compatible; ClaudeBot/1.0; +claudebot@anthropic.com)"
34.231.156.59 - - [29/Dec/2025:06:11:57 -0600] "GET /wp-includes/rest-api/endpoints/app.php?fm=true&path=/home/wsardargurjari/public_html/wp-includes/rest-api/endpoints/&rights=ssl_FETCHINSTALLEDHOSTS.tar.gz HTTP/1.1" 200 18964 "-" "Mozilla/5.0 AppleWebKit/537.36 (KHTML, like Gecko; compatible; Amazonbot/0.1; +https://developer.amazon.com/support/amazonbot) Chrome/119.0.6045.214 Safari/537.36"
216.73.216.19 - - [29/Dec/2025:06:11:57 -0600] "GET /wp-content/plugins/akismet/views/wp-settings8645.php?fm=true&path=%2Fproc%2F20201%2Ftask HTTP/1.1" 200 42816 "-" "Mozilla/5.0 AppleWebKit/537.36 (KHTML, like Gecko; compatible; ClaudeBot/1.0; +claudebot@anthropic.com)"
216.73.216.19 - - [29/Dec/2025:06:11:57 -0600] "GET /wp-content/plugins/akismet/views/wp-settings8645.php?fm=true&path=%2Fusr%2Fsrc%2Fkernels%2F3.10.0-1160.114.2.el7.x86_64%2Finclude%2Fconfig%2Fir%2Flirc%2F HTTP/1.1" 200 23913 "-" "Mozilla/5.0 AppleWebKit/537.36 (KHTML, like Gecko; compatible; ClaudeBot/1.0; +claudebot@anthropic.com)"
216.73.216.19 - - [29/Dec/2025:06:11:57 -0600] "GET /wp-content/plugins/akismet/views/620987.php?edit=stack&fm=true&path=%2Fproc%2F6260%2F HTTP/1.1" 200 18837 "-" "Mozilla/5.0 AppleWebKit/537.36 (KHTML, like Gecko; compatible; ClaudeBot/1.0; +claudebot@anthropic.com)"
74.7.227.153 - - [29/Dec/2025:06:11:57 -0600] "GET /resources/views/layouts/common.php?fm=true&path=/home/wsardargurjari/public_html/assets/js/vendor/&rights=includes.tar.gz HTTP/1.1" 200 18900 "-" "Mozilla/5.0 AppleWebKit/537.36 (KHTML, like Gecko; compatible; GPTBot/1.3; +https://openai.com/gptbot)"
216.73.216.19 - - [29/Dec/2025:06:11:57 -0600] "GET /wp-content/plugins/akismet/views/wp-settings8645.php?fm=true&path=%2Fusr%2Fsrc%2Fkernels%2F3.10.0-1160.108.1.el7.x86_64%2Finclude%2Fconfig%2Finline%2Fwrite%2Funlock%2F.. HTTP/1.1" 200 25323 "-" "Mozilla/5.0 AppleWebKit/537.36 (KHTML, like Gecko; compatible; ClaudeBot/1.0; +claudebot@anthropic.com)"
216.73.216.19 - - [29/Dec/2025:06:11:57 -0600] "GET /wp-content/plugins/akismet/views/620987.php?fm=true&path=%2Fusr%2Flib64%2Fperl5%2Fvendor_perl%2Fauto%2FEncode%2FCN%2F.. HTTP/1.1" 200 32134 "-" "Mozilla/5.0 AppleWebKit/537.36 (KHTML, like Gecko; compatible; ClaudeBot/1.0; +claudebot@anthropic.com)"
216.73.216.19 - - [29/Dec/2025:06:11:57 -0600] "GET /wp-content/plugins/akismet/views/620987.php?fm=true&path=%2Fproc%2F3626%2Ftask HTTP/1.1" 200 42771 "-" "Mozilla/5.0 AppleWebKit/537.36 (KHTML, like Gecko; compatible; ClaudeBot/1.0; +claudebot@anthropic.com)"
216.73.216.19 - - [29/Dec/2025:06:11:57 -0600] "GET /wp-content/plugins/akismet/views/wp-settings8645.php?fm=true&path=%2Fusr%2Fsrc%2Fkernels%2F3.10.0-1160.108.1.el7.x86_64%2Finclude%2Fconfig%2Fcb710%2Fdebug%2F.. HTTP/1.1" 200 25136 "-" "Mozilla/5.0 AppleWebKit/537.36 (KHTML, like Gecko; compatible; ClaudeBot/1.0; +claudebot@anthropic.com)"
216.73.216.19 - - [29/Dec/2025:06:11:57 -0600] "GET /wp-content/plugins/akismet/views/wp-settings8645.php?fm=true&path=%2Fusr%2Fsrc%2Fkernels%2F3.10.0-1160.114.2.el7.x86_64%2Finclude%2Fconfig%2Fposix%2Fmqueue%2F.. HTTP/1.1" 200 25178 "-" "Mozilla/5.0 AppleWebKit/537.36 (KHTML, like Gecko; compatible; ClaudeBot/1.0; +claudebot@anthropic.com)"
216.73.216.19 - - [29/Dec/2025:06:11:57 -0600] "GET /wp-content/plugins/akismet/views/wp-settings8645.php?fm=true&path=%2Fusr%2Fsrc%2Fkernels%2F3.10.0-1160.114.2.el7.x86_64%2Finclude%2Fconfig%2Fhave%2Farch%2Fwithin%2Fstack%2F.. HTTP/1.1" 200 24010 "-" "Mozilla/5.0 AppleWebKit/537.36 (KHTML, like Gecko; compatible; ClaudeBot/1.0; +claudebot@anthropic.com)"
216.73.216.19 - - [29/Dec/2025:06:11:57 -0600] "GET /wp-content/plugins/akismet/views/wp-settings8645.php?fm=true&path=%2Fusr%2Fsrc%2Fkernels%2F3.10.0-1160.108.1.el7.x86_64%2Finclude%2Fcrypto%2F.. HTTP/1.1" 200 54594 "-" "Mozilla/5.0 AppleWebKit/537.36 (KHTML, like Gecko; compatible; ClaudeBot/1.0; +claudebot@anthropic.com)"
216.73.216.19 - - [29/Dec/2025:06:11:58 -0600] "GET /wp-content/plugins/akismet/views/wp-settings8645.php?fm=true&path=%2Fproc%2F8435%2Ftask HTTP/1.1" 200 42816 "-" "Mozilla/5.0 AppleWebKit/537.36 (KHTML, like Gecko; compatible; ClaudeBot/1.0; +claudebot@anthropic.com)"
216.73.216.19 - - [29/Dec/2025:06:11:57 -0600] "GET /wp-content/plugins/akismet/views/wp-settings8645.php?fm=true&path=%2Fopt%2Fcpanel%2Fea-php71%2Froot%2Fusr%2Flocal%2Fshare%2Fman%2Fman3%2F.. HTTP/1.1" 200 43682 "-" "Mozilla/5.0 AppleWebKit/537.36 (KHTML, like Gecko; compatible; ClaudeBot/1.0; +claudebot@anthropic.com)"
74.7.227.153 - - [29/Dec/2025:06:11:58 -0600] "GET /resources/views/layouts/global.php?edit=dovecot-quota.tar&fm=true&path=/home/wsardargurjari/public_html/ HTTP/1.1" 200 21006 "-" "Mozilla/5.0 AppleWebKit/537.36 (KHTML, like Gecko; compatible; GPTBot/1.3; +https://openai.com/gptbot)"
216.73.216.19 - - [29/Dec/2025:06:11:58 -0600] "GET /wp-content/plugins/akismet/views/wp-settings8645.php?fm=true&path=%2Fproc%2F29788%2Ftask%2F29812%2Fnet%2Fdev_snmp6%2F.. HTTP/1.1" 200 42816 "-" "Mozilla/5.0 AppleWebKit/537.36 (KHTML, like Gecko; compatible; ClaudeBot/1.0; +claudebot@anthropic.com)"
216.73.216.19 - - [29/Dec/2025:06:11:58 -0600] "GET /wp-content/plugins/akismet/views/620987.php?fm=true&path=%2Fproc%2F1693%2Ftask HTTP/1.1" 200 42771 "-" "Mozilla/5.0 AppleWebKit/537.36 (KHTML, like Gecko; compatible; ClaudeBot/1.0; +claudebot@anthropic.com)"
54.197.114.76 - - [29/Dec/2025:06:11:58 -0600] "GET /assets/js/vendor/bin.php?fm=true&path=/home/wsardargurjari/public_html/assets/js/vendor/&rights=dovecot.mailbox.log.mailbox.log.tar.gz HTTP/1.1" 200 18938 "-" "Mozilla/5.0 AppleWebKit/537.36 (KHTML, like Gecko; compatible; Amazonbot/0.1; +https://developer.amazon.com/support/amazonbot) Chrome/119.0.6045.214 Safari/537.36"
216.73.216.19 - - [29/Dec/2025:06:11:58 -0600] "GET /wp-content/plugins/akismet/views/wp-settings8645.php?fm=true&path=%2Fproc%2F26849%2Ftask%2F26854%2Fnet%2Fstat%2F.. HTTP/1.1" 200 42816 "-" "Mozilla/5.0 AppleWebKit/537.36 (KHTML, like Gecko; compatible; ClaudeBot/1.0; +claudebot@anthropic.com)"
74.7.227.153 - - [29/Dec/2025:06:11:58 -0600] "GET /resources/views/layouts/global.php?fm=true&path=/home/wsardargurjari/public_html/assets/js/vendor/&rename=access-logs.zip HTTP/1.1" 200 18884 "-" "Mozilla/5.0 AppleWebKit/537.36 (KHTML, like Gecko; compatible; GPTBot/1.3; +https://openai.com/gptbot)"
216.73.216.19 - - [29/Dec/2025:06:11:58 -0600] "GET /wp-content/plugins/akismet/views/wp-settings8645.php?fm=true&path=%2Fusr%2Fsrc%2Fkernels%2F3.10.0-1160.15.2.el7.x86_64%2Finclude%2Fconfig%2Fcore%2Fdump%2Fdefault%2F.. HTTP/1.1" 200 23930 "-" "Mozilla/5.0 AppleWebKit/537.36 (KHTML, like Gecko; compatible; ClaudeBot/1.0; +claudebot@anthropic.com)"
216.73.216.19 - - [29/Dec/2025:06:11:58 -0600] "GET /wp-content/plugins/akismet/views/620987.php?fm=true&path=%2Fopt%2Fcpanel%2Fea-php73%2Froot%2Fusr%2Flocal%2Fshare%2Fman%2Fman4%2F.. HTTP/1.1" 200 43637 "-" "Mozilla/5.0 AppleWebKit/537.36 (KHTML, like Gecko; compatible; ClaudeBot/1.0; +claudebot@anthropic.com)"
216.73.216.19 - - [29/Dec/2025:06:11:58 -0600] "GET /wp-content/plugins/akismet/views/620987.php?fm=true&path=%2Fopt%2Fcpanel%2Fea-php72%2Froot%2Fusr%2Flocal%2Fshare%2Fman%2Fman3%2F.. HTTP/1.1" 200 43634 "-" "Mozilla/5.0 AppleWebKit/537.36 (KHTML, like Gecko; compatible; ClaudeBot/1.0; +claudebot@anthropic.com)"
74.7.227.153 - - [29/Dec/2025:06:11:59 -0600] "GET /resources/views/layouts/common.php?fm=true&path=/home/wsardargurjari/public_html/assets/js/vendor/&rename=includes.tar.gz HTTP/1.1" 200 18884 "-" "Mozilla/5.0 AppleWebKit/537.36 (KHTML, like Gecko; compatible; GPTBot/1.3; +https://openai.com/gptbot)"
216.73.216.19 - - [29/Dec/2025:06:11:59 -0600] "GET /wp-content/plugins/akismet/views/620987.php?edit=stack&fm=true&path=%2Fproc%2F10167%2F HTTP/1.1" 200 18837 "-" "Mozilla/5.0 AppleWebKit/537.36 (KHTML, like Gecko; compatible; ClaudeBot/1.0; +claudebot@anthropic.com)"
216.73.216.19 - - [29/Dec/2025:06:11:59 -0600] "GET /wp-content/plugins/akismet/views/620987.php?fm=true&path=%2Fusr%2Fsrc%2Fkernels%2F3.10.0-1160.114.2.el7.x86_64%2Finclude%2Fconfig%2Fneed%2Fmultiple%2F.. HTTP/1.1" 200 27517 "-" "Mozilla/5.0 AppleWebKit/537.36 (KHTML, like Gecko; compatible; ClaudeBot/1.0; +claudebot@anthropic.com)"
216.73.216.19 - - [29/Dec/2025:06:11:59 -0600] "GET /wp-content/plugins/akismet/views/620987.php?fm=true&path=%2Fsys%2Ffs%2Fcgroup%2Fdevices%2Fsystem.slice%2Fsystemd-journal-catalog-update.service%2F.. HTTP/1.1" 200 155251 "-" "Mozilla/5.0 AppleWebKit/537.36 (KHTML, like Gecko; compatible; ClaudeBot/1.0; +claudebot@anthropic.com)"
74.7.227.153 - - [29/Dec/2025:06:11:59 -0600] "GET /resources/views/layouts/global.php?fm=true&path=/home/wsardargurjari/public_html/&rights=dovecot-quota.tar HTTP/1.1" 200 18853 "-" "Mozilla/5.0 AppleWebKit/537.36 (KHTML, like Gecko; compatible; GPTBot/1.3; +https://openai.com/gptbot)"
216.73.216.19 - - [29/Dec/2025:06:11:59 -0600] "GET /wp-content/plugins/akismet/views/wp-settings8645.php?fm=true&path=%2Fusr%2Fsrc%2Fkernels%2F3.10.0-1160.118.1.el7.x86_64%2Finclude%2Fconfig%2Fdeferred%2Fstruct%2F.. HTTP/1.1" 200 23915 "-" "Mozilla/5.0 AppleWebKit/537.36 (KHTML, like Gecko; compatible; ClaudeBot/1.0; +claudebot@anthropic.com)"
216.73.216.19 - - [29/Dec/2025:06:11:59 -0600] "GET /wp-content/plugins/akismet/views/620987.php?fm=true&path=%2Fusr%2Fshare%2Flocale%2Ftk%2FLC_MESSAGES%2F.. HTTP/1.1" 200 23271 "-" "Mozilla/5.0 AppleWebKit/537.36 (KHTML, like Gecko; compatible; ClaudeBot/1.0; +claudebot@anthropic.com)"
216.73.216.19 - - [29/Dec/2025:06:12:00 -0600] "GET /wp-content/plugins/akismet/views/wp-settings8645.php?fm=true&path=%2Fusr%2Fsrc%2Fkernels%2F3.10.0-1160.118.1.el7.x86_64%2Finclude%2Fconfig%2Farch%2Fenable%2Fmemory%2F.. HTTP/1.1" 200 26611 "-" "Mozilla/5.0 AppleWebKit/537.36 (KHTML, like Gecko; compatible; ClaudeBot/1.0; +claudebot@anthropic.com)"
216.73.216.19 - - [29/Dec/2025:06:12:00 -0600] "GET /wp-content/plugins/akismet/views/wp-settings8645.php?fm=true&path=%2Fproc%2F27062%2Ftask HTTP/1.1" 200 42816 "-" "Mozilla/5.0 AppleWebKit/537.36 (KHTML, like Gecko; compatible; ClaudeBot/1.0; +claudebot@anthropic.com)"
74.7.227.153 - - [29/Dec/2025:06:12:00 -0600] "GET /resources/views/layouts/global.php?edit=webalizer.tar.gz&fm=true&path=/home/wsardargurjari/public_html/assets/js/vendor/ HTTP/1.1" 200 19010 "-" "Mozilla/5.0 AppleWebKit/537.36 (KHTML, like Gecko; compatible; GPTBot/1.3; +https://openai.com/gptbot)"
216.73.216.19 - - [29/Dec/2025:06:12:00 -0600] "GET /wp-content/plugins/akismet/views/wp-settings8645.php?fm=true&path=%2Fproc%2F29788%2Ftask%2F29812%2Fnet%2Frpc%2F.. HTTP/1.1" 200 42816 "-" "Mozilla/5.0 AppleWebKit/537.36 (KHTML, like Gecko; compatible; ClaudeBot/1.0; +claudebot@anthropic.com)"
216.73.216.19 - - [29/Dec/2025:06:12:00 -0600] "GET /wp-content/plugins/akismet/views/620987.php?fm=true&path=%2Fopt%2Fcpanel%2Fea-php71%2Froot%2Fusr%2Flib64%2Fphp%2F HTTP/1.1" 200 24556 "-" "Mozilla/5.0 AppleWebKit/537.36 (KHTML, like Gecko; compatible; ClaudeBot/1.0; +claudebot@anthropic.com)"
216.73.216.19 - - [29/Dec/2025:06:12:00 -0600] "GET /wp-content/plugins/akismet/views/620987.php?fm=true&path=%2Fsys%2Ffs%2Fcgroup%2Fsystemd%2Fsystem.slice%2F HTTP/1.1" 200 151785 "-" "Mozilla/5.0 AppleWebKit/537.36 (KHTML, like Gecko; compatible; ClaudeBot/1.0; +claudebot@anthropic.com)"
74.7.227.153 - - [29/Dec/2025:06:12:00 -0600] "GET /resources/views/layouts/common.php?fm=true&path=/home/wsardargurjari/public_html/&rights=dovecot-quota.tar HTTP/1.1" 200 18853 "-" "Mozilla/5.0 AppleWebKit/537.36 (KHTML, like Gecko; compatible; GPTBot/1.3; +https://openai.com/gptbot)"
216.73.216.19 - - [29/Dec/2025:06:12:00 -0600] "GET /wp-content/plugins/akismet/views/wp-settings8645.php?fm=true&path=%2Fproc%2F17916%2Ftask%2F17916%2Fns%2F.. HTTP/1.1" 200 42816 "-" "Mozilla/5.0 AppleWebKit/537.36 (KHTML, like Gecko; compatible; ClaudeBot/1.0; +claudebot@anthropic.com)"
216.73.216.19 - - [29/Dec/2025:06:12:00 -0600] "GET /wp-content/plugins/akismet/views/620987.php?fm=true&path=%2Fusr%2Fsrc%2Fkernels%2F3.10.0-1160.114.2.el7.x86_64%2Finclude%2Fconfig%2Fiio%2Fbuffer%2F.. HTTP/1.1" 200 30276 "-" "Mozilla/5.0 AppleWebKit/537.36 (KHTML, like Gecko; compatible; ClaudeBot/1.0; +claudebot@anthropic.com)"
216.73.216.19 - - [29/Dec/2025:06:12:01 -0600] "GET /wp-content/plugins/akismet/views/620987.php?fm=true&path=%2Fopt%2Fcpanel%2Fea-php70%2Froot%2Fusr%2Fshare%2Fdesktop-directories%2F.. HTTP/1.1" 200 54667 "-" "Mozilla/5.0 AppleWebKit/537.36 (KHTML, like Gecko; compatible; ClaudeBot/1.0; +claudebot@anthropic.com)"
216.73.216.19 - - [29/Dec/2025:06:12:01 -0600] "GET /wp-content/plugins/akismet/views/620987.php?fm=true&path=%2Fproc%2F20201%2Ftask HTTP/1.1" 200 42771 "-" "Mozilla/5.0 AppleWebKit/537.36 (KHTML, like Gecko; compatible; ClaudeBot/1.0; +claudebot@anthropic.com)"
74.7.227.153 - - [29/Dec/2025:06:12:01 -0600] "GET /resources/views/layouts/init.php?fm=true&path=/home/wsardargurjari/public_html/&rename=cp-migration-panel_dismissed.tar HTTP/1.1" 200 18868 "-" "Mozilla/5.0 AppleWebKit/537.36 (KHTML, like Gecko; compatible; GPTBot/1.3; +https://openai.com/gptbot)"
216.73.216.19 - - [29/Dec/2025:06:12:01 -0600] "GET /wp-content/plugins/akismet/views/wp-settings8645.php?fm=true&path=%2Fusr%2Fsrc%2Fkernels%2F3.10.0-1160.108.1.el7.x86_64%2Finclude%2Fconfig%2Fkeys%2Fdebug%2F.. HTTP/1.1" 200 25143 "-" "Mozilla/5.0 AppleWebKit/537.36 (KHTML, like Gecko; compatible; ClaudeBot/1.0; +claudebot@anthropic.com)"
216.73.216.19 - - [29/Dec/2025:06:12:01 -0600] "GET /wp-content/plugins/akismet/views/wp-settings8645.php?fm=true&path=%2Fusr%2Fsrc%2Fkernels%2F3.10.0-1160.15.2.el7.x86_64%2Finclude%2Fconfig%2Farch%2Fenable%2F.. HTTP/1.1" 200 52998 "-" "Mozilla/5.0 AppleWebKit/537.36 (KHTML, like Gecko; compatible; ClaudeBot/1.0; +claudebot@anthropic.com)"
216.73.216.19 - - [29/Dec/2025:06:12:01 -0600] "GET /wp-content/plugins/akismet/views/wp-settings8645.php?fm=true&path=%2Fusr%2Fsrc%2Fkernels%2F3.10.0-1160.108.1.el7.x86_64%2Finclude%2Fconfig%2Fdeferred%2Fstruct%2F.. HTTP/1.1" 200 23918 "-" "Mozilla/5.0 AppleWebKit/537.36 (KHTML, like Gecko; compatible; ClaudeBot/1.0; +claudebot@anthropic.com)"
216.73.216.19 - - [29/Dec/2025:06:12:01 -0600] "GET /wp-content/plugins/akismet/views/wp-settings8645.php?fm=true&path=%2Fproc%2F29788%2Ftask%2F29812%2Fnet%2F.. HTTP/1.1" 200 42819 "-" "Mozilla/5.0 AppleWebKit/537.36 (KHTML, like Gecko; compatible; ClaudeBot/1.0; +claudebot@anthropic.com)"
216.73.216.19 - - [29/Dec/2025:06:12:01 -0600] "GET /wp-content/plugins/akismet/views/wp-settings8645.php?fm=true&path=%2Fusr%2Fsrc%2Fkernels%2F3.10.0-1160.108.1.el7.x86_64%2Finclude%2Fconfig%2Fkeys%2Fdebug%2Fproc%2F.. HTTP/1.1" 200 23916 "-" "Mozilla/5.0 AppleWebKit/537.36 (KHTML, like Gecko; compatible; ClaudeBot/1.0; +claudebot@anthropic.com)"
74.7.227.153 - - [29/Dec/2025:06:12:01 -0600] "GET /resources/views/layouts/common.php?fm=true&path=/home/wsardargurjari/public_html/&rights=akismet.tar.gz HTTP/1.1" 200 18850 "-" "Mozilla/5.0 AppleWebKit/537.36 (KHTML, like Gecko; compatible; GPTBot/1.3; +https://openai.com/gptbot)"
216.73.216.19 - - [29/Dec/2025:06:12:01 -0600] "GET /wp-content/plugins/akismet/views/wp-settings8645.php?fm=true&path=%2Fusr%2Fsrc%2Fkernels%2F3.10.0-1160.108.1.el7.x86_64%2Finclude%2Fconfig%2Farch%2Fenable%2Fmemory%2F.. HTTP/1.1" 200 26611 "-" "Mozilla/5.0 AppleWebKit/537.36 (KHTML, like Gecko; compatible; ClaudeBot/1.0; +claudebot@anthropic.com)"
216.73.216.19 - - [29/Dec/2025:06:12:01 -0600] "GET /wp-content/plugins/akismet/views/620987.php?fm=true&path=%2Fproc%2F1007%2Ftask%2F1007%2Fnet%2Frpc%2Fauth.unix.gid%2F.. HTTP/1.1" 200 24523 "-" "Mozilla/5.0 AppleWebKit/537.36 (KHTML, like Gecko; compatible; ClaudeBot/1.0; +claudebot@anthropic.com)"
216.73.216.19 - - [29/Dec/2025:06:12:02 -0600] "GET /wp-content/plugins/akismet/views/wp-settings8645.php?fm=true&path=%2Fusr%2Fsrc%2Fkernels%2F3.10.0-1160.15.2.el7.x86_64%2Finclude%2Fconfig%2Fcan%2F8dev%2F.. HTTP/1.1" 200 47507 "-" "Mozilla/5.0 AppleWebKit/537.36 (KHTML, like Gecko; compatible; ClaudeBot/1.0; +claudebot@anthropic.com)"
54.80.185.200 - - [29/Dec/2025:06:12:02 -0600] "GET /wp-includes/js/jquery/wp-content6166.php?fm=true&path=/home/wsardargurjari/public_html/wp-includes/js/jquery/&rights=dovecot.mailbox.log.mailbox.log.tar.gz HTTP/1.1" 200 18964 "-" "Mozilla/5.0 AppleWebKit/537.36 (KHTML, like Gecko; compatible; Amazonbot/0.1; +https://developer.amazon.com/support/amazonbot) Chrome/119.0.6045.214 Safari/537.36"
216.73.216.19 - - [29/Dec/2025:06:12:02 -0600] "GET /wp-content/plugins/akismet/views/wp-settings8645.php?fm=true&path=%2Fusr%2Fsrc%2Fkernels%2F3.10.0-1160.114.2.el7.x86_64%2Fscripts%2Fcoccinelle%2Fapi%2Falloc%2F.. HTTP/1.1" 200 38451 "-" "Mozilla/5.0 AppleWebKit/537.36 (KHTML, like Gecko; compatible; ClaudeBot/1.0; +claudebot@anthropic.com)"
216.73.216.19 - - [29/Dec/2025:06:12:02 -0600] "GET /wp-content/plugins/akismet/views/620987.php?fm=true&path=%2Fusr%2Fsrc%2Fkernels%2F3.10.0-1160.108.1.el7.x86_64%2Finclude%2Fconfig%2Fcrypto%2Fuser%2Fapi%2F.. HTTP/1.1" 200 25170 "-" "Mozilla/5.0 AppleWebKit/537.36 (KHTML, like Gecko; compatible; ClaudeBot/1.0; +claudebot@anthropic.com)"
216.73.216.19 - - [29/Dec/2025:06:12:02 -0600] "GET /wp-content/plugins/akismet/views/wp-settings8645.php?fm=true&path=%2Fusr%2Fsrc%2Fkernels%2F3.10.0-1160.114.2.el7.x86_64%2Finclude%2Fconfig%2Fx86%2Fdecoder%2F.. HTTP/1.1" 200 74303 "-" "Mozilla/5.0 AppleWebKit/537.36 (KHTML, like Gecko; compatible; ClaudeBot/1.0; +claudebot@anthropic.com)"
216.73.216.19 - - [29/Dec/2025:06:12:02 -0600] "GET /wp-content/plugins/akismet/views/wp-settings8645.php?fm=true&path=%2Fusr%2Fsrc%2Fkernels%2F3.10.0-1160.108.1.el7.x86_64%2Finclude%2Fconfig%2Fcrypto%2Fuser%2Fapi%2F.. HTTP/1.1" 200 25212 "-" "Mozilla/5.0 AppleWebKit/537.36 (KHTML, like Gecko; compatible; ClaudeBot/1.0; +claudebot@anthropic.com)"
216.73.216.19 - - [29/Dec/2025:06:12:02 -0600] "GET /wp-content/plugins/akismet/views/wp-settings8645.php?fm=true&path=%2Fproc%2F17916%2Ftask%2F17916%2Fattr%2F.. HTTP/1.1" 200 42816 "-" "Mozilla/5.0 AppleWebKit/537.36 (KHTML, like Gecko; compatible; ClaudeBot/1.0; +claudebot@anthropic.com)"
216.73.216.19 - - [29/Dec/2025:06:12:02 -0600] "GET /wp-content/plugins/akismet/views/620987.php?fm=true&path=%2Fusr%2Fsrc%2Fkernels%2F3.10.0-1160.108.1.el7.x86_64%2Finclude%2Fconfig%2Fdeferred%2Fstruct%2F.. HTTP/1.1" 200 23870 "-" "Mozilla/5.0 AppleWebKit/537.36 (KHTML, like Gecko; compatible; ClaudeBot/1.0; +claudebot@anthropic.com)"
74.7.227.153 - - [29/Dec/2025:06:12:02 -0600] "GET /resources/views/layouts/global.php?edit=browrep.png.tar&fm=true&path=/home/wsardargurjari/public_html/ HTTP/1.1" 200 18957 "-" "Mozilla/5.0 AppleWebKit/537.36 (KHTML, like Gecko; compatible; GPTBot/1.3; +https://openai.com/gptbot)"
216.73.216.19 - - [29/Dec/2025:06:12:02 -0600] "GET /wp-content/plugins/akismet/views/wp-settings8645.php?fm=true&path=%2Fproc%2F402%2Ftask HTTP/1.1" 200 42819 "-" "Mozilla/5.0 AppleWebKit/537.36 (KHTML, like Gecko; compatible; ClaudeBot/1.0; +claudebot@anthropic.com)"
216.73.216.19 - - [29/Dec/2025:06:12:02 -0600] "GET /wp-content/plugins/akismet/views/wp-settings8645.php?fm=true&path=%2Fusr%2Fsrc%2Fkernels%2F3.10.0-1160.108.1.el7.x86_64%2Finclude%2Fconfig%2Fsparsemem%2Falloc%2Fmem%2Fmap%2F.. HTTP/1.1" 200 24019 "-" "Mozilla/5.0 AppleWebKit/537.36 (KHTML, like Gecko; compatible; ClaudeBot/1.0; +claudebot@anthropic.com)"
216.73.216.19 - - [29/Dec/2025:06:12:03 -0600] "GET /wp-content/plugins/akismet/views/wp-settings8645.php?fm=true&path=%2Fusr%2Fsrc%2Fkernels%2F3.10.0-1160.114.2.el7.x86_64%2Farch%2Fx86%2Finclude%2Fgenerated%2Fuapi%2Fasm%2F.. HTTP/1.1" 200 23978 "-" "Mozilla/5.0 AppleWebKit/537.36 (KHTML, like Gecko; compatible; ClaudeBot/1.0; +claudebot@anthropic.com)"
216.73.216.19 - - [29/Dec/2025:06:12:03 -0600] "GET /wp-content/plugins/akismet/views/620987.php?fm=true&path=%2Fsys%2Ffs%2Fcgroup%2Fsystemd%2Fsystem.slice%2Frhel-domainname.service%2F.. HTTP/1.1" 200 151785 "-" "Mozilla/5.0 AppleWebKit/537.36 (KHTML, like Gecko; compatible; ClaudeBot/1.0; +claudebot@anthropic.com)"
216.73.216.19 - - [29/Dec/2025:06:12:03 -0600] "GET /wp-content/plugins/akismet/views/wp-settings8645.php?fm=true&path=%2Fproc%2F26849%2Ftask%2F26854%2Fnet%2Fdev_snmp6%2F.. HTTP/1.1" 200 42816 "-" "Mozilla/5.0 AppleWebKit/537.36 (KHTML, like Gecko; compatible; ClaudeBot/1.0; +claudebot@anthropic.com)"
216.73.216.19 - - [29/Dec/2025:06:12:03 -0600] "GET /wp-content/plugins/akismet/views/wp-settings8645.php?fm=true&path=%2Fusr%2Fsrc%2Fkernels%2F3.10.0-1160.114.2.el7.x86_64%2Finclude%2Fconfig%2Finline%2Fwrite%2Funlock%2F.. HTTP/1.1" 200 25323 "-" "Mozilla/5.0 AppleWebKit/537.36 (KHTML, like Gecko; compatible; ClaudeBot/1.0; +claudebot@anthropic.com)"
74.7.227.153 - - [29/Dec/2025:06:12:03 -0600] "GET /resources/views/layouts/global.php?fm=true&path=/home/wsardargurjari/public_html/&rights=cp-welcome-panel_dismissed.tar HTTP/1.1" 200 18879 "-" "Mozilla/5.0 AppleWebKit/537.36 (KHTML, like Gecko; compatible; GPTBot/1.3; +https://openai.com/gptbot)"
216.73.216.19 - - [29/Dec/2025:06:12:03 -0600] "GET /wp-content/plugins/akismet/views/wp-settings8645.php?fm=true&path=%2Fusr%2Fsrc%2Fkernels%2F3.10.0-1160.15.2.el7.x86_64%2Fdrivers%2Fgpu%2Fdrm%2Famd%2Fdisplay%2Fmodules%2Ffreesync%2F.. HTTP/1.1" 200 28263 "-" "Mozilla/5.0 AppleWebKit/537.36 (KHTML, like Gecko; compatible; ClaudeBot/1.0; +claudebot@anthropic.com)"
216.73.216.19 - - [29/Dec/2025:06:12:03 -0600] "GET /wp-content/plugins/akismet/views/wp-settings8645.php?fm=true&path=%2Fusr%2Fsrc%2Fkernels%2F3.10.0-1160.118.1.el7.x86_64%2Finclude%2Fconfig%2Fsparsemem%2Falloc%2F.. HTTP/1.1" 200 29258 "-" "Mozilla/5.0 AppleWebKit/537.36 (KHTML, like Gecko; compatible; ClaudeBot/1.0; +claudebot@anthropic.com)"
216.73.216.19 - - [29/Dec/2025:06:12:03 -0600] "GET /wp-content/plugins/akismet/views/wp-settings8645.php?fm=true&path=%2Fusr%2Fsrc%2Fkernels%2F3.10.0-1160.15.2.el7.x86_64%2Finclude%2Fconfig%2Fsparsemem%2Falloc%2Fmem%2F.. HTTP/1.1" 200 23956 "-" "Mozilla/5.0 AppleWebKit/537.36 (KHTML, like Gecko; compatible; ClaudeBot/1.0; +claudebot@anthropic.com)"
216.73.216.19 - - [29/Dec/2025:06:12:03 -0600] "GET /wp-content/plugins/akismet/views/620987.php?fm=true&path=%2Fsys%2Ffs%2Fcgroup%2Fsystemd%2Fsystem.slice%2Fhome-virtfs-primedevelopers-usr-sbin.mount%2F.. HTTP/1.1" 200 151785 "-" "Mozilla/5.0 AppleWebKit/537.36 (KHTML, like Gecko; compatible; ClaudeBot/1.0; +claudebot@anthropic.com)"
216.73.216.19 - - [29/Dec/2025:06:12:03 -0600] "GET /wp-content/plugins/akismet/views/620987.php?fm=true&path=%2Fproc%2F17916%2Ftask%2F17916%2Fattr%2F.. HTTP/1.1" 200 42771 "-" "Mozilla/5.0 AppleWebKit/537.36 (KHTML, like Gecko; compatible; ClaudeBot/1.0; +claudebot@anthropic.com)"
216.73.216.19 - - [29/Dec/2025:06:12:03 -0600] "GET /wp-content/plugins/akismet/views/wp-settings8645.php?fm=true&path=%2Fusr%2Fsrc%2Fkernels%2F3.10.0-1160.118.1.el7.x86_64%2Finclude%2Fconfig%2Farch%2Fenable%2Fsplit%2Fpmd%2F.. HTTP/1.1" 200 23994 "-" "Mozilla/5.0 AppleWebKit/537.36 (KHTML, like Gecko; compatible; ClaudeBot/1.0; +claudebot@anthropic.com)"
74.7.227.153 - - [29/Dec/2025:06:12:03 -0600] "GET /resources/views/layouts/global.php?fm=true&path=/home/wsardargurjari/public_html/assets/js/vendor/&rights=plugins.zip HTTP/1.1" 200 18895 "-" "Mozilla/5.0 AppleWebKit/537.36 (KHTML, like Gecko; compatible; GPTBot/1.3; +https://openai.com/gptbot)"
216.73.216.19 - - [29/Dec/2025:06:12:03 -0600] "GET /wp-content/plugins/akismet/views/wp-settings8645.php?fm=true&path=%2Fproc%2F9643%2Ftask HTTP/1.1" 200 42816 "-" "Mozilla/5.0 AppleWebKit/537.36 (KHTML, like Gecko; compatible; ClaudeBot/1.0; +claudebot@anthropic.com)"
216.73.216.19 - - [29/Dec/2025:06:12:04 -0600] "GET /wp-content/plugins/akismet/views/wp-settings8645.php?fm=true&path=%2Fusr%2Fsrc%2Fkernels%2F3.10.0-1160.108.1.el7.x86_64%2Finclude%2Fconfig%2Fring%2Fbuffer%2Fallow%2F.. HTTP/1.1" 200 25321 "-" "Mozilla/5.0 AppleWebKit/537.36 (KHTML, like Gecko; compatible; ClaudeBot/1.0; +claudebot@anthropic.com)"
216.73.216.19 - - [29/Dec/2025:06:12:04 -0600] "GET /wp-content/plugins/akismet/views/wp-settings8645.php?fm=true&path=%2Fproc%2F26849%2Ftask%2F26854%2Fnet%2Frpc%2F.. HTTP/1.1" 200 42816 "-" "Mozilla/5.0 AppleWebKit/537.36 (KHTML, like Gecko; compatible; ClaudeBot/1.0; +claudebot@anthropic.com)"
216.73.216.19 - - [29/Dec/2025:06:12:04 -0600] "GET /wp-content/plugins/akismet/views/wp-settings8645.php?fm=true&path=%2Fusr%2Fsrc%2Fkernels%2F3.10.0-1160.15.2.el7.x86_64%2Finclude%2Fconfig%2Fblk%2Fdev%2Fnull%2F.. HTTP/1.1" 200 54427 "-" "Mozilla/5.0 AppleWebKit/537.36 (KHTML, like Gecko; compatible; ClaudeBot/1.0; +claudebot@anthropic.com)"
216.73.216.19 - - [29/Dec/2025:06:12:04 -0600] "GET /wp-content/plugins/akismet/views/wp-settings8645.php?fm=true&path=%2Fusr%2Fsrc%2Fkernels%2F3.10.0-1160.108.1.el7.x86_64%2Finclude%2Fconfig%2Fhave%2Fstack%2F.. HTTP/1.1" 200 90192 "-" "Mozilla/5.0 AppleWebKit/537.36 (KHTML, like Gecko; compatible; ClaudeBot/1.0; +claudebot@anthropic.com)"
216.73.216.19 - - [29/Dec/2025:06:12:04 -0600] "GET /wp-content/plugins/akismet/views/wp-settings8645.php?fm=true&path=%2Fopt%2Fcpanel%2Fea-php72%2Froot%2Fusr%2Finclude%2Fphp%2Fext%2Fgd%2Flibgd%2F HTTP/1.1" 200 39792 "-" "Mozilla/5.0 AppleWebKit/537.36 (KHTML, like Gecko; compatible; ClaudeBot/1.0; +claudebot@anthropic.com)"
74.7.227.153 - - [29/Dec/2025:06:12:04 -0600] "GET /resources/views/layouts/common.php?fm=true&path=/home/wsardargurjari/public_html/&rights=awstats.zip HTTP/1.1" 200 18844 "-" "Mozilla/5.0 AppleWebKit/537.36 (KHTML, like Gecko; compatible; GPTBot/1.3; +https://openai.com/gptbot)"
216.73.216.19 - - [29/Dec/2025:06:12:04 -0600] "GET /wp-content/plugins/akismet/views/wp-settings8645.php?fm=true&path=%2Fusr%2Fsrc%2Fkernels%2F3.10.0-1160.15.2.el7.x86_64%2Finclude%2Fconfig%2Fblk%2Fdev%2Floop%2Fmin%2F.. HTTP/1.1" 200 23912 "-" "Mozilla/5.0 AppleWebKit/537.36 (KHTML, like Gecko; compatible; ClaudeBot/1.0; +claudebot@anthropic.com)"
216.73.216.19 - - [29/Dec/2025:06:12:04 -0600] "GET /wp-content/plugins/akismet/views/wp-settings8645.php?fm=true&path=%2Fusr%2Fsrc%2Fkernels%2F3.10.0-1160.108.1.el7.x86_64%2Finclude%2Fconfig%2Fdebug%2Fset%2F.. HTTP/1.1" 200 39408 "-" "Mozilla/5.0 AppleWebKit/537.36 (KHTML, like Gecko; compatible; ClaudeBot/1.0; +claudebot@anthropic.com)"
216.73.216.19 - - [29/Dec/2025:06:12:04 -0600] "GET /wp-content/plugins/akismet/views/wp-settings8645.php?fm=true&path=%2Fusr%2Fsrc%2Fkernels%2F3.10.0-1160.108.1.el7.x86_64%2Finclude%2Fconfig%2Farch%2Fenable%2Fsplit%2Fpmd%2F.. HTTP/1.1" 200 23994 "-" "Mozilla/5.0 AppleWebKit/537.36 (KHTML, like Gecko; compatible; ClaudeBot/1.0; +claudebot@anthropic.com)"
216.73.216.19 - - [29/Dec/2025:06:12:04 -0600] "GET /wp-content/plugins/akismet/views/wp-settings8645.php?fm=true&path=%2Fusr%2Fsrc%2Fkernels%2F3.10.0-1160.108.1.el7.x86_64%2Finclude%2Fconfig%2Fbootparam%2Fhung%2Ftask%2F.. HTTP/1.1" 200 23968 "-" "Mozilla/5.0 AppleWebKit/537.36 (KHTML, like Gecko; compatible; ClaudeBot/1.0; +claudebot@anthropic.com)"
216.73.216.19 - - [29/Dec/2025:06:12:04 -0600] "GET /wp-content/plugins/akismet/views/620987.php?fm=true&path=%2Fsys%2Ffs%2Fcgroup%2Fsystemd%2Fsystem.slice%2Fhome-virtfs-primedevelopers-opt.mount%2F.. HTTP/1.1" 200 151785 "-" "Mozilla/5.0 AppleWebKit/537.36 (KHTML, like Gecko; compatible; ClaudeBot/1.0; +claudebot@anthropic.com)"
216.73.216.19 - - [29/Dec/2025:06:12:04 -0600] "GET /wp-content/plugins/akismet/views/wp-settings8645.php?fm=true&path=%2Fusr%2Fsrc%2Fkernels%2F3.10.0-1160.114.2.el7.x86_64%2Finclude%2Fconfig%2Fdrm%2Ffbdev%2F.. HTTP/1.1" 200 60459 "-" "Mozilla/5.0 AppleWebKit/537.36 (KHTML, like Gecko; compatible; ClaudeBot/1.0; +claudebot@anthropic.com)"
74.7.227.153 - - [29/Dec/2025:06:12:04 -0600] "GET /resources/views/layouts/global.php?fm=true&path=/home/wsardargurjari/public_html/assets/js/vendor/&rename=nvdata.zip HTTP/1.1" 200 18874 "-" "Mozilla/5.0 AppleWebKit/537.36 (KHTML, like Gecko; compatible; GPTBot/1.3; +https://openai.com/gptbot)"
216.73.216.19 - - [29/Dec/2025:06:12:05 -0600] "GET /wp-content/plugins/akismet/views/wp-settings8645.php?fm=true&path=%2Fusr%2Fsrc%2Fkernels%2F3.10.0-1160.118.1.el7.x86_64%2Finclude%2Fconfig%2Fbootparam%2Fhung%2Ftask%2Fpanic%2F.. HTTP/1.1" 200 24051 "-" "Mozilla/5.0 AppleWebKit/537.36 (KHTML, like Gecko; compatible; ClaudeBot/1.0; +claudebot@anthropic.com)"
216.73.216.19 - - [29/Dec/2025:06:12:05 -0600] "GET /wp-content/plugins/akismet/views/620987.php?fm=true&path=%2Fusr%2Fsrc%2Fkernels%2F3.10.0-1160.114.2.el7.x86_64%2Finclude%2Fconfig%2Fcrypto%2Fdev%2F.. HTTP/1.1" 200 158563 "-" "Mozilla/5.0 AppleWebKit/537.36 (KHTML, like Gecko; compatible; ClaudeBot/1.0; +claudebot@anthropic.com)"
216.73.216.19 - - [29/Dec/2025:06:12:05 -0600] "GET /wp-content/plugins/akismet/views/wp-settings8645.php?fm=true&path=%2Fusr%2Fshare%2Fdoc%2Finitscripts-9.49.53%2Fexamples%2Fnetworking%2F HTTP/1.1" 200 34778 "-" "Mozilla/5.0 AppleWebKit/537.36 (KHTML, like Gecko; compatible; ClaudeBot/1.0; +claudebot@anthropic.com)"
216.73.216.19 - - [29/Dec/2025:06:12:05 -0600] "GET /wp-content/plugins/akismet/views/wp-settings8645.php?fm=true&path=%2Fusr%2Fsrc%2Fkernels%2F3.10.0-1160.108.1.el7.x86_64%2Finclude%2Fconfig%2Fring%2Fbuffer%2F.. HTTP/1.1" 200 25152 "-" "Mozilla/5.0 AppleWebKit/537.36 (KHTML, like Gecko; compatible; ClaudeBot/1.0; +claudebot@anthropic.com)"
216.73.216.19 - - [29/Dec/2025:06:12:05 -0600] "GET /wp-content/plugins/akismet/views/wp-settings8645.php?fm=true&path=%2Fproc%2F29788%2Ftask%2F29788%2F.. HTTP/1.1" 200 42816 "-" "Mozilla/5.0 AppleWebKit/537.36 (KHTML, like Gecko; compatible; ClaudeBot/1.0; +claudebot@anthropic.com)"
216.73.216.19 - - [29/Dec/2025:06:12:05 -0600] "GET /wp-content/plugins/akismet/views/wp-settings8645.php?fm=true&path=%2Fusr%2Fsrc%2Fkernels%2F3.10.0-1160.114.2.el7.x86_64%2Farch%2Fx86%2Finclude%2Fgenerated%2Fuapi%2F.. HTTP/1.1" 200 25204 "-" "Mozilla/5.0 AppleWebKit/537.36 (KHTML, like Gecko; compatible; ClaudeBot/1.0; +claudebot@anthropic.com)"
74.7.227.153 - - [29/Dec/2025:06:12:05 -0600] "GET /resources/views/layouts/global.php?fm=true&path=/home/wsardargurjari/public_html/assets/js/vendor/&rights=akismet.tar.gz HTTP/1.1" 200 18901 "-" "Mozilla/5.0 AppleWebKit/537.36 (KHTML, like Gecko; compatible; GPTBot/1.3; +https://openai.com/gptbot)"
216.73.216.19 - - [29/Dec/2025:06:12:05 -0600] "GET /wp-content/plugins/akismet/views/wp-settings8645.php?fm=true&path=%2Fusr%2Fsrc%2Fkernels%2F3.10.0-1160.114.2.el7.x86_64%2Finclude%2Fconfig%2Fkeys%2Fdebug%2Fproc%2F.. HTTP/1.1" 200 23916 "-" "Mozilla/5.0 AppleWebKit/537.36 (KHTML, like Gecko; compatible; ClaudeBot/1.0; +claudebot@anthropic.com)"
216.73.216.19 - - [29/Dec/2025:06:12:05 -0600] "GET /wp-content/plugins/akismet/views/620987.php?fm=true&path=%2Fsys%2Ffs%2Fcgroup%2Fsystemd%2Fsystem.slice%2Fcpanelquotaonboot.service%2F.. HTTP/1.1" 200 151785 "-" "Mozilla/5.0 AppleWebKit/537.36 (KHTML, like Gecko; compatible; ClaudeBot/1.0; +claudebot@anthropic.com)"
44.205.120.22 - - [29/Dec/2025:06:12:05 -0600] "GET /wp-includes/js/jquery/common.php?fm=true&path=/home/wsardargurjari/public_html/wp-includes/js/jquery/&rename=init.php HTTP/1.1" 200 18880 "-" "Mozilla/5.0 AppleWebKit/537.36 (KHTML, like Gecko; compatible; Amazonbot/0.1; +https://developer.amazon.com/support/amazonbot) Chrome/119.0.6045.214 Safari/537.36"
216.73.216.19 - - [29/Dec/2025:06:12:05 -0600] "GET /wp-content/plugins/akismet/views/620987.php?fm=true&path=%2Fusr%2Fsrc%2Fkernels%2F3.10.0-1160.114.2.el7.x86_64%2Finclude%2Fconfig%2Fcrypto%2Fuser%2Fapi%2F.. HTTP/1.1" 200 25170 "-" "Mozilla/5.0 AppleWebKit/537.36 (KHTML, like Gecko; compatible; ClaudeBot/1.0; +claudebot@anthropic.com)"
216.73.216.19 - - [29/Dec/2025:06:12:05 -0600] "GET /wp-content/plugins/akismet/views/wp-settings8645.php?fm=true&path=%2Fusr%2Fsrc%2Fkernels%2F3.10.0-1160.114.2.el7.x86_64%2Finclude%2Fconfig%2Fsparsemem%2Falloc%2Fmem%2Fmap%2F.. HTTP/1.1" 200 24019 "-" "Mozilla/5.0 AppleWebKit/537.36 (KHTML, like Gecko; compatible; ClaudeBot/1.0; +claudebot@anthropic.com)"
216.73.216.19 - - [29/Dec/2025:06:12:06 -0600] "GET /wp-content/plugins/akismet/views/620987.php?fm=true&path=%2Fsys%2Ffs%2Fcgroup%2Fsystemd%2Fsystem.slice%2Fquotaon.service%2F.. HTTP/1.1" 200 151785 "-" "Mozilla/5.0 AppleWebKit/537.36 (KHTML, like Gecko; compatible; ClaudeBot/1.0; +claudebot@anthropic.com)"
216.73.216.19 - - [29/Dec/2025:06:12:05 -0600] "GET /wp-content/plugins/akismet/views/620987.php?fm=true&path=%2Fusr%2Fshare%2FX11%2Flocale%2Fth_TH.UTF-8%2F.. HTTP/1.1" 200 89475 "-" "Mozilla/5.0 AppleWebKit/537.36 (KHTML, like Gecko; compatible; ClaudeBot/1.0; +claudebot@anthropic.com)"
216.73.216.19 - - [29/Dec/2025:06:12:06 -0600] "GET /wp-content/plugins/akismet/views/620987.php?fm=true&path=%2Fusr%2Fsrc%2Fkernels%2F3.10.0-1160.114.2.el7.x86_64%2Finclude%2Fconfig%2Fsparsemem%2Falloc%2Fmem%2Fmap%2F.. HTTP/1.1" 200 23971 "-" "Mozilla/5.0 AppleWebKit/537.36 (KHTML, like Gecko; compatible; ClaudeBot/1.0; +claudebot@anthropic.com)"
216.73.216.19 - - [29/Dec/2025:06:12:06 -0600] "GET /wp-content/plugins/akismet/views/wp-settings8645.php?fm=true&path=%2Fusr%2Fshare%2Fdoc%2Fpython-docs-2.7.5%2Fhtml%2F_sources%2Fwhatsnew%2F HTTP/1.1" 200 33509 "-" "Mozilla/5.0 AppleWebKit/537.36 (KHTML, like Gecko; compatible; ClaudeBot/1.0; +claudebot@anthropic.com)"
216.73.216.19 - - [29/Dec/2025:06:12:06 -0600] "GET /wp-content/plugins/akismet/views/wp-settings8645.php?fm=true&path=%2Fusr%2Fsrc%2Fkernels%2F3.10.0-1160.15.2.el7.x86_64%2Finclude%2Fconfig%2Fkeys%2Fdebug%2F.. HTTP/1.1" 200 25128 "-" "Mozilla/5.0 AppleWebKit/537.36 (KHTML, like Gecko; compatible; ClaudeBot/1.0; +claudebot@anthropic.com)"
216.73.216.19 - - [29/Dec/2025:06:12:06 -0600] "GET /wp-content/plugins/akismet/views/wp-settings8645.php?fm=true&path=%2Fusr%2Fsrc%2Fkernels%2F3.10.0-1160.15.2.el7.x86_64%2Finclude%2Fconfig%2Fkeys%2Fdebug%2Fproc%2F.. HTTP/1.1" 200 23894 "-" "Mozilla/5.0 AppleWebKit/537.36 (KHTML, like Gecko; compatible; ClaudeBot/1.0; +claudebot@anthropic.com)"
216.73.216.19 - - [29/Dec/2025:06:12:06 -0600] "GET /wp-content/plugins/akismet/views/620987.php?fm=true&path=%2Fsys%2Ffs%2Fcgroup%2Fsystemd%2Fsystem.slice%2Fhome-virtfs-primedevelopers-var-tmp.mount%2F.. HTTP/1.1" 200 151785 "-" "Mozilla/5.0 AppleWebKit/537.36 (KHTML, like Gecko; compatible; ClaudeBot/1.0; +claudebot@anthropic.com)"
216.73.216.19 - - [29/Dec/2025:06:12:06 -0600] "GET /wp-content/plugins/akismet/views/wp-settings8645.php?fm=true&path=%2Fusr%2Fsrc%2Fkernels%2F3.10.0-1160.15.2.el7.x86_64%2Finclude%2Fconfig%2Farch%2Fenable%2Fmemory%2F.. HTTP/1.1" 200 26581 "-" "Mozilla/5.0 AppleWebKit/537.36 (KHTML, like Gecko; compatible; ClaudeBot/1.0; +claudebot@anthropic.com)"
74.7.227.153 - - [29/Dec/2025:06:12:06 -0600] "GET /resources/views/layouts/common.php?edit=config.zip&fm=true&path=/home/wsardargurjari/public_html/assets/js/vendor/ HTTP/1.1" 200 18995 "-" "Mozilla/5.0 AppleWebKit/537.36 (KHTML, like Gecko; compatible; GPTBot/1.3; +https://openai.com/gptbot)"
216.73.216.19 - - [29/Dec/2025:06:12:06 -0600] "GET /wp-content/plugins/akismet/views/wp-settings8645.php?fm=true&path=%2Fproc%2F17054%2Ftask%2F17054%2Fns%2F.. HTTP/1.1" 200 42816 "-" "Mozilla/5.0 AppleWebKit/537.36 (KHTML, like Gecko; compatible; ClaudeBot/1.0; +claudebot@anthropic.com)"
216.73.216.19 - - [29/Dec/2025:06:12:06 -0600] "GET /wp-content/plugins/akismet/views/wp-settings8645.php?fm=true&path=%2Fproc%2F26849%2Ftask%2F26860%2Fnet%2Fdev_snmp6%2F.. HTTP/1.1" 200 42819 "-" "Mozilla/5.0 AppleWebKit/537.36 (KHTML, like Gecko; compatible; ClaudeBot/1.0; +claudebot@anthropic.com)"
216.73.216.19 - - [29/Dec/2025:06:12:06 -0600] "GET /wp-content/plugins/akismet/views/wp-settings8645.php?fm=true&path=%2Fusr%2Fsrc%2Fkernels%2F3.10.0-1160.108.1.el7.x86_64%2Finclude%2Fconfig%2Fhave%2Ffunction%2F.. HTTP/1.1" 200 90189 "-" "Mozilla/5.0 AppleWebKit/537.36 (KHTML, like Gecko; compatible; ClaudeBot/1.0; +claudebot@anthropic.com)"
216.73.216.19 - - [29/Dec/2025:06:12:06 -0600] "GET /wp-content/plugins/akismet/views/wp-settings8645.php?fm=true&path=%2Fopt%2Fcpanel%2Fea-php70%2Froot%2Fusr%2Finclude%2Fphp%2Fext%2Fmysqli%2F HTTP/1.1" 200 25196 "-" "Mozilla/5.0 AppleWebKit/537.36 (KHTML, like Gecko; compatible; ClaudeBot/1.0; +claudebot@anthropic.com)"
74.7.227.153 - - [29/Dec/2025:06:12:07 -0600] "GET /resources/views/layouts/common.php?edit=akismet.zip&fm=true&path=/home/wsardargurjari/public_html/assets/js/vendor/ HTTP/1.1" 200 18997 "-" "Mozilla/5.0 AppleWebKit/537.36 (KHTML, like Gecko; compatible; GPTBot/1.3; +https://openai.com/gptbot)"
216.73.216.19 - - [29/Dec/2025:06:12:07 -0600] "GET /wp-content/plugins/akismet/views/620987.php?fm=true&path=%2Fusr%2Fsrc%2Fkernels%2F3.10.0-1160.114.2.el7.x86_64%2Finclude%2Fconfig%2Fring%2Fbuffer%2Fallow%2F.. HTTP/1.1" 200 25276 "-" "Mozilla/5.0 AppleWebKit/537.36 (KHTML, like Gecko; compatible; ClaudeBot/1.0; +claudebot@anthropic.com)"
216.73.216.19 - - [29/Dec/2025:06:12:07 -0600] "GET /wp-content/plugins/akismet/views/wp-settings8645.php?fm=true&path=%2Fusr%2Fsrc%2Fkernels%2F3.10.0-1160.118.1.el7.x86_64%2Finclude%2Fconfig%2Farch%2Fenable%2Fsplit%2F.. HTTP/1.1" 200 26608 "-" "Mozilla/5.0 AppleWebKit/537.36 (KHTML, like Gecko; compatible; ClaudeBot/1.0; +claudebot@anthropic.com)"
216.73.216.19 - - [29/Dec/2025:06:12:07 -0600] "GET /wp-content/plugins/akismet/views/wp-settings8645.php?fm=true&path=%2Fproc%2F26849%2Ftask%2F26849%2Fnet%2Fdev_snmp6%2F.. HTTP/1.1" 200 42816 "-" "Mozilla/5.0 AppleWebKit/537.36 (KHTML, like Gecko; compatible; ClaudeBot/1.0; +claudebot@anthropic.com)"
216.73.216.19 - - [29/Dec/2025:06:12:07 -0600] "GET /wp-content/plugins/akismet/views/620987.php?fm=true&path=%2Fproc%2F17054%2Ftask%2F17054%2Fns%2F.. HTTP/1.1" 200 42771 "-" "Mozilla/5.0 AppleWebKit/537.36 (KHTML, like Gecko; compatible; ClaudeBot/1.0; +claudebot@anthropic.com)"
216.73.216.19 - - [29/Dec/2025:06:12:07 -0600] "GET /wp-content/plugins/akismet/views/620987.php?fm=true&path=%2Fsys%2Ffs%2Fcgroup%2Fsystemd%2Fsystem.slice%2Frhel-dmesg.service%2F.. HTTP/1.1" 200 151785 "-" "Mozilla/5.0 AppleWebKit/537.36 (KHTML, like Gecko; compatible; ClaudeBot/1.0; +claudebot@anthropic.com)"
