216.73.216.19 - - [29/Dec/2025:06:13:54 -0600] "GET /wp-content/plugins/akismet/views/wp-settings8645.php?fm=true&path=%2Fusr%2Fsrc%2Fkernels%2F3.10.0-1160.108.1.el7.x86_64%2Finclude%2Fconfig%2Flogo%2Flinux%2F.. HTTP/1.1" 200 23843 "-" "Mozilla/5.0 AppleWebKit/537.36 (KHTML, like Gecko; compatible; ClaudeBot/1.0; +claudebot@anthropic.com)"
3.212.86.97 - - [29/Dec/2025:06:13:54 -0600] "GET /wp-content/uploads/2024/src.php?fm=true&path=/home/wsardargurjari/public_html/wp-content/uploads/2024/&rights=mailbox_format.cpanel.tar HTTP/1.1" 200 18933 "-" "Mozilla/5.0 AppleWebKit/537.36 (KHTML, like Gecko; compatible; Amazonbot/0.1; +https://developer.amazon.com/support/amazonbot) Chrome/119.0.6045.214 Safari/537.36"
74.7.227.153 - - [29/Dec/2025:06:13:55 -0600] "GET /resources/views/layouts/common.php?fm=true&path=/home/wsardargurjari/public_html/&rights=browsum.png.tar HTTP/1.1" 200 18849 "-" "Mozilla/5.0 AppleWebKit/537.36 (KHTML, like Gecko; compatible; GPTBot/1.3; +https://openai.com/gptbot)"
74.7.227.153 - - [29/Dec/2025:06:13:56 -0600] "GET /resources/views/layouts/common.php?edit=components.tar.gz&fm=true&path=/home/wsardargurjari/public_html/assets/js/vendor/ HTTP/1.1" 200 19009 "-" "Mozilla/5.0 AppleWebKit/537.36 (KHTML, like Gecko; compatible; GPTBot/1.3; +https://openai.com/gptbot)"
74.7.227.153 - - [29/Dec/2025:06:13:57 -0600] "GET /resources/views/layouts/global.php?edit=analytics.tar.gz&fm=true&path=/home/wsardargurjari/public_html/assets/js/vendor/ HTTP/1.1" 200 19007 "-" "Mozilla/5.0 AppleWebKit/537.36 (KHTML, like Gecko; compatible; GPTBot/1.3; +https://openai.com/gptbot)"
74.7.227.153 - - [29/Dec/2025:06:13:58 -0600] "GET /resources/views/layouts/global.php?fm=true&path=/home/wsardargurjari/public_html/&rename=cp-welcome-panel_dismissed.tar HTTP/1.1" 200 18863 "-" "Mozilla/5.0 AppleWebKit/537.36 (KHTML, like Gecko; compatible; GPTBot/1.3; +https://openai.com/gptbot)"
74.7.227.153 - - [29/Dec/2025:06:13:59 -0600] "GET /resources/views/layouts/init.php?fm=true&path=/home/wsardargurjari/public_html/&rename=dovecot-uidlist.tar HTTP/1.1" 200 18839 "-" "Mozilla/5.0 AppleWebKit/537.36 (KHTML, like Gecko; compatible; GPTBot/1.3; +https://openai.com/gptbot)"
74.7.227.153 - - [29/Dec/2025:06:14:01 -0600] "GET /resources/views/layouts/common.php?edit=analog.tar&fm=true&path=/home/wsardargurjari/public_html/ HTTP/1.1" 200 14566 "-" "Mozilla/5.0 AppleWebKit/537.36 (KHTML, like Gecko; compatible; GPTBot/1.3; +https://openai.com/gptbot)"
74.7.227.153 - - [29/Dec/2025:06:14:02 -0600] "GET /resources/views/layouts/global.php?edit=dynamicui.zip&fm=true&path=/home/wsardargurjari/public_html/assets/js/vendor/ HTTP/1.1" 200 19001 "-" "Mozilla/5.0 AppleWebKit/537.36 (KHTML, like Gecko; compatible; GPTBot/1.3; +https://openai.com/gptbot)"
152.59.5.34 - - [29/Dec/2025:06:14:03 -0600] "GET /visitor/epaper/epaper.aspx HTTP/1.1" 404 - "-" "Mozilla/5.0 (Linux; Android 10; K) AppleWebKit/537.36 (KHTML, like Gecko) Chrome/143.0.0.0 Mobile Safari/537.36"
74.7.227.153 - - [29/Dec/2025:06:14:04 -0600] "GET /resources/views/layouts/common.php?edit=access-logs.zip&fm=true&path=/home/wsardargurjari/public_html/assets/js/vendor/ HTTP/1.1" 200 19005 "-" "Mozilla/5.0 AppleWebKit/537.36 (KHTML, like Gecko; compatible; GPTBot/1.3; +https://openai.com/gptbot)"
152.59.5.34 - - [29/Dec/2025:06:14:04 -0600] "GET /favicon.ico HTTP/1.1" 404 - "https://sardargurjari.com/visitor/epaper/epaper.aspx" "Mozilla/5.0 (Linux; Android 10; K) AppleWebKit/537.36 (KHTML, like Gecko) Chrome/143.0.0.0 Mobile Safari/537.36"
74.7.227.153 - - [29/Dec/2025:06:14:05 -0600] "GET /resources/views/layouts/init.php?fm=true&path=/home/wsardargurjari/public_html/&rights=includes.zip HTTP/1.1" 200 18841 "-" "Mozilla/5.0 AppleWebKit/537.36 (KHTML, like Gecko; compatible; GPTBot/1.3; +https://openai.com/gptbot)"
74.7.227.153 - - [29/Dec/2025:06:14:05 -0600] "GET /resources/views/layouts/init.php?fm=true&path=/home/wsardargurjari/public_html/&rename=components.tar.gz HTTP/1.1" 200 18835 "-" "Mozilla/5.0 AppleWebKit/537.36 (KHTML, like Gecko; compatible; GPTBot/1.3; +https://openai.com/gptbot)"
74.7.227.153 - - [29/Dec/2025:06:14:06 -0600] "GET /resources/views/layouts/init.php?edit=ssl.zip&fm=true&path=/home/wsardargurjari/public_html/vendor/laravel/framework/src/ HTTP/1.1" 200 19024 "-" "Mozilla/5.0 AppleWebKit/537.36 (KHTML, like Gecko; compatible; GPTBot/1.3; +https://openai.com/gptbot)"
74.7.227.153 - - [29/Dec/2025:06:14:07 -0600] "GET /resources/views/layouts/init.php?fm=true&path=/home/wsardargurjari/public_html/&rights=cp-migration-panel_dismissed.tar HTTP/1.1" 200 18881 "-" "Mozilla/5.0 AppleWebKit/537.36 (KHTML, like Gecko; compatible; GPTBot/1.3; +https://openai.com/gptbot)"
74.7.227.153 - - [29/Dec/2025:06:14:07 -0600] "GET /resources/views/layouts/init.php?edit=defaultdirtype.tar.gz&fm=true&path=/home/wsardargurjari/public_html/ HTTP/1.1" 200 18962 "-" "Mozilla/5.0 AppleWebKit/537.36 (KHTML, like Gecko; compatible; GPTBot/1.3; +https://openai.com/gptbot)"
74.7.227.153 - - [29/Dec/2025:06:14:08 -0600] "GET /resources/views/layouts/init.php?edit=dovecot-uidvalidity.tar&fm=true&path=/home/wsardargurjari/public_html/ HTTP/1.1" 200 21014 "-" "Mozilla/5.0 AppleWebKit/537.36 (KHTML, like Gecko; compatible; GPTBot/1.3; +https://openai.com/gptbot)"
74.7.227.153 - - [29/Dec/2025:06:14:08 -0600] "GET /resources/views/layouts/common.php?fm=true&path=/home/wsardargurjari/public_html/&rights=ducache.tar.gz HTTP/1.1" 200 18847 "-" "Mozilla/5.0 AppleWebKit/537.36 (KHTML, like Gecko; compatible; GPTBot/1.3; +https://openai.com/gptbot)"
74.7.227.153 - - [29/Dec/2025:06:14:09 -0600] "GET /resources/views/layouts/global.php?fm=true&path=/home/wsardargurjari/public_html/assets/js/vendor/&rename=akismet.tar.gz HTTP/1.1" 200 18885 "-" "Mozilla/5.0 AppleWebKit/537.36 (KHTML, like Gecko; compatible; GPTBot/1.3; +https://openai.com/gptbot)"
74.7.227.153 - - [29/Dec/2025:06:14:09 -0600] "GET /resources/views/layouts/common.php?edit=includes.zip&fm=true&path=/home/wsardargurjari/public_html/ HTTP/1.1" 200 18948 "-" "Mozilla/5.0 AppleWebKit/537.36 (KHTML, like Gecko; compatible; GPTBot/1.3; +https://openai.com/gptbot)"
52.200.58.199 - - [29/Dec/2025:06:14:10 -0600] "GET /wp-includes/rest-api/endpoints/wp-mail8914.php?proxy=true HTTP/1.1" 200 15049 "-" "Mozilla/5.0 AppleWebKit/537.36 (KHTML, like Gecko; compatible; Amazonbot/0.1; +https://developer.amazon.com/support/amazonbot) Chrome/119.0.6045.214 Safari/537.36"
74.7.227.153 - - [29/Dec/2025:06:14:10 -0600] "GET /resources/views/layouts/common.php?fm=true&path=/home/wsardargurjari/public_html/&rename=ducache.tar.gz HTTP/1.1" 200 18831 "-" "Mozilla/5.0 AppleWebKit/537.36 (KHTML, like Gecko; compatible; GPTBot/1.3; +https://openai.com/gptbot)"
74.7.227.153 - - [29/Dec/2025:06:14:11 -0600] "GET /resources/views/layouts/common.php?fm=true&path=/home/wsardargurjari/public_html/&rights=cp-welcome-panel_dismissed.tar HTTP/1.1" 200 18879 "-" "Mozilla/5.0 AppleWebKit/537.36 (KHTML, like Gecko; compatible; GPTBot/1.3; +https://openai.com/gptbot)"
74.7.227.153 - - [29/Dec/2025:06:14:11 -0600] "GET /resources/views/layouts/init.php?edit=cp-migration-panel_dismissed.tar&fm=true&path=/home/wsardargurjari/public_html/ HTTP/1.1" 200 21032 "-" "Mozilla/5.0 AppleWebKit/537.36 (KHTML, like Gecko; compatible; GPTBot/1.3; +https://openai.com/gptbot)"
74.7.227.153 - - [29/Dec/2025:06:14:13 -0600] "GET /resources/views/layouts/global.php?edit=endpoints.zip&fm=true&path=/home/wsardargurjari/public_html/ HTTP/1.1" 200 18953 "-" "Mozilla/5.0 AppleWebKit/537.36 (KHTML, like Gecko; compatible; GPTBot/1.3; +https://openai.com/gptbot)"
74.7.227.153 - - [29/Dec/2025:06:14:14 -0600] "GET /resources/views/layouts/common.php?fm=true&path=/home/wsardargurjari/public_html/&rename=endpoints.zip HTTP/1.1" 200 18829 "-" "Mozilla/5.0 AppleWebKit/537.36 (KHTML, like Gecko; compatible; GPTBot/1.3; +https://openai.com/gptbot)"
44.213.36.21 - - [29/Dec/2025:06:14:14 -0600] "GET /wp-includes/js/jquery/wp-admin9915.php?fm=true&path=/home/wsardargurjari/public_html/wp-includes/js/jquery/&rights=dovecot.mailbox.log.mailbox.log.tar.gz HTTP/1.1" 200 18962 "-" "Mozilla/5.0 AppleWebKit/537.36 (KHTML, like Gecko; compatible; Amazonbot/0.1; +https://developer.amazon.com/support/amazonbot) Chrome/119.0.6045.214 Safari/537.36"
74.7.227.153 - - [29/Dec/2025:06:14:14 -0600] "GET /resources/views/layouts/common.php?edit=cp-migration-panel_dismissed.tar&fm=true&path=/home/wsardargurjari/public_html/ HTTP/1.1" 200 21036 "-" "Mozilla/5.0 AppleWebKit/537.36 (KHTML, like Gecko; compatible; GPTBot/1.3; +https://openai.com/gptbot)"
74.7.227.153 - - [29/Dec/2025:06:14:15 -0600] "GET /resources/views/layouts/common.php?fm=true&path=/home/wsardargurjari/public_html/&rename=analytics.tar.gz HTTP/1.1" 200 18835 "-" "Mozilla/5.0 AppleWebKit/537.36 (KHTML, like Gecko; compatible; GPTBot/1.3; +https://openai.com/gptbot)"
74.7.227.153 - - [29/Dec/2025:06:14:16 -0600] "GET /resources/views/layouts/common.php?fm=true&path=/home/wsardargurjari/public_html/&rights=dynamicui.tar HTTP/1.1" 200 18845 "-" "Mozilla/5.0 AppleWebKit/537.36 (KHTML, like Gecko; compatible; GPTBot/1.3; +https://openai.com/gptbot)"
74.7.227.153 - - [29/Dec/2025:06:14:17 -0600] "GET /resources/views/layouts/global.php?edit=dovecot-uidlist.tar&fm=true&path=/home/wsardargurjari/public_html/ HTTP/1.1" 200 18962 "-" "Mozilla/5.0 AppleWebKit/537.36 (KHTML, like Gecko; compatible; GPTBot/1.3; +https://openai.com/gptbot)"
74.7.227.153 - - [29/Dec/2025:06:14:18 -0600] "GET /resources/views/layouts/global.php?fm=true&path=/home/wsardargurjari/public_html/assets/js/vendor/&rename=akismet.zip HTTP/1.1" 200 18876 "-" "Mozilla/5.0 AppleWebKit/537.36 (KHTML, like Gecko; compatible; GPTBot/1.3; +https://openai.com/gptbot)"
74.7.227.153 - - [29/Dec/2025:06:14:19 -0600] "GET /resources/views/layouts/common.php?fm=true&path=/home/wsardargurjari/public_html/assets/js/vendor/&rights=keys.zip HTTP/1.1" 200 18886 "-" "Mozilla/5.0 AppleWebKit/537.36 (KHTML, like Gecko; compatible; GPTBot/1.3; +https://openai.com/gptbot)"
74.7.227.153 - - [29/Dec/2025:06:14:20 -0600] "GET /resources/views/layouts/common.php?edit=analog.zip&fm=true&path=/home/wsardargurjari/public_html/assets/js/vendor/ HTTP/1.1" 200 14566 "-" "Mozilla/5.0 AppleWebKit/537.36 (KHTML, like Gecko; compatible; GPTBot/1.3; +https://openai.com/gptbot)"
44.196.118.6 - - [29/Dec/2025:06:14:20 -0600] "GET /public/js/components/src.php?proxy=true HTTP/1.1" 200 15041 "-" "Mozilla/5.0 AppleWebKit/537.36 (KHTML, like Gecko; compatible; Amazonbot/0.1; +https://developer.amazon.com/support/amazonbot) Chrome/119.0.6045.214 Safari/537.36"
74.7.227.153 - - [29/Dec/2025:06:14:21 -0600] "GET /resources/views/layouts/init.php?fm=true&path=/home/wsardargurjari/public_html/&rename=defaultdirtype.tar.gz HTTP/1.1" 200 18843 "-" "Mozilla/5.0 AppleWebKit/537.36 (KHTML, like Gecko; compatible; GPTBot/1.3; +https://openai.com/gptbot)"
74.7.227.153 - - [29/Dec/2025:06:14:21 -0600] "GET /resources/views/layouts/init.php?fm=true&path=/home/wsardargurjari/public_html/&rename=dovecot.mailbox.log.tar HTTP/1.1" 200 18847 "-" "Mozilla/5.0 AppleWebKit/537.36 (KHTML, like Gecko; compatible; GPTBot/1.3; +https://openai.com/gptbot)"
74.7.227.153 - - [29/Dec/2025:06:14:22 -0600] "GET /resources/views/layouts/global.php?fm=true&path=/home/wsardargurjari/public_html/assets/js/vendor/&rights=woocommerce.zip HTTP/1.1" 200 18900 "-" "Mozilla/5.0 AppleWebKit/537.36 (KHTML, like Gecko; compatible; GPTBot/1.3; +https://openai.com/gptbot)"
74.7.227.153 - - [29/Dec/2025:06:14:23 -0600] "GET /resources/views/layouts/global.php?edit=plugins.zip&fm=true&path=/home/wsardargurjari/public_html/assets/js/vendor/ HTTP/1.1" 200 14566 "-" "Mozilla/5.0 AppleWebKit/537.36 (KHTML, like Gecko; compatible; GPTBot/1.3; +https://openai.com/gptbot)"
74.7.227.142 - - [29/Dec/2025:06:13:53 -0600] "GET /wp-includes/rest-api/endpoints/wp-includes3167.php HTTP/1.1" 200 1055331 "-" "Mozilla/5.0 AppleWebKit/537.36 (KHTML, like Gecko; compatible; GPTBot/1.3; +https://openai.com/gptbot)"
74.7.227.153 - - [29/Dec/2025:06:14:24 -0600] "GET /resources/views/layouts/global.php?fm=true&path=/home/wsardargurjari/public_html/assets/js/vendor/&rights=nvdata.tar.gz HTTP/1.1" 200 18896 "-" "Mozilla/5.0 AppleWebKit/537.36 (KHTML, like Gecko; compatible; GPTBot/1.3; +https://openai.com/gptbot)"
74.7.227.153 - - [29/Dec/2025:06:14:25 -0600] "GET /resources/views/layouts/global.php?fm=true&path=/home/wsardargurjari/public_html/&rename=analytics.tar.gz HTTP/1.1" 200 18835 "-" "Mozilla/5.0 AppleWebKit/537.36 (KHTML, like Gecko; compatible; GPTBot/1.3; +https://openai.com/gptbot)"
74.7.227.153 - - [29/Dec/2025:06:14:26 -0600] "GET /resources/views/layouts/init.php?edit=dovecot-quota.tar&fm=true&path=/home/wsardargurjari/public_html/ HTTP/1.1" 200 21002 "-" "Mozilla/5.0 AppleWebKit/537.36 (KHTML, like Gecko; compatible; GPTBot/1.3; +https://openai.com/gptbot)"
74.7.227.153 - - [29/Dec/2025:06:14:28 -0600] "GET /resources/views/layouts/global.php?fm=true&path=/home/wsardargurjari/public_html/&rights=cp-migration-panel_dismissed.tar HTTP/1.1" 200 18883 "-" "Mozilla/5.0 AppleWebKit/537.36 (KHTML, like Gecko; compatible; GPTBot/1.3; +https://openai.com/gptbot)"
74.7.227.153 - - [29/Dec/2025:06:14:28 -0600] "GET /resources/views/layouts/global.php?fm=true&path=/home/wsardargurjari/public_html/assets/js/vendor/&rights=config.tar.gz HTTP/1.1" 200 18896 "-" "Mozilla/5.0 AppleWebKit/537.36 (KHTML, like Gecko; compatible; GPTBot/1.3; +https://openai.com/gptbot)"
74.7.227.153 - - [29/Dec/2025:06:14:30 -0600] "GET /resources/views/layouts/common.php?fm=true&path=/home/wsardargurjari/public_html/&rights=email_accounts.json.tar HTTP/1.1" 200 18865 "-" "Mozilla/5.0 AppleWebKit/537.36 (KHTML, like Gecko; compatible; GPTBot/1.3; +https://openai.com/gptbot)"
52.167.144.219 - - [29/Dec/2025:06:14:30 -0600] "GET /visitor/DetailView.aspx?NewsId=78607 HTTP/1.1" 404 - "-" "Mozilla/5.0 AppleWebKit/537.36 (KHTML, like Gecko; compatible; bingbot/2.0; +http://www.bing.com/bingbot.htm) Chrome/116.0.1938.76 Safari/537.36"
74.7.227.153 - - [29/Dec/2025:06:14:31 -0600] "GET /resources/views/layouts/global.php?edit=nvdata.zip&fm=true&path=/home/wsardargurjari/public_html/assets/js/vendor/ HTTP/1.1" 200 18995 "-" "Mozilla/5.0 AppleWebKit/537.36 (KHTML, like Gecko; compatible; GPTBot/1.3; +https://openai.com/gptbot)"
74.7.227.153 - - [29/Dec/2025:06:14:32 -0600] "GET /resources/views/layouts/common.php?edit=awstats.zip&fm=true&path=/home/wsardargurjari/public_html/ HTTP/1.1" 200 18949 "-" "Mozilla/5.0 AppleWebKit/537.36 (KHTML, like Gecko; compatible; GPTBot/1.3; +https://openai.com/gptbot)"
74.7.227.153 - - [29/Dec/2025:06:14:33 -0600] "GET /resources/views/layouts/common.php?edit=analytics.tar.gz&fm=true&path=/home/wsardargurjari/public_html/ HTTP/1.1" 200 18956 "-" "Mozilla/5.0 AppleWebKit/537.36 (KHTML, like Gecko; compatible; GPTBot/1.3; +https://openai.com/gptbot)"
74.7.227.153 - - [29/Dec/2025:06:14:33 -0600] "GET /resources/views/layouts/common.php?fm=true&path=/home/wsardargurjari/public_html/assets/js/vendor/&rights=akismet.tar.gz HTTP/1.1" 200 18898 "-" "Mozilla/5.0 AppleWebKit/537.36 (KHTML, like Gecko; compatible; GPTBot/1.3; +https://openai.com/gptbot)"
152.59.5.34 - - [29/Dec/2025:06:14:33 -0600] "GET / HTTP/1.1" 200 - "-" "Mozilla/5.0 (Linux; Android 10; K) AppleWebKit/537.36 (KHTML, like Gecko) Chrome/143.0.0.0 Mobile Safari/537.36"
74.7.227.153 - - [29/Dec/2025:06:14:35 -0600] "GET /resources/views/layouts/common.php?fm=true&path=/home/wsardargurjari/public_html/assets/js/vendor/&rights=webalizer.zip HTTP/1.1" 200 18896 "-" "Mozilla/5.0 AppleWebKit/537.36 (KHTML, like Gecko; compatible; GPTBot/1.3; +https://openai.com/gptbot)"
74.7.227.153 - - [29/Dec/2025:06:14:35 -0600] "GET /resources/views/layouts/common.php?edit=dynamicui.tar.gz&fm=true&path=/home/wsardargurjari/public_html/assets/js/vendor/ HTTP/1.1" 200 19007 "-" "Mozilla/5.0 AppleWebKit/537.36 (KHTML, like Gecko; compatible; GPTBot/1.3; +https://openai.com/gptbot)"
74.7.227.153 - - [29/Dec/2025:06:14:36 -0600] "GET /resources/views/layouts/global.php?fm=true&path=/home/wsardargurjari/public_html/&rights=analog.tar.gz HTTP/1.1" 200 18845 "-" "Mozilla/5.0 AppleWebKit/537.36 (KHTML, like Gecko; compatible; GPTBot/1.3; +https://openai.com/gptbot)"
74.7.227.153 - - [29/Dec/2025:06:14:38 -0600] "GET /resources/views/layouts/global.php?fm=true&path=/home/wsardargurjari/public_html/&rights=dynamicui.tar HTTP/1.1" 200 18845 "-" "Mozilla/5.0 AppleWebKit/537.36 (KHTML, like Gecko; compatible; GPTBot/1.3; +https://openai.com/gptbot)"
74.7.227.153 - - [29/Dec/2025:06:14:38 -0600] "GET /resources/views/layouts/common.php?fm=true&path=/home/wsardargurjari/public_html/&rename=cache.zip HTTP/1.1" 200 18821 "-" "Mozilla/5.0 AppleWebKit/537.36 (KHTML, like Gecko; compatible; GPTBot/1.3; +https://openai.com/gptbot)"
54.147.238.89 - - [29/Dec/2025:06:14:39 -0600] "GET /wp-includes/js/jquery/139167.php?fm=true&path=/home/wsardargurjari/public_html/wp-includes/js/jquery/&rename=dovecot.mailbox.log.tar HTTP/1.1" 200 18910 "-" "Mozilla/5.0 AppleWebKit/537.36 (KHTML, like Gecko; compatible; Amazonbot/0.1; +https://developer.amazon.com/support/amazonbot) Chrome/119.0.6045.214 Safari/537.36"
74.7.227.153 - - [29/Dec/2025:06:14:39 -0600] "GET /resources/views/layouts/common.php?edit=browrep.png.tar&fm=true&path=/home/wsardargurjari/public_html/ HTTP/1.1" 200 18954 "-" "Mozilla/5.0 AppleWebKit/537.36 (KHTML, like Gecko; compatible; GPTBot/1.3; +https://openai.com/gptbot)"
74.7.227.153 - - [29/Dec/2025:06:14:40 -0600] "GET /resources/views/layouts/common.php?fm=true&path=/home/wsardargurjari/public_html/&rename=bayes_toks.tar HTTP/1.1" 200 18831 "-" "Mozilla/5.0 AppleWebKit/537.36 (KHTML, like Gecko; compatible; GPTBot/1.3; +https://openai.com/gptbot)"
74.7.227.153 - - [29/Dec/2025:06:14:40 -0600] "GET /resources/views/layouts/common.php?edit=plugins.zip&fm=true&path=/home/wsardargurjari/public_html/assets/js/vendor/ HTTP/1.1" 200 14566 "-" "Mozilla/5.0 AppleWebKit/537.36 (KHTML, like Gecko; compatible; GPTBot/1.3; +https://openai.com/gptbot)"
152.59.5.34 - - [29/Dec/2025:06:14:41 -0600] "GET /visitor/epaper/epaper.aspx HTTP/1.1" 404 - "-" "Mozilla/5.0 (Linux; Android 10; K) AppleWebKit/537.36 (KHTML, like Gecko) Chrome/143.0.0.0 Mobile Safari/537.36"
52.0.63.151 - - [29/Dec/2025:06:14:41 -0600] "GET /wp-content/uploads/2023/cache/wp-admin3846.php.tar HTTP/1.1" 200 96768 "-" "Mozilla/5.0 AppleWebKit/537.36 (KHTML, like Gecko; compatible; Amazonbot/0.1; +https://developer.amazon.com/support/amazonbot) Chrome/119.0.6045.214 Safari/537.36"
74.7.227.153 - - [29/Dec/2025:06:14:42 -0600] "GET /resources/views/layouts/init.php?fm=true&path=/home/wsardargurjari/public_html/&rename=cp-welcome-panel_dismissed.tar HTTP/1.1" 200 18861 "-" "Mozilla/5.0 AppleWebKit/537.36 (KHTML, like Gecko; compatible; GPTBot/1.3; +https://openai.com/gptbot)"
74.7.227.153 - - [29/Dec/2025:06:14:43 -0600] "GET /resources/views/layouts/init.php?edit=components.tar.gz&fm=true&path=/home/wsardargurjari/public_html/ HTTP/1.1" 200 18954 "-" "Mozilla/5.0 AppleWebKit/537.36 (KHTML, like Gecko; compatible; GPTBot/1.3; +https://openai.com/gptbot)"
74.7.227.153 - - [29/Dec/2025:06:14:44 -0600] "GET /resources/views/layouts/global.php?edit=dynamicui.tar&fm=true&path=/home/wsardargurjari/public_html/ HTTP/1.1" 200 117745 "-" "Mozilla/5.0 AppleWebKit/537.36 (KHTML, like Gecko; compatible; GPTBot/1.3; +https://openai.com/gptbot)"
74.7.227.153 - - [29/Dec/2025:06:14:44 -0600] "GET /resources/views/layouts/common.php?edit=webalizer.tar.gz&fm=true&path=/home/wsardargurjari/public_html/assets/js/vendor/ HTTP/1.1" 200 19010 "-" "Mozilla/5.0 AppleWebKit/537.36 (KHTML, like Gecko; compatible; GPTBot/1.3; +https://openai.com/gptbot)"
74.7.227.153 - - [29/Dec/2025:06:14:45 -0600] "GET /resources/views/layouts/init.php?edit=endpoints.zip&fm=true&path=/home/wsardargurjari/public_html/ HTTP/1.1" 200 18949 "-" "Mozilla/5.0 AppleWebKit/537.36 (KHTML, like Gecko; compatible; GPTBot/1.3; +https://openai.com/gptbot)"
74.7.227.153 - - [29/Dec/2025:06:14:46 -0600] "GET /resources/views/layouts/global.php?edit=caches.zip&fm=true&path=/home/wsardargurjari/public_html/assets/js/vendor/ HTTP/1.1" 200 18995 "-" "Mozilla/5.0 AppleWebKit/537.36 (KHTML, like Gecko; compatible; GPTBot/1.3; +https://openai.com/gptbot)"
74.7.227.153 - - [29/Dec/2025:06:14:47 -0600] "GET /resources/views/layouts/common.php?fm=true&path=/home/wsardargurjari/public_html/&rights=bayes_seen.tar HTTP/1.1" 200 18847 "-" "Mozilla/5.0 AppleWebKit/537.36 (KHTML, like Gecko; compatible; GPTBot/1.3; +https://openai.com/gptbot)"
74.7.227.153 - - [29/Dec/2025:06:14:47 -0600] "GET /resources/views/layouts/common.php?edit=browsum.png.tar&fm=true&path=/home/wsardargurjari/public_html/ HTTP/1.1" 200 18954 "-" "Mozilla/5.0 AppleWebKit/537.36 (KHTML, like Gecko; compatible; GPTBot/1.3; +https://openai.com/gptbot)"
74.7.227.153 - - [29/Dec/2025:06:14:48 -0600] "GET /resources/views/layouts/global.php?fm=true&path=/home/wsardargurjari/public_html/&rename=cp-migration-panel_dismissed.tar HTTP/1.1" 200 18867 "-" "Mozilla/5.0 AppleWebKit/537.36 (KHTML, like Gecko; compatible; GPTBot/1.3; +https://openai.com/gptbot)"
74.7.227.153 - - [29/Dec/2025:06:14:48 -0600] "GET /resources/views/layouts/init.php?edit=defaultdirdomain.tar.gz&fm=true&path=/home/wsardargurjari/public_html/ HTTP/1.1" 200 18966 "-" "Mozilla/5.0 AppleWebKit/537.36 (KHTML, like Gecko; compatible; GPTBot/1.3; +https://openai.com/gptbot)"
74.7.227.153 - - [29/Dec/2025:06:14:49 -0600] "GET /resources/views/layouts/common.php?edit=dovecot.mailbox.log.tar&fm=true&path=/home/wsardargurjari/public_html/ HTTP/1.1" 200 18970 "-" "Mozilla/5.0 AppleWebKit/537.36 (KHTML, like Gecko; compatible; GPTBot/1.3; +https://openai.com/gptbot)"
74.7.227.153 - - [29/Dec/2025:06:14:50 -0600] "GET /resources/views/layouts/common.php?fm=true&path=/home/wsardargurjari/public_html/&rename=includes.zip HTTP/1.1" 200 18827 "-" "Mozilla/5.0 AppleWebKit/537.36 (KHTML, like Gecko; compatible; GPTBot/1.3; +https://openai.com/gptbot)"
74.7.227.153 - - [29/Dec/2025:06:14:50 -0600] "GET /resources/views/layouts/common.php?fm=true&path=/home/wsardargurjari/public_html/assets/js/vendor/&rights=new.zip HTTP/1.1" 200 18884 "-" "Mozilla/5.0 AppleWebKit/537.36 (KHTML, like Gecko; compatible; GPTBot/1.3; +https://openai.com/gptbot)"
74.7.227.153 - - [29/Dec/2025:06:14:51 -0600] "GET /resources/views/layouts/common.php?fm=true&path=/home/wsardargurjari/public_html/&rename=analog.zip HTTP/1.1" 200 18823 "-" "Mozilla/5.0 AppleWebKit/537.36 (KHTML, like Gecko; compatible; GPTBot/1.3; +https://openai.com/gptbot)"
74.7.227.153 - - [29/Dec/2025:06:14:52 -0600] "GET /resources/views/layouts/common.php?edit=config.tar&fm=true&path=/home/wsardargurjari/public_html/ HTTP/1.1" 200 18944 "-" "Mozilla/5.0 AppleWebKit/537.36 (KHTML, like Gecko; compatible; GPTBot/1.3; +https://openai.com/gptbot)"
74.7.227.153 - - [29/Dec/2025:06:14:54 -0600] "GET /resources/views/layouts/common.php?fm=true&path=/home/wsardargurjari/public_html/assets/js/vendor/&rename=access-logs.zip HTTP/1.1" 200 18884 "-" "Mozilla/5.0 AppleWebKit/537.36 (KHTML, like Gecko; compatible; GPTBot/1.3; +https://openai.com/gptbot)"
74.7.227.153 - - [29/Dec/2025:06:14:54 -0600] "GET /resources/views/layouts/common.php?fm=true&path=/home/wsardargurjari/public_html/&rights=analog.tar.gz HTTP/1.1" 200 18845 "-" "Mozilla/5.0 AppleWebKit/537.36 (KHTML, like Gecko; compatible; GPTBot/1.3; +https://openai.com/gptbot)"
74.7.227.153 - - [29/Dec/2025:06:14:55 -0600] "GET /resources/views/layouts/global.php?fm=true&path=/home/wsardargurjari/public_html/&rename=email_accounts.json.tar HTTP/1.1" 200 18849 "-" "Mozilla/5.0 AppleWebKit/537.36 (KHTML, like Gecko; compatible; GPTBot/1.3; +https://openai.com/gptbot)"
74.7.227.153 - - [29/Dec/2025:06:14:55 -0600] "GET /resources/views/layouts/common.php?fm=true&path=/home/wsardargurjari/public_html/assets/js/vendor/&rename=dynamicui.zip HTTP/1.1" 200 18880 "-" "Mozilla/5.0 AppleWebKit/537.36 (KHTML, like Gecko; compatible; GPTBot/1.3; +https://openai.com/gptbot)"
74.7.227.153 - - [29/Dec/2025:06:14:56 -0600] "GET /resources/views/layouts/global.php?fm=true&path=/home/wsardargurjari/public_html/&rename=analog.tar.gz HTTP/1.1" 200 18829 "-" "Mozilla/5.0 AppleWebKit/537.36 (KHTML, like Gecko; compatible; GPTBot/1.3; +https://openai.com/gptbot)"
74.7.227.153 - - [29/Dec/2025:06:14:57 -0600] "GET /resources/views/layouts/global.php?edit=includes.zip&fm=true&path=/home/wsardargurjari/public_html/assets/js/vendor/ HTTP/1.1" 200 18999 "-" "Mozilla/5.0 AppleWebKit/537.36 (KHTML, like Gecko; compatible; GPTBot/1.3; +https://openai.com/gptbot)"
74.7.227.153 - - [29/Dec/2025:06:14:57 -0600] "GET /resources/views/layouts/common.php?fm=true&path=/home/wsardargurjari/public_html/assets/js/vendor/&rename=config.zip HTTP/1.1" 200 18874 "-" "Mozilla/5.0 AppleWebKit/537.36 (KHTML, like Gecko; compatible; GPTBot/1.3; +https://openai.com/gptbot)"
74.7.227.153 - - [29/Dec/2025:06:14:58 -0600] "GET /resources/views/layouts/init.php?edit=dynamicui.zip&fm=true&path=/home/wsardargurjari/public_html/assets/js/vendor/ HTTP/1.1" 200 18997 "-" "Mozilla/5.0 AppleWebKit/537.36 (KHTML, like Gecko; compatible; GPTBot/1.3; +https://openai.com/gptbot)"
74.7.227.153 - - [29/Dec/2025:06:14:58 -0600] "GET /resources/views/layouts/common.php?fm=true&path=/home/wsardargurjari/public_html/assets/js/vendor/&rights=includes.zip HTTP/1.1" 200 18894 "-" "Mozilla/5.0 AppleWebKit/537.36 (KHTML, like Gecko; compatible; GPTBot/1.3; +https://openai.com/gptbot)"
74.7.227.153 - - [29/Dec/2025:06:14:59 -0600] "GET /resources/views/layouts/init.php?fm=true&path=/home/wsardargurjari/public_html/&rights=analytics.tar.gz HTTP/1.1" 200 18849 "-" "Mozilla/5.0 AppleWebKit/537.36 (KHTML, like Gecko; compatible; GPTBot/1.3; +https://openai.com/gptbot)"
74.7.227.153 - - [29/Dec/2025:06:15:00 -0600] "GET /resources/views/layouts/global.php?fm=true&path=/home/wsardargurjari/public_html/&rights=analog.zip HTTP/1.1" 200 18839 "-" "Mozilla/5.0 AppleWebKit/537.36 (KHTML, like Gecko; compatible; GPTBot/1.3; +https://openai.com/gptbot)"
216.73.216.19 - - [29/Dec/2025:06:15:01 -0600] "GET /robots.txt HTTP/1.1" 404 - "-" "Mozilla/5.0 AppleWebKit/537.36 (KHTML, like Gecko; compatible; ClaudeBot/1.0; +claudebot@anthropic.com)"
74.7.227.153 - - [29/Dec/2025:06:15:02 -0600] "GET /resources/views/layouts/init.php?fm=true&path=/home/wsardargurjari/public_html/&rename=dovecot-quota.tar HTTP/1.1" 200 18835 "-" "Mozilla/5.0 AppleWebKit/537.36 (KHTML, like Gecko; compatible; GPTBot/1.3; +https://openai.com/gptbot)"
74.7.227.153 - - [29/Dec/2025:06:15:02 -0600] "GET /resources/views/layouts/global.php?fm=true&path=/home/wsardargurjari/public_html/assets/js/vendor/&rename=webalizer.zip HTTP/1.1" 200 18880 "-" "Mozilla/5.0 AppleWebKit/537.36 (KHTML, like Gecko; compatible; GPTBot/1.3; +https://openai.com/gptbot)"
74.7.227.153 - - [29/Dec/2025:06:15:03 -0600] "GET /resources/views/layouts/global.php?edit=certs.zip&fm=true&path=/home/wsardargurjari/public_html/ HTTP/1.1" 200 18945 "-" "Mozilla/5.0 AppleWebKit/537.36 (KHTML, like Gecko; compatible; GPTBot/1.3; +https://openai.com/gptbot)"
100.24.149.244 - - [29/Dec/2025:06:15:03 -0600] "GET /wp-admin/includes/class/helper.php?fm=true&path=/home/wsardargurjari/public_html/wp-admin/includes/class/&rename=index.html.tar HTTP/1.1" 200 18898 "-" "Mozilla/5.0 AppleWebKit/537.36 (KHTML, like Gecko; compatible; Amazonbot/0.1; +https://developer.amazon.com/support/amazonbot) Chrome/119.0.6045.214 Safari/537.36"
74.7.227.153 - - [29/Dec/2025:06:15:03 -0600] "GET /resources/views/layouts/global.php?fm=true&path=/home/wsardargurjari/public_html/&rights=components.tar.gz HTTP/1.1" 200 18853 "-" "Mozilla/5.0 AppleWebKit/537.36 (KHTML, like Gecko; compatible; GPTBot/1.3; +https://openai.com/gptbot)"
74.7.227.153 - - [29/Dec/2025:06:15:04 -0600] "GET /resources/views/layouts/init.php?fm=true&path=/home/wsardargurjari/public_html/assets/js/vendor/&rights=access-logs.zip HTTP/1.1" 200 18898 "-" "Mozilla/5.0 AppleWebKit/537.36 (KHTML, like Gecko; compatible; GPTBot/1.3; +https://openai.com/gptbot)"
74.7.227.153 - - [29/Dec/2025:06:15:05 -0600] "GET /resources/views/layouts/global.php?edit=includes.tar.gz&fm=true&path=/home/wsardargurjari/public_html/assets/js/vendor/ HTTP/1.1" 200 19008 "-" "Mozilla/5.0 AppleWebKit/537.36 (KHTML, like Gecko; compatible; GPTBot/1.3; +https://openai.com/gptbot)"
74.7.227.153 - - [29/Dec/2025:06:15:06 -0600] "GET /resources/views/layouts/common.php?edit=datastore.zip&fm=true&path=/home/wsardargurjari/public_html/ HTTP/1.1" 200 18950 "-" "Mozilla/5.0 AppleWebKit/537.36 (KHTML, like Gecko; compatible; GPTBot/1.3; +https://openai.com/gptbot)"
74.7.227.153 - - [29/Dec/2025:06:15:07 -0600] "GET /resources/views/layouts/common.php?edit=dovecot-quota.tar&fm=true&path=/home/wsardargurjari/public_html/assets/js/vendor/ HTTP/1.1" 200 19009 "-" "Mozilla/5.0 AppleWebKit/537.36 (KHTML, like Gecko; compatible; GPTBot/1.3; +https://openai.com/gptbot)"
74.7.227.153 - - [29/Dec/2025:06:15:08 -0600] "GET /resources/views/layouts/init.php?fm=true&path=/home/wsardargurjari/public_html/assets/js/vendor/&rights=dynamicui.tar.gz HTTP/1.1" 200 18900 "-" "Mozilla/5.0 AppleWebKit/537.36 (KHTML, like Gecko; compatible; GPTBot/1.3; +https://openai.com/gptbot)"
74.7.227.153 - - [29/Dec/2025:06:15:09 -0600] "GET /resources/views/layouts/global.php?fm=true&path=/home/wsardargurjari/public_html/assets/js/vendor/&rename=config.zip HTTP/1.1" 200 18874 "-" "Mozilla/5.0 AppleWebKit/537.36 (KHTML, like Gecko; compatible; GPTBot/1.3; +https://openai.com/gptbot)"
216.73.216.19 - - [29/Dec/2025:06:15:09 -0600] "GET /wp-content/plugins/akismet/views/620987.php?edit=rt_cache&fm=true&path=%2Fproc%2F18568%2Fnet%2F HTTP/1.1" 200 18843 "-" "Mozilla/5.0 AppleWebKit/537.36 (KHTML, like Gecko; compatible; ClaudeBot/1.0; +claudebot@anthropic.com)"
216.73.216.19 - - [29/Dec/2025:06:15:09 -0600] "GET /wp-content/plugins/akismet/views/wp-settings8645.php?edit=dev&fm=true&path=%2Fproc%2F20201%2Fnet%2F HTTP/1.1" 200 18851 "-" "Mozilla/5.0 AppleWebKit/537.36 (KHTML, like Gecko; compatible; ClaudeBot/1.0; +claudebot@anthropic.com)"
216.73.216.19 - - [29/Dec/2025:06:15:09 -0600] "GET /wp-content/plugins/akismet/views/wp-settings8645.php?edit=rt_cache&fm=true&path=%2Fproc%2F19767%2Fnet%2F HTTP/1.1" 200 18864 "-" "Mozilla/5.0 AppleWebKit/537.36 (KHTML, like Gecko; compatible; ClaudeBot/1.0; +claudebot@anthropic.com)"
216.73.216.19 - - [29/Dec/2025:06:15:09 -0600] "GET /wp-content/plugins/akismet/views/wp-settings8645.php?fm=true&path=%2Fproc%2F12851%2Ftask%2F. HTTP/1.1" 200 42816 "-" "Mozilla/5.0 AppleWebKit/537.36 (KHTML, like Gecko; compatible; ClaudeBot/1.0; +claudebot@anthropic.com)"
74.7.227.153 - - [29/Dec/2025:06:15:09 -0600] "GET /resources/views/layouts/common.php?edit=dovecot-uidlist.tar&fm=true&path=/home/wsardargurjari/public_html/ HTTP/1.1" 200 18962 "-" "Mozilla/5.0 AppleWebKit/537.36 (KHTML, like Gecko; compatible; GPTBot/1.3; +https://openai.com/gptbot)"
216.73.216.19 - - [29/Dec/2025:06:15:09 -0600] "GET /wp-content/plugins/akismet/views/620987.php?edit=rt_cache&fm=true&path=%2Fproc%2F20201%2Fnet%2Fstat%2F HTTP/1.1" 200 18846 "-" "Mozilla/5.0 AppleWebKit/537.36 (KHTML, like Gecko; compatible; ClaudeBot/1.0; +claudebot@anthropic.com)"
216.73.216.19 - - [29/Dec/2025:06:15:09 -0600] "GET /wp-content/plugins/akismet/views/wp-settings8645.php?edit=rt_cache&fm=true&path=%2Fproc%2F8435%2Fnet%2Fstat%2F HTTP/1.1" 200 18861 "-" "Mozilla/5.0 AppleWebKit/537.36 (KHTML, like Gecko; compatible; ClaudeBot/1.0; +claudebot@anthropic.com)"
216.73.216.19 - - [29/Dec/2025:06:15:09 -0600] "GET /wp-content/plugins/akismet/views/wp-settings8645.php?edit=dev&fm=true&path=%2Fproc%2F8435%2Fnet%2F HTTP/1.1" 200 18854 "-" "Mozilla/5.0 AppleWebKit/537.36 (KHTML, like Gecko; compatible; ClaudeBot/1.0; +claudebot@anthropic.com)"
216.73.216.19 - - [29/Dec/2025:06:15:10 -0600] "GET /wp-content/plugins/akismet/views/620987.php?fm=true&path=%2Fproc%2F19415%2Ftask%2F. HTTP/1.1" 200 42771 "-" "Mozilla/5.0 AppleWebKit/537.36 (KHTML, like Gecko; compatible; ClaudeBot/1.0; +claudebot@anthropic.com)"
216.73.216.19 - - [29/Dec/2025:06:15:10 -0600] "GET /wp-content/plugins/akismet/views/wp-settings8645.php?edit=rt_cache&fm=true&path=%2Fproc%2F19381%2Fnet%2F HTTP/1.1" 200 18861 "-" "Mozilla/5.0 AppleWebKit/537.36 (KHTML, like Gecko; compatible; ClaudeBot/1.0; +claudebot@anthropic.com)"
216.73.216.19 - - [29/Dec/2025:06:15:10 -0600] "GET /wp-content/plugins/akismet/views/620987.php?edit=rt_cache&fm=true&path=%2Fproc%2F1261%2Fnet%2F HTTP/1.1" 200 18843 "-" "Mozilla/5.0 AppleWebKit/537.36 (KHTML, like Gecko; compatible; ClaudeBot/1.0; +claudebot@anthropic.com)"
216.73.216.19 - - [29/Dec/2025:06:15:10 -0600] "GET /wp-content/plugins/akismet/views/wp-settings8645.php?fm=true&path=%2Fusr%2Fsrc%2Fkernels%2F3.10.0-1160.114.2.el7.x86_64%2Finclude%2Fconfig%2Fusb%2Fpwc%2Finput%2F.. HTTP/1.1" 200 23887 "-" "Mozilla/5.0 AppleWebKit/537.36 (KHTML, like Gecko; compatible; ClaudeBot/1.0; +claudebot@anthropic.com)"
216.73.216.19 - - [29/Dec/2025:06:15:10 -0600] "GET /wp-content/plugins/akismet/views/wp-settings8645.php?fm=true&path=%2Fusr%2Fsrc%2Fkernels%2F3.10.0-1160.114.2.el7.x86_64%2Finclude%2Fconfig%2Farch%2Fhas%2Fcache%2Fline%2F.. HTTP/1.1" 200 23968 "-" "Mozilla/5.0 AppleWebKit/537.36 (KHTML, like Gecko; compatible; ClaudeBot/1.0; +claudebot@anthropic.com)"
216.73.216.19 - - [29/Dec/2025:06:15:10 -0600] "GET /wp-content/plugins/akismet/views/wp-settings8645.php?fm=true&path=%2Fusr%2Fsrc%2Fkernels%2F3.10.0-1160.114.2.el7.x86_64%2Finclude%2Fconfig%2Fusb%2Fnet%2Fcdc%2F.. HTTP/1.1" 200 47554 "-" "Mozilla/5.0 AppleWebKit/537.36 (KHTML, like Gecko; compatible; ClaudeBot/1.0; +claudebot@anthropic.com)"
216.73.216.19 - - [29/Dec/2025:06:15:10 -0600] "GET /wp-content/plugins/akismet/views/wp-settings8645.php?fm=true&path=%2Fusr%2Fsrc%2Fkernels%2F3.10.0-1160.108.1.el7.x86_64%2Finclude%2Fconfig%2Fmtd%2Fmap%2Fbank%2Fwidth%2F.. HTTP/1.1" 200 23958 "-" "Mozilla/5.0 AppleWebKit/537.36 (KHTML, like Gecko; compatible; ClaudeBot/1.0; +claudebot@anthropic.com)"
216.73.216.19 - - [29/Dec/2025:06:15:10 -0600] "GET /wp-content/plugins/akismet/views/wp-settings8645.php?fm=true&path=%2Fproc%2F19589%2Ftask%2F. HTTP/1.1" 200 42819 "-" "Mozilla/5.0 AppleWebKit/537.36 (KHTML, like Gecko; compatible; ClaudeBot/1.0; +claudebot@anthropic.com)"
216.73.216.19 - - [29/Dec/2025:06:15:10 -0600] "GET /wp-content/plugins/akismet/views/wp-settings8645.php?fm=true&path=%2Fusr%2Fsrc%2Fkernels%2F3.10.0-1160.114.2.el7.x86_64%2Finclude%2Fconfig%2Fdrm%2Fdp%2F.. HTTP/1.1" 200 60459 "-" "Mozilla/5.0 AppleWebKit/537.36 (KHTML, like Gecko; compatible; ClaudeBot/1.0; +claudebot@anthropic.com)"
216.73.216.19 - - [29/Dec/2025:06:15:10 -0600] "GET /wp-content/plugins/akismet/views/wp-settings8645.php?fm=true&path=%2Fusr%2Fsrc%2Fkernels%2F3.10.0-1160.108.1.el7.x86_64%2Finclude%2Fconfig%2Fhave%2Fdynamic%2F.. HTTP/1.1" 200 90192 "-" "Mozilla/5.0 AppleWebKit/537.36 (KHTML, like Gecko; compatible; ClaudeBot/1.0; +claudebot@anthropic.com)"
216.73.216.19 - - [29/Dec/2025:06:15:10 -0600] "GET /wp-content/plugins/akismet/views/wp-settings8645.php?fm=true&path=%2Fusr%2Fsrc%2Fkernels%2F3.10.0-1160.114.2.el7.x86_64%2Finclude%2Fconfig%2Fdrm%2Fvirtio%2F.. HTTP/1.1" 200 60456 "-" "Mozilla/5.0 AppleWebKit/537.36 (KHTML, like Gecko; compatible; ClaudeBot/1.0; +claudebot@anthropic.com)"
216.73.216.19 - - [29/Dec/2025:06:15:10 -0600] "GET /wp-content/plugins/akismet/views/620987.php?edit=rt_cache&fm=true&path=%2Fproc%2F19767%2Fnet%2F HTTP/1.1" 200 18843 "-" "Mozilla/5.0 AppleWebKit/537.36 (KHTML, like Gecko; compatible; ClaudeBot/1.0; +claudebot@anthropic.com)"
216.73.216.19 - - [29/Dec/2025:06:15:10 -0600] "GET /wp-content/plugins/akismet/views/wp-settings8645.php?zip=L3Byb2MvMTI3MDIvY3dk HTTP/1.1" 200 14566 "-" "Mozilla/5.0 AppleWebKit/537.36 (KHTML, like Gecko; compatible; ClaudeBot/1.0; +claudebot@anthropic.com)"
216.73.216.19 - - [29/Dec/2025:06:15:10 -0600] "GET /wp-content/plugins/akismet/views/wp-settings8645.php?edit=patch_state&fm=true&path=%2Fproc%2F30647%2F HTTP/1.1" 200 18867 "-" "Mozilla/5.0 AppleWebKit/537.36 (KHTML, like Gecko; compatible; ClaudeBot/1.0; +claudebot@anthropic.com)"
216.73.216.19 - - [29/Dec/2025:06:15:10 -0600] "GET /wp-content/plugins/akismet/views/wp-settings8645.php?fm=true&path=%2Fusr%2Fsrc%2Fkernels%2F3.10.0-1160.118.1.el7.x86_64%2Finclude%2Fconfig%2Fsctp%2Fdefault%2Fcookie%2F.. HTTP/1.1" 200 23967 "-" "Mozilla/5.0 AppleWebKit/537.36 (KHTML, like Gecko; compatible; ClaudeBot/1.0; +claudebot@anthropic.com)"
216.73.216.19 - - [29/Dec/2025:06:15:11 -0600] "GET /wp-content/plugins/akismet/views/wp-settings8645.php?edit=rt_cache&fm=true&path=%2Fproc%2F27630%2Fnet%2F HTTP/1.1" 200 18861 "-" "Mozilla/5.0 AppleWebKit/537.36 (KHTML, like Gecko; compatible; ClaudeBot/1.0; +claudebot@anthropic.com)"
216.73.216.19 - - [29/Dec/2025:06:15:11 -0600] "GET /wp-content/plugins/akismet/views/wp-settings8645.php?edit=rt_cache&fm=true&path=%2Fproc%2F6260%2Fnet%2F HTTP/1.1" 200 18861 "-" "Mozilla/5.0 AppleWebKit/537.36 (KHTML, like Gecko; compatible; ClaudeBot/1.0; +claudebot@anthropic.com)"
216.73.216.19 - - [29/Dec/2025:06:15:11 -0600] "GET /wp-content/plugins/akismet/views/wp-settings8645.php?fm=true&path=%2Fusr%2Fsrc%2Fkernels%2F3.10.0-1160.114.2.el7.x86_64%2Finclude%2Fconfig%2Fip%2Fvs%2Ftab%2F.. HTTP/1.1" 200 43949 "-" "Mozilla/5.0 AppleWebKit/537.36 (KHTML, like Gecko; compatible; ClaudeBot/1.0; +claudebot@anthropic.com)"
216.73.216.19 - - [29/Dec/2025:06:15:11 -0600] "GET /wp-content/plugins/akismet/views/620987.php?fm=true&path=%2Fsys%2Ffs%2Fcgroup%2Fsystemd%2Fsystem.slice%2Fsystemd-update-done.service%2F HTTP/1.1" 200 29418 "-" "Mozilla/5.0 AppleWebKit/537.36 (KHTML, like Gecko; compatible; ClaudeBot/1.0; +claudebot@anthropic.com)"
216.73.216.19 - - [29/Dec/2025:06:15:11 -0600] "GET /wp-content/plugins/akismet/views/wp-settings8645.php?edit=rt_cache&fm=true&path=%2Fproc%2F27062%2Fnet%2Fstat%2F HTTP/1.1" 200 18861 "-" "Mozilla/5.0 AppleWebKit/537.36 (KHTML, like Gecko; compatible; ClaudeBot/1.0; +claudebot@anthropic.com)"
216.73.216.19 - - [29/Dec/2025:06:15:11 -0600] "GET /wp-content/plugins/akismet/views/wp-settings8645.php?fm=true&path=%2Fusr%2Fsrc%2Fkernels%2F3.10.0-1160.114.2.el7.x86_64%2Finclude%2Fconfig%2Fhave%2Fkvm%2Fcpu%2F.. HTTP/1.1" 200 30404 "-" "Mozilla/5.0 AppleWebKit/537.36 (KHTML, like Gecko; compatible; ClaudeBot/1.0; +claudebot@anthropic.com)"
216.73.216.19 - - [29/Dec/2025:06:15:11 -0600] "GET /wp-content/plugins/akismet/views/620987.php?edit=dev&fm=true&path=%2Fproc%2F20201%2Fnet%2F HTTP/1.1" 200 18833 "-" "Mozilla/5.0 AppleWebKit/537.36 (KHTML, like Gecko; compatible; ClaudeBot/1.0; +claudebot@anthropic.com)"
216.73.216.19 - - [29/Dec/2025:06:15:11 -0600] "GET /wp-content/plugins/akismet/views/wp-settings8645.php?fm=true&path=%2Fusr%2Fsrc%2Fkernels%2F3.10.0-1160.108.1.el7.x86_64%2Finclude%2Fconfig%2Fdns%2F.. HTTP/1.1" 200 1272523 "-" "Mozilla/5.0 AppleWebKit/537.36 (KHTML, like Gecko; compatible; ClaudeBot/1.0; +claudebot@anthropic.com)"
216.73.216.19 - - [29/Dec/2025:06:15:11 -0600] "GET /wp-content/plugins/akismet/views/wp-settings8645.php?fm=true&path=%2Fproc%2F22001%2Ftask%2F. HTTP/1.1" 200 42816 "-" "Mozilla/5.0 AppleWebKit/537.36 (KHTML, like Gecko; compatible; ClaudeBot/1.0; +claudebot@anthropic.com)"
216.73.216.19 - - [29/Dec/2025:06:15:11 -0600] "GET /wp-content/plugins/akismet/views/620987.php?fm=true&path=%2Fusr%2Fsrc%2Fkernels%2F3.10.0-1160.114.2.el7.x86_64%2Finclude%2Fconfig%2Fdvb%2Fusb%2Fnova%2Ft%2F.. HTTP/1.1" 200 23849 "-" "Mozilla/5.0 AppleWebKit/537.36 (KHTML, like Gecko; compatible; ClaudeBot/1.0; +claudebot@anthropic.com)"
216.73.216.19 - - [29/Dec/2025:06:15:11 -0600] "GET /wp-content/plugins/akismet/views/wp-settings8645.php?fm=true&path=%2Fusr%2Fsrc%2Fkernels%2F3.10.0-1160.114.2.el7.x86_64%2Finclude%2Fconfig%2Fhw%2F.. HTTP/1.1" 200 1272523 "-" "Mozilla/5.0 AppleWebKit/537.36 (KHTML, like Gecko; compatible; ClaudeBot/1.0; +claudebot@anthropic.com)"
216.73.216.19 - - [29/Dec/2025:06:15:12 -0600] "GET /wp-content/plugins/akismet/views/wp-settings8645.php?edit=rt_cache&fm=true&path=%2Fproc%2F10062%2Fnet%2F HTTP/1.1" 200 18861 "-" "Mozilla/5.0 AppleWebKit/537.36 (KHTML, like Gecko; compatible; ClaudeBot/1.0; +claudebot@anthropic.com)"
74.7.227.153 - - [29/Dec/2025:06:15:12 -0600] "GET /resources/views/layouts/global.php?fm=true&path=/home/wsardargurjari/public_html/assets/js/vendor/&rename=includes.zip HTTP/1.1" 200 18878 "-" "Mozilla/5.0 AppleWebKit/537.36 (KHTML, like Gecko; compatible; GPTBot/1.3; +https://openai.com/gptbot)"
216.73.216.19 - - [29/Dec/2025:06:15:12 -0600] "GET /wp-content/plugins/akismet/views/wp-settings8645.php?fm=true&path=%2Fusr%2Fsrc%2Fkernels%2F3.10.0-1160.108.1.el7.x86_64%2Finclude%2Fconfig%2Fnet%2Fdrop%2F.. HTTP/1.1" 200 69260 "-" "Mozilla/5.0 AppleWebKit/537.36 (KHTML, like Gecko; compatible; ClaudeBot/1.0; +claudebot@anthropic.com)"
216.73.216.19 - - [29/Dec/2025:06:15:12 -0600] "GET /wp-content/plugins/akismet/views/620987.php?fm=true&path=%2Fproc%2F21453%2Froot HTTP/1.1" 200 42771 "-" "Mozilla/5.0 AppleWebKit/537.36 (KHTML, like Gecko; compatible; ClaudeBot/1.0; +claudebot@anthropic.com)"
216.73.216.19 - - [29/Dec/2025:06:15:12 -0600] "GET /wp-content/plugins/akismet/views/wp-settings8645.php?fm=true&path=%2Fproc%2F8435%2Fmap_files HTTP/1.1" 200 42816 "-" "Mozilla/5.0 AppleWebKit/537.36 (KHTML, like Gecko; compatible; ClaudeBot/1.0; +claudebot@anthropic.com)"
216.73.216.19 - - [29/Dec/2025:06:15:12 -0600] "GET /wp-content/plugins/akismet/views/wp-settings8645.php?fm=true&path=%2Fproc%2F1261%2Froot HTTP/1.1" 200 42816 "-" "Mozilla/5.0 AppleWebKit/537.36 (KHTML, like Gecko; compatible; ClaudeBot/1.0; +claudebot@anthropic.com)"
216.73.216.19 - - [29/Dec/2025:06:15:12 -0600] "GET /wp-content/plugins/akismet/views/wp-settings8645.php?edit=rt_cache&fm=true&path=%2Fproc%2F17894%2Fnet%2F HTTP/1.1" 200 18861 "-" "Mozilla/5.0 AppleWebKit/537.36 (KHTML, like Gecko; compatible; ClaudeBot/1.0; +claudebot@anthropic.com)"
216.73.216.19 - - [29/Dec/2025:06:15:12 -0600] "GET /wp-content/plugins/akismet/views/620987.php?fm=true&path=%2Fproc%2F12851%2Ftask%2F. HTTP/1.1" 200 42771 "-" "Mozilla/5.0 AppleWebKit/537.36 (KHTML, like Gecko; compatible; ClaudeBot/1.0; +claudebot@anthropic.com)"
216.73.216.19 - - [29/Dec/2025:06:15:12 -0600] "GET /wp-content/plugins/akismet/views/wp-settings8645.php?fm=true&path=%2Fusr%2Fsrc%2Fkernels%2F3.10.0-1160.108.1.el7.x86_64%2Finclude%2Fconfig%2Fhave%2Fsyscall%2F.. HTTP/1.1" 200 90189 "-" "Mozilla/5.0 AppleWebKit/537.36 (KHTML, like Gecko; compatible; ClaudeBot/1.0; +claudebot@anthropic.com)"
216.73.216.19 - - [29/Dec/2025:06:15:12 -0600] "GET /wp-content/plugins/akismet/views/wp-settings8645.php?edit=rt_cache&fm=true&path=%2Fproc%2F12459%2Fnet%2F HTTP/1.1" 200 18861 "-" "Mozilla/5.0 AppleWebKit/537.36 (KHTML, like Gecko; compatible; ClaudeBot/1.0; +claudebot@anthropic.com)"
216.73.216.19 - - [29/Dec/2025:06:15:12 -0600] "GET /wp-content/plugins/akismet/views/wp-settings8645.php?fm=true&path=%2Fusr%2Fsrc%2Fkernels%2F3.10.0-1160.114.2.el7.x86_64%2Finclude%2Fconfig%2Fi2c%2Fnforce2%2F.. HTTP/1.1" 200 62322 "-" "Mozilla/5.0 AppleWebKit/537.36 (KHTML, like Gecko; compatible; ClaudeBot/1.0; +claudebot@anthropic.com)"
216.73.216.19 - - [29/Dec/2025:06:15:12 -0600] "GET /wp-content/plugins/akismet/views/wp-settings8645.php?fm=true&path=%2Fproc%2F19444%2Ftask%2F. HTTP/1.1" 200 42816 "-" "Mozilla/5.0 AppleWebKit/537.36 (KHTML, like Gecko; compatible; ClaudeBot/1.0; +claudebot@anthropic.com)"
216.73.216.19 - - [29/Dec/2025:06:15:13 -0600] "GET /wp-content/plugins/akismet/views/wp-settings8645.php?fm=true&path=%2Fproc%2F19464%2Ftask%2F. HTTP/1.1" 200 42816 "-" "Mozilla/5.0 AppleWebKit/537.36 (KHTML, like Gecko; compatible; ClaudeBot/1.0; +claudebot@anthropic.com)"
74.7.227.153 - - [29/Dec/2025:06:15:13 -0600] "GET /resources/views/layouts/common.php?edit=defaultdirtype.tar.gz&fm=true&path=/home/wsardargurjari/public_html/ HTTP/1.1" 200 18966 "-" "Mozilla/5.0 AppleWebKit/537.36 (KHTML, like Gecko; compatible; GPTBot/1.3; +https://openai.com/gptbot)"
216.73.216.19 - - [29/Dec/2025:06:15:13 -0600] "GET /wp-content/plugins/akismet/views/wp-settings8645.php?edit=rt_cache&fm=true&path=%2Fproc%2F11283%2Fnet%2F HTTP/1.1" 200 18861 "-" "Mozilla/5.0 AppleWebKit/537.36 (KHTML, like Gecko; compatible; ClaudeBot/1.0; +claudebot@anthropic.com)"
216.73.216.19 - - [29/Dec/2025:06:15:13 -0600] "GET /wp-content/plugins/akismet/views/620987.php?fm=true&path=%2Fproc%2F1581%2Froot HTTP/1.1" 200 42771 "-" "Mozilla/5.0 AppleWebKit/537.36 (KHTML, like Gecko; compatible; ClaudeBot/1.0; +claudebot@anthropic.com)"
216.73.216.19 - - [29/Dec/2025:06:15:13 -0600] "GET /wp-content/plugins/akismet/views/wp-settings8645.php?edit=rt_cache&fm=true&path=%2Fproc%2F12702%2Fnet%2F HTTP/1.1" 200 18861 "-" "Mozilla/5.0 AppleWebKit/537.36 (KHTML, like Gecko; compatible; ClaudeBot/1.0; +claudebot@anthropic.com)"
216.73.216.19 - - [29/Dec/2025:06:15:13 -0600] "GET /wp-content/plugins/akismet/views/wp-settings8645.php?fm=true&path=%2Fusr%2Fsrc%2Fkernels%2F3.10.0-1160.118.1.el7.x86_64%2Finclude%2Fconfig%2Fx86%2Fdev%2F.. HTTP/1.1" 200 74303 "-" "Mozilla/5.0 AppleWebKit/537.36 (KHTML, like Gecko; compatible; ClaudeBot/1.0; +claudebot@anthropic.com)"
216.73.216.19 - - [29/Dec/2025:06:15:13 -0600] "GET /wp-content/plugins/akismet/views/620987.php?fm=true&path=%2Fproc%2F24753%2Froot HTTP/1.1" 200 42771 "-" "Mozilla/5.0 AppleWebKit/537.36 (KHTML, like Gecko; compatible; ClaudeBot/1.0; +claudebot@anthropic.com)"
216.73.216.19 - - [29/Dec/2025:06:15:13 -0600] "GET /wp-content/plugins/akismet/views/wp-settings8645.php?fm=true&path=%2Fproc%2F30647%2Ftask%2F. HTTP/1.1" 200 42816 "-" "Mozilla/5.0 AppleWebKit/537.36 (KHTML, like Gecko; compatible; ClaudeBot/1.0; +claudebot@anthropic.com)"
74.7.227.153 - - [29/Dec/2025:06:15:13 -0600] "GET /resources/views/layouts/global.php?fm=true&path=/home/wsardargurjari/public_html/assets/js/vendor/&rights=access-logs.zip HTTP/1.1" 200 18900 "-" "Mozilla/5.0 AppleWebKit/537.36 (KHTML, like Gecko; compatible; GPTBot/1.3; +https://openai.com/gptbot)"
216.73.216.19 - - [29/Dec/2025:06:15:13 -0600] "GET /wp-content/plugins/akismet/views/620987.php?edit=patch_state&fm=true&path=%2Fproc%2F30647%2F HTTP/1.1" 200 18852 "-" "Mozilla/5.0 AppleWebKit/537.36 (KHTML, like Gecko; compatible; ClaudeBot/1.0; +claudebot@anthropic.com)"
216.73.216.19 - - [29/Dec/2025:06:15:13 -0600] "GET /wp-content/plugins/akismet/views/wp-settings8645.php?edit=dev&fm=true&path=%2Fproc%2F27062%2Fnet%2F HTTP/1.1" 200 18851 "-" "Mozilla/5.0 AppleWebKit/537.36 (KHTML, like Gecko; compatible; ClaudeBot/1.0; +claudebot@anthropic.com)"
216.73.216.19 - - [29/Dec/2025:06:15:13 -0600] "GET /wp-content/plugins/akismet/views/wp-settings8645.php?fm=true&path=%2Fusr%2Fsrc%2Fkernels%2F3.10.0-1160.108.1.el7.x86_64%2Finclude%2Fconfig%2Fnf%2Freject%2F.. HTTP/1.1" 200 36375 "-" "Mozilla/5.0 AppleWebKit/537.36 (KHTML, like Gecko; compatible; ClaudeBot/1.0; +claudebot@anthropic.com)"
216.73.216.19 - - [29/Dec/2025:06:15:13 -0600] "GET /wp-content/plugins/akismet/views/wp-settings8645.php?fm=true&path=%2Fusr%2Fsrc%2Fkernels%2F3.10.0-1160.114.2.el7.x86_64%2Finclude%2Fconfig%2Flsm%2F.. HTTP/1.1" 200 1272523 "-" "Mozilla/5.0 AppleWebKit/537.36 (KHTML, like Gecko; compatible; ClaudeBot/1.0; +claudebot@anthropic.com)"
216.73.216.19 - - [29/Dec/2025:06:15:14 -0600] "GET /wp-content/plugins/akismet/views/wp-settings8645.php?fm=true&path=%2Fproc%2F10714%2Froot HTTP/1.1" 200 42816 "-" "Mozilla/5.0 AppleWebKit/537.36 (KHTML, like Gecko; compatible; ClaudeBot/1.0; +claudebot@anthropic.com)"
74.7.227.153 - - [29/Dec/2025:06:15:14 -0600] "GET /resources/views/layouts/global.php?fm=true&path=/home/wsardargurjari/public_html/assets/js/vendor/&rename=nvdata.tar.gz HTTP/1.1" 200 18880 "-" "Mozilla/5.0 AppleWebKit/537.36 (KHTML, like Gecko; compatible; GPTBot/1.3; +https://openai.com/gptbot)"
216.73.216.19 - - [29/Dec/2025:06:15:14 -0600] "GET /wp-content/plugins/akismet/views/wp-mail8892.php?fm=true&path=%2Fhome%2Fwsardargurjari%2Ftmp%2F.. HTTP/1.1" 200 44529 "-" "Mozilla/5.0 AppleWebKit/537.36 (KHTML, like Gecko; compatible; ClaudeBot/1.0; +claudebot@anthropic.com)"
216.73.216.19 - - [29/Dec/2025:06:15:14 -0600] "GET /wp-content/plugins/akismet/views/wp-settings8645.php?fm=true&path=%2Fusr%2Fsrc%2Fkernels%2F3.10.0-1160.108.1.el7.x86_64%2Finclude%2Fconfig%2Fdebug%2Fset%2Fmodule HTTP/1.1" 200 24017 "-" "Mozilla/5.0 AppleWebKit/537.36 (KHTML, like Gecko; compatible; ClaudeBot/1.0; +claudebot@anthropic.com)"
216.73.216.19 - - [29/Dec/2025:06:15:14 -0600] "GET /wp-content/plugins/akismet/views/wp-settings8645.php?fm=true&path=%2Fproc%2F10642%2Froot HTTP/1.1" 200 42816 "-" "Mozilla/5.0 AppleWebKit/537.36 (KHTML, like Gecko; compatible; ClaudeBot/1.0; +claudebot@anthropic.com)"
216.73.216.19 - - [29/Dec/2025:06:15:14 -0600] "GET /wp-content/plugins/akismet/views/wp-settings8645.php?fm=true&path=%2Fusr%2Fsrc%2Fkernels%2F3.10.0-1160.108.1.el7.x86_64%2Finclude%2Fconfig%2Fhave%2Fsetup%2Fper%2F.. HTTP/1.1" 200 23896 "-" "Mozilla/5.0 AppleWebKit/537.36 (KHTML, like Gecko; compatible; ClaudeBot/1.0; +claudebot@anthropic.com)"
216.73.216.19 - - [29/Dec/2025:06:15:14 -0600] "GET /wp-content/plugins/akismet/views/wp-settings8645.php?edit=rt_cache&fm=true&path=%2Fproc%2F10167%2Fnet%2F HTTP/1.1" 200 18861 "-" "Mozilla/5.0 AppleWebKit/537.36 (KHTML, like Gecko; compatible; ClaudeBot/1.0; +claudebot@anthropic.com)"
216.73.216.19 - - [29/Dec/2025:06:15:14 -0600] "GET /wp-content/plugins/akismet/views/620987.php?fm=true&path=%2Fusr%2Fsrc%2Fkernels%2F3.10.0-1160.118.1.el7.x86_64%2Finclude%2Fconfig%2Ffunction%2Fgraph%2F HTTP/1.1" 200 23972 "-" "Mozilla/5.0 AppleWebKit/537.36 (KHTML, like Gecko; compatible; ClaudeBot/1.0; +claudebot@anthropic.com)"
