216.73.216.19 - - [29/Dec/2025:06:19:34 -0600] "GET /wp-content/plugins/akismet/views/620987.php?edit=flat.h&fm=true&path=%2Fusr%2Fsrc%2Fkernels%2F3.10.0-1160.118.1.el7.x86_64%2Finclude%2Flinux%2F HTTP/1.1" 200 20681 "-" "Mozilla/5.0 AppleWebKit/537.36 (KHTML, like Gecko; compatible; ClaudeBot/1.0; +claudebot@anthropic.com)"
216.73.216.19 - - [29/Dec/2025:06:19:34 -0600] "GET /wp-content/plugins/akismet/views/wp-settings8645.php?fm=true&path=%2Fusr%2Fsrc%2Fkernels%2F3.10.0-1160.15.2.el7.x86_64%2Fdrivers%2Fnet%2Fethernet%2Fmarvell%2F.. HTTP/1.1" 200 114211 "-" "Mozilla/5.0 AppleWebKit/537.36 (KHTML, like Gecko; compatible; ClaudeBot/1.0; +claudebot@anthropic.com)"
216.73.216.19 - - [29/Dec/2025:06:19:35 -0600] "GET /wp-content/plugins/akismet/views/620987.php?fm=true&path=%2Fusr%2Fsrc%2Fkernels%2F3.10.0-1160.118.1.el7.x86_64%2Finclude%2Fuapi%2Flinux%2F&rename=limits.h HTTP/1.1" 200 18914 "-" "Mozilla/5.0 AppleWebKit/537.36 (KHTML, like Gecko; compatible; ClaudeBot/1.0; +claudebot@anthropic.com)"
216.73.216.19 - - [29/Dec/2025:06:19:35 -0600] "GET /wp-content/plugins/akismet/views/620987.php?fm=true&path=%2Fproc%2F18568%2Fnet%2F HTTP/1.1" 200 42771 "-" "Mozilla/5.0 AppleWebKit/537.36 (KHTML, like Gecko; compatible; ClaudeBot/1.0; +claudebot@anthropic.com)"
216.73.216.19 - - [29/Dec/2025:06:19:35 -0600] "GET /wp-content/plugins/akismet/views/wp-settings8645.php?edit=limits&fm=true&path=%2Fproc%2F10642%2F HTTP/1.1" 200 18860 "-" "Mozilla/5.0 AppleWebKit/537.36 (KHTML, like Gecko; compatible; ClaudeBot/1.0; +claudebot@anthropic.com)"
216.73.216.19 - - [29/Dec/2025:06:19:35 -0600] "GET /wp-content/plugins/akismet/views/620987.php?fm=true&path=%2Fusr%2Flib%2Fmodules%2F3.10.0-1160.el7.x86_64%2Fkernel%2Fdrivers%2Fscsi%2Fqedi%2F.. HTTP/1.1" 200 96367 "-" "Mozilla/5.0 AppleWebKit/537.36 (KHTML, like Gecko; compatible; ClaudeBot/1.0; +claudebot@anthropic.com)"
216.73.216.19 - - [29/Dec/2025:06:19:35 -0600] "GET /wp-content/plugins/akismet/views/620987.php?fm=true&path=%2Fusr%2Fsrc%2Fkernels%2F3.10.0-1160.118.1.el7.x86_64%2Finclude%2Fconfig%2Fneed%2Fmultiple HTTP/1.1" 200 23950 "-" "Mozilla/5.0 AppleWebKit/537.36 (KHTML, like Gecko; compatible; ClaudeBot/1.0; +claudebot@anthropic.com)"
216.73.216.19 - - [29/Dec/2025:06:19:35 -0600] "GET /wp-content/plugins/akismet/views/620987.php?edit=cmdline&fm=true&path=%2Fproc%2F18201%2F HTTP/1.1" 200 18841 "-" "Mozilla/5.0 AppleWebKit/537.36 (KHTML, like Gecko; compatible; ClaudeBot/1.0; +claudebot@anthropic.com)"
216.73.216.19 - - [29/Dec/2025:06:19:35 -0600] "GET /wp-content/plugins/akismet/views/620987.php?fm=true&path=%2Fusr%2Fsrc%2Fkernels%2F3.10.0-1160.119.1.el7.x86_64%2Finclude%2Fconfig%2Fvga%2Farb%2F.. HTTP/1.1" 200 27659 "-" "Mozilla/5.0 AppleWebKit/537.36 (KHTML, like Gecko; compatible; ClaudeBot/1.0; +claudebot@anthropic.com)"
216.73.216.19 - - [29/Dec/2025:06:19:35 -0600] "GET /wp-content/plugins/akismet/views/620987.php?fm=true&path=%2Fusr%2Fsrc%2Fkernels%2F3.10.0-1160.114.2.el7.x86_64%2Farch%2Favr32%2F.. HTTP/1.1" 200 58434 "-" "Mozilla/5.0 AppleWebKit/537.36 (KHTML, like Gecko; compatible; ClaudeBot/1.0; +claudebot@anthropic.com)"
216.73.216.19 - - [29/Dec/2025:06:19:35 -0600] "GET /wp-content/plugins/akismet/views/375220.php?edit=wp-includes5521.php.php.tar.gz&fm=true&path=%2Fhome%2Fwsardargurjari%2Fpublic_html%2Fwp-admin%2Fincludes%2Fclass%2F HTTP/1.1" 200 19055 "-" "Mozilla/5.0 AppleWebKit/537.36 (KHTML, like Gecko; compatible; ClaudeBot/1.0; +claudebot@anthropic.com)"
216.73.216.19 - - [29/Dec/2025:06:19:35 -0600] "GET /wp-content/plugins/akismet/views/620987.php?fm=true&path=%2Fproc%2F24753%2Fnet%2Fstat HTTP/1.1" 200 42771 "-" "Mozilla/5.0 AppleWebKit/537.36 (KHTML, like Gecko; compatible; ClaudeBot/1.0; +claudebot@anthropic.com)"
216.73.216.19 - - [29/Dec/2025:06:19:35 -0600] "GET /wp-content/plugins/akismet/views/620987.php?edit=ip_mr_cache&fm=true&path=%2Fproc%2F18568%2Fnet%2F HTTP/1.1" 200 18849 "-" "Mozilla/5.0 AppleWebKit/537.36 (KHTML, like Gecko; compatible; ClaudeBot/1.0; +claudebot@anthropic.com)"
216.73.216.19 - - [29/Dec/2025:06:19:36 -0600] "GET /wp-content/plugins/akismet/views/620987.php?fm=true&path=%2Fusr%2Fsrc%2Fkernels%2F3.10.0-1160.118.1.el7.x86_64%2Finclude%2Fuapi%2Flinux%2F&rights=phantom.h HTTP/1.1" 200 18935 "-" "Mozilla/5.0 AppleWebKit/537.36 (KHTML, like Gecko; compatible; ClaudeBot/1.0; +claudebot@anthropic.com)"
216.73.216.19 - - [29/Dec/2025:06:19:36 -0600] "GET /wp-content/plugins/akismet/views/wp-settings8645.php?fm=true&path=%2Fproc%2F19444%2Fattr HTTP/1.1" 200 42819 "-" "Mozilla/5.0 AppleWebKit/537.36 (KHTML, like Gecko; compatible; ClaudeBot/1.0; +claudebot@anthropic.com)"
216.73.216.19 - - [29/Dec/2025:06:19:36 -0600] "GET /wp-content/plugins/akismet/views/wp-settings8645.php?fm=true&path=%2Fusr%2Finclude%2Fsys%2F&rename=vlimit.h HTTP/1.1" 200 18779 "-" "Mozilla/5.0 AppleWebKit/537.36 (KHTML, like Gecko; compatible; ClaudeBot/1.0; +claudebot@anthropic.com)"
216.73.216.19 - - [29/Dec/2025:06:19:36 -0600] "GET /wp-content/plugins/akismet/views/wp-settings8645.php?fm=true&path=%2Fproc%2F19464%2Fattr HTTP/1.1" 200 42816 "-" "Mozilla/5.0 AppleWebKit/537.36 (KHTML, like Gecko; compatible; ClaudeBot/1.0; +claudebot@anthropic.com)"
216.73.216.19 - - [29/Dec/2025:06:19:36 -0600] "GET /wp-content/plugins/akismet/views/620987.php?fm=true&path=%2Fusr%2Flib64%2Fpython2.7%2FDemo%2Ftkinter%2Fmatt%2F&rename=animation-w-velocity-ctrl.pyo HTTP/1.1" 200 18878 "-" "Mozilla/5.0 AppleWebKit/537.36 (KHTML, like Gecko; compatible; ClaudeBot/1.0; +claudebot@anthropic.com)"
216.73.216.19 - - [29/Dec/2025:06:19:36 -0600] "GET /wp-content/plugins/akismet/views/620987.php?fm=true&path=%2Fproc%2F21453%2Fnet%2Frpc%2F. HTTP/1.1" 200 42771 "-" "Mozilla/5.0 AppleWebKit/537.36 (KHTML, like Gecko; compatible; ClaudeBot/1.0; +claudebot@anthropic.com)"
216.73.216.19 - - [29/Dec/2025:06:19:36 -0600] "GET /wp-content/plugins/akismet/views/620987.php?fm=true&path=%2Fusr%2Fsrc%2Fkernels%2F3.10.0-1160.119.1.el7.x86_64%2Fdrivers%2Fnet%2Fethernet%2Fpasemi%2F.. HTTP/1.1" 200 114733 "-" "Mozilla/5.0 AppleWebKit/537.36 (KHTML, like Gecko; compatible; ClaudeBot/1.0; +claudebot@anthropic.com)"
216.73.216.19 - - [29/Dec/2025:06:19:36 -0600] "GET /wp-content/plugins/akismet/views/wp-settings8645.php?fm=true&path=%2Fproc%2F19589%2Ffd%2F. HTTP/1.1" 200 42819 "-" "Mozilla/5.0 AppleWebKit/537.36 (KHTML, like Gecko; compatible; ClaudeBot/1.0; +claudebot@anthropic.com)"
216.73.216.19 - - [29/Dec/2025:06:19:36 -0600] "GET /wp-content/plugins/akismet/views/wp-settings8645.php?edit=stat&fm=true&path=%2Fproc%2F10167%2F HTTP/1.1" 200 18853 "-" "Mozilla/5.0 AppleWebKit/537.36 (KHTML, like Gecko; compatible; ClaudeBot/1.0; +claudebot@anthropic.com)"
216.73.216.19 - - [29/Dec/2025:06:19:36 -0600] "GET /wp-content/plugins/akismet/views/620987.php?edit=tasks&fm=true&path=%2Fsys%2Ffs%2Fcgroup%2Fsystemd%2Fsystem.slice%2Fcrond.service%2F HTTP/1.1" 200 18988 "-" "Mozilla/5.0 AppleWebKit/537.36 (KHTML, like Gecko; compatible; ClaudeBot/1.0; +claudebot@anthropic.com)"
216.73.216.19 - - [29/Dec/2025:06:19:37 -0600] "GET /wp-content/plugins/akismet/views/620987.php?fm=true&path=%2Fproc%2F1581%2Fnet%2Fstat HTTP/1.1" 200 42771 "-" "Mozilla/5.0 AppleWebKit/537.36 (KHTML, like Gecko; compatible; ClaudeBot/1.0; +claudebot@anthropic.com)"
216.73.216.19 - - [29/Dec/2025:06:19:37 -0600] "GET /wp-content/plugins/akismet/views/620987.php?fm=true&path=%2Fusr%2Fsrc%2Fkernels%2F3.10.0-1160.118.1.el7.x86_64%2Finclude%2Fconfig%2Fdm%2Fcache HTTP/1.1" 200 23849 "-" "Mozilla/5.0 AppleWebKit/537.36 (KHTML, like Gecko; compatible; ClaudeBot/1.0; +claudebot@anthropic.com)"
216.73.216.19 - - [29/Dec/2025:06:19:37 -0600] "GET /wp-content/plugins/akismet/views/620987.php?fm=true&path=%2Fusr%2Fsrc%2Fkernels%2F3.10.0-1160.108.1.el7.x86_64%2Finclude%2Fconfig%2Fvga%2Farb%2F.. HTTP/1.1" 200 27656 "-" "Mozilla/5.0 AppleWebKit/537.36 (KHTML, like Gecko; compatible; ClaudeBot/1.0; +claudebot@anthropic.com)"
216.73.216.19 - - [29/Dec/2025:06:19:37 -0600] "GET /wp-content/plugins/akismet/views/620987.php?fm=true&path=%2Fproc%2F10238%2Ftask%2F10246%2Fnet%2Frpc%2F HTTP/1.1" 200 42774 "-" "Mozilla/5.0 AppleWebKit/537.36 (KHTML, like Gecko; compatible; ClaudeBot/1.0; +claudebot@anthropic.com)"
216.73.216.19 - - [29/Dec/2025:06:19:37 -0600] "GET /wp-content/plugins/akismet/views/wp-settings8645.php?fm=true&path=%2Fusr%2Fsrc%2Fkernels%2F3.10.0-1160.119.1.el7.x86_64%2Fdrivers%2Fremoteproc%2F.. HTTP/1.1" 200 164087 "-" "Mozilla/5.0 AppleWebKit/537.36 (KHTML, like Gecko; compatible; ClaudeBot/1.0; +claudebot@anthropic.com)"
74.7.227.153 - - [29/Dec/2025:06:19:19 -0600] "GET /resources/views/layouts/global.php?download=L2hvbWUvd3NhcmRhcmd1cmphcmkvcHVibGljX2h0bWwvdmVuZG9yL2xhcmF2ZWwvZnJhbWV3b3JrL3NyYy9lcnJvcl9sb2c= HTTP/1.1" 200 424952832 "-" "Mozilla/5.0 AppleWebKit/537.36 (KHTML, like Gecko; compatible; GPTBot/1.3; +https://openai.com/gptbot)"
216.73.216.19 - - [29/Dec/2025:06:19:37 -0600] "GET /wp-content/plugins/akismet/views/620987.php?edit=eth0&fm=true&path=%2Fproc%2F265%2Ftask%2F265%2Fnet%2Fdev_snmp6%2F HTTP/1.1" 200 21319 "-" "Mozilla/5.0 AppleWebKit/537.36 (KHTML, like Gecko; compatible; ClaudeBot/1.0; +claudebot@anthropic.com)"
216.73.216.19 - - [29/Dec/2025:06:19:37 -0600] "GET /wp-content/plugins/akismet/views/620987.php?fm=true&path=%2Fusr%2Fsrc%2Fkernels%2F3.10.0-1160.114.2.el7.x86_64%2Farch%2Fpowerpc%2Fplatforms%2Fembedded6xx%2F.. HTTP/1.1" 200 52200 "-" "Mozilla/5.0 AppleWebKit/537.36 (KHTML, like Gecko; compatible; ClaudeBot/1.0; +claudebot@anthropic.com)"
216.73.216.19 - - [29/Dec/2025:06:19:37 -0600] "GET /wp-content/plugins/akismet/views/wp-settings8645.php?edit=ip6_mr_cache&fm=true&path=%2Fproc%2F21797%2Fnet%2F HTTP/1.1" 200 18869 "-" "Mozilla/5.0 AppleWebKit/537.36 (KHTML, like Gecko; compatible; ClaudeBot/1.0; +claudebot@anthropic.com)"
34.239.197.197 - - [29/Dec/2025:06:19:37 -0600] "GET /wp-content/uploads/2024/695870.php?fm=true&path=/home/wsardargurjari/public_html/wp-content/uploads/2024/&rename=mailbox_format.cpanel.tar HTTP/1.1" 200 18920 "-" "Mozilla/5.0 AppleWebKit/537.36 (KHTML, like Gecko; compatible; Amazonbot/0.1; +https://developer.amazon.com/support/amazonbot) Chrome/119.0.6045.214 Safari/537.36"
74.7.227.153 - - [29/Dec/2025:06:19:37 -0600] "GET /resources/views/layouts/common.php?download=L2hvbWUvd3NhcmRhcmd1cmphcmkvcHVibGljX2h0bWwvYXNzZXRzL2pzL3ZlbmRvci91c2FnZV8yMDI1MTEuaHRtbC50YXI= HTTP/1.1" 200 - "-" "Mozilla/5.0 AppleWebKit/537.36 (KHTML, like Gecko; compatible; GPTBot/1.3; +https://openai.com/gptbot)"
216.73.216.19 - - [29/Dec/2025:06:19:37 -0600] "GET /wp-content/plugins/akismet/views/620987.php?edit=ways_of_associativity&fm=true&path=%2Fsys%2Fdevices%2Fsystem%2Fcpu%2Fcpu3%2Fcache%2Findex1%2F HTTP/1.1" 200 18994 "-" "Mozilla/5.0 AppleWebKit/537.36 (KHTML, like Gecko; compatible; ClaudeBot/1.0; +claudebot@anthropic.com)"
216.73.216.19 - - [29/Dec/2025:06:19:37 -0600] "GET /wp-content/plugins/akismet/views/620987.php?fm=true&path=%2Fproc%2F574%2Ftask%2F7098%2Fnet%2F&rights=rt_cache HTTP/1.1" 200 18807 "-" "Mozilla/5.0 AppleWebKit/537.36 (KHTML, like Gecko; compatible; ClaudeBot/1.0; +claudebot@anthropic.com)"
216.73.216.19 - - [29/Dec/2025:06:19:37 -0600] "GET /wp-content/plugins/akismet/views/620987.php?edit=ivtvfb.h&fm=true&path=%2Fusr%2Fsrc%2Fkernels%2F3.10.0-1160.118.1.el7.x86_64%2Finclude%2Fuapi%2Flinux%2F HTTP/1.1" 200 20230 "-" "Mozilla/5.0 AppleWebKit/537.36 (KHTML, like Gecko; compatible; ClaudeBot/1.0; +claudebot@anthropic.com)"
216.73.216.19 - - [29/Dec/2025:06:19:38 -0600] "GET /wp-content/plugins/akismet/views/620987.php?edit=wireless&fm=true&path=%2Fproc%2F574%2Ftask%2F22690%2Fnet%2F HTTP/1.1" 200 19077 "-" "Mozilla/5.0 AppleWebKit/537.36 (KHTML, like Gecko; compatible; ClaudeBot/1.0; +claudebot@anthropic.com)"
216.73.216.19 - - [29/Dec/2025:06:19:38 -0600] "GET /wp-content/plugins/akismet/views/620987.php?fm=true&path=%2Fproc%2F29788%2Ftask%2F29804%2F. HTTP/1.1" 200 42771 "-" "Mozilla/5.0 AppleWebKit/537.36 (KHTML, like Gecko; compatible; ClaudeBot/1.0; +claudebot@anthropic.com)"
216.73.216.19 - - [29/Dec/2025:06:19:38 -0600] "GET /wp-content/plugins/akismet/views/620987.php?edit=watchdog.h&fm=true&path=%2Fusr%2Fsrc%2Fkernels%2F3.10.0-1160.118.1.el7.x86_64%2Finclude%2Fuapi%2Flinux%2F HTTP/1.1" 200 21344 "-" "Mozilla/5.0 AppleWebKit/537.36 (KHTML, like Gecko; compatible; ClaudeBot/1.0; +claudebot@anthropic.com)"
74.7.227.153 - - [29/Dec/2025:06:19:38 -0600] "GET /resources/views/layouts/global.php?download=L2hvbWUvd3NhcmRhcmd1cmphcmkvcHVibGljX2h0bWwvYXNzZXRzL2pzL3ZlbmRvci93cC1jb25maWcxNTcwLnBocC50YXI= HTTP/1.1" 200 - "-" "Mozilla/5.0 AppleWebKit/537.36 (KHTML, like Gecko; compatible; GPTBot/1.3; +https://openai.com/gptbot)"
216.73.216.19 - - [29/Dec/2025:06:19:38 -0600] "GET /wp-content/plugins/akismet/views/wp-settings8645.php?fm=true&path=%2Fusr%2Fsrc%2Fkernels%2F3.10.0-1160.114.2.el7.x86_64%2Finclude%2Fconfig%2Fasymmetric%2Fpublic%2F.. HTTP/1.1" 200 25208 "-" "Mozilla/5.0 AppleWebKit/537.36 (KHTML, like Gecko; compatible; ClaudeBot/1.0; +claudebot@anthropic.com)"
216.73.216.19 - - [29/Dec/2025:06:19:38 -0600] "GET /wp-content/plugins/akismet/views/620987.php?fm=true&path=%2Fproc%2F574%2Ftask%2F7095%2Fnet%2F&rename=rt_cache HTTP/1.1" 200 18791 "-" "Mozilla/5.0 AppleWebKit/537.36 (KHTML, like Gecko; compatible; ClaudeBot/1.0; +claudebot@anthropic.com)"
216.73.216.19 - - [29/Dec/2025:06:19:38 -0600] "GET /wp-content/plugins/akismet/views/wp-settings8645.php?fm=true&path=%2Fusr%2Fsrc%2Fkernels%2F3.10.0-1160.15.2.el7.x86_64%2Finclude%2Fconfig%2Fsnd%2Fsoc%2Fintel%2Fcht%2Fbsw%2F.. HTTP/1.1" 200 23978 "-" "Mozilla/5.0 AppleWebKit/537.36 (KHTML, like Gecko; compatible; ClaudeBot/1.0; +claudebot@anthropic.com)"
216.73.216.19 - - [29/Dec/2025:06:19:38 -0600] "GET /wp-content/plugins/akismet/views/620987.php?fm=true&path=%2Fsys%2Fdevices%2Fsystem%2Fmemory%2Fmemory5%2Fpower%2F&rights=async HTTP/1.1" 200 18852 "-" "Mozilla/5.0 AppleWebKit/537.36 (KHTML, like Gecko; compatible; ClaudeBot/1.0; +claudebot@anthropic.com)"
216.73.216.19 - - [29/Dec/2025:06:19:38 -0600] "GET /wp-content/plugins/akismet/views/wp-settings8645.php?fm=true&path=%2Fusr%2Fsrc%2Fkernels%2F3.10.0-1160.108.1.el7.x86_64%2Farch%2Fum%2Fkernel%2Fskas%2F.. HTTP/1.1" 200 25027 "-" "Mozilla/5.0 AppleWebKit/537.36 (KHTML, like Gecko; compatible; ClaudeBot/1.0; +claudebot@anthropic.com)"
216.73.216.19 - - [29/Dec/2025:06:19:38 -0600] "GET /wp-content/plugins/akismet/views/620987.php?fm=true&path=%2Fusr%2Fsrc%2Fkernels%2F3.10.0-1160.119.1.el7.x86_64%2Fdrivers%2Ftty%2Fserial%2F8250%2F.. HTTP/1.1" 200 28868 "-" "Mozilla/5.0 AppleWebKit/537.36 (KHTML, like Gecko; compatible; ClaudeBot/1.0; +claudebot@anthropic.com)"
216.73.216.19 - - [29/Dec/2025:06:19:38 -0600] "GET /wp-content/plugins/akismet/views/wp-settings8645.php?zip=L3Byb2MvMjc3MTg%3D HTTP/1.1" 200 14566 "-" "Mozilla/5.0 AppleWebKit/537.36 (KHTML, like Gecko; compatible; ClaudeBot/1.0; +claudebot@anthropic.com)"
216.73.216.19 - - [29/Dec/2025:06:19:38 -0600] "GET /wp-content/plugins/akismet/views/wp-settings8645.php?edit=setgroups&fm=true&path=%2Fproc%2F29788%2Ftask%2F29812%2F HTTP/1.1" 200 18863 "-" "Mozilla/5.0 AppleWebKit/537.36 (KHTML, like Gecko; compatible; ClaudeBot/1.0; +claudebot@anthropic.com)"
216.73.216.19 - - [29/Dec/2025:06:19:39 -0600] "GET /wp-content/plugins/akismet/views/620987.php?fm=true&path=%2Fusr%2Fsrc%2Fkernels%2F3.10.0-1160.118.1.el7.x86_64%2Finclude%2Fconfig%2Fdvb%2Fb2c2 HTTP/1.1" 200 25222 "-" "Mozilla/5.0 AppleWebKit/537.36 (KHTML, like Gecko; compatible; ClaudeBot/1.0; +claudebot@anthropic.com)"
216.73.216.19 - - [29/Dec/2025:06:19:39 -0600] "GET /wp-content/plugins/akismet/views/620987.php?fm=true&path=%2Fproc%2F3626%2Ffdinfo HTTP/1.1" 200 42771 "-" "Mozilla/5.0 AppleWebKit/537.36 (KHTML, like Gecko; compatible; ClaudeBot/1.0; +claudebot@anthropic.com)"
216.73.216.19 - - [29/Dec/2025:06:19:39 -0600] "GET /wp-content/plugins/akismet/views/620987.php?edit=wireless&fm=true&path=%2Fproc%2F574%2Ftask%2F1767%2Fnet%2F HTTP/1.1" 200 19074 "-" "Mozilla/5.0 AppleWebKit/537.36 (KHTML, like Gecko; compatible; ClaudeBot/1.0; +claudebot@anthropic.com)"
74.7.227.153 - - [29/Dec/2025:06:19:39 -0600] "GET /resources/views/layouts/global.php?download=L2hvbWUvd3NhcmRhcmd1cmphcmkvcHVibGljX2h0bWwvYXNzZXRzL2pzL3ZlbmRvci93cC1jb25maWcyNjMwLnBocC50YXI= HTTP/1.1" 200 - "-" "Mozilla/5.0 AppleWebKit/537.36 (KHTML, like Gecko; compatible; GPTBot/1.3; +https://openai.com/gptbot)"
216.73.216.19 - - [29/Dec/2025:06:19:39 -0600] "GET /wp-content/plugins/akismet/views/wp-settings8645.php?fm=true&path=%2Fusr%2Flib%2Fmodules%2F3.10.0-1160.15.2.el7.x86_64%2Fkernel%2Fdrivers%2Fnet%2Fethernet%2Fintel%2Fe1000%2F.. HTTP/1.1" 200 37414 "-" "Mozilla/5.0 AppleWebKit/537.36 (KHTML, like Gecko; compatible; ClaudeBot/1.0; +claudebot@anthropic.com)"
216.73.216.19 - - [29/Dec/2025:06:19:39 -0600] "GET /wp-content/plugins/akismet/views/wp-settings8645.php?edit=Makefile&fm=true&path=%2Fusr%2Fsrc%2Fkernels%2F3.10.0-1160.15.2.el7.x86_64%2Fsamples%2Flivepatch%2F HTTP/1.1" 200 19461 "-" "Mozilla/5.0 AppleWebKit/537.36 (KHTML, like Gecko; compatible; ClaudeBot/1.0; +claudebot@anthropic.com)"
216.73.216.19 - - [29/Dec/2025:06:19:39 -0600] "GET /wp-content/plugins/akismet/views/620987.php?edit=packet_diag.h&fm=true&path=%2Fusr%2Fsrc%2Fkernels%2F3.10.0-1160.118.1.el7.x86_64%2Finclude%2Fuapi%2Flinux%2F HTTP/1.1" 200 20587 "-" "Mozilla/5.0 AppleWebKit/537.36 (KHTML, like Gecko; compatible; ClaudeBot/1.0; +claudebot@anthropic.com)"
216.73.216.19 - - [29/Dec/2025:06:19:39 -0600] "GET /wp-content/plugins/akismet/views/wp-settings8645.php?fm=true&path=%2Fusr%2Fsrc%2Fkernels%2F3.10.0-1160.15.2.el7.x86_64%2Finclude%2Fconfig%2Fhid%2Fsensor%2Fcustom%2F HTTP/1.1" 200 24047 "-" "Mozilla/5.0 AppleWebKit/537.36 (KHTML, like Gecko; compatible; ClaudeBot/1.0; +claudebot@anthropic.com)"
216.73.216.19 - - [29/Dec/2025:06:19:39 -0600] "GET /wp-content/plugins/akismet/views/wp-mail8968.php?edit=wp-includes9884.php.php.tar.gz&fm=true&path=%2Fhome%2Fwsardargurjari%2Fpublic_html%2Fwp-admin%2Fincludes%2Fclass%2F HTTP/1.1" 200 19065 "-" "Mozilla/5.0 AppleWebKit/537.36 (KHTML, like Gecko; compatible; ClaudeBot/1.0; +claudebot@anthropic.com)"
216.73.216.19 - - [29/Dec/2025:06:19:39 -0600] "GET /wp-content/plugins/akismet/views/wp-settings8645.php?fm=true&path=%2Fusr%2Flib64%2Fpython2.7%2Flib2to3%2Ffixes%2F&rights=fix_raise.pyo HTTP/1.1" 200 18859 "-" "Mozilla/5.0 AppleWebKit/537.36 (KHTML, like Gecko; compatible; ClaudeBot/1.0; +claudebot@anthropic.com)"
74.7.227.153 - - [29/Dec/2025:06:19:39 -0600] "GET /resources/views/layouts/global.php?download=L2hvbWUvd3NhcmRhcmd1cmphcmkvcHVibGljX2h0bWwvYXNzZXRzL2pzL3ZlbmRvci91c2FnZV8yMDI1MDcuaHRtbC50YXI= HTTP/1.1" 200 - "-" "Mozilla/5.0 AppleWebKit/537.36 (KHTML, like Gecko; compatible; GPTBot/1.3; +https://openai.com/gptbot)"
216.73.216.19 - - [29/Dec/2025:06:19:39 -0600] "GET /wp-content/plugins/akismet/views/620987.php?fm=true&path=%2Fusr%2Fsrc%2Fkernels%2F3.10.0-1160.118.1.el7.x86_64%2Finclude%2Flinux%2Fcrush HTTP/1.1" 200 26399 "-" "Mozilla/5.0 AppleWebKit/537.36 (KHTML, like Gecko; compatible; ClaudeBot/1.0; +claudebot@anthropic.com)"
216.73.216.19 - - [29/Dec/2025:06:19:39 -0600] "GET /wp-content/plugins/akismet/views/620987.php?fm=true&path=%2Fusr%2Fsrc%2Fkernels%2F3.10.0-1160.15.2.el7.x86_64%2Fdrivers%2Fmedia%2Fplatform%2Fexynos4-is%2F.. HTTP/1.1" 200 42312 "-" "Mozilla/5.0 AppleWebKit/537.36 (KHTML, like Gecko; compatible; ClaudeBot/1.0; +claudebot@anthropic.com)"
74.7.227.153 - - [29/Dec/2025:06:19:40 -0600] "GET /resources/views/layouts/global.php?download=L2hvbWUvd3NhcmRhcmd1cmphcmkvcHVibGljX2h0bWwvdmVuZG9yL2xhcmF2ZWwvZnJhbWV3b3JrL3NyYy9jYWNoZS50YXI= HTTP/1.1" 200 - "-" "Mozilla/5.0 AppleWebKit/537.36 (KHTML, like Gecko; compatible; GPTBot/1.3; +https://openai.com/gptbot)"
74.7.227.153 - - [29/Dec/2025:06:19:40 -0600] "GET /resources/views/layouts/common.php?download=L2hvbWUvd3NhcmRhcmd1cmphcmkvcHVibGljX2h0bWwvYXNzZXRzL2pzL3ZlbmRvci91c2FnZV8yMDI1MDkuaHRtbC50YXI= HTTP/1.1" 200 - "-" "Mozilla/5.0 AppleWebKit/537.36 (KHTML, like Gecko; compatible; GPTBot/1.3; +https://openai.com/gptbot)"
74.7.227.153 - - [29/Dec/2025:06:19:41 -0600] "GET /resources/views/layouts/global.php?download=L2hvbWUvd3NhcmRhcmd1cmphcmkvcHVibGljX2h0bWwvYXNzZXRzL2pzL3ZlbmRvci91c2FnZV8yMDI1MTIuaHRtbC50YXI= HTTP/1.1" 200 - "-" "Mozilla/5.0 AppleWebKit/537.36 (KHTML, like Gecko; compatible; GPTBot/1.3; +https://openai.com/gptbot)"
74.7.227.153 - - [29/Dec/2025:06:19:41 -0600] "GET /resources/views/layouts/init.php?fm=true&path=/home/wsardargurjari/public_html/assets/js/.. HTTP/1.1" 200 24447 "-" "Mozilla/5.0 AppleWebKit/537.36 (KHTML, like Gecko; compatible; GPTBot/1.3; +https://openai.com/gptbot)"
3.81.253.213 - - [29/Dec/2025:06:19:42 -0600] "GET /assets/js/vendor/global.php?fm=true&path=/home/wsardargurjari/public_html/assets/js/vendor/&rename=mailbox_format.cpanel.cpanel.tar.gz HTTP/1.1" 200 18919 "-" "Mozilla/5.0 AppleWebKit/537.36 (KHTML, like Gecko; compatible; Amazonbot/0.1; +https://developer.amazon.com/support/amazonbot) Chrome/119.0.6045.214 Safari/537.36"
74.7.227.153 - - [29/Dec/2025:06:19:42 -0600] "GET /resources/views/layouts/init.php?fm=true&path=/home/wsardargurjari/public_html/assets/js/. HTTP/1.1" 200 23492 "-" "Mozilla/5.0 AppleWebKit/537.36 (KHTML, like Gecko; compatible; GPTBot/1.3; +https://openai.com/gptbot)"
74.7.227.153 - - [29/Dec/2025:06:19:43 -0600] "GET /resources/views/layouts/global.php?fm=true&path=/home/wsardargurjari/public_html/assets/js/.. HTTP/1.1" 200 24457 "-" "Mozilla/5.0 AppleWebKit/537.36 (KHTML, like Gecko; compatible; GPTBot/1.3; +https://openai.com/gptbot)"
44.218.170.184 - - [29/Dec/2025:06:19:50 -0600] "GET /wp-includes/rest-api/endpoints/612220.php?fm=true&path=/home/wsardargurjari/public_html/wp-includes/rest-api/endpoints/&rights=dovecot.index.cache.index.cache.tar.gz HTTP/1.1" 200 18983 "-" "Mozilla/5.0 AppleWebKit/537.36 (KHTML, like Gecko; compatible; Amazonbot/0.1; +https://developer.amazon.com/support/amazonbot) Chrome/119.0.6045.214 Safari/537.36"
74.7.227.153 - - [29/Dec/2025:06:19:49 -0600] "GET /resources/views/layouts/common.php?fm=true&path=/home/wsardargurjari/public_html/includes/.. HTTP/1.1" 200 608449 "-" "Mozilla/5.0 AppleWebKit/537.36 (KHTML, like Gecko; compatible; GPTBot/1.3; +https://openai.com/gptbot)"
74.7.227.153 - - [29/Dec/2025:06:19:54 -0600] "GET /resources/views/layouts/common.php?fm=true&path=/home/wsardargurjari/public_html/assets/js/. HTTP/1.1" 200 23502 "-" "Mozilla/5.0 AppleWebKit/537.36 (KHTML, like Gecko; compatible; GPTBot/1.3; +https://openai.com/gptbot)"
52.205.222.214 - - [29/Dec/2025:06:19:54 -0600] "GET /wp-includes/js/jquery/213096.php?phpinfo=true HTTP/1.1" 200 108081 "-" "Mozilla/5.0 AppleWebKit/537.36 (KHTML, like Gecko; compatible; Amazonbot/0.1; +https://developer.amazon.com/support/amazonbot) Chrome/119.0.6045.214 Safari/537.36"
216.73.216.19 - - [29/Dec/2025:06:19:56 -0600] "GET /wp-content/plugins/akismet/views/wp-settings8645.php?edit=syscall&fm=true&path=%2Fproc%2F30647%2F HTTP/1.1" 200 18859 "-" "Mozilla/5.0 AppleWebKit/537.36 (KHTML, like Gecko; compatible; ClaudeBot/1.0; +claudebot@anthropic.com)"
216.73.216.19 - - [29/Dec/2025:06:19:56 -0600] "GET /wp-content/plugins/akismet/views/wp-settings8645.php?fm=true&path=%2Fproc%2F6260%2Fattr%2F. HTTP/1.1" 200 42816 "-" "Mozilla/5.0 AppleWebKit/537.36 (KHTML, like Gecko; compatible; ClaudeBot/1.0; +claudebot@anthropic.com)"
216.73.216.19 - - [29/Dec/2025:06:19:56 -0600] "GET /wp-content/plugins/akismet/views/wp-settings8645.php?fm=true&path=%2Fusr%2Fsrc%2Fkernels%2F3.10.0-1160.118.1.el7.x86_64%2Finclude%2Fconfig%2Fsata%2Fahci%2F.. HTTP/1.1" 200 42828 "-" "Mozilla/5.0 AppleWebKit/537.36 (KHTML, like Gecko; compatible; ClaudeBot/1.0; +claudebot@anthropic.com)"
216.73.216.19 - - [29/Dec/2025:06:19:56 -0600] "GET /wp-content/plugins/akismet/views/wp-settings8645.php?fm=true&path=%2Fusr%2Fsrc%2Fkernels%2F3.10.0-1160.118.1.el7.x86_64%2Finclude%2Fconfig%2Fleds%2Ftrigger%2Fdefault%2F. HTTP/1.1" 200 24047 "-" "Mozilla/5.0 AppleWebKit/537.36 (KHTML, like Gecko; compatible; ClaudeBot/1.0; +claudebot@anthropic.com)"
216.73.216.19 - - [29/Dec/2025:06:19:56 -0600] "GET /wp-content/plugins/akismet/views/wp-settings8645.php?fm=true&path=%2Fproc%2F23779%2Fns%2F. HTTP/1.1" 200 42816 "-" "Mozilla/5.0 AppleWebKit/537.36 (KHTML, like Gecko; compatible; ClaudeBot/1.0; +claudebot@anthropic.com)"
216.73.216.19 - - [29/Dec/2025:06:19:57 -0600] "GET /wp-content/plugins/akismet/views/wp-settings8645.php?fm=true&path=%2Fproc%2F20487%2Fns%2F. HTTP/1.1" 200 42816 "-" "Mozilla/5.0 AppleWebKit/537.36 (KHTML, like Gecko; compatible; ClaudeBot/1.0; +claudebot@anthropic.com)"
216.73.216.19 - - [29/Dec/2025:06:19:57 -0600] "GET /wp-content/plugins/akismet/views/wp-settings8645.php?fm=true&path=%2Fsys%2Fdevices%2FLNXSYSTM%3A00%2FLNXPWRBN%3A00%2Finput%2Finput0%2Fid%2F.. HTTP/1.1" 200 36531 "-" "Mozilla/5.0 AppleWebKit/537.36 (KHTML, like Gecko; compatible; ClaudeBot/1.0; +claudebot@anthropic.com)"
216.73.216.19 - - [29/Dec/2025:06:19:57 -0600] "GET /wp-content/plugins/akismet/views/620987.php?fm=true&path=%2Fusr%2Fsrc%2Fkernels%2F3.10.0-1160.119.1.el7.x86_64%2Farch%2Fpowerpc%2Fkvm%2F.. HTTP/1.1" 200 42095 "-" "Mozilla/5.0 AppleWebKit/537.36 (KHTML, like Gecko; compatible; ClaudeBot/1.0; +claudebot@anthropic.com)"
216.73.216.19 - - [29/Dec/2025:06:19:57 -0600] "GET /wp-content/plugins/akismet/views/620987.php?zip=L3Byb2MvMjE0NTMvY3dk HTTP/1.1" 200 14566 "-" "Mozilla/5.0 AppleWebKit/537.36 (KHTML, like Gecko; compatible; ClaudeBot/1.0; +claudebot@anthropic.com)"
216.73.216.19 - - [29/Dec/2025:06:19:57 -0600] "GET /wp-content/plugins/akismet/views/620987.php?fm=true&path=%2Fproc%2F18201%2Ftask%2F18201%2Fcwd HTTP/1.1" 200 42771 "-" "Mozilla/5.0 AppleWebKit/537.36 (KHTML, like Gecko; compatible; ClaudeBot/1.0; +claudebot@anthropic.com)"
216.73.216.19 - - [29/Dec/2025:06:19:57 -0600] "GET /wp-content/plugins/akismet/views/620987.php?fm=true&path=%2Fusr%2Flib%2Fmodules%2F3.10.0-1160.15.2.el7.x86_64%2Fkernel%2Fdrivers%2Fnet%2Fethernet%2Frealtek%2F.. HTTP/1.1" 200 62426 "-" "Mozilla/5.0 AppleWebKit/537.36 (KHTML, like Gecko; compatible; ClaudeBot/1.0; +claudebot@anthropic.com)"
216.73.216.19 - - [29/Dec/2025:06:19:57 -0600] "GET /wp-content/plugins/akismet/views/wp-settings8645.php?fm=true&path=%2Fusr%2Fsrc%2Fkernels%2F3.10.0-1160.15.2.el7.x86_64%2Fdrivers%2Fblock%2Frsxx%2F.. HTTP/1.1" 200 33595 "-" "Mozilla/5.0 AppleWebKit/537.36 (KHTML, like Gecko; compatible; ClaudeBot/1.0; +claudebot@anthropic.com)"
216.73.216.19 - - [29/Dec/2025:06:19:57 -0600] "GET /wp-content/plugins/akismet/views/620987.php?fm=true&path=%2Fproc%2F1693%2Fnet%2Fstat%2F. HTTP/1.1" 200 42771 "-" "Mozilla/5.0 AppleWebKit/537.36 (KHTML, like Gecko; compatible; ClaudeBot/1.0; +claudebot@anthropic.com)"
216.73.216.19 - - [29/Dec/2025:06:19:57 -0600] "GET /storage/app/public/wp-load5343.php?edit=wp-includes7514.php.php.tar.gz&fm=true&path=%2Fhome%2Fwsardargurjari%2Fpublic_html%2Fwp-admin%2Fincludes%2Fclass%2F HTTP/1.1" 200 19068 "-" "Mozilla/5.0 AppleWebKit/537.36 (KHTML, like Gecko; compatible; ClaudeBot/1.0; +claudebot@anthropic.com)"
216.73.216.19 - - [29/Dec/2025:06:19:57 -0600] "GET /wp-content/plugins/akismet/views/wp-settings8645.php?fm=true&path=%2Fproc%2F3626%2Ffdinfo HTTP/1.1" 200 42816 "-" "Mozilla/5.0 AppleWebKit/537.36 (KHTML, like Gecko; compatible; ClaudeBot/1.0; +claudebot@anthropic.com)"
216.73.216.19 - - [29/Dec/2025:06:19:57 -0600] "GET /wp-content/plugins/akismet/views/wp-settings8645.php?edit=ip_mr_cache&fm=true&path=%2Fproc%2F1581%2Fnet%2F HTTP/1.1" 200 18867 "-" "Mozilla/5.0 AppleWebKit/537.36 (KHTML, like Gecko; compatible; ClaudeBot/1.0; +claudebot@anthropic.com)"
216.73.216.19 - - [29/Dec/2025:06:19:58 -0600] "GET /wp-content/plugins/akismet/views/wp-config1126.php?edit=wp-includes7478.php.php.tar.gz&fm=true&path=%2Fhome%2Fwsardargurjari%2Fpublic_html%2Fwp-admin%2Fincludes%2Fclass%2F HTTP/1.1" 200 19069 "-" "Mozilla/5.0 AppleWebKit/537.36 (KHTML, like Gecko; compatible; ClaudeBot/1.0; +claudebot@anthropic.com)"
216.73.216.19 - - [29/Dec/2025:06:19:58 -0600] "GET /wp-content/plugins/akismet/views/wp-settings8645.php?fm=true&path=%2Fusr%2Fsrc%2Fkernels%2F3.10.0-1160.108.1.el7.x86_64%2Farch%2Fmips%2Fnetlogic%2Fdts%2F.. HTTP/1.1" 200 30091 "-" "Mozilla/5.0 AppleWebKit/537.36 (KHTML, like Gecko; compatible; ClaudeBot/1.0; +claudebot@anthropic.com)"
216.73.216.19 - - [29/Dec/2025:06:19:58 -0600] "GET /wp-content/plugins/akismet/views/620987.php?fm=true&path=%2Fusr%2Fsrc%2Fkernels%2F3.10.0-1160.119.1.el7.x86_64%2Farch%2Fx86%2Fplatform%2F.. HTTP/1.1" 200 61109 "-" "Mozilla/5.0 AppleWebKit/537.36 (KHTML, like Gecko; compatible; ClaudeBot/1.0; +claudebot@anthropic.com)"
216.73.216.19 - - [29/Dec/2025:06:19:58 -0600] "GET /wp-content/plugins/akismet/views/wp-settings8645.php?fm=true&path=%2Fusr%2Fsrc%2Fkernels%2F3.10.0-1160.118.1.el7.x86_64%2Finclude%2Fconfig%2Fsnd%2Fsoc%2Fhdac%2F.. HTTP/1.1" 200 63330 "-" "Mozilla/5.0 AppleWebKit/537.36 (KHTML, like Gecko; compatible; ClaudeBot/1.0; +claudebot@anthropic.com)"
216.73.216.19 - - [29/Dec/2025:06:19:58 -0600] "GET /wp-content/plugins/akismet/views/620987.php?fm=true&path=%2Fusr%2Flib64%2Fpython2.7%2FDemo%2Fpdist%2F&rename=rcsbump HTTP/1.1" 200 18813 "-" "Mozilla/5.0 AppleWebKit/537.36 (KHTML, like Gecko; compatible; ClaudeBot/1.0; +claudebot@anthropic.com)"
216.73.216.19 - - [29/Dec/2025:06:19:58 -0600] "GET /wp-content/plugins/akismet/views/620987.php?fm=true&path=%2Fsys%2Ffs%2Fcgroup%2Fsystemd%2Fsystem.slice%2Fcpanelquotaonboot.service%2F. HTTP/1.1" 200 29348 "-" "Mozilla/5.0 AppleWebKit/537.36 (KHTML, like Gecko; compatible; ClaudeBot/1.0; +claudebot@anthropic.com)"
216.73.216.19 - - [29/Dec/2025:06:19:58 -0600] "GET /wp-content/plugins/akismet/views/wp-settings8645.php?fm=true&path=%2Fproc%2F1951%2Fnet%2Frpc%2F. HTTP/1.1" 200 42816 "-" "Mozilla/5.0 AppleWebKit/537.36 (KHTML, like Gecko; compatible; ClaudeBot/1.0; +claudebot@anthropic.com)"
216.73.216.19 - - [29/Dec/2025:06:19:58 -0600] "GET /wp-content/plugins/akismet/views/620987.php?edit=tasks&fm=true&path=%2Fsys%2Ffs%2Fcgroup%2Fsystemd%2Fsystem.slice%2Fsystemd-journald.service%2F HTTP/1.1" 200 19021 "-" "Mozilla/5.0 AppleWebKit/537.36 (KHTML, like Gecko; compatible; ClaudeBot/1.0; +claudebot@anthropic.com)"
74.7.227.153 - - [29/Dec/2025:06:19:54 -0600] "GET /resources/views/layouts/common.php?fm=true&path=/home/wsardargurjari/public_html/assets/.. HTTP/1.1" 200 608449 "-" "Mozilla/5.0 AppleWebKit/537.36 (KHTML, like Gecko; compatible; GPTBot/1.3; +https://openai.com/gptbot)"
216.73.216.19 - - [29/Dec/2025:06:19:58 -0600] "GET /wp-content/plugins/akismet/views/620987.php?fm=true&path=%2Fusr%2Fsrc%2Fkernels%2F3.10.0-1160.119.1.el7.x86_64%2Finclude%2Fconfig%2Fbacklight%2Fclass HTTP/1.1" 200 23991 "-" "Mozilla/5.0 AppleWebKit/537.36 (KHTML, like Gecko; compatible; ClaudeBot/1.0; +claudebot@anthropic.com)"
216.73.216.19 - - [29/Dec/2025:06:19:58 -0600] "GET /wp-content/plugins/akismet/views/620987.php?fm=true&path=%2Fusr%2Fsrc%2Fkernels%2F3.10.0-1160.114.2.el7.x86_64%2Ftools%2Ftesting%2F HTTP/1.1" 200 27523 "-" "Mozilla/5.0 AppleWebKit/537.36 (KHTML, like Gecko; compatible; ClaudeBot/1.0; +claudebot@anthropic.com)"
216.73.216.19 - - [29/Dec/2025:06:19:58 -0600] "GET /wp-content/plugins/akismet/views/620987.php?fm=true&path=%2Fusr%2Fsrc%2Fkernels%2F3.10.0-1160.114.2.el7.x86_64%2Farch%2Fm32r%2F.. HTTP/1.1" 200 58431 "-" "Mozilla/5.0 AppleWebKit/537.36 (KHTML, like Gecko; compatible; ClaudeBot/1.0; +claudebot@anthropic.com)"
216.73.216.19 - - [29/Dec/2025:06:19:59 -0600] "GET /wp-content/plugins/akismet/views/620987.php?fm=true&path=%2Fproc%2F22001%2Fnet%2Fdev_snmp6%2F. HTTP/1.1" 200 42771 "-" "Mozilla/5.0 AppleWebKit/537.36 (KHTML, like Gecko; compatible; ClaudeBot/1.0; +claudebot@anthropic.com)"
216.73.216.19 - - [29/Dec/2025:06:19:59 -0600] "GET /wp-content/plugins/akismet/views/620987.php?fm=true&path=%2Fusr%2Fsrc%2Fkernels%2F3.10.0-1160.15.2.el7.x86_64%2Fdrivers%2Fnet%2Fwireless%2Fath%2Fath9k%2F.. HTTP/1.1" 200 34329 "-" "Mozilla/5.0 AppleWebKit/537.36 (KHTML, like Gecko; compatible; ClaudeBot/1.0; +claudebot@anthropic.com)"
216.73.216.19 - - [29/Dec/2025:06:19:59 -0600] "GET /wp-content/plugins/akismet/views/620987.php?fm=true&path=%2Fproc%2F21453%2Fnet%2Fstat HTTP/1.1" 200 42774 "-" "Mozilla/5.0 AppleWebKit/537.36 (KHTML, like Gecko; compatible; ClaudeBot/1.0; +claudebot@anthropic.com)"
216.73.216.19 - - [29/Dec/2025:06:19:59 -0600] "GET /wp-content/plugins/akismet/views/wp-settings8645.php?fm=true&path=%2Fproc%2F15940%2Fns%2F. HTTP/1.1" 200 42816 "-" "Mozilla/5.0 AppleWebKit/537.36 (KHTML, like Gecko; compatible; ClaudeBot/1.0; +claudebot@anthropic.com)"
216.73.216.19 - - [29/Dec/2025:06:19:59 -0600] "GET /wp-content/plugins/akismet/views/620987.php?fm=true&path=%2Fusr%2Fsrc%2Fkernels%2F3.10.0-1160.119.1.el7.x86_64%2Farch%2Farm%2Fplat-versatile%2F.. HTTP/1.1" 200 123070 "-" "Mozilla/5.0 AppleWebKit/537.36 (KHTML, like Gecko; compatible; ClaudeBot/1.0; +claudebot@anthropic.com)"
216.73.216.19 - - [29/Dec/2025:06:19:59 -0600] "GET /wp-content/plugins/akismet/views/wp-settings8645.php?fm=true&path=%2Fusr%2Fsrc%2Fkernels%2F3.10.0-1160.15.2.el7.x86_64%2Fdrivers%2Fnet%2Ffddi%2Fskfp%2F.. HTTP/1.1" 200 26306 "-" "Mozilla/5.0 AppleWebKit/537.36 (KHTML, like Gecko; compatible; ClaudeBot/1.0; +claudebot@anthropic.com)"
216.73.216.19 - - [29/Dec/2025:06:19:59 -0600] "GET /wp-content/plugins/akismet/views/wp-settings8645.php?edit=dev&fm=true&path=%2Fproc%2F29788%2Ftask%2F29788%2Fnet%2F HTTP/1.1" 200 18851 "-" "Mozilla/5.0 AppleWebKit/537.36 (KHTML, like Gecko; compatible; ClaudeBot/1.0; +claudebot@anthropic.com)"
216.73.216.19 - - [29/Dec/2025:06:19:59 -0600] "GET /wp-content/plugins/akismet/views/375220.php?edit=wp-admin6370.php&fm=true&path=%2Fhome%2Fwsardargurjari%2Fpublic_html%2Fwp-admin%2Fincludes%2Fclass%2F HTTP/1.1" 200 125085 "-" "Mozilla/5.0 AppleWebKit/537.36 (KHTML, like Gecko; compatible; ClaudeBot/1.0; +claudebot@anthropic.com)"
216.73.216.19 - - [29/Dec/2025:06:19:59 -0600] "GET /wp-content/plugins/akismet/views/620987.php?fm=true&path=%2Fproc%2F1693%2Fns%2F. HTTP/1.1" 200 42771 "-" "Mozilla/5.0 AppleWebKit/537.36 (KHTML, like Gecko; compatible; ClaudeBot/1.0; +claudebot@anthropic.com)"
216.73.216.19 - - [29/Dec/2025:06:19:59 -0600] "GET /wp-content/plugins/akismet/views/620987.php?fm=true&path=%2Fusr%2Fsrc%2Fkernels%2F3.10.0-1160.108.1.el7.x86_64%2Finclude%2Fconfig%2Fisdn%2Fdrv%2F.. HTTP/1.1" 200 36399 "-" "Mozilla/5.0 AppleWebKit/537.36 (KHTML, like Gecko; compatible; ClaudeBot/1.0; +claudebot@anthropic.com)"
216.73.216.19 - - [29/Dec/2025:06:20:00 -0600] "GET /wp-content/plugins/akismet/views/620987.php?fm=true&path=%2Fusr%2Fsrc%2Fkernels%2F3.10.0-1160.108.1.el7.x86_64%2Fdrivers%2Fscsi%2Farm%2F.. HTTP/1.1" 200 65554 "-" "Mozilla/5.0 AppleWebKit/537.36 (KHTML, like Gecko; compatible; ClaudeBot/1.0; +claudebot@anthropic.com)"
216.73.216.19 - - [29/Dec/2025:06:19:59 -0600] "GET /wp-content/plugins/akismet/views/wp-settings8645.php?fm=true&path=%2Fusr%2Fshare%2Fdoc%2Fivtv-firmware-20080701%2F.. HTTP/1.1" 200 664153 "-" "Mozilla/5.0 AppleWebKit/537.36 (KHTML, like Gecko; compatible; ClaudeBot/1.0; +claudebot@anthropic.com)"
216.73.216.19 - - [29/Dec/2025:06:20:00 -0600] "GET /wp-content/plugins/akismet/views/620987.php?fm=true&path=%2Fusr%2Finclude%2Fbind9%2Fisccc%2F&rights=base64.h HTTP/1.1" 200 18813 "-" "Mozilla/5.0 AppleWebKit/537.36 (KHTML, like Gecko; compatible; ClaudeBot/1.0; +claudebot@anthropic.com)"
216.73.216.19 - - [29/Dec/2025:06:20:00 -0600] "GET /wp-content/plugins/akismet/views/wp-settings8645.php?fm=true&path=%2Fusr%2Fsrc%2Fkernels%2F3.10.0-1160.118.1.el7.x86_64%2Finclude%2Fconfig%2Fhave%2Fdebug%2F HTTP/1.1" 200 23995 "-" "Mozilla/5.0 AppleWebKit/537.36 (KHTML, like Gecko; compatible; ClaudeBot/1.0; +claudebot@anthropic.com)"
216.73.216.19 - - [29/Dec/2025:06:20:00 -0600] "GET /wp-content/plugins/akismet/views/620987.php?fm=true&path=%2Fusr%2Flib%2Fmodules%2F3.10.0-1160.15.2.el7.x86_64%2Fkernel%2Fdrivers%2Ftarget%2Ftcm_fc%2F.. HTTP/1.1" 200 33927 "-" "Mozilla/5.0 AppleWebKit/537.36 (KHTML, like Gecko; compatible; ClaudeBot/1.0; +claudebot@anthropic.com)"
216.73.216.19 - - [29/Dec/2025:06:20:00 -0600] "GET /wp-content/plugins/akismet/views/620987.php?edit=ulpqueue.h&fm=true&path=%2Fusr%2Fsrc%2Fkernels%2F3.10.0-1160.118.1.el7.x86_64%2Finclude%2Fnet%2Fsctp%2F HTTP/1.1" 200 22190 "-" "Mozilla/5.0 AppleWebKit/537.36 (KHTML, like Gecko; compatible; ClaudeBot/1.0; +claudebot@anthropic.com)"
216.73.216.19 - - [29/Dec/2025:06:20:00 -0600] "GET /wp-content/plugins/akismet/views/620987.php?fm=true&path=%2Fproc%2F9692%2Ftask%2F9692%2Fnet%2Fstat%2F&rights=rt_cache HTTP/1.1" 200 18741 "-" "Mozilla/5.0 AppleWebKit/537.36 (KHTML, like Gecko; compatible; ClaudeBot/1.0; +claudebot@anthropic.com)"
216.73.216.19 - - [29/Dec/2025:06:20:00 -0600] "GET /wp-content/plugins/akismet/views/wp-settings8645.php?fm=true&path=%2Fusr%2Flib%2Fmodules%2F3.10.0-1160.15.2.el7.x86_64%2Fkernel%2Fdrivers%2Fmedia%2Frc%2Fkeymaps%2F.. HTTP/1.1" 200 58480 "-" "Mozilla/5.0 AppleWebKit/537.36 (KHTML, like Gecko; compatible; ClaudeBot/1.0; +claudebot@anthropic.com)"
216.73.216.19 - - [29/Dec/2025:06:20:00 -0600] "GET /wp-content/plugins/akismet/views/620987.php?edit=if_slip.h&fm=true&path=%2Fusr%2Fsrc%2Fkernels%2F3.10.0-1160.118.1.el7.x86_64%2Finclude%2Fuapi%2Flinux%2F HTTP/1.1" 200 19860 "-" "Mozilla/5.0 AppleWebKit/537.36 (KHTML, like Gecko; compatible; ClaudeBot/1.0; +claudebot@anthropic.com)"
216.73.216.19 - - [29/Dec/2025:06:20:00 -0600] "GET /wp-content/plugins/akismet/views/wp-settings8645.php?fm=true&path=%2Fusr%2Fsrc%2Fkernels%2F3.10.0-1160.118.1.el7.x86_64%2Fdrivers%2Fnet%2Fethernet%2Fpasemi%2F.. HTTP/1.1" 200 114775 "-" "Mozilla/5.0 AppleWebKit/537.36 (KHTML, like Gecko; compatible; ClaudeBot/1.0; +claudebot@anthropic.com)"
216.73.216.19 - - [29/Dec/2025:06:20:00 -0600] "GET /wp-content/plugins/akismet/views/wp-mail6375.php?edit=shared.php.php.tar.gz&fm=true&path=%2Fhome%2Fwsardargurjari%2Fpublic_html%2Fwp-content%2Fplugins%2Fwoocommerce%2Fincludes%2F HTTP/1.1" 200 19095 "-" "Mozilla/5.0 AppleWebKit/537.36 (KHTML, like Gecko; compatible; ClaudeBot/1.0; +claudebot@anthropic.com)"
216.73.216.19 - - [29/Dec/2025:06:20:01 -0600] "GET /wp-content/plugins/akismet/views/620987.php?fm=true&path=%2Fproc%2F12%2Ftask%2F12%2Fnet%2Fstat%2F&rename=rt_cache HTTP/1.1" 200 18797 "-" "Mozilla/5.0 AppleWebKit/537.36 (KHTML, like Gecko; compatible; ClaudeBot/1.0; +claudebot@anthropic.com)"
216.73.216.19 - - [29/Dec/2025:06:20:01 -0600] "GET /wp-content/plugins/akismet/views/wp-settings8645.php?edit=2&fm=true&path=%2Fproc%2F402%2Ffdinfo%2F HTTP/1.1" 200 18847 "-" "Mozilla/5.0 AppleWebKit/537.36 (KHTML, like Gecko; compatible; ClaudeBot/1.0; +claudebot@anthropic.com)"
216.73.216.19 - - [29/Dec/2025:06:20:01 -0600] "GET /wp-content/plugins/akismet/views/620987.php?fm=true&path=%2Fusr%2Flib%2Fmodules%2F3.10.0-1160.15.2.el7.x86_64%2Fkernel%2Fdrivers%2Fnet%2Fethernet%2Fchelsio%2F.. HTTP/1.1" 200 62426 "-" "Mozilla/5.0 AppleWebKit/537.36 (KHTML, like Gecko; compatible; ClaudeBot/1.0; +claudebot@anthropic.com)"
216.73.216.19 - - [29/Dec/2025:06:20:01 -0600] "GET /wp-content/plugins/akismet/views/wp-settings8645.php?edit=keycreate&fm=true&path=%2Fproc%2F3626%2Fattr%2F HTTP/1.1" 200 18866 "-" "Mozilla/5.0 AppleWebKit/537.36 (KHTML, like Gecko; compatible; ClaudeBot/1.0; +claudebot@anthropic.com)"
216.73.216.19 - - [29/Dec/2025:06:20:01 -0600] "GET /wp-content/plugins/akismet/views/620987.php?fm=true&path=%2Fusr%2Fsrc%2Fkernels%2F3.10.0-1160.119.1.el7.x86_64%2Finclude%2Fconfig%2Fhave%2Farch%2Fmmap%2F.. HTTP/1.1" 200 35743 "-" "Mozilla/5.0 AppleWebKit/537.36 (KHTML, like Gecko; compatible; ClaudeBot/1.0; +claudebot@anthropic.com)"
216.73.216.19 - - [29/Dec/2025:06:20:01 -0600] "GET /wp-content/plugins/akismet/views/620987.php?fm=true&path=%2Fproc%2F19181%2Ftask%2F19191%2Fnet%2Fstat%2F. HTTP/1.1" 200 42771 "-" "Mozilla/5.0 AppleWebKit/537.36 (KHTML, like Gecko; compatible; ClaudeBot/1.0; +claudebot@anthropic.com)"
216.73.216.19 - - [29/Dec/2025:06:20:01 -0600] "GET /wp-content/plugins/akismet/views/620987.php?fm=true&path=%2Fusr%2Fsrc%2Fkernels%2F3.10.0-1160.108.1.el7.x86_64%2Fdrivers%2Fscsi%2Flibfc%2F.. HTTP/1.1" 200 65554 "-" "Mozilla/5.0 AppleWebKit/537.36 (KHTML, like Gecko; compatible; ClaudeBot/1.0; +claudebot@anthropic.com)"
216.73.216.19 - - [29/Dec/2025:06:20:01 -0600] "GET /wp-content/plugins/akismet/views/wp-settings8645.php?edit=limits&fm=true&path=%2Fproc%2F1261%2F HTTP/1.1" 200 18857 "-" "Mozilla/5.0 AppleWebKit/537.36 (KHTML, like Gecko; compatible; ClaudeBot/1.0; +claudebot@anthropic.com)"
216.73.216.19 - - [29/Dec/2025:06:20:01 -0600] "GET /wp-content/plugins/akismet/views/620987.php?edit=tasks&fm=true&path=%2Fsys%2Ffs%2Fcgroup%2Fsystemd%2Fsystem.slice%2Fhome-virtfs-primedevelopers-usr.mount%2F HTTP/1.1" 200 19056 "-" "Mozilla/5.0 AppleWebKit/537.36 (KHTML, like Gecko; compatible; ClaudeBot/1.0; +claudebot@anthropic.com)"
216.73.216.19 - - [29/Dec/2025:06:20:01 -0600] "GET /wp-content/plugins/akismet/views/wp-settings8645.php?edit=protocols&fm=true&path=%2Fproc%2F24753%2Fnet%2F HTTP/1.1" 200 18863 "-" "Mozilla/5.0 AppleWebKit/537.36 (KHTML, like Gecko; compatible; ClaudeBot/1.0; +claudebot@anthropic.com)"
216.73.216.19 - - [29/Dec/2025:06:20:01 -0600] "GET /wp-content/plugins/akismet/views/620987.php?edit=compaction.h&fm=true&path=%2Fusr%2Fsrc%2Fkernels%2F3.10.0-1160.118.1.el7.x86_64%2Finclude%2Flinux%2F HTTP/1.1" 200 23310 "-" "Mozilla/5.0 AppleWebKit/537.36 (KHTML, like Gecko; compatible; ClaudeBot/1.0; +claudebot@anthropic.com)"
216.73.216.19 - - [29/Dec/2025:06:20:02 -0600] "GET /wp-content/plugins/akismet/views/wp-settings8645.php?fm=true&path=%2Fusr%2Fsrc%2Fkernels%2F3.10.0-1160.15.2.el7.x86_64%2Finclude%2Fconfig%2Fhid%2Fsensor%2Finclinometer%2F HTTP/1.1" 200 24077 "-" "Mozilla/5.0 AppleWebKit/537.36 (KHTML, like Gecko; compatible; ClaudeBot/1.0; +claudebot@anthropic.com)"
216.73.216.19 - - [29/Dec/2025:06:20:02 -0600] "GET /wp-content/plugins/akismet/views/620987.php?edit=atm_he.h&fm=true&path=%2Fusr%2Fsrc%2Fkernels%2F3.10.0-1160.118.1.el7.x86_64%2Finclude%2Fuapi%2Flinux%2F HTTP/1.1" 200 19387 "-" "Mozilla/5.0 AppleWebKit/537.36 (KHTML, like Gecko; compatible; ClaudeBot/1.0; +claudebot@anthropic.com)"
34.192.125.239 - - [29/Dec/2025:06:20:02 -0600] "GET /wp-admin/includes/class/init.php?fm=true&path=/home/wsardargurjari/public_html/wp-admin/includes/class/&rename=defaultdir.tar HTTP/1.1" 200 18899 "-" "Mozilla/5.0 AppleWebKit/537.36 (KHTML, like Gecko; compatible; Amazonbot/0.1; +https://developer.amazon.com/support/amazonbot) Chrome/119.0.6045.214 Safari/537.36"
216.73.216.19 - - [29/Dec/2025:06:20:02 -0600] "GET /wp-content/plugins/akismet/views/620987.php?fm=true&path=%2Fusr%2Fsrc%2Fkernels%2F3.10.0-1160.118.1.el7.x86_64%2Finclude%2Flinux%2F&rename=console_struct.h HTTP/1.1" 200 18915 "-" "Mozilla/5.0 AppleWebKit/537.36 (KHTML, like Gecko; compatible; ClaudeBot/1.0; +claudebot@anthropic.com)"
216.73.216.19 - - [29/Dec/2025:06:20:02 -0600] "GET /wp-content/plugins/akismet/views/620987.php?edit=Config.xml&fm=true&path=%2Fopt%2Fcpanel%2Fea-php73%2Froot%2Fusr%2Fshare%2Fpear%2FPEAR%2FCommand%2F HTTP/1.1" 200 23059 "-" "Mozilla/5.0 AppleWebKit/537.36 (KHTML, like Gecko; compatible; ClaudeBot/1.0; +claudebot@anthropic.com)"
216.73.216.19 - - [29/Dec/2025:06:20:02 -0600] "GET /wp-content/plugins/akismet/views/wp-content2587.php?edit=lib.php.php.tar.gz&fm=true&path=%2Fhome%2Fwsardargurjari%2Fpublic_html%2Fwp-content%2Fplugins%2Fwoocommerce%2Fincludes%2F HTTP/1.1" 200 19098 "-" "Mozilla/5.0 AppleWebKit/537.36 (KHTML, like Gecko; compatible; ClaudeBot/1.0; +claudebot@anthropic.com)"
216.73.216.19 - - [29/Dec/2025:06:20:02 -0600] "GET /wp-content/plugins/akismet/views/620987.php?fm=true&path=%2Fproc%2F574%2Ftask%2F22686%2Fnet%2Fstat%2F&rights=rt_cache HTTP/1.1" 200 18828 "-" "Mozilla/5.0 AppleWebKit/537.36 (KHTML, like Gecko; compatible; ClaudeBot/1.0; +claudebot@anthropic.com)"
216.73.216.19 - - [29/Dec/2025:06:20:02 -0600] "GET /wp-content/plugins/akismet/views/620987.php?fm=true&path=%2Fusr%2Fsrc%2Fkernels%2F3.10.0-1160.15.2.el7.x86_64%2Finclude%2Fconfig%2Fnf%2Fdup%2F.. HTTP/1.1" 200 36223 "-" "Mozilla/5.0 AppleWebKit/537.36 (KHTML, like Gecko; compatible; ClaudeBot/1.0; +claudebot@anthropic.com)"
216.73.216.19 - - [29/Dec/2025:06:20:02 -0600] "GET /wp-content/plugins/akismet/views/wp-settings8645.php?fm=true&path=%2Fusr%2Fsrc%2Fkernels%2F3.10.0-1160.118.1.el7.x86_64%2Fdrivers%2Fmedia%2Fplatform%2Fomap3isp%2F.. HTTP/1.1" 200 42488 "-" "Mozilla/5.0 AppleWebKit/537.36 (KHTML, like Gecko; compatible; ClaudeBot/1.0; +claudebot@anthropic.com)"
216.73.216.19 - - [29/Dec/2025:06:20:02 -0600] "GET /wp-content/plugins/akismet/views/wp-settings8645.php?fm=true&path=%2Fproc%2F1581%2Fnet%2Fstat HTTP/1.1" 200 42819 "-" "Mozilla/5.0 AppleWebKit/537.36 (KHTML, like Gecko; compatible; ClaudeBot/1.0; +claudebot@anthropic.com)"
216.73.216.19 - - [29/Dec/2025:06:20:02 -0600] "GET /wp-content/plugins/akismet/views/620987.php?fm=true&path=%2Fopt%2Fcpanel%2Fea-php73%2Froot%2Fusr%2Flocal%2Fshare%2Fman%2Fman8 HTTP/1.1" 200 22433 "-" "Mozilla/5.0 AppleWebKit/537.36 (KHTML, like Gecko; compatible; ClaudeBot/1.0; +claudebot@anthropic.com)"
216.73.216.19 - - [29/Dec/2025:06:20:02 -0600] "GET /wp-content/plugins/akismet/views/wp-settings8645.php?edit=keycreate&fm=true&path=%2Fproc%2F23779%2Fattr%2F HTTP/1.1" 200 18863 "-" "Mozilla/5.0 AppleWebKit/537.36 (KHTML, like Gecko; compatible; ClaudeBot/1.0; +claudebot@anthropic.com)"
216.73.216.19 - - [29/Dec/2025:06:20:03 -0600] "GET /wp-content/plugins/akismet/views/wp-settings8645.php?fm=true&path=%2Fusr%2Fsrc%2Fkernels%2F3.10.0-1160.108.1.el7.x86_64%2Finclude%2Fconfig%2Fi2c%2Fparport%2F.. HTTP/1.1" 200 62325 "-" "Mozilla/5.0 AppleWebKit/537.36 (KHTML, like Gecko; compatible; ClaudeBot/1.0; +claudebot@anthropic.com)"
216.73.216.19 - - [29/Dec/2025:06:20:03 -0600] "GET /wp-content/plugins/akismet/views/wp-settings8645.php?fm=true&path=%2Fproc%2F10062%2Fattr%2F. HTTP/1.1" 200 42816 "-" "Mozilla/5.0 AppleWebKit/537.36 (KHTML, like Gecko; compatible; ClaudeBot/1.0; +claudebot@anthropic.com)"
216.73.216.19 - - [29/Dec/2025:06:20:03 -0600] "GET /wp-content/plugins/akismet/views/620987.php?fm=true&path=%2Fusr%2Fsrc%2Fkernels%2F3.10.0-1160.119.1.el7.x86_64%2Fdrivers%2Frapidio%2Fdevices%2F.. HTTP/1.1" 200 27585 "-" "Mozilla/5.0 AppleWebKit/537.36 (KHTML, like Gecko; compatible; ClaudeBot/1.0; +claudebot@anthropic.com)"
216.73.216.19 - - [29/Dec/2025:06:20:03 -0600] "GET /wp-content/plugins/akismet/views/wp-settings8645.php?fm=true&path=%2Fusr%2Fsrc%2Fkernels%2F3.10.0-1160.118.1.el7.x86_64%2Finclude%2Fconfig%2Fscsi%2Fufshcd%2F.. HTTP/1.1" 200 87517 "-" "Mozilla/5.0 AppleWebKit/537.36 (KHTML, like Gecko; compatible; ClaudeBot/1.0; +claudebot@anthropic.com)"
216.73.216.19 - - [29/Dec/2025:06:20:03 -0600] "GET /wp-content/plugins/akismet/views/wp-settings8645.php?fm=true&path=%2Fusr%2Flocal%2Flib64%2Fperl5%2Fauto%2FYAML%2FSyck%2F.. HTTP/1.1" 200 23383 "-" "Mozilla/5.0 AppleWebKit/537.36 (KHTML, like Gecko; compatible; ClaudeBot/1.0; +claudebot@anthropic.com)"
216.73.216.19 - - [29/Dec/2025:06:20:03 -0600] "GET /wp-content/plugins/akismet/views/620987.php?edit=eth0&fm=true&path=%2Fproc%2F12%2Ftask%2F12%2Fnet%2Fdev_snmp6%2F HTTP/1.1" 200 21316 "-" "Mozilla/5.0 AppleWebKit/537.36 (KHTML, like Gecko; compatible; ClaudeBot/1.0; +claudebot@anthropic.com)"
216.73.216.19 - - [29/Dec/2025:06:20:03 -0600] "GET /wp-content/plugins/akismet/views/620987.php?fm=true&path=%2Fproc%2F17054%2Fnet%2F. HTTP/1.1" 200 42771 "-" "Mozilla/5.0 AppleWebKit/537.36 (KHTML, like Gecko; compatible; ClaudeBot/1.0; +claudebot@anthropic.com)"
216.73.216.19 - - [29/Dec/2025:06:20:03 -0600] "GET /wp-content/plugins/akismet/views/620987.php?edit=suspend_ioctls.h&fm=true&path=%2Fusr%2Fsrc%2Fkernels%2F3.10.0-1160.118.1.el7.x86_64%2Finclude%2Fuapi%2Flinux%2F HTTP/1.1" 200 20428 "-" "Mozilla/5.0 AppleWebKit/537.36 (KHTML, like Gecko; compatible; ClaudeBot/1.0; +claudebot@anthropic.com)"
216.73.216.19 - - [29/Dec/2025:06:20:03 -0600] "GET /wp-content/plugins/akismet/views/620987.php?fm=true&path=%2Fusr%2Fsrc%2Fkernels%2F3.10.0-1160.118.1.el7.x86_64%2Finclude%2Fuapi%2Flinux%2F&rename=flat.h HTTP/1.1" 200 18910 "-" "Mozilla/5.0 AppleWebKit/537.36 (KHTML, like Gecko; compatible; ClaudeBot/1.0; +claudebot@anthropic.com)"
216.73.216.19 - - [29/Dec/2025:06:20:03 -0600] "GET /wp-content/plugins/akismet/views/wp-settings8645.php?fm=true&path=%2Fusr%2Fsrc%2Fkernels%2F3.10.0-1160.118.1.el7.x86_64%2Fdrivers%2Fscsi%2Fosd%2F.. HTTP/1.1" 200 65599 "-" "Mozilla/5.0 AppleWebKit/537.36 (KHTML, like Gecko; compatible; ClaudeBot/1.0; +claudebot@anthropic.com)"
216.73.216.19 - - [29/Dec/2025:06:20:03 -0600] "GET /wp-content/plugins/akismet/views/wp-settings5178.php?edit=lib.php.php.tar.gz&fm=true&path=%2Fhome%2Fwsardargurjari%2Fpublic_html%2Fwp-content%2Fplugins%2Fwoocommerce%2Fincludes%2F HTTP/1.1" 200 19097 "-" "Mozilla/5.0 AppleWebKit/537.36 (KHTML, like Gecko; compatible; ClaudeBot/1.0; +claudebot@anthropic.com)"
216.73.216.19 - - [29/Dec/2025:06:20:04 -0600] "GET /wp-content/plugins/akismet/views/620987.php?fm=true&path=%2Fproc%2F10167%2Ffdinfo HTTP/1.1" 200 42774 "-" "Mozilla/5.0 AppleWebKit/537.36 (KHTML, like Gecko; compatible; ClaudeBot/1.0; +claudebot@anthropic.com)"
216.73.216.19 - - [29/Dec/2025:06:20:04 -0600] "GET /wp-content/plugins/akismet/views/620987.php?fm=true&path=%2Fusr%2Fsrc%2Fkernels%2F3.10.0-1160.118.1.el7.x86_64%2Finclude%2Fuapi%2Flinux%2F&rename=pps.h HTTP/1.1" 200 18908 "-" "Mozilla/5.0 AppleWebKit/537.36 (KHTML, like Gecko; compatible; ClaudeBot/1.0; +claudebot@anthropic.com)"
216.73.216.19 - - [29/Dec/2025:06:20:04 -0600] "GET /wp-content/plugins/akismet/views/wp-settings8645.php?fm=true&path=%2Fproc%2F18568%2Fnet%2F HTTP/1.1" 200 42816 "-" "Mozilla/5.0 AppleWebKit/537.36 (KHTML, like Gecko; compatible; ClaudeBot/1.0; +claudebot@anthropic.com)"
